12-19 10:34:17.153 I/C2RKComponentFactory(  413): DestroyRKCodec2Factory enter
12-19 10:34:17.153 I/C2RKComponentFactory(  413): in version: git-7d45eaab18-kernel update rtl8852be driver build-time: 2025-05-07 17:11:36 running on rk3588_s
12-19 10:34:17.154 I/C2RKComponentFactory(  413): DestroyRKCodec2Factory enter
12-19 10:34:17.154 I/netd    (  389): tetherGetStats() -> {[]} <0.96ms>
12-19 10:34:17.154 I/C2RKComponentFactory(  413): in version: git-7d45eaab18-kernel update rtl8852be driver build-time: 2025-05-07 17:11:36 running on rk3588_s
12-19 10:34:17.154 I/C2RKComponentFactory(  413): DestroyRKCodec2Factory enter
12-19 10:34:17.154 I/C2RKComponentFactory(  413): in version: git-7d45eaab18-kernel update rtl8852be driver build-time: 2025-05-07 17:11:36 running on rk3588_s
12-19 10:34:17.154 I/C2RKComponentFactory(  413): DestroyRKCodec2Factory enter
12-19 10:34:17.155 I/C2RKComponentFactory(  413): in version: git-7d45eaab18-kernel update rtl8852be driver build-time: 2025-05-07 17:11:36 running on rk3588_s
12-19 10:34:17.155 I/C2RKMpiEnc(  413): createInterface enter
12-19 10:34:17.155 I/android.hardware.media.c2@1.1-service(  413): missing struct descriptor #Param::CoreIndex(--004) for field values of struct #Param::CoreIndex(F-12004)
12-19 10:34:17.155 I/C2RKMpiEnc(  413): GopSetter enter
12-19 10:34:17.155 I/android.hardware.media.c2@1.1-service(  413): missing struct descriptor #Param::CoreIndex(--1812) for field values of struct #Param::CoreIndex(F-11812)
12-19 10:34:17.155 I/C2RKMpiEnc(  413): PictureQuantizationSetter enter
12-19 10:34:17.155 I/C2RKMpiEnc(  413): InputDelaySetter enter
12-19 10:34:17.155 V/GraphicsEnvironment( 1020): ANGLE Developer option for 'com.android.launcher3' set to: 'default'
12-19 10:34:17.155 W/BestClock(  619): java.time.DateTimeException: Missing NTP fix
12-19 10:34:17.155 I/C2RKMpiEnc(  413): LayeringSetter enter
12-19 10:34:17.155 I/C2RKMpiEnc(  413): PrependHeaderModeSetter enter
12-19 10:34:17.155 I/C2RKMpiEnc(  413): MProfileLevelSetter enter
12-19 10:34:17.156 I/C2RKMpiEnc(  413): MSliceSpaceSetter enter
12-19 10:34:17.156 I/C2RKMpiEnc(  413): MNumLTRFrmsSetter enter
12-19 10:34:17.156 I/C2RKMpiEnc(  413): MSarSizeSetter enter
12-19 10:34:17.156 V/GraphicsEnvironment( 1020): ANGLE GameManagerService for com.android.launcher3: false
12-19 10:34:17.156 I/C2RKMpiEnc(  413): MInputQueueCtlSetter enter
12-19 10:34:17.156 I/C2RKMpiEnc(  413): MLtrMarkFrmSetter enter
12-19 10:34:17.156 I/C2RKMpiEnc(  413): MLtrUseFrmSetter enter
12-19 10:34:17.156 V/GraphicsEnvironment( 1020): Neither updatable production driver nor prerelease driver is supported.
12-19 10:34:17.156 I/C2RKMpiEnc(  413): MTriggerTimeSetter enter
12-19 10:34:17.156 I/C2RKComponentFactory(  413): DestroyRKCodec2Factory enter
12-19 10:34:17.156 I/android.hardware.graphics.allocator@4.0-service(  407): alloc_format: FMT:0x1,MOD:0x10000
12-19 10:34:17.156 I/C2RKComponentFactory(  413): in version: git-7d45eaab18-kernel update rtl8852be driver build-time: 2025-05-07 17:11:36 running on rk3588_s
12-19 10:34:17.156 I/android.hardware.graphics.allocator@4.0-service(  407): mali_gralloc_adjust_dimensions: alloc_format=FMT:0x1,MOD:0x10000 usage=0xb00 alloc_width=1920, alloc_height=1088
12-19 10:34:17.156 D/NetworkSecurityConfig( 1020): No Network Security Config specified, using platform default
12-19 10:34:17.156 I/C2RKComponentFactory(  413): DestroyRKCodec2Factory enter
12-19 10:34:17.156 D/NetworkSecurityConfig( 1020): No Network Security Config specified, using platform default
12-19 10:34:17.156 I/C2RKComponentFactory(  413): in version: git-7d45eaab18-kernel update rtl8852be driver build-time: 2025-05-07 17:11:36 running on rk3588_s
12-19 10:34:17.157 W/BestClock(  619): java.time.DateTimeException: Missing NTP fix
12-19 10:34:17.157 I/C2RKComponentFactory(  413): DestroyRKCodec2Factory enter
12-19 10:34:17.157 W/BestClock(  619): java.time.DateTimeException: Missing NTP fix
12-19 10:34:17.157 I/C2RKComponentFactory(  413): in version: git-7d45eaab18-kernel update rtl8852be driver build-time: 2025-05-07 17:11:36 running on rk3588_s
12-19 10:34:17.157 W/BestClock(  619): java.time.DateTimeException: Missing NTP fix
12-19 10:34:17.157 I/C2RKComponentFactory(  413): DestroyRKCodec2Factory enter
12-19 10:34:17.158 I/C2RKComponentFactory(  413): in version: git-7d45eaab18-kernel update rtl8852be driver build-time: 2025-05-07 17:11:36 running on rk3588_s
12-19 10:34:17.158 I/C2RKMpiEnc(  413): createInterface enter
12-19 10:34:17.158 I/android.hardware.media.c2@1.1-service(  413): missing struct descriptor #Param::CoreIndex(--004) for field values of struct #Param::CoreIndex(F-12004)
12-19 10:34:17.158 I/C2RKMpiEnc(  413): GopSetter enter
12-19 10:34:17.158 I/android.hardware.media.c2@1.1-service(  413): missing struct descriptor #Param::CoreIndex(--1812) for field values of struct #Param::CoreIndex(F-11812)
12-19 10:34:17.158 I/C2RKMpiEnc(  413): PictureQuantizationSetter enter
12-19 10:34:17.158 I/C2RKMpiEnc(  413): InputDelaySetter enter
12-19 10:34:17.158 I/C2RKMpiEnc(  413): LayeringSetter enter
12-19 10:34:17.158 I/C2RKMpiEnc(  413): PrependHeaderModeSetter enter
12-19 10:34:17.158 I/C2RKMpiEnc(  413): MProfileLevelSetter enter
12-19 10:34:17.158 I/C2RKMpiEnc(  413): MSliceSpaceSetter enter
12-19 10:34:17.158 I/C2RKMpiEnc(  413): MNumLTRFrmsSetter enter
12-19 10:34:17.158 I/C2RKMpiEnc(  413): MSarSizeSetter enter
12-19 10:34:17.158 I/C2RKMpiEnc(  413): MInputQueueCtlSetter enter
12-19 10:34:17.158 I/C2RKMpiEnc(  413): MLtrMarkFrmSetter enter
12-19 10:34:17.158 I/C2RKMpiEnc(  413): MLtrUseFrmSetter enter
12-19 10:34:17.158 I/C2RKMpiEnc(  413): MTriggerTimeSetter enter
12-19 10:34:17.158 I/C2RKComponentFactory(  413): DestroyRKCodec2Factory enter
12-19 10:34:17.158 I/C2RKComponentFactory(  413): in version: git-7d45eaab18-kernel update rtl8852be driver build-time: 2025-05-07 17:11:36 running on rk3588_s
12-19 10:34:17.159 D/android.hardware.graphics.allocator@4.0-service(  407): got new private_handle_t instance for buffer 'ViewRootImpl[FallbackHome]#0(BLAST Consumer)0'. share_fd : 8, share_attr_fd : 9, width : 1920, height : 1080, req_format : 0x1, producer_usage : 0xb00, consumer_usage : 0xb00, , stride : 0, alloc_format : 1, size : 8486912, layer_count : 1
12-19 10:34:17.159 D/android.hardware.graphics.allocator@4.0-service(  407): plane_info[0]: offset : 0, byte_stride : 7680, alloc_width : 1920, alloc_height : 1088
12-19 10:34:17.159 D/android.hardware.graphics.allocator@4.0-service(  407): plane_info[1]: offset : 0, byte_stride : 0, alloc_width : 0, alloc_height : 0
12-19 10:34:17.159 I/C2RKComponentFactory(  413): DestroyRKCodec2Factory enter
12-19 10:34:17.159 I/C2RKComponentFactory(  413): in version: git-7d45eaab18-kernel update rtl8852be driver build-time: 2025-05-07 17:11:36 running on rk3588_s
12-19 10:34:17.159 I/android.hardware.graphics.allocator@4.0-service(  407): alloc_format: FMT:0x1,MOD:0x10000
12-19 10:34:17.159 I/android.hardware.graphics.allocator@4.0-service(  407): mali_gralloc_adjust_dimensions: alloc_format=FMT:0x1,MOD:0x10000 usage=0xb00 alloc_width=1920, alloc_height=1088
12-19 10:34:17.159 I/C2RKComponentFactory(  413): DestroyRKCodec2Factory enter
12-19 10:34:17.159 I/C2RKComponentFactory(  413): in version: git-7d45eaab18-kernel update rtl8852be driver build-time: 2025-05-07 17:11:36 running on rk3588_s
12-19 10:34:17.159 I/DropBoxManagerService(  619): add tag=system_app_strictmode isTagEnabled=true flags=0x2
12-19 10:34:17.159 I/C2RKComponentFactory(  413): DestroyRKCodec2Factory enter
12-19 10:34:17.160 I/C2RKComponentFactory(  413): in version: git-7d45eaab18-kernel update rtl8852be driver build-time: 2025-05-07 17:11:36 running on rk3588_s
12-19 10:34:17.160 I/C2RKComponentFactory(  413): DestroyRKCodec2Factory enter
12-19 10:34:17.160 I/C2RKComponentFactory(  413): in version: git-7d45eaab18-kernel update rtl8852be driver build-time: 2025-05-07 17:11:36 running on rk3588_s
12-19 10:34:17.160 I/C2RKComponentFactory(  413): DestroyRKCodec2Factory enter
12-19 10:34:17.160 I/C2RKComponentFactory(  413): in version: git-7d45eaab18-kernel update rtl8852be driver build-time: 2025-05-07 17:11:36 running on rk3588_s
12-19 10:34:17.160 I/C2RKComponentFactory(  413): DestroyRKCodec2Factory enter
12-19 10:34:17.160 I/C2RKComponentFactory(  413): in version: git-7d45eaab18-kernel update rtl8852be driver build-time: 2025-05-07 17:11:36 running on rk3588_s
12-19 10:34:17.161 I/C2RKComponentFactory(  413): DestroyRKCodec2Factory enter
12-19 10:34:17.161 D/android.hardware.graphics.allocator@4.0-service(  407): got new private_handle_t instance for buffer 'ViewRootImpl[FallbackHome]#0(BLAST Consumer)0'. share_fd : 8, share_attr_fd : 9, width : 1920, height : 1080, req_format : 0x1, producer_usage : 0xb00, consumer_usage : 0xb00, , stride : 0, alloc_format : 1, size : 8486912, layer_count : 1
12-19 10:34:17.161 D/android.hardware.graphics.allocator@4.0-service(  407): plane_info[0]: offset : 0, byte_stride : 7680, alloc_width : 1920, alloc_height : 1088
12-19 10:34:17.161 D/android.hardware.graphics.allocator@4.0-service(  407): plane_info[1]: offset : 0, byte_stride : 0, alloc_width : 0, alloc_height : 0
12-19 10:34:17.161 I/C2RKComponentFactory(  413): in version: git-7d45eaab18-kernel update rtl8852be driver build-time: 2025-05-07 17:11:36 running on rk3588_s
12-19 10:34:17.161 I/C2RKComponentFactory(  413): DestroyRKCodec2Factory enter
12-19 10:34:17.161 I/android.hardware.graphics.allocator@4.0-service(  407): alloc_format: FMT:0x1,MOD:0x10000
12-19 10:34:17.161 I/android.hardware.graphics.allocator@4.0-service(  407): mali_gralloc_adjust_dimensions: alloc_format=FMT:0x1,MOD:0x10000 usage=0xb00 alloc_width=1920, alloc_height=1088
12-19 10:34:17.162 I/DropBoxManagerService(  619): add tag=system_app_strictmode isTagEnabled=true flags=0x2
12-19 10:34:17.163 D/android.hardware.graphics.allocator@4.0-service(  407): got new private_handle_t instance for buffer 'ViewRootImpl[FallbackHome]#0(BLAST Consumer)0'. share_fd : 8, share_attr_fd : 9, width : 1920, height : 1080, req_format : 0x1, producer_usage : 0xb00, consumer_usage : 0xb00, , stride : 0, alloc_format : 1, size : 8486912, layer_count : 1
12-19 10:34:17.163 D/android.hardware.graphics.allocator@4.0-service(  407): plane_info[0]: offset : 0, byte_stride : 7680, alloc_width : 1920, alloc_height : 1088
12-19 10:34:17.163 D/android.hardware.graphics.allocator@4.0-service(  407): plane_info[1]: offset : 0, byte_stride : 0, alloc_width : 0, alloc_height : 0
12-19 10:34:17.163 V/WindowManager(  619): getPackagePerformanceMode -- ComponentInfo{com.android.settings/com.android.settings.FallbackHome} -- com.android.settings -- mode=0
12-19 10:34:17.163 V/WindowManager(  619): getPackagePerformanceMode -- ComponentInfo{com.android.settings/com.android.settings.FallbackHome} -- com.android.settings -- mode=0
12-19 10:34:17.163 D/ActivityManagerTiming(  619): FinishBooting
12-19 10:34:17.163 V/C2Store (  503): in init
12-19 10:34:17.164 V/C2Store (  503): loading dll
12-19 10:34:17.165 D/LogicalDisplay(  619): configureDisplayLocked  rotated:false main:true
12-19 10:34:17.165 D/LogicalDisplay(  619): configureDisplayLocked  rotated:false main:false
12-19 10:34:17.166 W/KeyguardServiceDelegate(  619): onScreenTurningOn(): no keyguard service!
12-19 10:34:17.169 I/StatusBarManagerService(  619): registerStatusBar bar=com.android.internal.statusbar.IStatusBar$Stub$Proxy@bcc420a
12-19 10:34:17.172 D/DeferredSmsMmsRestoreService(  909): startIfFilesExist: no files to restore
12-19 10:34:17.172 D/DeferredSmsMmsRestoreService(  909): addAllSharedPrefToLocalLog
12-19 10:34:17.179 I/netd    (  389): trafficSwapActiveStatsMap() <21.46ms>
12-19 10:34:17.179 D/DeferredSmsMmsRestoreService(  909): startIfFilesExist: no files to restore
12-19 10:34:17.179 D/DeferredSmsMmsRestoreService(  909): addAllSharedPrefToLocalLog
12-19 10:34:17.180 I/netd    (  389): tetherGetStats() -> {[]} <0.89ms>
12-19 10:34:17.181 I/CameraManagerGlobal(  807): Connecting to camera service
12-19 10:34:17.181 W/BestClock(  619): java.time.DateTimeException: Missing NTP fix
12-19 10:34:17.182 I/system_server(  619): WaitForGcToComplete blocked ClassLinker on Background for 52.557ms
12-19 10:34:17.182 W/BestClock(  619): java.time.DateTimeException: Missing NTP fix
12-19 10:34:17.182 W/BestClock(  619): java.time.DateTimeException: Missing NTP fix
12-19 10:34:17.183 W/BestClock(  619): java.time.DateTimeException: Missing NTP fix
12-19 10:34:17.184 V/C2Store (  503): in ~ComponentModule
12-19 10:34:17.184 V/C2Store (  503): unloading dll
12-19 10:34:17.184 V/C2Store (  503): in init
12-19 10:34:17.184 V/C2Store (  503): loading dll
12-19 10:34:17.187 D/NetworkStats(  619): registerNetworkStatsProvider from OffloadController uid/pid=1000/619
12-19 10:34:17.189 D/CompatibilityChangeReporter(  807): Compat change id reported: 170233598; UID 10063; state: DISABLED
12-19 10:34:17.190 D/NetworkStats(  619): registerNetworkStatsProvider from BpfCoordinator uid/pid=1000/619
12-19 10:34:17.186 I/system_server(  619): type=1400 audit(0.0:117): avc: denied { search } for name="tethering" dev="bpf" ino=30115 scontext=u:r:system_server:s0 tcontext=u:object_r:fs_bpf_tethering:s0 tclass=dir permissive=1
12-19 10:34:17.192 E/Tethering(  619): [api31.BpfCoordinatorShimImpl] ERROR Could not clear mBpfDownstream4Map: android.system.ErrnoException: getNextMapKey failed: EBADF (Bad file descriptor)
12-19 10:34:17.192 E/Tethering(  619): [api31.BpfCoordinatorShimImpl] ERROR Could not clear mBpfUpstream4Map: android.system.ErrnoException: getNextMapKey failed: EBADF (Bad file descriptor)
12-19 10:34:17.192 E/Tethering(  619): [api31.BpfCoordinatorShimImpl] ERROR Could not clear mBpfDownstream6Map: android.system.ErrnoException: getNextMapKey failed: EBADF (Bad file descriptor)
12-19 10:34:17.192 E/Tethering(  619): [api31.BpfCoordinatorShimImpl] ERROR Could not clear mBpfUpstream6Map: android.system.ErrnoException: getNextMapKey failed: EBADF (Bad file descriptor)
12-19 10:34:17.192 E/Tethering(  619): [api31.BpfCoordinatorShimImpl] ERROR Could not clear mBpfStatsMap: android.system.ErrnoException: getNextMapKey failed: EBADF (Bad file descriptor)
12-19 10:34:17.192 E/Tethering(  619): [api31.BpfCoordinatorShimImpl] ERROR Could not clear mBpfLimitMap: android.system.ErrnoException: getNextMapKey failed: EBADF (Bad file descriptor)
12-19 10:34:17.192 E/Tethering(  619): [api31.BpfCoordinatorShimImpl] ERROR Could not clear mBpfDevMap: android.system.ErrnoException: getNextMapKey failed: EBADF (Bad file descriptor)
12-19 10:34:17.192 I/netd    (  389): registerUnsolicitedEventListener() <0.02ms>
12-19 10:34:17.193 D/CompatibilityChangeReporter(  619): Compat change id reported: 182478738; UID 1000; state: DISABLED
12-19 10:34:17.194 V/WifiManager(  619): registerSoftApCallback: callback=com.android.networkstack.tethering.Tethering$TetheringSoftApCallback@ddd2e3c, executor=com.android.networkstack.tethering.Tethering$TetheringThreadExecutor@9ab27c5
12-19 10:34:17.194 V/WifiManager(  619): SoftApCallbackProxy: send InfoChanged, newInfo: SoftApInfo{bandwidth= 0, frequency= 0, wifiStandard= 0, mApInstanceIdentifier= null, mIdleShutdownTimeoutMillis= 0}
12-19 10:34:17.194 V/WifiManager(  619): SoftApCallbackProxy: send InfoChanged, changedInfoList: []
12-19 10:34:17.194 V/WifiManager(  619): SoftApCallbackProxy: send onConnectedClientsChanged(clients): []
12-19 10:34:17.194 D/ApConfigUtil(  619): Update Softap capability, add client control feature support
12-19 10:34:17.194 D/ConnectivityService(  619): requestNetwork for uid/pid:1000/619 activeRequest: null callbackRequest: 24 [NetworkRequest [ TRACK_SYSTEM_DEFAULT id=24, [ Capabilities: INTERNET&NOT_RESTRICTED&TRUSTED&NOT_VPN&NOT_VCN_MANAGED RequestorUid: 1000 RequestorPkg: com.android.networkstack.tethering.inprocess] ]] callback flags: 0 priority: 2147483647
12-19 10:34:17.194 D/ApConfigUtil(  619): Update Softap capability, add MAC customization support
12-19 10:34:17.194 D/ApConfigUtil(  619): Update Softap capability, add 2.4G support
12-19 10:34:17.194 D/ApConfigUtil(  619): Update Softap capability, add 5G support
12-19 10:34:17.194 D/ConnectivityService(  619): NetReassign [no changes]
12-19 10:34:17.195 D/ApConfigUtil(  619): Update Softap capability, max client = 16
12-19 10:34:17.195 W/MediaRouter(  619): updatePresentationDisplays called
12-19 10:34:17.190 I/system_server(  619): type=1400 audit(0.0:118): avc: denied { read } for name="state" dev="sysfs" ino=48606 scontext=u:r:system_server:s0 tcontext=u:object_r:sysfs:s0 tclass=file permissive=1
12-19 10:34:17.190 I/system_server(  619): type=1400 audit(0.0:119): avc: denied { open } for path="/sys/devices/platform/fde80000.hdmi/extcon/extcon8/state" dev="sysfs" ino=48606 scontext=u:r:system_server:s0 tcontext=u:object_r:sysfs:s0 tclass=file permissive=1
12-19 10:34:17.190 I/system_server(  619): type=1400 audit(0.0:120): avc: denied { getattr } for path="/sys/devices/platform/fde80000.hdmi/extcon/extcon8/state" dev="sysfs" ino=48606 scontext=u:r:system_server:s0 tcontext=u:object_r:sysfs:s0 tclass=file permissive=1
12-19 10:34:17.195 I/WiredAccessoryManager(  619): MSG_NEW_DEVICE_STATE
12-19 10:34:17.195 W/ServiceManager(  619): Permission failure: android.permission.HIGH_SAMPLING_RATE_SENSORS from uid=10061 pid=1020
12-19 10:34:17.196 E/WiredAccessoryManager(  619): No state change.
12-19 10:34:17.196 D/WiredAccessoryManager(  619): state.contains(CDP=) return
12-19 10:34:17.196 D/WiredAccessoryManager(  619): state.contains(CDP=) return
12-19 10:34:17.196 D/WiredAccessoryManager(  619): state.contains(CDP=) return
12-19 10:34:17.196 D/WiredAccessoryManager(  619): state.contains(CDP=) return
12-19 10:34:17.196 D/WiredAccessoryManager(  619): state.contains(CDP=) return
12-19 10:34:17.196 D/WiredAccessoryManager(  619): state.contains(CDP=) return
12-19 10:34:17.196 D/WiredAccessoryManager(  619): state.contains(CDP=) return
12-19 10:34:17.196 D/WiredAccessoryManager(  619): state.contains(CDP=) return
12-19 10:34:17.196 D/WiredAccessoryManager(  619): state.contains(CDP=) return
12-19 10:34:17.196 D/WiredAccessoryManager(  619): state.contains(CDP=) return
12-19 10:34:17.196 D/WiredAccessoryManager(  619): state.contains(CDP=) return
12-19 10:34:17.196 D/WiredAccessoryManager(  619): state.contains(CDP=) return
12-19 10:34:17.196 E/WiredAccessoryManager(  619): No state change.
12-19 10:34:17.196 V/C2Store (  503): in ~ComponentModule
12-19 10:34:17.196 V/C2Store (  503): unloading dll
12-19 10:34:17.196 D/WiredAccessoryManager(  619): state.contains(CDP=) return
12-19 10:34:17.196 D/WiredAccessoryManager(  619): state.contains(CDP=) return
12-19 10:34:17.196 D/WiredAccessoryManager(  619): state.contains(CDP=) return
12-19 10:34:17.196 D/WiredAccessoryManager(  619): state.contains(CDP=) return
12-19 10:34:17.196 V/C2Store (  503): in init
12-19 10:34:17.196 D/WiredAccessoryManager(  619): state.contains(CDP=) return
12-19 10:34:17.196 V/C2Store (  503): loading dll
12-19 10:34:17.196 D/WiredAccessoryManager(  619): state.contains(CDP=) return
12-19 10:34:17.196 D/WiredAccessoryManager(  619): state.contains(CDP=) return
12-19 10:34:17.196 D/WiredAccessoryManager(  619): state.contains(CDP=) return
12-19 10:34:17.196 D/WiredAccessoryManager(  619): state.contains(CDP=) return
12-19 10:34:17.196 D/WiredAccessoryManager(  619): state.contains(CDP=) return
12-19 10:34:17.196 D/WiredAccessoryManager(  619): state.contains(CDP=) return
12-19 10:34:17.196 D/WiredAccessoryManager(  619): state.contains(CDP=) return
12-19 10:34:17.196 E/WiredAccessoryManager(  619): No state change.
12-19 10:34:17.196 E/WiredAccessoryManager(  619): No state change.
12-19 10:34:17.197 I/WiredAccessoryManager(  619): MSG_NEW_DEVICE_STATE
12-19 10:34:17.197 D/WiredAccessoryManager(  619): state.contains(CDP=) return
12-19 10:34:17.197 D/WiredAccessoryManager(  619): state.contains(CDP=) return
12-19 10:34:17.197 D/WiredAccessoryManager(  619): state.contains(CDP=) return
12-19 10:34:17.197 D/WiredAccessoryManager(  619): state.contains(CDP=) return
12-19 10:34:17.197 D/WiredAccessoryManager(  619): state.contains(CDP=) return
12-19 10:34:17.197 D/WiredAccessoryManager(  619): state.contains(CDP=) return
12-19 10:34:17.197 D/WiredAccessoryManager(  619): state.contains(CDP=) return
12-19 10:34:17.197 D/WiredAccessoryManager(  619): state.contains(CDP=) return
12-19 10:34:17.197 D/WiredAccessoryManager(  619): state.contains(CDP=) return
12-19 10:34:17.197 D/WiredAccessoryManager(  619): state.contains(CDP=) return
12-19 10:34:17.197 D/WiredAccessoryManager(  619): state.contains(CDP=) return
12-19 10:34:17.197 D/WiredAccessoryManager(  619): state.contains(CDP=) return
12-19 10:34:17.197 E/WiredAccessoryManager(  619): No state change.
12-19 10:34:17.197 D/WiredAccessoryManager(  619): state.contains(CDP=) return
12-19 10:34:17.197 D/WiredAccessoryManager(  619): state.contains(CDP=) return
12-19 10:34:17.197 D/WiredAccessoryManager(  619): state.contains(CDP=) return
12-19 10:34:17.197 D/WiredAccessoryManager(  619): state.contains(CDP=) return
12-19 10:34:17.197 D/WiredAccessoryManager(  619): state.contains(CDP=) return
12-19 10:34:17.197 D/WiredAccessoryManager(  619): state.contains(CDP=) return
12-19 10:34:17.197 D/WiredAccessoryManager(  619): state.contains(CDP=) return
12-19 10:34:17.197 D/WiredAccessoryManager(  619): state.contains(CDP=) return
12-19 10:34:17.197 D/WiredAccessoryManager(  619): state.contains(CDP=) return
12-19 10:34:17.197 D/WiredAccessoryManager(  619): state.contains(CDP=) return
12-19 10:34:17.197 D/WiredAccessoryManager(  619): state.contains(CDP=) return
12-19 10:34:17.197 D/WiredAccessoryManager(  619): state.contains(CDP=) return
12-19 10:34:17.197 E/WiredAccessoryManager(  619): No state change.
12-19 10:34:17.199 W/TrustManagerService(  619): EXTRA_USER_HANDLE missing or invalid, value=0
12-19 10:34:17.200 D/SystemServerTiming(  619): ManagedServices.unbindOtherUserServices_current0
12-19 10:34:17.200 V/SystemServerTiming(  619): ManagedServices.unbindOtherUserServices_current0 took to complete: 0ms
12-19 10:34:17.200 D/SystemServerTiming(  619): ManagedServices.unbindOtherUserServices_current0
12-19 10:34:17.200 V/SystemServerTiming(  619): ManagedServices.unbindOtherUserServices_current0 took to complete: 0ms
12-19 10:34:17.200 D/SystemServerTiming(  619): ManagedServices.unbindOtherUserServices_current0
12-19 10:34:17.200 V/SystemServerTiming(  619): ManagedServices.unbindOtherUserServices_current0 took to complete: 0ms
12-19 10:34:17.200 V/NotificationAssistants(  619): enabling notification assistant for 0: ComponentInfo{android.ext.services/android.ext.services.notification.Assistant}
12-19 10:34:17.200 V/NotificationAssistants(  619): binding: Intent { act=android.service.notification.NotificationAssistantService cmp=android.ext.services/.notification.Assistant (has extras) }
12-19 10:34:17.201 E/AppHibernationService(  619): Attempt to call isHibernatingForUser on stopped or nonexistent user 0
12-19 10:34:17.208 V/C2Store (  503): in ~ComponentModule
12-19 10:34:17.208 V/C2Store (  503): unloading dll
12-19 10:34:17.208 V/C2Store (  503): in init
12-19 10:34:17.208 V/C2Store (  503): loading dll
12-19 10:34:17.209 I/netd    (  389): trafficSwapActiveStatsMap() <25.87ms>
12-19 10:34:17.210 I/netd    (  389): tetherGetStats() -> {[]} <0.71ms>
12-19 10:34:17.211 W/BestClock(  619): java.time.DateTimeException: Missing NTP fix
12-19 10:34:17.212 W/BestClock(  619): java.time.DateTimeException: Missing NTP fix
12-19 10:34:17.212 W/BestClock(  619): java.time.DateTimeException: Missing NTP fix
12-19 10:34:17.213 D/CountryDetector(  619): Using custom country detector class: com.android.server.location.ComprehensiveCountryDetector
12-19 10:34:17.213 E/CountryDetector(  619): Could not instantiate the custom country detector class
12-19 10:34:17.213 D/CountryDetector(  619): Using default country detector
12-19 10:34:17.215 V/C2Store (  503): in ~ComponentModule
12-19 10:34:17.215 V/C2Store (  503): unloading dll
12-19 10:34:17.215 V/C2Store (  503): in init
12-19 10:34:17.215 V/C2Store (  503): loading dll
12-19 10:34:17.215 I/DropBoxManagerService(  619): add tag=system_server_strictmode isTagEnabled=true flags=0x2
12-19 10:34:17.218 V/C2Store (  503): in ~ComponentModule
12-19 10:34:17.218 V/C2Store (  503): unloading dll
12-19 10:34:17.218 V/C2Store (  503): in init
12-19 10:34:17.218 V/C2Store (  503): loading dll
12-19 10:34:17.221 V/C2Store (  503): in ~ComponentModule
12-19 10:34:17.221 V/C2Store (  503): unloading dll
12-19 10:34:17.221 V/C2Store (  503): in init
12-19 10:34:17.221 V/C2Store (  503): loading dll
12-19 10:34:17.228 V/C2Store (  503): in ~ComponentModule
12-19 10:34:17.228 V/C2Store (  503): unloading dll
12-19 10:34:17.228 V/C2Store (  503): in init
12-19 10:34:17.228 V/C2Store (  503): loading dll
12-19 10:34:17.231 V/C2Store (  503): in ~ComponentModule
12-19 10:34:17.231 V/C2Store (  503): unloading dll
12-19 10:34:17.231 V/C2Store (  503): in init
12-19 10:34:17.231 V/C2Store (  503): loading dll
12-19 10:34:17.236 W/Zygote  (  391): forkRepeatedly terminated due to non-simple command
12-19 10:34:17.236 D/Zygote  (  391): mbuffer starts with 14, nice name is webview_zygote, mEnd = 411, mNext = 159, mLinesLeft = 6, mFd = 9
12-19 10:34:17.236 I/hwservicemanager(  301): getTransport: Cannot find entry android.hardware.radio@1.6::IRadio/slot1 in either framework or device VINTF manifest.
12-19 10:34:17.236 I/hwservicemanager(  301): getTransport: Cannot find entry android.hardware.radio@1.5::IRadio/slot1 in either framework or device VINTF manifest.
12-19 10:34:17.236 I/mediaswcodec(  503): missing struct descriptor #Param::CoreIndex(--004) for field values of struct #Param::CoreIndex(F-12004)
12-19 10:34:17.236 I/mediaswcodec(  503): missing struct descriptor #Param::CoreIndex(--1812) for field values of struct #Param::CoreIndex(F-11812)
12-19 10:34:17.236 I/hwservicemanager(  301): getTransport: Cannot find entry android.hardware.radio@1.4::IRadio/slot1 in either framework or device VINTF manifest.
12-19 10:34:17.237 V/C2Store (  503): in ~ComponentModule
12-19 10:34:17.237 V/C2Store (  503): unloading dll
12-19 10:34:17.237 V/C2Store (  503): in init
12-19 10:34:17.237 V/C2Store (  503): loading dll
12-19 10:34:17.237 I/hwservicemanager(  301): getTransport: Cannot find entry android.hardware.radio@1.3::IRadio/slot1 in either framework or device VINTF manifest.
12-19 10:34:17.237 I/hwservicemanager(  301): getTransport: Cannot find entry android.hardware.radio@1.2::IRadio/slot1 in either framework or device VINTF manifest.
12-19 10:34:17.238 V/C2Store (  503): in ~ComponentModule
12-19 10:34:17.238 V/C2Store (  503): unloading dll
12-19 10:34:17.238 V/C2Store (  503): in init
12-19 10:34:17.238 V/C2Store (  503): loading dll
12-19 10:34:17.239 I/WebViewLoader-(  853): System.exit called, status: 0
12-19 10:34:17.239 I/AndroidRuntime(  853): VM exiting with result code 0, cleanup skipped.
12-19 10:34:17.242 V/C2Store (  503): in ~ComponentModule
12-19 10:34:17.242 V/C2Store (  503): unloading dll
12-19 10:34:17.242 V/C2Store (  503): in init
12-19 10:34:17.242 V/C2Store (  503): loading dll
12-19 10:34:17.243 I/ActivityManager(  619): Process WebViewLoader-arm64-v8a (pid 853) has died: psvc PER 
12-19 10:34:17.244 I/Zygote  (  390): Process 853 exited cleanly (0)
12-19 10:34:17.244 D/Zygote  (  391): Forked child process 1109
12-19 10:34:17.244 I/DropBoxManagerService(  619): add tag=system_app_strictmode isTagEnabled=true flags=0x2
12-19 10:34:17.244 D/TouchInteractionService( 1020): Touch service connected: user=0
12-19 10:34:17.245 W/ZygoteProcess(  619): Got error connecting to zygote, retrying. msg= Connection refused
12-19 10:34:17.245 V/C2Store (  503): in ~ComponentModule
12-19 10:34:17.245 I/DropBoxManagerService(  619): add tag=system_app_strictmode isTagEnabled=true flags=0x2
12-19 10:34:17.245 V/C2Store (  503): unloading dll
12-19 10:34:17.245 V/C2Store (  503): in init
12-19 10:34:17.245 V/C2Store (  503): loading dll
12-19 10:34:17.247 I/Zygote  ( 1109): seccomp disabled by setenforce 0
12-19 10:34:17.249 I/libprocessgroup(  619): Successfully killed process cgroup uid 1037 pid 853 in 5ms
12-19 10:34:17.250 I/WebViewZygoteInit( 1109): Starting WebViewZygoteInit
12-19 10:34:17.250 I/Zygote  ( 1109): seccomp disabled by setenforce 0
12-19 10:34:17.251 V/C2Store (  503): in ~ComponentModule
12-19 10:34:17.251 V/C2Store (  503): unloading dll
12-19 10:34:17.251 V/C2Store (  503): in init
12-19 10:34:17.251 V/C2Store (  503): loading dll
12-19 10:34:17.252 D/NavigationModeController(  807): getCurrentInteractionMode: mode=0 contextUser=0
12-19 10:34:17.253 V/C2Store (  503): in ~ComponentModule
12-19 10:34:17.253 V/C2Store (  503): unloading dll
12-19 10:34:17.253 V/C2Store (  503): in init
12-19 10:34:17.253 V/C2Store (  503): loading dll
12-19 10:34:17.253 D/NavigationModeController(  807): getCurrentInteractionMode: mode=0 contextUser=0
12-19 10:34:17.254 V/C2Store (  503): in ~ComponentModule
12-19 10:34:17.254 V/C2Store (  503): unloading dll
12-19 10:34:17.254 V/C2Store (  503): in init
12-19 10:34:17.254 V/C2Store (  503): loading dll
12-19 10:34:17.256 V/C2Store (  503): in ~ComponentModule
12-19 10:34:17.256 V/C2Store (  503): unloading dll
12-19 10:34:17.256 V/C2Store (  503): in init
12-19 10:34:17.256 V/C2Store (  503): loading dll
12-19 10:34:17.257 E/AppHibernationService(  619): Attempt to call isHibernatingForUser on stopped or nonexistent user 0
12-19 10:34:17.257 D/CompatibilityChangeReporter(  619): Compat change id reported: 135634846; UID 10070; state: DISABLED
12-19 10:34:17.257 D/CompatibilityChangeReporter(  619): Compat change id reported: 177438394; UID 10070; state: DISABLED
12-19 10:34:17.257 D/CompatibilityChangeReporter(  619): Compat change id reported: 135772972; UID 10070; state: DISABLED
12-19 10:34:17.257 D/CompatibilityChangeReporter(  619): Compat change id reported: 135754954; UID 10070; state: ENABLED
12-19 10:34:17.257 D/CompatibilityChangeReporter(  619): Compat change id reported: 143937733; UID 10070; state: ENABLED
12-19 10:34:17.257 D/wgh     (  619): retrieveStreamConfigsLocked-->deviceId = 0, generation=1
12-19 10:34:17.257 D/tv_input(  427): tv_input_get_stream_configurations_ext called device_id=0,s_TvInputPriv=0xb40000732aa97ed0
12-19 10:34:17.257 D/tv_input(  427): hin_dev_open deviceId:=0
12-19 10:34:17.257 E/tv_input(  427): config device_id=0, 1280 ,720,0x15,0x33424752!
12-19 10:34:17.258 D/wgh     (  619): retrieveStreamConfigsLocked-->deviceId = 0, generation=2
12-19 10:34:17.258 D/tv_input(  427): tv_input_get_stream_configurations_ext called device_id=0,s_TvInputPriv=0xb40000732aa97ed0
12-19 10:34:17.258 D/tv_input(  427): hin_dev_open deviceId:=0
12-19 10:34:17.258 E/tv_input(  427): config device_id=0, 1280 ,720,0x15,0x33424752!
12-19 10:34:17.258 D/wgh     (  619): retrieveStreamConfigsLocked-->deviceId = 3, generation=1
12-19 10:34:17.258 D/tv_input(  427): tv_input_get_stream_configurations_ext called device_id=3,s_TvInputPriv=0xb40000732aa97ed0
12-19 10:34:17.258 D/tv_input(  427): hin_dev_open deviceId:=3
12-19 10:34:17.258 E/tv_input_HinDevImpl(  427): prop value : mHdmiInType=0, mDebugLevel=0, mSkipFrame=0
12-19 10:34:17.258 D/tv_input_HinDevImpl(  427): set_data_callback 829
12-19 10:34:17.258 D/tv_input_HinDevImpl(  427): findDevice called
12-19 10:34:17.258 D/tv_input_HinDevImpl(  427):  v4l device video32 found
12-19 10:34:17.258 I/tv_input_HinDevImpl(  427): findDevice:line 372 | findDevice open device /dev/video32 successful.
12-19 10:34:17.258 E/tv_input_HinDevImpl(  427): findDevice:line 381 | VIDIOC_QUERYCAP driver=rkisp_v6,rkisp_v6
12-19 10:34:17.258 E/tv_input_HinDevImpl(  427): findDevice:line 382 | VIDIOC_QUERYCAP card=rkisp_selfpath
12-19 10:34:17.258 E/tv_input_HinDevImpl(  427): findDevice:line 383 | VIDIOC_QUERYCAP version=131585
12-19 10:34:17.258 E/tv_input_HinDevImpl(  427): findDevice:line 384 | VIDIOC_QUERYCAP capabilities=0x84201000,0x00000009
12-19 10:34:17.258 E/tv_input_HinDevImpl(  427): findDevice:line 385 | VIDIOC_QUERYCAP device_caps=0x04201000
12-19 10:34:17.258 E/tv_input_HinDevImpl(  427): findDevice:line 399 | isnot hdmirx,VIDIOC_QUERYCAP driver=rkisp_v6
12-19 10:34:17.258 D/tv_input_HinDevImpl(  427):  v4l device video37 found
12-19 10:34:17.258 I/tv_input_HinDevImpl(  427): findDevice:line 372 | findDevice open device /dev/video37 successful.
12-19 10:34:17.258 E/tv_input_HinDevImpl(  427): findDevice:line 381 | VIDIOC_QUERYCAP driver=rkisp_v6,rkisp_v6
12-19 10:34:17.258 E/tv_input_HinDevImpl(  427): findDevice:line 382 | VIDIOC_QUERYCAP card=rkisp_rawrd1_l
12-19 10:34:17.259 E/tv_input_HinDevImpl(  427): findDevice:line 383 | VIDIOC_QUERYCAP version=131585
12-19 10:34:17.259 E/tv_input_HinDevImpl(  427): findDevice:line 384 | VIDIOC_QUERYCAP capabilities=0x84202000,0x00000009
12-19 10:34:17.259 E/tv_input_HinDevImpl(  427): findDevice:line 385 | VIDIOC_QUERYCAP device_caps=0x04202000
12-19 10:34:17.259 E/tv_input_HinDevImpl(  427): findDevice:line 399 | isnot hdmirx,VIDIOC_QUERYCAP driver=rkisp_v6
12-19 10:34:17.259 D/tv_input_HinDevImpl(  427):  v4l device video22 found
12-19 10:34:17.259 I/tv_input_HinDevImpl(  427): findDevice:line 372 | findDevice open device /dev/video22 successful.
12-19 10:34:17.259 E/tv_input_HinDevImpl(  427): findDevice:line 381 | VIDIOC_QUERYCAP driver=rkisp_v6,rkisp_v6
12-19 10:34:17.259 E/tv_input_HinDevImpl(  427): findDevice:line 382 | VIDIOC_QUERYCAP card=rkisp_mainpath
12-19 10:34:17.259 E/tv_input_HinDevImpl(  427): findDevice:line 383 | VIDIOC_QUERYCAP version=131585
12-19 10:34:17.259 E/tv_input_HinDevImpl(  427): findDevice:line 384 | VIDIOC_QUERYCAP capabilities=0x84201000,0x00000009
12-19 10:34:17.259 E/tv_input_HinDevImpl(  427): findDevice:line 385 | VIDIOC_QUERYCAP device_caps=0x04201000
12-19 10:34:17.259 E/tv_input_HinDevImpl(  427): findDevice:line 399 | isnot hdmirx,VIDIOC_QUERYCAP driver=rkisp_v6
12-19 10:34:17.259 D/tv_input_HinDevImpl(  427):  v4l device video36 found
12-19 10:34:17.259 I/tv_input_HinDevImpl(  427): findDevice:line 372 | findDevice open device /dev/video36 successful.
12-19 10:34:17.259 E/tv_input_HinDevImpl(  427): findDevice:line 381 | VIDIOC_QUERYCAP driver=rkisp_v6,rkisp_v6
12-19 10:34:17.259 E/tv_input_HinDevImpl(  427): findDevice:line 382 | VIDIOC_QUERYCAP card=rkisp_rawrd2_s
12-19 10:34:17.259 E/tv_input_HinDevImpl(  427): findDevice:line 383 | VIDIOC_QUERYCAP version=131585
12-19 10:34:17.259 E/tv_input_HinDevImpl(  427): findDevice:line 384 | VIDIOC_QUERYCAP capabilities=0x84202000,0x00000009
12-19 10:34:17.259 E/tv_input_HinDevImpl(  427): findDevice:line 385 | VIDIOC_QUERYCAP device_caps=0x04202000
12-19 10:34:17.259 E/tv_input_HinDevImpl(  427): findDevice:line 399 | isnot hdmirx,VIDIOC_QUERYCAP driver=rkisp_v6
12-19 10:34:17.259 D/tv_input_HinDevImpl(  427):  v4l device video26 found
12-19 10:34:17.259 I/tv_input_HinDevImpl(  427): findDevice:line 372 | findDevice open device /dev/video26 successful.
12-19 10:34:17.259 E/tv_input_HinDevImpl(  427): findDevice:line 381 | VIDIOC_QUERYCAP driver=rkisp_v6,rkisp_v6
12-19 10:34:17.259 E/tv_input_HinDevImpl(  427): findDevice:line 382 | VIDIOC_QUERYCAP card=rkisp_rawrd0_m
12-19 10:34:17.259 E/tv_input_HinDevImpl(  427): findDevice:line 383 | VIDIOC_QUERYCAP version=131585
12-19 10:34:17.259 E/tv_input_HinDevImpl(  427): findDevice:line 384 | VIDIOC_QUERYCAP capabilities=0x84202000,0x00000009
12-19 10:34:17.259 E/tv_input_HinDevImpl(  427): findDevice:line 385 | VIDIOC_QUERYCAP device_caps=0x04202000
12-19 10:34:17.259 E/tv_input_HinDevImpl(  427): findDevice:line 399 | isnot hdmirx,VIDIOC_QUERYCAP driver=rkisp_v6
12-19 10:34:17.259 D/tv_input_HinDevImpl(  427):  v4l device video28 found
12-19 10:34:17.259 I/tv_input_HinDevImpl(  427): findDevice:line 372 | findDevice open device /dev/video28 successful.
12-19 10:34:17.259 E/tv_input_HinDevImpl(  427): findDevice:line 381 | VIDIOC_QUERYCAP driver=rkisp_v6,rkisp_v6
12-19 10:34:17.259 E/tv_input_HinDevImpl(  427): findDevice:line 382 | VIDIOC_QUERYCAP card=rkisp_rawrd1_l
12-19 10:34:17.259 E/tv_input_HinDevImpl(  427): findDevice:line 383 | VIDIOC_QUERYCAP version=131585
12-19 10:34:17.259 E/tv_input_HinDevImpl(  427): findDevice:line 384 | VIDIOC_QUERYCAP capabilities=0x84202000,0x00000009
12-19 10:34:17.259 E/tv_input_HinDevImpl(  427): findDevice:line 385 | VIDIOC_QUERYCAP device_caps=0x04202000
12-19 10:34:17.259 E/tv_input_HinDevImpl(  427): findDevice:line 399 | isnot hdmirx,VIDIOC_QUERYCAP driver=rkisp_v6
12-19 10:34:17.259 D/tv_input_HinDevImpl(  427):  v4l device video23 found
12-19 10:34:17.259 I/tv_input_HinDevImpl(  427): findDevice:line 372 | findDevice open device /dev/video23 successful.
12-19 10:34:17.259 E/tv_input_HinDevImpl(  427): findDevice:line 381 | VIDIOC_QUERYCAP driver=rkisp_v6,rkisp_v6
12-19 10:34:17.259 E/tv_input_HinDevImpl(  427): findDevice:line 382 | VIDIOC_QUERYCAP card=rkisp_selfpath
12-19 10:34:17.259 E/tv_input_HinDevImpl(  427): findDevice:line 383 | VIDIOC_QUERYCAP version=131585
12-19 10:34:17.259 E/tv_input_HinDevImpl(  427): findDevice:line 384 | VIDIOC_QUERYCAP capabilities=0x84201000,0x00000009
12-19 10:34:17.259 E/tv_input_HinDevImpl(  427): findDevice:line 385 | VIDIOC_QUERYCAP device_caps=0x04201000
12-19 10:34:17.259 E/tv_input_HinDevImpl(  427): findDevice:line 399 | isnot hdmirx,VIDIOC_QUERYCAP driver=rkisp_v6
12-19 10:34:17.259 D/tv_input_HinDevImpl(  427):  v4l device video31 found
12-19 10:34:17.259 I/tv_input_HinDevImpl(  427): findDevice:line 372 | findDevice open device /dev/video31 successful.
12-19 10:34:17.259 E/tv_input_HinDevImpl(  427): findDevice:line 381 | VIDIOC_QUERYCAP driver=rkisp_v6,rkisp_v6
12-19 10:34:17.259 E/tv_input_HinDevImpl(  427): findDevice:line 382 | VIDIOC_QUERYCAP card=rkisp_mainpath
12-19 10:34:17.259 E/tv_input_HinDevImpl(  427): findDevice:line 383 | VIDIOC_QUERYCAP version=131585
12-19 10:34:17.259 E/tv_input_HinDevImpl(  427): findDevice:line 384 | VIDIOC_QUERYCAP capabilities=0x84201000,0x00000009
12-19 10:34:17.259 E/tv_input_HinDevImpl(  427): findDevice:line 385 | VIDIOC_QUERYCAP device_caps=0x04201000
12-19 10:34:17.259 E/tv_input_HinDevImpl(  427): findDevice:line 399 | isnot hdmirx,VIDIOC_QUERYCAP driver=rkisp_v6
12-19 10:34:17.259 D/tv_input_HinDevImpl(  427):  v4l device video39 found
12-19 10:34:17.259 V/C2Store (  503): in ~ComponentModule
12-19 10:34:17.259 V/C2Store (  503): unloading dll
12-19 10:34:17.259 V/C2Store (  503): in init
12-19 10:34:17.259 V/C2Store (  503): loading dll
12-19 10:34:17.259 I/tv_input_HinDevImpl(  427): findDevice:line 372 | findDevice open device /dev/video39 successful.
12-19 10:34:17.259 E/tv_input_HinDevImpl(  427): findDevice:line 381 | VIDIOC_QUERYCAP driver=rkisp_v6,rkisp_v6
12-19 10:34:17.259 E/tv_input_HinDevImpl(  427): findDevice:line 382 | VIDIOC_QUERYCAP card=rkisp-input-params
12-19 10:34:17.259 E/tv_input_HinDevImpl(  427): findDevice:line 383 | VIDIOC_QUERYCAP version=131585
12-19 10:34:17.259 E/tv_input_HinDevImpl(  427): findDevice:line 384 | VIDIOC_QUERYCAP capabilities=0x8c200000,0x00000009
12-19 10:34:17.259 E/tv_input_HinDevImpl(  427): findDevice:line 385 | VIDIOC_QUERYCAP device_caps=0x0c200000
12-19 10:34:17.259 E/tv_input_HinDevImpl(  427): findDevice:line 399 | isnot hdmirx,VIDIOC_QUERYCAP driver=rkisp_v6
12-19 10:34:17.259 D/tv_input_HinDevImpl(  427):  v4l device video35 found
12-19 10:34:17.259 I/tv_input_HinDevImpl(  427): findDevice:line 372 | findDevice open device /dev/video35 successful.
12-19 10:34:17.259 E/tv_input_HinDevImpl(  427): findDevice:line 381 | VIDIOC_QUERYCAP driver=rkisp_v6,rkisp_v6
12-19 10:34:17.259 E/tv_input_HinDevImpl(  427): findDevice:line 382 | VIDIOC_QUERYCAP card=rkisp_rawrd0_m
12-19 10:34:17.259 E/tv_input_HinDevImpl(  427): findDevice:line 383 | VIDIOC_QUERYCAP version=131585
12-19 10:34:17.259 E/tv_input_HinDevImpl(  427): findDevice:line 384 | VIDIOC_QUERYCAP capabilities=0x84202000,0x00000009
12-19 10:34:17.260 E/tv_input_HinDevImpl(  427): findDevice:line 385 | VIDIOC_QUERYCAP device_caps=0x04202000
12-19 10:34:17.260 E/tv_input_HinDevImpl(  427): findDevice:line 399 | isnot hdmirx,VIDIOC_QUERYCAP driver=rkisp_v6
12-19 10:34:17.260 D/tv_input_HinDevImpl(  427):  v4l device video33 found
12-19 10:34:17.260 I/tv_input_HinDevImpl(  427): findDevice:line 372 | findDevice open device /dev/video33 successful.
12-19 10:34:17.260 E/tv_input_HinDevImpl(  427): findDevice:line 381 | VIDIOC_QUERYCAP driver=rkisp_v6,rkisp_v6
12-19 10:34:17.260 E/tv_input_HinDevImpl(  427): findDevice:line 382 | VIDIOC_QUERYCAP card=rkisp_fbcpath
12-19 10:34:17.260 E/tv_input_HinDevImpl(  427): findDevice:line 383 | VIDIOC_QUERYCAP version=131585
12-19 10:34:17.260 E/tv_input_HinDevImpl(  427): findDevice:line 384 | VIDIOC_QUERYCAP capabilities=0x84201000,0x00000009
12-19 10:34:17.260 E/tv_input_HinDevImpl(  427): findDevice:line 385 | VIDIOC_QUERYCAP device_caps=0x04201000
12-19 10:34:17.260 E/tv_input_HinDevImpl(  427): findDevice:line 399 | isnot hdmirx,VIDIOC_QUERYCAP driver=rkisp_v6
12-19 10:34:17.260 D/tv_input_HinDevImpl(  427):  v4l device video40 found
12-19 10:34:17.260 I/tv_input_HinDevImpl(  427): findDevice:line 372 | findDevice open device /dev/video40 successful.
12-19 10:34:17.260 E/tv_input_HinDevImpl(  427): findDevice:line 381 | VIDIOC_QUERYCAP driver=rk_hdmirx,rk_hdmirx
12-19 10:34:17.260 E/tv_input_HinDevImpl(  427): findDevice:line 382 | VIDIOC_QUERYCAP card=rk_hdmirx
12-19 10:34:17.260 E/tv_input_HinDevImpl(  427): findDevice:line 383 | VIDIOC_QUERYCAP version=330400
12-19 10:34:17.260 E/tv_input_HinDevImpl(  427): findDevice:line 384 | VIDIOC_QUERYCAP capabilities=0x84201000,0x00000009
12-19 10:34:17.260 E/tv_input_HinDevImpl(  427): findDevice:line 385 | VIDIOC_QUERYCAP device_caps=0x04201000
12-19 10:34:17.260 E/tv_input_HinDevImpl(  427): V4L2_CAP_VIDEO_CAPTURE_MPLANE is  a video capture device, capabilities: 84201000
12-19 10:34:17.260 I/V4L2DeviceEvent(  427): @subscribeEvent
12-19 10:34:17.260 I/V4L2DeviceEvent(  427): @subscribeEvent
12-19 10:34:17.260 I/V4L2DeviceEvent(  427): @subscribeEvent
12-19 10:34:17.260 I/V4L2DeviceEvent(  427): @v4l2pipe
12-19 10:34:17.260 E/tv_input_HinDevImpl(  427): get_format:line 875 |    V4L2 driver: idx=1, 	 desc:24-bit BGR 8-8-8,format:0x33524742
12-19 10:34:17.260 E/tv_input_HinDevImpl(  427): get_format:line 875 |    V4L2 driver: idx=2, 	 desc:Y/CbCr 4:4:4,format:0x3432564e
12-19 10:34:17.260 E/tv_input_HinDevImpl(  427): get_format:line 875 |    V4L2 driver: idx=3, 	 desc:Y/CbCr 4:2:2,format:0x3631564e
12-19 10:34:17.260 E/tv_input_HinDevImpl(  427): get_format:line 875 |    V4L2 driver: idx=4, 	 desc:Y/CbCr 4:2:0,format:0x3231564e
12-19 10:34:17.260 E/tv_input_HinDevImpl(  427): get_format:line 885 | V4L2 driver try: width:640,height:480,format:0x33524742
12-19 10:34:17.260 E/tv_input_HinDevImpl(  427): get_format:line 900 | after get_format get from v4l2 format.type = 9 
12-19 10:34:17.260 E/tv_input_HinDevImpl(  427): get_format:line 901 | after get_format get from v4l2 format.fmt.pix.width =640
12-19 10:34:17.260 E/tv_input_HinDevImpl(  427): get_format:line 902 | after get_format get from v4l2 format.fmt.pix.height =480
12-19 10:34:17.260 E/tv_input_HinDevImpl(  427): get_format:line 903 | after get_format get from v4l2 format.fmt.pix.pixelformat =861030210
12-19 10:34:17.260 D/tv_input(  427): hinDevImpl->findDevice 640 ,480,0x1d,0x33424752!
12-19 10:34:17.260 E/tv_input(  427): config device_id=3, 640 ,480,0x1d,0x33424752!
12-19 10:34:17.260 D/wgh     (  619): retrieveStreamConfigsLocked-->deviceId = 3, generation=2
12-19 10:34:17.261 D/tv_input(  427): tv_input_get_stream_configurations_ext called device_id=3,s_TvInputPriv=0xb40000732aa97ed0
12-19 10:34:17.261 D/tv_input(  427): hin_dev_open deviceId:=3
12-19 10:34:17.261 E/tv_input(  427): config device_id=3, 640 ,480,0x1d,0x33424752!
12-19 10:34:17.261 D/Zygote  (  390): Forked child process 1121
12-19 10:34:17.261 I/ActivityManager(  619): Start proc 1121:com.android.permissioncontroller/u0a70 for broadcast {com.android.permissioncontroller/com.android.permissioncontroller.ZTLSetDefaulApp}
12-19 10:34:17.261 D/WifiSleepController(  619): onReceive, action=android.intent.action.BATTERY_CHANGED
12-19 10:34:17.261 D/WifiSleepController(  619): updateChargingState, mCharging: false
12-19 10:34:17.261 D/ConditionProviders.SCP(  619): onSubscribe condition://android/schedule?days=1.2.3.4.5.6.7&start=22.0&end=7.0&exitAtAlarm=true
12-19 10:34:17.261 D/CompatibilityChangeReporter(  807): Compat change id reported: 150939131; UID 10063; state: ENABLED
12-19 10:34:17.262 D/ConditionProviders.SCP(  619): setRegistered true
12-19 10:34:17.263 I/Zygote  ( 1121): seccomp disabled by setenforce 0
12-19 10:34:17.263 D/UsbDeviceManager(  619): push notification:正在通过 USB 为此设备充电
12-19 10:34:17.263 D/ConditionProviders.SCP(  619): evaluateSubscriptionLocked cal=ScheduleCalendar[mDays={1, 2, 3, 4, 5, 6, 7}, mSchedule=ScheduleInfo{days=[1, 2, 3, 4, 5, 6, 7], startHour=22, startMinute=0, endHour=7, endMinute=0, exitAtAlarm=true, nextAlarm=Thu Jan 01 08:00:00 GMT+08:00 1970 (0)}], now=Fri Dec 19 10:34:17 GMT+08:00 2025 (1766111657262), nextUserAlarmTime=Thu Jan 01 08:00:00 GMT+08:00 1970 (0)
12-19 10:34:17.263 W/ActivityThread(  619): Failed to find provider info for com.android.calendar (user not unlocked)
12-19 10:34:17.263 D/ConditionProviders.SCP(  619): notifyCondition condition://android/schedule?days=1.2.3.4.5.6.7&start=22.0&end=7.0&exitAtAlarm=true STATE_FALSE reason=!meetsSchedule
12-19 10:34:17.263 W/ActivityThread(  619): Failed to find provider info for com.android.calendar (user not unlocked)
12-19 10:34:17.264 D/ConditionProviders.SCP(  619): Scheduling evaluate for Fri Dec 19 22:00:00 GMT+08:00 2025 (1766152800000), in +11h25m42s738ms, now=Fri Dec 19 10:34:17 GMT+08:00 2025 (1766111657262)
12-19 10:34:17.265 D/WifiSleepController(  619): onReceive, action=android.intent.action.BATTERY_CHANGED
12-19 10:34:17.265 D/WifiSleepController(  619): updateChargingState, mCharging: false
12-19 10:34:17.267 D/ControlsListingControllerImpl(  807): Initializing
12-19 10:34:17.267 I/adbd    (  474): jdwp connection from 1121
12-19 10:34:17.268 I/mediaswcodec(  503): missing struct descriptor #Param::CoreIndex(--004) for field values of struct #Param::CoreIndex(F-12004)
12-19 10:34:17.268 D/C2SoftHevcEnc(  503): Given level 6000 does not cover current configuration: adjusting to 6001
12-19 10:34:17.268 V/C2Store (  503): in ~ComponentModule
12-19 10:34:17.268 V/C2Store (  503): unloading dll
12-19 10:34:17.268 V/C2Store (  503): in init
12-19 10:34:17.268 V/C2Store (  503): loading dll
12-19 10:34:17.268 D/ControlsListingControllerImpl(  807): Subscribing callback, service count: 0
12-19 10:34:17.269 D/BluetoothManagerService(  619): Trying to bind to profile: 1, while Bluetooth was disabled
12-19 10:34:17.270 I/Telecom (  619): BluetoothRouteManager: getBluetoothAudioConnectedDevice: no service available.
12-19 10:34:17.270 I/Telecom (  619): SystemStateHelper: Registering broadcast receiver: android.content.IntentFilter@7877c0: TS.init@AAA
12-19 10:34:17.270 I/Telecom (  619): SystemStateHelper: Registering broadcast receiver: android.content.IntentFilter@647acf9: TS.init@AAA
12-19 10:34:17.271 V/C2Store (  503): in ~ComponentModule
12-19 10:34:17.271 V/C2Store (  503): unloading dll
12-19 10:34:17.271 D/CompatibilityChangeReporter(  619): Compat change id reported: 168419799; UID 10070; state: DISABLED
12-19 10:34:17.271 V/C2Store (  503): in init
12-19 10:34:17.271 V/C2Store (  503): loading dll
12-19 10:34:17.272 D/CompatibilityChangeReporter( 1121): Compat change id reported: 171979766; UID 10070; state: ENABLED
12-19 10:34:17.273 V/C2Store (  503): in ~ComponentModule
12-19 10:34:17.273 V/C2Store (  503): unloading dll
12-19 10:34:17.273 V/C2Store (  503): in init
12-19 10:34:17.273 V/C2Store (  503): loading dll
12-19 10:34:17.274 I/Telecom (  619): Logging.Events: Non-call EVENT: AUDIO_ROUTE, Entering state QuiescentSpeakerRoute
12-19 10:34:17.274 I/Telecom (  619): BluetoothRouteManager: getBluetoothAudioConnectedDevice: no service available.
12-19 10:34:17.275 V/C2Store (  503): in ~ComponentModule
12-19 10:34:17.275 V/C2Store (  503): unloading dll
12-19 10:34:17.275 V/C2Store (  503): in init
12-19 10:34:17.275 V/C2Store (  503): loading dll
12-19 10:34:17.277 I/Telecom (  619): CallAudioModeStateMachine: Message received: null.: TS.init->CAMSM.pM_1@AAA
12-19 10:34:17.278 I/Telecom (  619): MissedCallNotifierImpl: reloadFromDatabase: Boot not yet complete -- call log db may not be available. Deferring loading until boot complete for user 0: TS.init@AAA
12-19 10:34:17.278 I/Telecom (  619): MissedCallNotifierImpl: reloadFromDatabase: Boot not yet complete -- call log db may not be available. Deferring loading until boot complete for user 0: TS.init@AAA
12-19 10:34:17.278 V/C2Store (  503): in ~ComponentModule
12-19 10:34:17.278 V/C2Store (  503): unloading dll
12-19 10:34:17.278 V/C2Store (  503): in init
12-19 10:34:17.278 V/C2Store (  503): loading dll
12-19 10:34:17.279 I/Telecom (  619): Class: TelecomSystem.INSTANCE being set
12-19 10:34:17.280 I/ExplicitHealthCheckController(  619): Explicit health check service is connected ComponentInfo{android.ext.services/android.ext.services.watchdog.ExplicitHealthCheckServiceImpl}
12-19 10:34:17.280 I/ExplicitHealthCheckController(  619): Service initialized, syncing requests
12-19 10:34:17.284 D/StatusBar(  807): Received new disable state. Old: enaihbcrso.qingr | New: enaihbcrso.qingr
12-19 10:34:17.285 D/NavigationModeController(  807): getCurrentInteractionMode: mode=0 contextUser=0
12-19 10:34:17.287 D/NavigationModeController(  807): getCurrentInteractionMode: mode=0 contextUser=0
12-19 10:34:17.288 V/NavBarView(  807): PW=1920, PH=1080
