12-19 10:34:18.003 D/SystemServerTimingAsync(  619): ssm.onUnlockingUser-0_com.android.server.alarm.AlarmManagerService
12-19 10:34:18.003 V/SystemServerTimingAsync(  619): ssm.onUnlockingUser-0_com.android.server.alarm.AlarmManagerService took to complete: 0ms
12-19 10:34:18.003 D/SystemServerTimingAsync(  619): ssm.onUnlockingUser-0_com.android.server.devicestate.DeviceStateManagerService
12-19 10:34:18.003 V/SystemServerTimingAsync(  619): ssm.onUnlockingUser-0_com.android.server.devicestate.DeviceStateManagerService took to complete: 0ms
12-19 10:34:18.003 D/SystemServerTimingAsync(  619): ssm.onUnlockingUser-0_com.android.server.camera.CameraServiceProxy
12-19 10:34:18.003 V/SystemServerTimingAsync(  619): ssm.onUnlockingUser-0_com.android.server.camera.CameraServiceProxy took to complete: 0ms
12-19 10:34:18.003 D/SystemServerTimingAsync(  619): ssm.onUnlockingUser-0_com.android.server.BluetoothService
12-19 10:34:18.003 D/BluetoothManagerService(  619): User 0 unlocked
12-19 10:34:18.003 V/SystemServerTimingAsync(  619): ssm.onUnlockingUser-0_com.android.server.BluetoothService took to complete: 0ms
12-19 10:34:18.003 D/SystemServerTimingAsync(  619): ssm.onUnlockingUser-0_com.android.server.connectivity.IpConnectivityMetrics
12-19 10:34:18.003 V/SystemServerTimingAsync(  619): ssm.onUnlockingUser-0_com.android.server.connectivity.IpConnectivityMetrics took to complete: 0ms
12-19 10:34:18.003 D/SystemServerTimingAsync(  619): ssm.onUnlockingUser-0_com.android.server.net.watchlist.NetworkWatchlistService$Lifecycle
12-19 10:34:18.003 V/SystemServerTimingAsync(  619): ssm.onUnlockingUser-0_com.android.server.net.watchlist.NetworkWatchlistService$Lifecycle took to complete: 0ms
12-19 10:34:18.003 D/SystemServerTimingAsync(  619): ssm.onUnlockingUser-0_com.android.server.PinnerService
12-19 10:34:18.003 V/SystemServerTimingAsync(  619): ssm.onUnlockingUser-0_com.android.server.PinnerService took to complete: 0ms
12-19 10:34:18.003 D/SystemServerTimingAsync(  619): ssm.onUnlockingUser-0_com.google.android.startop.iorap.IorapForwardingService
12-19 10:34:18.003 V/SystemServerTimingAsync(  619): ssm.onUnlockingUser-0_com.google.android.startop.iorap.IorapForwardingService took to complete: 0ms
12-19 10:34:18.003 D/SystemServerTimingAsync(  619): ssm.onUnlockingUser-0_com.android.server.integrity.AppIntegrityManagerService
12-19 10:34:18.003 V/SystemServerTimingAsync(  619): ssm.onUnlockingUser-0_com.android.server.integrity.AppIntegrityManagerService took to complete: 0ms
12-19 10:34:18.003 D/SystemServerTimingAsync(  619): ssm.onUnlockingUser-0_com.android.server.inputmethod.InputMethodManagerService$Lifecycle
12-19 10:34:18.003 V/SystemServerTimingAsync(  619): ssm.onUnlockingUser-0_com.android.server.inputmethod.InputMethodManagerService$Lifecycle took to complete: 0ms
12-19 10:34:18.003 D/SystemServerTimingAsync(  619): ssm.onUnlockingUser-0_com.android.server.accessibility.AccessibilityManagerService$Lifecycle
12-19 10:34:18.003 V/SystemServerTimingAsync(  619): ssm.onUnlockingUser-0_com.android.server.accessibility.AccessibilityManagerService$Lifecycle took to complete: 0ms
12-19 10:34:18.003 D/SystemServerTimingAsync(  619): ssm.onUnlockingUser-0_com.android.server.StorageManagerService$Lifecycle
12-19 10:34:18.003 D/StorageManagerService(  619): onUnlockUser 0
12-19 10:34:18.003 D/BluetoothManagerService(  619): MESSAGE_USER_UNLOCKED
12-19 10:34:18.003 I/StorageSessionController(  619): On user unlock 0
12-19 10:34:18.003 I/StorageSessionController(  619): Initialialising...
12-19 10:34:18.003 I/vold    (  307): onUserStarted: 0
12-19 10:34:18.004 V/StorageManagerService(  619): Found primary storage at VolumeInfo{emulated;0}:
12-19 10:34:18.004 V/StorageManagerService(  619):     type=EMULATED diskId=null partGuid= mountFlags=0 mountUserId=0 
12-19 10:34:18.004 V/StorageManagerService(  619):     state=UNMOUNTED 
12-19 10:34:18.004 V/StorageManagerService(  619):     fsType=null fsUuid=null fsLabel=null 
12-19 10:34:18.004 V/StorageManagerService(  619):     path=null internalPath=null 
12-19 10:34:18.004 I/StorageManagerService(  619): Mounting volume VolumeInfo{emulated;0}:
12-19 10:34:18.004 I/StorageManagerService(  619):     type=EMULATED diskId=null partGuid= mountFlags=PRIMARY|VISIBLE 
12-19 10:34:18.004 I/StorageManagerService(  619):     mountUserId=0 state=UNMOUNTED 
12-19 10:34:18.004 I/StorageManagerService(  619):     fsType=null fsUuid=null fsLabel=null 
12-19 10:34:18.004 I/StorageManagerService(  619):     path=null internalPath=null 
12-19 10:34:18.004 I/vold    (  307): Mounting emulated fuse volume
12-19 10:34:18.005 V/SystemServerTimingAsync(  619): ssm.onUnlockingUser-0_com.android.server.StorageManagerService$Lifecycle took to complete: 2ms
12-19 10:34:18.005 D/SystemServerTimingAsync(  619): ssm.onUnlockingUser-0_com.android.server.usage.StorageStatsService$Lifecycle
12-19 10:34:18.005 V/SystemServerTimingAsync(  619): ssm.onUnlockingUser-0_com.android.server.usage.StorageStatsService$Lifecycle took to complete: 0ms
12-19 10:34:18.005 D/SystemServerTimingAsync(  619): ssm.onUnlockingUser-0_com.android.server.UiModeManagerService
12-19 10:34:18.005 V/SystemServerTimingAsync(  619): ssm.onUnlockingUser-0_com.android.server.UiModeManagerService took to complete: 0ms
12-19 10:34:18.005 D/SystemServerTimingAsync(  619): ssm.onUnlockingUser-0_com.android.server.locksettings.LockSettingsService$Lifecycle
12-19 10:34:18.005 V/SystemServerTimingAsync(  619): ssm.onUnlockingUser-0_com.android.server.locksettings.LockSettingsService$Lifecycle took to complete: 0ms
12-19 10:34:18.005 D/SystemServerTimingAsync(  619): ssm.onUnlockingUser-0_com.android.server.testharness.TestHarnessModeService
12-19 10:34:18.005 V/SystemServerTimingAsync(  619): ssm.onUnlockingUser-0_com.android.server.testharness.TestHarnessModeService took to complete: 0ms
12-19 10:34:18.005 D/SystemServerTimingAsync(  619): ssm.onUnlockingUser-0_com.android.server.DeviceIdleController
12-19 10:34:18.005 V/SystemServerTimingAsync(  619): ssm.onUnlockingUser-0_com.android.server.DeviceIdleController took to complete: 0ms
12-19 10:34:18.005 D/SystemServerTimingAsync(  619): ssm.onUnlockingUser-0_com.android.server.devicepolicy.DevicePolicyManagerService$Lifecycle
12-19 10:34:18.005 V/SystemServerTimingAsync(  619): ssm.onUnlockingUser-0_com.android.server.devicepolicy.DevicePolicyManagerService$Lifecycle took to complete: 0ms
12-19 10:34:18.005 D/SystemServerTimingAsync(  619): ssm.onUnlockingUser-0_com.android.server.texttospeech.TextToSpeechManagerService
12-19 10:34:18.005 V/SystemServerTimingAsync(  619): ssm.onUnlockingUser-0_com.android.server.texttospeech.TextToSpeechManagerService took to complete: 0ms
12-19 10:34:18.005 D/SystemServerTimingAsync(  619): ssm.onUnlockingUser-0_com.android.server.speech.SpeechRecognitionManagerService
12-19 10:34:18.005 V/SystemServerTimingAsync(  619): ssm.onUnlockingUser-0_com.android.server.speech.SpeechRecognitionManagerService took to complete: 0ms
12-19 10:34:18.005 D/SystemServerTimingAsync(  619): ssm.onUnlockingUser-0_com.android.server.searchui.SearchUiManagerService
12-19 10:34:18.005 V/SystemServerTimingAsync(  619): ssm.onUnlockingUser-0_com.android.server.searchui.SearchUiManagerService took to complete: 0ms
12-19 10:34:18.005 D/SystemServerTimingAsync(  619): ssm.onUnlockingUser-0_com.android.server.smartspace.SmartspaceManagerService
12-19 10:34:18.005 V/SystemServerTimingAsync(  619): ssm.onUnlockingUser-0_com.android.server.smartspace.SmartspaceManagerService took to complete: 0ms
12-19 10:34:18.005 D/SystemServerTimingAsync(  619): ssm.onUnlockingUser-0_com.android.server.graphics.fonts.FontManagerService$Lifecycle
12-19 10:34:18.005 V/SystemServerTimingAsync(  619): ssm.onUnlockingUser-0_com.android.server.graphics.fonts.FontManagerService$Lifecycle took to complete: 0ms
12-19 10:34:18.005 D/SystemServerTimingAsync(  619): ssm.onUnlockingUser-0_com.android.server.textservices.TextServicesManagerService$Lifecycle
12-19 10:34:18.007 I/vold    (  307): Bind mounting /data/media to /mnt/pass_through/0/emulated
12-19 10:34:18.008 I/StorageSessionController(  619): On volume mount VolumeInfo{emulated;0}:
12-19 10:34:18.008 I/StorageSessionController(  619):     type=EMULATED diskId=null partGuid= mountFlags=PRIMARY|VISIBLE 
12-19 10:34:18.008 I/StorageSessionController(  619):     mountUserId=0 state=CHECKING 
12-19 10:34:18.008 I/StorageSessionController(  619):     fsType=null fsUuid=null fsLabel=null 
12-19 10:34:18.008 I/StorageSessionController(  619):     path=/storage/emulated internalPath=/data/media 
12-19 10:34:18.008 I/StorageSessionController(  619): Creating connection for user: 0
12-19 10:34:18.009 V/SystemServerTimingAsync(  619): ssm.onUnlockingUser-0_com.android.server.textservices.TextServicesManagerService$Lifecycle took to complete: 4ms
12-19 10:34:18.009 D/SystemServerTimingAsync(  619): ssm.onUnlockingUser-0_com.android.server.textclassifier.TextClassificationManagerService$Lifecycle
12-19 10:34:18.009 V/SystemServerTimingAsync(  619): ssm.onUnlockingUser-0_com.android.server.textclassifier.TextClassificationManagerService$Lifecycle took to complete: 0ms
12-19 10:34:18.009 D/SystemServerTimingAsync(  619): ssm.onUnlockingUser-0_com.android.server.NetworkScoreService$Lifecycle
12-19 10:34:18.009 V/SystemServerTimingAsync(  619): ssm.onUnlockingUser-0_com.android.server.NetworkScoreService$Lifecycle took to complete: 0ms
12-19 10:34:18.009 D/SystemServerTimingAsync(  619): ssm.onUnlockingUser-0_com.android.server.wifi.WifiService
12-19 10:34:18.009 D/WifiService(  619): Handle user unlock 0
12-19 10:34:18.009 V/SystemServerTimingAsync(  619): ssm.onUnlockingUser-0_com.android.server.wifi.WifiService took to complete: 0ms
12-19 10:34:18.009 D/SystemServerTimingAsync(  619): ssm.onUnlockingUser-0_com.android.server.wifi.scanner.WifiScanningService
12-19 10:34:18.009 V/SystemServerTimingAsync(  619): ssm.onUnlockingUser-0_com.android.server.wifi.scanner.WifiScanningService took to complete: 0ms
12-19 10:34:18.009 D/SystemServerTimingAsync(  619): ssm.onUnlockingUser-0_com.android.server.wifi.p2p.WifiP2pService
12-19 10:34:18.009 V/SystemServerTimingAsync(  619): ssm.onUnlockingUser-0_com.android.server.wifi.p2p.WifiP2pService took to complete: 0ms
12-19 10:34:18.009 D/SystemServerTimingAsync(  619): ssm.onUnlockingUser-0_com.android.server.ethernet.EthernetService
12-19 10:34:18.009 V/SystemServerTimingAsync(  619): ssm.onUnlockingUser-0_com.android.server.ethernet.EthernetService took to complete: 0ms
12-19 10:34:18.009 D/SystemServerTimingAsync(  619): ssm.onUnlockingUser-0_com.android.server.ConnectivityServiceInitializer
12-19 10:34:18.009 V/SystemServerTimingAsync(  619): ssm.onUnlockingUser-0_com.android.server.ConnectivityServiceInitializer took to complete: 0ms
12-19 10:34:18.009 D/SystemServerTimingAsync(  619): ssm.onUnlockingUser-0_com.android.server.notification.NotificationManagerService
12-19 10:34:18.009 V/SystemServerTimingAsync(  619): ssm.onUnlockingUser-0_com.android.server.notification.NotificationManagerService took to complete: 0ms
12-19 10:34:18.009 D/SystemServerTimingAsync(  619): ssm.onUnlockingUser-0_com.android.server.storage.DeviceStorageMonitorService
12-19 10:34:18.009 V/SystemServerTimingAsync(  619): ssm.onUnlockingUser-0_com.android.server.storage.DeviceStorageMonitorService took to complete: 0ms
12-19 10:34:18.009 D/SystemServerTimingAsync(  619): ssm.onUnlockingUser-0_com.android.server.location.LocationManagerService$Lifecycle
12-19 10:34:18.009 V/SystemServerTimingAsync(  619): ssm.onUnlockingUser-0_com.android.server.location.LocationManagerService$Lifecycle took to complete: 0ms
12-19 10:34:18.009 D/SystemServerTimingAsync(  619): ssm.onUnlockingUser-0_com.android.server.timedetector.TimeDetectorService$Lifecycle
12-19 10:34:18.009 V/SystemServerTimingAsync(  619): ssm.onUnlockingUser-0_com.android.server.timedetector.TimeDetectorService$Lifecycle took to complete: 0ms
12-19 10:34:18.009 D/SystemServerTimingAsync(  619): ssm.onUnlockingUser-0_com.android.server.timezonedetector.TimeZoneDetectorService$Lifecycle
12-19 10:34:18.009 V/SystemServerTimingAsync(  619): ssm.onUnlockingUser-0_com.android.server.timezonedetector.TimeZoneDetectorService$Lifecycle took to complete: 0ms
12-19 10:34:18.009 D/SystemServerTimingAsync(  619): ssm.onUnlockingUser-0_com.android.server.timezonedetector.location.LocationTimeZoneManagerService$Lifecycle
12-19 10:34:18.009 V/SystemServerTimingAsync(  619): ssm.onUnlockingUser-0_com.android.server.timezonedetector.location.LocationTimeZoneManagerService$Lifecycle took to complete: 0ms
12-19 10:34:18.009 D/SystemServerTimingAsync(  619): ssm.onUnlockingUser-0_com.android.server.search.SearchManagerService$Lifecycle
12-19 10:34:18.009 I/NotificationHistory(  619): Attempted to unlock gone/disabled user 0
12-19 10:34:18.010 V/SystemServerTimingAsync(  619): ssm.onUnlockingUser-0_com.android.server.search.SearchManagerService$Lifecycle took to complete: 0ms
12-19 10:34:18.010 D/SystemServerTimingAsync(  619): ssm.onUnlockingUser-0_com.android.server.wallpaper.WallpaperManagerService$Lifecycle
12-19 10:34:18.010 D/WallpaperManagerService(  619): on-unlock-user-0
12-19 10:34:18.010 V/WallpaperManagerService(  619): on-unlock-user-0 took to complete: 0ms
12-19 10:34:18.010 V/SystemServerTimingAsync(  619): ssm.onUnlockingUser-0_com.android.server.wallpaper.WallpaperManagerService$Lifecycle took to complete: 0ms
12-19 10:34:18.010 D/SystemServerTimingAsync(  619): ssm.onUnlockingUser-0_com.android.server.audio.AudioService$Lifecycle
12-19 10:34:18.010 V/SystemServerTimingAsync(  619): ssm.onUnlockingUser-0_com.android.server.audio.AudioService$Lifecycle took to complete: 0ms
12-19 10:34:18.010 D/SystemServerTimingAsync(  619): ssm.onUnlockingUser-0_com.android.server.soundtrigger_middleware.SoundTriggerMiddlewareService$Lifecycle
12-19 10:34:18.010 V/SystemServerTimingAsync(  619): ssm.onUnlockingUser-0_com.android.server.soundtrigger_middleware.SoundTriggerMiddlewareService$Lifecycle took to complete: 0ms
12-19 10:34:18.010 D/SystemServerTimingAsync(  619): ssm.onUnlockingUser-0_com.android.server.DockObserver
12-19 10:34:18.010 V/SystemServerTimingAsync(  619): ssm.onUnlockingUser-0_com.android.server.DockObserver took to complete: 0ms
12-19 10:34:18.010 D/SystemServerTimingAsync(  619): ssm.onUnlockingUser-0_com.android.server.adb.AdbService$Lifecycle
12-19 10:34:18.010 V/SystemServerTimingAsync(  619): ssm.onUnlockingUser-0_com.android.server.adb.AdbService$Lifecycle took to complete: 0ms
12-19 10:34:18.010 D/SystemServerTimingAsync(  619): ssm.onUnlockingUser-0_com.android.server.usb.UsbService$Lifecycle
12-19 10:34:18.010 V/SystemServerTimingAsync(  619): ssm.onUnlockingUser-0_com.android.server.usb.UsbService$Lifecycle took to complete: 0ms
12-19 10:34:18.010 D/SystemServerTimingAsync(  619): ssm.onUnlockingUser-0_com.android.server.twilight.TwilightService
12-19 10:34:18.010 V/SystemServerTimingAsync(  619): ssm.onUnlockingUser-0_com.android.server.twilight.TwilightService took to complete: 0ms
12-19 10:34:18.010 D/SystemServerTimingAsync(  619): ssm.onUnlockingUser-0_com.android.server.display.color.ColorDisplayService
12-19 10:34:18.010 V/SystemServerTimingAsync(  619): ssm.onUnlockingUser-0_com.android.server.display.color.ColorDisplayService took to complete: 0ms
12-19 10:34:18.010 D/SystemServerTimingAsync(  619): ssm.onUnlockingUser-0_com.android.server.job.JobSchedulerService
12-19 10:34:18.010 V/SystemServerTimingAsync(  619): ssm.onUnlockingUser-0_com.android.server.job.JobSchedulerService took to complete: 0ms
12-19 10:34:18.010 D/SystemServerTimingAsync(  619): ssm.onUnlockingUser-0_com.android.server.soundtrigger.SoundTriggerService
12-19 10:34:18.010 V/SystemServerTimingAsync(  619): ssm.onUnlockingUser-0_com.android.server.soundtrigger.SoundTriggerService took to complete: 0ms
12-19 10:34:18.010 D/SystemServerTimingAsync(  619): ssm.onUnlockingUser-0_com.android.server.trust.TrustManagerService
12-19 10:34:18.010 V/SystemServerTimingAsync(  619): ssm.onUnlockingUser-0_com.android.server.trust.TrustManagerService took to complete: 0ms
12-19 10:34:18.010 D/SystemServerTimingAsync(  619): ssm.onUnlockingUser-0_com.android.server.backup.BackupManagerService$Lifecycle
12-19 10:34:18.010 V/SystemServerTimingAsync(  619): ssm.onUnlockingUser-0_com.android.server.backup.BackupManagerService$Lifecycle took to complete: 0ms
12-19 10:34:18.010 D/SystemServerTimingAsync(  619): ssm.onUnlockingUser-0_com.android.server.appwidget.AppWidgetService
12-19 10:34:18.010 V/SystemServerTimingAsync(  619): ssm.onUnlockingUser-0_com.android.server.appwidget.AppWidgetService took to complete: 0ms
12-19 10:34:18.010 D/SystemServerTimingAsync(  619): ssm.onUnlockingUser-0_com.android.server.voiceinteraction.VoiceInteractionManagerService
12-19 10:34:18.010 W/VoiceInteractionManager(  619): no available voice recognition services found for user 0
12-19 10:34:18.010 I/StorageSessionController(  619): Creating and starting session with id: emulated;0
12-19 10:34:18.011 I/StorageUserConnection(  619): Binding to the ExternalStorageService for user 0
12-19 10:34:18.011 V/SystemServerTimingAsync(  619): ssm.onUnlockingUser-0_com.android.server.voiceinteraction.VoiceInteractionManagerService took to complete: 1ms
12-19 10:34:18.011 D/SystemServerTimingAsync(  619): ssm.onUnlockingUser-0_com.android.server.apphibernation.AppHibernationService
12-19 10:34:18.011 V/SystemServerTimingAsync(  619): ssm.onUnlockingUser-0_com.android.server.apphibernation.AppHibernationService took to complete: 0ms
12-19 10:34:18.011 D/SystemServerTimingAsync(  619): ssm.onUnlockingUser-0_com.android.server.GestureLauncherService
12-19 10:34:18.011 V/SystemServerTimingAsync(  619): ssm.onUnlockingUser-0_com.android.server.GestureLauncherService took to complete: 0ms
12-19 10:34:18.011 D/SystemServerTimingAsync(  619): ssm.onUnlockingUser-0_com.android.server.SensorNotificationService
12-19 10:34:18.011 V/SystemServerTimingAsync(  619): ssm.onUnlockingUser-0_com.android.server.SensorNotificationService took to complete: 0ms
12-19 10:34:18.011 D/SystemServerTimingAsync(  619): ssm.onUnlockingUser-0_com.android.server.emergency.EmergencyAffordanceService
12-19 10:34:18.011 V/SystemServerTimingAsync(  619): ssm.onUnlockingUser-0_com.android.server.emergency.EmergencyAffordanceService took to complete: 0ms
12-19 10:34:18.011 D/SystemServerTimingAsync(  619): ssm.onUnlockingUser-0_com.android.server.blob.BlobStoreManagerService
12-19 10:34:18.011 V/SystemServerTimingAsync(  619): ssm.onUnlockingUser-0_com.android.server.blob.BlobStoreManagerService took to complete: 0ms
12-19 10:34:18.011 D/SystemServerTimingAsync(  619): ssm.onUnlockingUser-0_com.android.server.dreams.DreamManagerService
12-19 10:34:18.011 V/SystemServerTimingAsync(  619): ssm.onUnlockingUser-0_com.android.server.dreams.DreamManagerService took to complete: 0ms
12-19 10:34:18.011 D/SystemServerTimingAsync(  619): ssm.onUnlockingUser-0_com.android.server.print.PrintManagerService
12-19 10:34:18.011 I/HibernationStateDiskStore(  619): No hibernation file on disk for file /data/system_ce/0/hibernation/states
12-19 10:34:18.011 V/SystemServerTimingAsync(  619): ssm.onUnlockingUser-0_com.android.server.print.PrintManagerService took to complete: 0ms
12-19 10:34:18.011 D/SystemServerTimingAsync(  619): ssm.onUnlockingUser-0_com.android.server.companion.CompanionDeviceManagerService
12-19 10:34:18.011 V/SystemServerTimingAsync(  619): ssm.onUnlockingUser-0_com.android.server.companion.CompanionDeviceManagerService took to complete: 0ms
12-19 10:34:18.011 D/SystemServerTimingAsync(  619): ssm.onUnlockingUser-0_com.android.server.restrictions.RestrictionsManagerService
12-19 10:34:18.011 V/SystemServerTimingAsync(  619): ssm.onUnlockingUser-0_com.android.server.restrictions.RestrictionsManagerService took to complete: 0ms
12-19 10:34:18.011 D/SystemServerTimingAsync(  619): ssm.onUnlockingUser-0_com.android.server.media.MediaSessionService
12-19 10:34:18.011 V/SystemServerTimingAsync(  619): ssm.onUnlockingUser-0_com.android.server.media.MediaSessionService took to complete: 0ms
12-19 10:34:18.011 D/SystemServerTimingAsync(  619): ssm.onUnlockingUser-0_com.android.server.tv.TvInputManagerService
12-19 10:34:18.011 D/TvInputManagerService(  619): onUnlockUser(user=0)
12-19 10:34:18.011 D/TvInputManagerService(  619): buildTvInputList
12-19 10:34:18.011 D/TvInputManagerService(  619): bindServiceAsUser(service=ComponentInfo{com.example.partnersupportsampletvinput/com.example.partnersupportsampletvinput.SampleTvInputService}, userId=0)
12-19 10:34:18.012 I/BackupManagerService(  619): Starting service for user: 0
12-19 10:34:18.012 I/ActivityManager(  619): com.example.partnersupportsampletvinput is exempt from freezer
12-19 10:34:18.012 V/BackupManagerService(  619): [UserID:0] Starting with transport com.android.localtransport/.LocalTransport
12-19 10:34:18.012 D/CompatibilityChangeReporter(  619): Compat change id reported: 135634846; UID 1000; state: DISABLED
12-19 10:34:18.012 D/CompatibilityChangeReporter(  619): Compat change id reported: 177438394; UID 1000; state: DISABLED
12-19 10:34:18.012 D/CompatibilityChangeReporter(  619): Compat change id reported: 135772972; UID 1000; state: DISABLED
12-19 10:34:18.012 D/BackupManagerService(  619): [UserID:0] Started thread backup-0
12-19 10:34:18.012 D/CompatibilityChangeReporter(  619): Compat change id reported: 135754954; UID 1000; state: DISABLED
12-19 10:34:18.012 V/SystemServerTimingAsync(  619): ssm.onUnlockingUser-0_com.android.server.tv.TvInputManagerService took to complete: 1ms
12-19 10:34:18.012 D/SystemServerTimingAsync(  619): ssm.onUnlockingUser-0_com.android.server.media.MediaResourceMonitorService
12-19 10:34:18.012 V/SystemServerTimingAsync(  619): ssm.onUnlockingUser-0_com.android.server.media.MediaResourceMonitorService took to complete: 0ms
12-19 10:34:18.012 D/WakeupConfigStoreData(  619): WifiWake user data has been read
12-19 10:34:18.012 D/SystemServerTimingAsync(  619): ssm.onUnlockingUser-0_com.android.server.biometrics.BiometricService
12-19 10:34:18.012 V/SystemServerTimingAsync(  619): ssm.onUnlockingUser-0_com.android.server.biometrics.BiometricService took to complete: 0ms
12-19 10:34:18.012 D/SystemServerTimingAsync(  619): ssm.onUnlockingUser-0_com.android.server.biometrics.AuthService
12-19 10:34:18.012 V/SystemServerTimingAsync(  619): ssm.onUnlockingUser-0_com.android.server.biometrics.AuthService took to complete: 0ms
12-19 10:34:18.012 D/SystemServerTimingAsync(  619): ssm.onUnlockingUser-0_com.android.server.pm.ShortcutService$Lifecycle
12-19 10:34:18.012 V/SystemServerTimingAsync(  619): ssm.onUnlockingUser-0_com.android.server.pm.ShortcutService$Lifecycle took to complete: 0ms
12-19 10:34:18.012 D/SystemServerTimingAsync(  619): ssm.onUnlockingUser-0_com.android.server.pm.LauncherAppsService
12-19 10:34:18.012 V/SystemServerTimingAsync(  619): ssm.onUnlockingUser-0_com.android.server.pm.LauncherAppsService took to complete: 0ms
12-19 10:34:18.012 D/SystemServerTimingAsync(  619): ssm.onUnlockingUser-0_com.android.server.pm.CrossProfileAppsService
12-19 10:34:18.012 V/SystemServerTimingAsync(  619): ssm.onUnlockingUser-0_com.android.server.pm.CrossProfileAppsService took to complete: 0ms
12-19 10:34:18.012 D/SystemServerTimingAsync(  619): ssm.onUnlockingUser-0_com.android.server.people.PeopleService
12-19 10:34:18.013 V/SystemServerTimingAsync(  619): ssm.onUnlockingUser-0_com.android.server.people.PeopleService took to complete: 0ms
12-19 10:34:18.013 D/SystemServerTimingAsync(  619): ssm.onUnlockingUser-0_com.android.server.media.metrics.MediaMetricsManagerService
12-19 10:34:18.013 V/SystemServerTimingAsync(  619): ssm.onUnlockingUser-0_com.android.server.media.metrics.MediaMetricsManagerService took to complete: 0ms
12-19 10:34:18.013 D/SystemServerTimingAsync(  619): ssm.onUnlockingUser-0_com.android.server.media.projection.MediaProjectionManagerService
12-19 10:34:18.013 V/SystemServerTimingAsync(  619): ssm.onUnlockingUser-0_com.android.server.media.projection.MediaProjectionManagerService took to complete: 0ms
12-19 10:34:18.013 D/SystemServerTimingAsync(  619): ssm.onUnlockingUser-0_com.android.server.slice.SliceManagerService$Lifecycle
12-19 10:34:18.013 V/SystemServerTimingAsync(  619): ssm.onUnlockingUser-0_com.android.server.slice.SliceManagerService$Lifecycle took to complete: 0ms
12-19 10:34:18.013 D/SystemServerTimingAsync(  619): ssm.onUnlockingUser-0_com.android.server.stats.StatsCompanion$Lifecycle
12-19 10:34:18.013 V/SystemServerTimingAsync(  619): ssm.onUnlockingUser-0_com.android.server.stats.StatsCompanion$Lifecycle took to complete: 0ms
12-19 10:34:18.013 D/SystemServerTimingAsync(  619): ssm.onUnlockingUser-0_com.android.server.scheduling.RebootReadinessManagerService$Lifecycle
12-19 10:34:18.013 V/SystemServerTimingAsync(  619): ssm.onUnlockingUser-0_com.android.server.scheduling.RebootReadinessManagerService$Lifecycle took to complete: 0ms
12-19 10:34:18.013 D/SystemServerTimingAsync(  619): ssm.onUnlockingUser-0_com.android.server.stats.pull.StatsPullAtomService
12-19 10:34:18.013 V/SystemServerTimingAsync(  619): ssm.onUnlockingUser-0_com.android.server.stats.pull.StatsPullAtomService took to complete: 0ms
12-19 10:34:18.013 D/SystemServerTimingAsync(  619): ssm.onUnlockingUser-0_com.android.server.incident.IncidentCompanionService
12-19 10:34:18.013 V/SystemServerTimingAsync(  619): ssm.onUnlockingUser-0_com.android.server.incident.IncidentCompanionService took to complete: 0ms
12-19 10:34:18.013 D/SystemServerTimingAsync(  619): ssm.onUnlockingUser-0_com.android.server.MmsServiceBroker
12-19 10:34:18.013 V/SystemServerTimingAsync(  619): ssm.onUnlockingUser-0_com.android.server.MmsServiceBroker took to complete: 0ms
12-19 10:34:18.013 D/SystemServerTimingAsync(  619): ssm.onUnlockingUser-0_com.android.server.autofill.AutofillManagerService
12-19 10:34:18.013 D/AutofillUI(  619): destroySaveUiUiThread(): already destroyed
12-19 10:34:18.013 D/AutofillManagerServiceImpl(  619): Reset component for user 0:
12-19 10:34:18.013 D/WifiConfigStore(  619): Reading from user stores completed in 3 ms.
12-19 10:34:18.015 D/FieldClassificationStrategy(  619): reset(): service is not bound. Do nothing.
12-19 10:34:18.015 V/SystemServerTimingAsync(  619): ssm.onUnlockingUser-0_com.android.server.autofill.AutofillManagerService took to complete: 2ms
12-19 10:34:18.015 D/SystemServerTimingAsync(  619): ssm.onUnlockingUser-0_com.android.server.clipboard.ClipboardService
12-19 10:34:18.015 V/SystemServerTimingAsync(  619): ssm.onUnlockingUser-0_com.android.server.clipboard.ClipboardService took to complete: 0ms
12-19 10:34:18.015 D/SystemServerTimingAsync(  619): ssm.onUnlockingUser-0_com.android.server.appbinding.AppBindingService$Lifecycle
12-19 10:34:18.015 W/AppBindingService(  619): [Default SMS app] u0 Target package not found
12-19 10:34:18.015 V/SystemServerTimingAsync(  619): ssm.onUnlockingUser-0_com.android.server.appbinding.AppBindingService$Lifecycle took to complete: 0ms
12-19 10:34:18.015 D/SystemServerTimingAsync(  619): ssm.onUnlockingUser-0_com.android.server.tracing.TracingServiceProxy
12-19 10:34:18.015 V/SystemServerTimingAsync(  619): ssm.onUnlockingUser-0_com.android.server.tracing.TracingServiceProxy took to complete: 0ms
12-19 10:34:18.015 D/SystemServerTimingAsync(  619): ssm.onUnlockingUser-0_com.android.server.policy.PermissionPolicyService
12-19 10:34:18.015 V/SystemServerTimingAsync(  619): ssm.onUnlockingUser-0_com.android.server.policy.PermissionPolicyService took to complete: 0ms
12-19 10:34:18.015 D/SystemServerTimingAsync(  619): ssm.onUnlockingUser-0_com.android.server.pm.StagingManager$Lifecycle
12-19 10:34:18.015 V/SystemServerTimingAsync(  619): ssm.onUnlockingUser-0_com.android.server.pm.StagingManager$Lifecycle took to complete: 0ms
12-19 10:34:18.015 D/SystemServerTimingAsync(  619): ssm.onUnlockingUser-0_com.android.server.app.GameManagerService$Lifecycle
12-19 10:34:18.015 V/SystemServerTimingAsync(  619): ssm.onUnlockingUser-0_com.android.server.app.GameManagerService$Lifecycle took to complete: 0ms
12-19 10:34:18.015 D/SystemServerTimingAsync(  619): ssm.onUnlockingUser-0_com.android.server.appsearch.AppSearchManagerService
12-19 10:34:18.015 V/SystemServerTimingAsync(  619): ssm.onUnlockingUser-0_com.android.server.appsearch.AppSearchManagerService took to complete: 0ms
12-19 10:34:18.015 D/SystemServerTimingAsync(  619): ssm.onUnlockingUser-0_com.android.server.media.MediaCommunicationService
12-19 10:34:18.015 V/SystemServerTimingAsync(  619): ssm.onUnlockingUser-0_com.android.server.media.MediaCommunicationService took to complete: 0ms
12-19 10:34:18.015 D/SystemServerTimingAsync(  619): ssm.onUnlockingUser-0_com.android.server.compat.overrides.AppCompatOverridesService$Lifecycle
12-19 10:34:18.015 V/SystemServerTimingAsync(  619): ssm.onUnlockingUser-0_com.android.server.compat.overrides.AppCompatOverridesService$Lifecycle took to complete: 0ms
12-19 10:34:18.015 V/SystemServerTimingAsync(  619): ssm.UnlockingUser-0 took to complete: 14ms
12-19 10:34:18.015 W/ActivityManager(  619): UserLifecycleEvent 5 received without an active userJourneySession.
12-19 10:34:18.015 W/ActivityManager(  619): UserLifecycleEvent 6 received without an active userJourneySession.
12-19 10:34:18.015 I/ActivityManager(  619): User 0 state changed from RUNNING_UNLOCKING to RUNNING_UNLOCKED
12-19 10:34:18.015 I/ActivityTaskManager(  619): Loading recents for user 0 into memory.
12-19 10:34:18.016 V/SystemServerTiming(  619): SystemUserUnlock took to complete: 73ms
12-19 10:34:18.017 D/Zygote  (  390): Forked child process 1291
12-19 10:34:18.018 I/AppSearchUserInstanceMa(  619): Creating new AppSearch instance at: /data/system_ce/0/appsearch/icing
12-19 10:34:18.019 V/PackageConfigPersister(  619): loadPackages: empty list files from /data/system_ce/0/package_configs
12-19 10:34:18.019 I/Zygote  ( 1291): seccomp disabled by setenforce 0
12-19 10:34:18.019 I/libc    ( 1291): SetHeapTaggingLevel: tag level set to 0
12-19 10:34:18.019 I/ActivityManager(  619): com.yian.yiansettings is exempt from freezer
12-19 10:34:18.019 D/CompatibilityChangeReporter(  619): Compat change id reported: 135754954; UID 1000; state: ENABLED
12-19 10:34:18.019 I/ActivityManager(  619): com.ztl.appservice is exempt from freezer
12-19 10:34:18.020 V/ContentProviderHelper(  619): Installing ContentProviderInfo{name=com.android.launcher3 className=com.android.quickstep.LauncherSearchIndexablesProvider}
12-19 10:34:18.020 V/ContentProviderHelper(  619): Installing ContentProviderInfo{name=com.android.launcher3.overview.fileprovider className=androidx.core.content.FileProvider}
12-19 10:34:18.020 V/ContentProviderHelper(  619): Installing ContentProviderInfo{name=com.android.launcher3.settings className=com.android.launcher3.LauncherProvider}
12-19 10:34:18.020 V/ContentProviderHelper(  619): Installing ContentProviderInfo{name=com.android.launcher3.grid_control className=com.android.launcher3.graphics.GridCustomizationsProvider}
12-19 10:34:18.021 I/ActivityManager(  619): Start proc 1291:com.example.partnersupportsampletvinput/1000 for service {com.example.partnersupportsampletvinput/com.example.partnersupportsampletvinput.SampleTvInputService}
12-19 10:34:18.021 I/SELinux (  619): SELinux: Loaded file_contexts
12-19 10:34:18.021 D/CompatibilityChangeReporter(  619): Compat change id reported: 135634846; UID 10071; state: DISABLED
12-19 10:34:18.022 D/CompatibilityChangeReporter(  619): Compat change id reported: 177438394; UID 10071; state: DISABLED
12-19 10:34:18.022 D/CompatibilityChangeReporter(  619): Compat change id reported: 135772972; UID 10071; state: DISABLED
12-19 10:34:18.022 D/CompatibilityChangeReporter(  619): Compat change id reported: 135754954; UID 10071; state: ENABLED
12-19 10:34:18.022 I/StorageUserConnection(  619): Bound to the ExternalStorageService for user 0
12-19 10:34:18.023 E/BackupPasswordManager(  619): Unable to read backup pw version
12-19 10:34:18.023 E/BackupPasswordManager(  619): Unable to read saved backup pw hash
12-19 10:34:18.024 I/adbd    (  474): jdwp connection from 1291
12-19 10:34:18.025 I/ActivityManager(  619): Posting BOOT_COMPLETED user #0
12-19 10:34:18.025 D/SystemServerTimingAsync(  619): ssm.UnlockedUser-0
12-19 10:34:18.025 I/SystemServiceManager(  619): Calling onUnlockedUser 0
12-19 10:34:18.025 D/SystemServerTimingAsync(  619): ssm.onUnlockedUser-0_com.android.server.security.FileIntegrityService
12-19 10:34:18.025 V/SystemServerTimingAsync(  619): ssm.onUnlockedUser-0_com.android.server.security.FileIntegrityService took to complete: 0ms
12-19 10:34:18.025 D/SystemServerTimingAsync(  619): ssm.onUnlockedUser-0_com.android.server.pm.Installer
12-19 10:34:18.025 V/SystemServerTimingAsync(  619): ssm.onUnlockedUser-0_com.android.server.pm.Installer took to complete: 0ms
12-19 10:34:18.025 D/SystemServerTimingAsync(  619): ssm.onUnlockedUser-0_com.android.server.os.DeviceIdentifiersPolicyService
12-19 10:34:18.025 V/SystemServerTimingAsync(  619): ssm.onUnlockedUser-0_com.android.server.os.DeviceIdentifiersPolicyService took to complete: 0ms
12-19 10:34:18.025 D/SystemServerTimingAsync(  619): ssm.onUnlockedUser-0_com.android.server.uri.UriGrantsManagerService$Lifecycle
12-19 10:34:18.025 V/SystemServerTimingAsync(  619): ssm.onUnlockedUser-0_com.android.server.uri.UriGrantsManagerService$Lifecycle took to complete: 0ms
12-19 10:34:18.025 D/SystemServerTimingAsync(  619): ssm.onUnlockedUser-0_com.android.server.powerstats.PowerStatsService
12-19 10:34:18.025 V/SystemServerTimingAsync(  619): ssm.onUnlockedUser-0_com.android.server.powerstats.PowerStatsService took to complete: 0ms
12-19 10:34:18.025 D/SystemServerTimingAsync(  619): ssm.onUnlockedUser-0_com.android.server.wm.ActivityTaskManagerService$Lifecycle
12-19 10:34:18.025 V/NotificationAssistants(  619): disabling notification assistant for user 0: ComponentInfo{android.ext.services/android.ext.services.notification.Assistant}
12-19 10:34:18.025 D/NotificationListeners(  619): Removing active service ComponentInfo{android.ext.services/android.ext.services.notification.Assistant}
12-19 10:34:18.025 I/LaunchParamsPersister(  619): Didn't find launch param folder for user 0
12-19 10:34:18.026 V/NotificationAssistants(  619): enabling notification assistant for 0: ComponentInfo{android.ext.services/android.ext.services.notification.Assistant}
12-19 10:34:18.026 V/NotificationAssistants(  619): binding: Intent { act=android.service.notification.NotificationAssistantService cmp=android.ext.services/.notification.Assistant (has extras) }
12-19 10:34:18.026 V/SystemServerTimingAsync(  619): ssm.onUnlockedUser-0_com.android.server.wm.ActivityTaskManagerService$Lifecycle took to complete: 1ms
12-19 10:34:18.026 D/SystemServerTimingAsync(  619): ssm.onUnlockedUser-0_com.android.server.am.ActivityManagerService$Lifecycle
12-19 10:34:18.026 V/SystemServerTimingAsync(  619): ssm.onUnlockedUser-0_com.android.server.am.ActivityManagerService$Lifecycle took to complete: 0ms
12-19 10:34:18.026 D/SystemServerTimingAsync(  619): ssm.onUnlockedUser-0_com.android.server.pm.DataLoaderManagerService
12-19 10:34:18.026 V/SystemServerTimingAsync(  619): ssm.onUnlockedUser-0_com.android.server.pm.DataLoaderManagerService took to complete: 0ms
12-19 10:34:18.026 D/SystemServerTimingAsync(  619): ssm.onUnlockedUser-0_com.android.server.power.PowerManagerService
12-19 10:34:18.026 V/SystemServerTimingAsync(  619): ssm.onUnlockedUser-0_com.android.server.power.PowerManagerService took to complete: 0ms
12-19 10:34:18.026 D/SystemServerTimingAsync(  619): ssm.onUnlockedUser-0_com.android.server.power.ThermalManagerService
12-19 10:34:18.026 V/SystemServerTimingAsync(  619): ssm.onUnlockedUser-0_com.android.server.power.ThermalManagerService took to complete: 0ms
12-19 10:34:18.026 D/SystemServerTimingAsync(  619): ssm.onUnlockedUser-0_com.android.server.power.hint.HintManagerService
12-19 10:34:18.026 V/SystemServerTimingAsync(  619): ssm.onUnlockedUser-0_com.android.server.power.hint.HintManagerService took to complete: 0ms
12-19 10:34:18.026 D/SystemServerTimingAsync(  619): ssm.onUnlockedUser-0_com.android.server.recoverysystem.RecoverySystemService$Lifecycle
12-19 10:34:18.026 V/SystemServerTimingAsync(  619): ssm.onUnlockedUser-0_com.android.server.recoverysystem.RecoverySystemService$Lifecycle took to complete: 0ms
12-19 10:34:18.026 D/SystemServerTimingAsync(  619): ssm.onUnlockedUser-0_com.android.server.lights.LightsService
12-19 10:34:18.026 V/SystemServerTimingAsync(  619): ssm.onUnlockedUser-0_com.android.server.lights.LightsService took to complete: 0ms
12-19 10:34:18.027 D/SystemServerTimingAsync(  619): ssm.onUnlockedUser-0_com.android.server.display.DisplayManagerService
12-19 10:34:18.027 V/SystemServerTimingAsync(  619): ssm.onUnlockedUser-0_com.android.server.display.DisplayManagerService took to complete: 0ms
12-19 10:34:18.027 D/SystemServerTimingAsync(  619): ssm.onUnlockedUser-0_com.android.server.pm.verify.domain.DomainVerificationService
12-19 10:34:18.027 V/SystemServerTimingAsync(  619): ssm.onUnlockedUser-0_com.android.server.pm.verify.domain.DomainVerificationService took to complete: 0ms
12-19 10:34:18.027 D/SystemServerTimingAsync(  619): ssm.onUnlockedUser-0_com.android.server.pm.PackageInstallerService$Lifecycle
12-19 10:34:18.027 V/SystemServerTimingAsync(  619): ssm.onUnlockedUser-0_com.android.server.pm.PackageInstallerService$Lifecycle took to complete: 0ms
12-19 10:34:18.027 D/SystemServerTimingAsync(  619): ssm.onUnlockedUser-0_com.android.server.pm.UserManagerService$LifeCycle
12-19 10:34:18.027 V/SystemServerTimingAsync(  619): ssm.onUnlockedUser-0_com.android.server.pm.UserManagerService$LifeCycle took to complete: 0ms
12-19 10:34:18.027 D/SystemServerTimingAsync(  619): ssm.onUnlockedUser-0_com.android.server.om.OverlayManagerService
12-19 10:34:18.027 V/SystemServerTimingAsync(  619): ssm.onUnlockedUser-0_com.android.server.om.OverlayManagerService took to complete: 0ms
12-19 10:34:18.027 D/SystemServerTimingAsync(  619): ssm.onUnlockedUser-0_com.android.server.SensorPrivacyService
12-19 10:34:18.027 V/SystemServerTimingAsync(  619): ssm.onUnlockedUser-0_com.android.server.SensorPrivacyService took to complete: 0ms
12-19 10:34:18.027 D/SystemServerTimingAsync(  619): ssm.onUnlockedUser-0_com.android.server.sensors.SensorService
12-19 10:34:18.027 V/SystemServerTimingAsync(  619): ssm.onUnlockedUser-0_com.android.server.sensors.SensorService took to complete: 0ms
12-19 10:34:18.027 D/SystemServerTimingAsync(  619): ssm.onUnlockedUser-0_com.android.server.SystemConfigService
12-19 10:34:18.027 V/SystemServerTimingAsync(  619): ssm.onUnlockedUser-0_com.android.server.SystemConfigService took to complete: 0ms
12-19 10:34:18.027 D/SystemServerTimingAsync(  619): ssm.onUnlockedUser-0_com.android.server.BatteryService
12-19 10:34:18.027 V/SystemServerTimingAsync(  619): ssm.onUnlockedUser-0_com.android.server.BatteryService took to complete: 0ms
12-19 10:34:18.027 I/System.out(  912): ztl doAppInstall..:
12-19 10:34:18.027 D/SystemServerTimingAsync(  619): ssm.onUnlockedUser-0_com.android.server.usage.UsageStatsService
12-19 10:34:18.027 V/SystemServerTimingAsync(  619): ssm.onUnlockedUser-0_com.android.server.usage.UsageStatsService took to complete: 0ms
12-19 10:34:18.027 D/SystemServerTimingAsync(  619): ssm.onUnlockedUser-0_com.android.server.webkit.WebViewUpdateService
12-19 10:34:18.027 V/SystemServerTimingAsync(  619): ssm.onUnlockedUser-0_com.android.server.webkit.WebViewUpdateService took to complete: 0ms
12-19 10:34:18.027 D/SystemServerTimingAsync(  619): ssm.onUnlockedUser-0_com.android.server.CachedDeviceStateService
12-19 10:34:18.027 V/SystemServerTimingAsync(  619): ssm.onUnlockedUser-0_com.android.server.CachedDeviceStateService took to complete: 0ms
12-19 10:34:18.027 D/SystemServerTimingAsync(  619): ssm.onUnlockedUser-0_com.android.server.BinderCallsStatsService$LifeCycle
12-19 10:34:18.027 V/SystemServerTimingAsync(  619): ssm.onUnlockedUser-0_com.android.server.BinderCallsStatsService$LifeCycle took to complete: 0ms
12-19 10:34:18.027 D/SystemServerTimingAsync(  619): ssm.onUnlockedUser-0_com.android.server.LooperStatsService$Lifecycle
12-19 10:34:18.027 V/SystemServerTimingAsync(  619): ssm.onUnlockedUser-0_com.android.server.LooperStatsService$Lifecycle took to complete: 0ms
12-19 10:34:18.027 D/SystemServerTimingAsync(  619): ssm.onUnlockedUser-0_com.android.server.rollback.RollbackManagerService
12-19 10:34:18.027 V/SystemServerTimingAsync(  619): ssm.onUnlockedUser-0_com.android.server.rollback.RollbackManagerService took to complete: 0ms
12-19 10:34:18.027 D/SystemServerTimingAsync(  619): ssm.onUnlockedUser-0_com.android.server.os.NativeTombstoneManagerService
12-19 10:34:18.027 V/SystemServerTimingAsync(  619): ssm.onUnlockedUser-0_com.android.server.os.NativeTombstoneManagerService took to complete: 0ms
12-19 10:34:18.027 D/SystemServerTimingAsync(  619): ssm.onUnlockedUser-0_com.android.server.os.BugreportManagerService
12-19 10:34:18.027 V/SystemServerTimingAsync(  619): ssm.onUnlockedUser-0_com.android.server.os.BugreportManagerService took to complete: 0ms
12-19 10:34:18.027 D/SystemServerTimingAsync(  619): ssm.onUnlockedUser-0_com.android.server.gpu.GpuService
12-19 10:34:18.027 V/SystemServerTimingAsync(  619): ssm.onUnlockedUser-0_com.android.server.gpu.GpuService took to complete: 0ms
12-19 10:34:18.027 D/SystemServerTimingAsync(  619): ssm.onUnlockedUser-0_com.android.server.security.KeyChainSystemService
12-19 10:34:18.027 V/SystemServerTimingAsync(  619): ssm.onUnlockedUser-0_com.android.server.security.KeyChainSystemService took to complete: 0ms
12-19 10:34:18.027 D/SystemServerTimingAsync(  619): ssm.onUnlockedUser-0_com.android.server.telecom.TelecomLoaderService
12-19 10:34:18.027 V/SystemServerTimingAsync(  619): ssm.onUnlockedUser-0_com.android.server.telecom.TelecomLoaderService took to complete: 0ms
12-19 10:34:18.027 D/SystemServerTimingAsync(  619): ssm.onUnlockedUser-0_com.android.server.accounts.AccountManagerService$Lifecycle
12-19 10:34:18.027 V/SystemServerTimingAsync(  619): ssm.onUnlockedUser-0_com.android.server.accounts.AccountManagerService$Lifecycle took to complete: 0ms
12-19 10:34:18.027 D/SystemServerTimingAsync(  619): ssm.onUnlockedUser-0_com.android.server.content.ContentService$Lifecycle
12-19 10:34:18.027 V/SystemServerTimingAsync(  619): ssm.onUnlockedUser-0_com.android.server.content.ContentService$Lifecycle took to complete: 0ms
12-19 10:34:18.027 D/SystemServerTimingAsync(  619): ssm.onUnlockedUser-0_com.android.server.DropBoxManagerService
12-19 10:34:18.027 V/SystemServerTimingAsync(  619): ssm.onUnlockedUser-0_com.android.server.DropBoxManagerService took to complete: 0ms
12-19 10:34:18.027 D/SystemServerTimingAsync(  619): ssm.onUnlockedUser-0_com.android.role.RoleService
12-19 10:34:18.027 V/SystemServerTimingAsync(  619): ssm.onUnlockedUser-0_com.android.role.RoleService took to complete: 0ms
12-19 10:34:18.027 D/SystemServerTimingAsync(  619): ssm.onUnlockedUser-0_com.android.server.vibrator.VibratorManagerService$Lifecycle
12-19 10:34:18.027 V/SystemServerTimingAsync(  619): ssm.onUnlockedUser-0_com.android.server.vibrator.VibratorManagerService$Lifecycle took to complete: 0ms
12-19 10:34:18.027 D/SystemServerTimingAsync(  619): ssm.onUnlockedUser-0_com.android.server.alarm.AlarmManagerService
12-19 10:34:18.027 V/SystemServerTimingAsync(  619): ssm.onUnlockedUser-0_com.android.server.alarm.AlarmManagerService took to complete: 0ms
12-19 10:34:18.027 D/SystemServerTimingAsync(  619): ssm.onUnlockedUser-0_com.android.server.devicestate.DeviceStateManagerService
12-19 10:34:18.027 V/SystemServerTimingAsync(  619): ssm.onUnlockedUser-0_com.android.server.devicestate.DeviceStateManagerService took to complete: 0ms
12-19 10:34:18.027 D/SystemServerTimingAsync(  619): ssm.onUnlockedUser-0_com.android.server.camera.CameraServiceProxy
12-19 10:34:18.027 V/SystemServerTimingAsync(  619): ssm.onUnlockedUser-0_com.android.server.camera.CameraServiceProxy took to complete: 0ms
12-19 10:34:18.027 D/SystemServerTimingAsync(  619): ssm.onUnlockedUser-0_com.android.server.BluetoothService
12-19 10:34:18.027 V/SystemServerTimingAsync(  619): ssm.onUnlockedUser-0_com.android.server.BluetoothService took to complete: 0ms
12-19 10:34:18.027 D/SystemServerTimingAsync(  619): ssm.onUnlockedUser-0_com.android.server.connectivity.IpConnectivityMetrics
12-19 10:34:18.027 V/SystemServerTimingAsync(  619): ssm.onUnlockedUser-0_com.android.server.connectivity.IpConnectivityMetrics took to complete: 0ms
12-19 10:34:18.027 D/SystemServerTimingAsync(  619): ssm.onUnlockedUser-0_com.android.server.net.watchlist.NetworkWatchlistService$Lifecycle
12-19 10:34:18.027 V/SystemServerTimingAsync(  619): ssm.onUnlockedUser-0_com.android.server.net.watchlist.NetworkWatchlistService$Lifecycle took to complete: 0ms
12-19 10:34:18.027 D/SystemServerTimingAsync(  619): ssm.onUnlockedUser-0_com.android.server.PinnerService
12-19 10:34:18.027 V/SystemServerTimingAsync(  619): ssm.onUnlockedUser-0_com.android.server.PinnerService took to complete: 0ms
12-19 10:34:18.027 D/SystemServerTimingAsync(  619): ssm.onUnlockedUser-0_com.google.android.startop.iorap.IorapForwardingService
12-19 10:34:18.027 V/SystemServerTimingAsync(  619): ssm.onUnlockedUser-0_com.google.android.startop.iorap.IorapForwardingService took to complete: 0ms
12-19 10:34:18.027 D/SystemServerTimingAsync(  619): ssm.onUnlockedUser-0_com.android.server.integrity.AppIntegrityManagerService
12-19 10:34:18.027 V/SystemServerTimingAsync(  619): ssm.onUnlockedUser-0_com.android.server.integrity.AppIntegrityManagerService took to complete: 0ms
12-19 10:34:18.027 D/SystemServerTimingAsync(  619): ssm.onUnlockedUser-0_com.android.server.inputmethod.InputMethodManagerService$Lifecycle
12-19 10:34:18.027 V/SystemServerTimingAsync(  619): ssm.onUnlockedUser-0_com.android.server.inputmethod.InputMethodManagerService$Lifecycle took to complete: 0ms
12-19 10:34:18.027 D/SystemServerTimingAsync(  619): ssm.onUnlockedUser-0_com.android.server.accessibility.AccessibilityManagerService$Lifecycle
12-19 10:34:18.027 V/SystemServerTimingAsync(  619): ssm.onUnlockedUser-0_com.android.server.accessibility.AccessibilityManagerService$Lifecycle took to complete: 0ms
12-19 10:34:18.027 D/SystemServerTimingAsync(  619): ssm.onUnlockedUser-0_com.android.server.StorageManagerService$Lifecycle
12-19 10:34:18.027 V/SystemServerTimingAsync(  619): ssm.onUnlockedUser-0_com.android.server.StorageManagerService$Lifecycle took to complete: 0ms
12-19 10:34:18.027 D/SystemServerTimingAsync(  619): ssm.onUnlockedUser-0_com.android.server.usage.StorageStatsService$Lifecycle
12-19 10:34:18.027 V/SystemServerTimingAsync(  619): ssm.onUnlockedUser-0_com.android.server.usage.StorageStatsService$Lifecycle took to complete: 0ms
12-19 10:34:18.027 D/SystemServerTimingAsync(  619): ssm.onUnlockedUser-0_com.android.server.UiModeManagerService
12-19 10:34:18.027 V/SystemServerTimingAsync(  619): ssm.onUnlockedUser-0_com.android.server.UiModeManagerService took to complete: 0ms
12-19 10:34:18.027 D/SystemServerTimingAsync(  619): ssm.onUnlockedUser-0_com.android.server.locksettings.LockSettingsService$Lifecycle
12-19 10:34:18.027 V/SystemServerTimingAsync(  619): ssm.onUnlockedUser-0_com.android.server.locksettings.LockSettingsService$Lifecycle took to complete: 0ms
12-19 10:34:18.027 D/SystemServerTimingAsync(  619): ssm.onUnlockedUser-0_com.android.server.testharness.TestHarnessModeService
12-19 10:34:18.027 V/SystemServerTimingAsync(  619): ssm.onUnlockedUser-0_com.android.server.testharness.TestHarnessModeService took to complete: 0ms
12-19 10:34:18.027 D/SystemServerTimingAsync(  619): ssm.onUnlockedUser-0_com.android.server.DeviceIdleController
12-19 10:34:18.027 V/SystemServerTimingAsync(  619): ssm.onUnlockedUser-0_com.android.server.DeviceIdleController took to complete: 0ms
12-19 10:34:18.027 D/SystemServerTimingAsync(  619): ssm.onUnlockedUser-0_com.android.server.devicepolicy.DevicePolicyManagerService$Lifecycle
12-19 10:34:18.027 V/SystemServerTimingAsync(  619): ssm.onUnlockedUser-0_com.android.server.devicepolicy.DevicePolicyManagerService$Lifecycle took to complete: 0ms
12-19 10:34:18.027 D/SystemServerTimingAsync(  619): ssm.onUnlockedUser-0_com.android.server.texttospeech.TextToSpeechManagerService
12-19 10:34:18.027 D/FallbackHome(  912): User unlocked and real home found; let's go!
12-19 10:34:18.027 V/SystemServerTimingAsync(  619): ssm.onUnlockedUser-0_com.android.server.texttospeech.TextToSpeechManagerService took to complete: 0ms
12-19 10:34:18.027 D/SystemServerTimingAsync(  619): ssm.onUnlockedUser-0_com.android.server.speech.SpeechRecognitionManagerService
12-19 10:34:18.027 V/SystemServerTimingAsync(  619): ssm.onUnlockedUser-0_com.android.server.speech.SpeechRecognitionManagerService took to complete: 0ms
12-19 10:34:18.027 D/SystemServerTimingAsync(  619): ssm.onUnlockedUser-0_com.android.server.searchui.SearchUiManagerService
12-19 10:34:18.028 V/SystemServerTimingAsync(  619): ssm.onUnlockedUser-0_com.android.server.searchui.SearchUiManagerService took to complete: 0ms
12-19 10:34:18.028 D/SystemServerTimingAsync(  619): ssm.onUnlockedUser-0_com.android.server.smartspace.SmartspaceManagerService
12-19 10:34:18.028 V/SystemServerTimingAsync(  619): ssm.onUnlockedUser-0_com.android.server.smartspace.SmartspaceManagerService took to complete: 0ms
12-19 10:34:18.028 D/SystemServerTimingAsync(  619): ssm.onUnlockedUser-0_com.android.server.graphics.fonts.FontManagerService$Lifecycle
12-19 10:34:18.028 V/SystemServerTimingAsync(  619): ssm.onUnlockedUser-0_com.android.server.graphics.fonts.FontManagerService$Lifecycle took to complete: 0ms
