12-19 10:34:15.057 W/EventHub(  619):   busId:-1, 0000:0000  /devices/platform/hdmiin-sound/sound/card0/input2
12-19 10:34:15.057 D/PinnerService(  619): pinRangeStream: null
12-19 10:34:15.057 D/EventHub(  619): No input device configuration file found for device 'rockchip,hdmiin rockchip,hdmiin'.
12-19 10:34:15.058 V/SystemServerTiming(  619): AppIntegrityService took to complete: 5ms
12-19 10:34:15.058 I/EventHub(  619): usingClockIoctl=true
12-19 10:34:15.058 I/EventHub(  619): New device: id=6, fd=175, path='/dev/input/event2', name='rockchip,hdmiin rockchip,hdmiin', classes=SWITCH, configuration='', keyLayout='', keyCharacterMap='', builtinKeyboard=false, 
12-19 10:34:15.058 W/EventHub(  619):   busId:-1, 0000:0000  /devices/platform/feb20000.spi/spi_master/spi2/spi2.0/rk805-pwrkey.1.auto/input
12-19 10:34:15.058 D/EventHub(  619): No input device configuration file found for device 'rk805 pwrkey'.
12-19 10:34:15.058 D/EventHub(  619): configureLightsLocked rawLightId 1 name uevent
12-19 10:34:15.058 D/EventHub(  619): configureLightsLocked rawLightId 2 name of_node
12-19 10:34:15.058 D/EventHub(  619): configureLightsLocked rawLightId 3 name power
12-19 10:34:15.058 D/EventHub(  619): configureLightsLocked rawLightId 4 name leds
12-19 10:34:15.058 D/EventHub(  619): configureLightsLocked rawLightId 5 name driver
12-19 10:34:15.058 D/EventHub(  619): configureLightsLocked rawLightId 6 name driver_override
12-19 10:34:15.058 D/PinnerService(  619): pinRangeStream: null
12-19 10:34:15.058 D/EventHub(  619): configureLightsLocked rawLightId 7 name subsystem
12-19 10:34:15.058 D/EventHub(  619): configureLightsLocked rawLightId 8 name modalias
12-19 10:34:15.058 D/PinnerService(  619): pinRangeStream: null
12-19 10:34:15.058 D/PinnerService(  619): pinRangeStream: null
01-01 20:00:09.608 W/        (  716): zts EVIOCGBUSID(0)
01-01 20:00:09.609 W/        (  716): zts EVIOCGBUSID(0)
01-01 20:00:09.610 W/        (  716): zts EVIOCGBUSID(0)
01-01 20:00:09.610 W/        (  716): zts EVIOCGBUSID(0)
12-19 10:34:15.059 W/EventHub(  619): Unable to disable kernel key repeat for /dev/input/event1: Function not implemented
12-19 10:34:15.059 I/EventHub(  619): usingClockIoctl=true
12-19 10:34:15.059 I/EventHub(  619): New device: id=7, fd=176, path='/dev/input/event1', name='rk805 pwrkey', classes=KEYBOARD | LIGHT | INPUT_DEVICE_CLASS_KEYMOUSE, configuration='', keyLayout='/system/usr/keylayout/Generic.kl', keyCharacterMap='/system/usr/keychars/Generic.kcm', builtinKeyboard=false, 
12-19 10:34:15.059 W/EventHub(  619):   busId:-1, 0000:0000  /devices/platform/hdmi1-sound/sound/card3/input7
12-19 10:34:15.059 D/EventHub(  619): No input device configuration file found for device 'rockchip-hdmi1 rockchip-hdmi1'.
12-19 10:34:15.059 I/EventHub(  619): usingClockIoctl=true
12-19 10:34:15.059 I/EventHub(  619): New device: id=8, fd=177, path='/dev/input/event7', name='rockchip-hdmi1 rockchip-hdmi1', classes=SWITCH, configuration='', keyLayout='', keyCharacterMap='', builtinKeyboard=false, 
12-19 10:34:15.059 W/EventHub(  619):   busId:-1, 0001:0001  /devices/platform/adc-keys/input/input5
12-19 10:34:15.059 D/EventHub(  619): No input device configuration file found for device 'adc-keys'.
12-19 10:34:15.059 D/EventHub(  619): configureLightsLocked rawLightId 1 name uevent
12-19 10:34:15.059 D/EventHub(  619): configureLightsLocked rawLightId 2 name of_node
12-19 10:34:15.059 D/EventHub(  619): configureLightsLocked rawLightId 3 name power
12-19 10:34:15.059 D/EventHub(  619): configureLightsLocked rawLightId 4 name leds
12-19 10:34:15.059 D/EventHub(  619): configureLightsLocked rawLightId 5 name driver
12-19 10:34:15.059 D/EventHub(  619): configureLightsLocked rawLightId 6 name driver_override
12-19 10:34:15.059 D/EventHub(  619): configureLightsLocked rawLightId 7 name subsystem
12-19 10:34:15.059 D/EventHub(  619): configureLightsLocked rawLightId 8 name modalias
01-01 20:00:09.612 W/        (  716): zts EVIOCGBUSID(0)
01-01 20:00:09.612 W/        (  716): zts EVIOCGBUSID(0)
12-19 10:34:15.062 W/EventHub(  619): Unable to disable kernel key repeat for /dev/input/event5: Function not implemented
12-19 10:34:15.062 I/EventHub(  619): usingClockIoctl=true
12-19 10:34:15.062 I/EventHub(  619): New device: id=9, fd=178, path='/dev/input/event5', name='adc-keys', classes=KEYBOARD | LIGHT | INPUT_DEVICE_CLASS_KEYMOUSE, configuration='', keyLayout='/system/usr/keylayout/Generic.kl', keyCharacterMap='/system/usr/keychars/Generic.kcm', builtinKeyboard=false, 
12-19 10:34:15.065 I/InputReader(  619): Device added: id=-1, eventHubId=-1, name='Virtual', descriptor='a718a782d34bc767f4689c232d64d527998ea7fd',sources=0x00000301
12-19 10:34:15.066 W/InputReader(  619): Can't find the designated viewport with ID 0 to update cursor input mapper. Fall back to default display
12-19 10:34:15.066 E/InputReader(  619): Still can't find a viable viewport to update cursor input mapper. Skip setting it to PointerController.
12-19 10:34:15.067 I/InputReader(  619): Device added: id=2, eventHubId=9, name='adc-keys', descriptor='485d69228e24f5e46da1598745890b214130dbc4',sources=0x00002103
12-19 10:34:15.067 I/InputReader(  619): Device added: id=3, eventHubId=8, name='rockchip-hdmi1 rockchip-hdmi1', descriptor='5ab1278e4c657e0c05235f1e3bc72330ff2c1679',sources=0x80000000
12-19 10:34:15.067 I/InputReader(  619): Device added: id=4, eventHubId=7, name='rk805 pwrkey', descriptor='a18e9bc089e5609b309e12da9322f25f4164e298',sources=0x00002103
12-19 10:34:15.067 I/InputReader(  619): Device added: id=5, eventHubId=6, name='rockchip,hdmiin rockchip,hdmiin', descriptor='be8e6194664b592edd1943c56791056976ca61c7',sources=0x80000000
12-19 10:34:15.067 I/InputReader(  619): Device added: id=6, eventHubId=5, name='headset-keys', descriptor='485d69228e24f5e46da1598745890b214130dbc4',sources=0x00002103
12-19 10:34:15.067 I/InputReader(  619): Device added: id=7, eventHubId=4, name='rockchip-hdmi0 rockchip-hdmi0', descriptor='af795b38c3787f70aa9bf0491d36b3a8d2c4682f',sources=0x80000000
12-19 10:34:15.067 I/InputReader(  619): Device added: id=8, eventHubId=3, name='rockchip-es8388 Headset', descriptor='55e1af7844d5f14b3c5f268f63117d604baf1a10',sources=0x80000000
12-19 10:34:15.067 I/InputReader(  619): Device added: id=9, eventHubId=2, name='febe0030.pwm', descriptor='6e6866b287cdd04b028ef220947dd504c325d316',sources=0x00002303
12-19 10:34:15.067 I/InputReader(  619): Device added: id=10, eventHubId=1, name='=Logitech USB Optical Mouse=usb-xhci-hcd.usb@fc400000.4-1.1/input0', descriptor='cd559953a0cb58d3be43be7d99046d3b73fd6db3',sources=0x00002002
12-19 10:34:15.070 D/PinnerService(  619): pinRangeStream: null
12-19 10:34:15.070 D/PinnerService(  619): pinRangeStream: null
12-19 10:34:15.073 D/PinnerService(  619): pinRangeStream: null
12-19 10:34:15.077 D/PinnerService(  619): pinRangeStream: null
12-19 10:34:15.077 D/PinnerService(  619): pinRangeStream: null
12-19 10:34:15.081 D/PinnerService(  619): pinRangeStream: null
12-19 10:34:15.081 D/PinnerService(  619): pinRangeStream: null
12-19 10:34:15.136 V/SystemServerTimingAsync(  619): AppDataPrepare took to complete: 156ms
12-19 10:34:15.136 I/PackageManager(  619): Deferred reconcileAppsData finished 89 packages
12-19 10:34:15.136 D/SystemServerInitThreadPool(  619): Finished executing prepareAppData
12-19 10:34:15.136 V/SystemServerTimingAsync(  619): InitThreadPoolExec:prepareAppData took to complete: 260ms
12-19 10:34:15.218 D/MtpDeviceJNI(  391): register_android_mtp_MtpDevice
12-19 10:34:15.234 I/zygote  (  391): Thread[1,tid=391,Native,Thread*=0xdb640e10,peer=0x12c40078,"main"] recursive attempt to load library "librtp_jni.so"
12-19 10:34:15.276 W/Zygote  (  391): Class not found for preloading: android.view.SurfaceView$2
12-19 10:34:15.369 I/Zygote  (  391): ...preloaded 13903 classes in 390ms.
12-19 10:34:15.369 V/ZygoteInitTiming_lazy(  391): PreloadClasses took to complete: 390ms
12-19 10:34:15.372 D/ApplicationLoaders(  391): Created zygote-cached class loader: /system/framework/android.hidl.base-V1.0-java.jar
12-19 10:34:15.373 D/ApplicationLoaders(  391): Created zygote-cached class loader: /system/framework/android.hidl.manager-V1.0-java.jar
12-19 10:34:15.374 D/ApplicationLoaders(  391): Created zygote-cached class loader: /system/framework/android.test.base.jar
12-19 10:34:15.374 V/ZygoteInitTiming_lazy(  391): CacheNonBootClasspathClassLoaders took to complete: 5ms
12-19 10:34:15.374 I/Zygote  (  391): Preloading resources...
12-19 10:34:15.377 W/Resources(  391): Preloaded drawable resource #0x1080285 (android:drawable/dialog_background_material) that varies with configuration!!
12-19 10:34:15.383 I/Zygote  (  391): ...preloaded 64 resources in 9ms.
12-19 10:34:15.385 I/Zygote  (  391): ...preloaded 41 resources in 2ms.
12-19 10:34:15.385 V/ZygoteInitTiming_lazy(  391): PreloadResources took to complete: 11ms
12-19 10:34:15.433 I/sh      (  722): type=1400 audit(0.0:94): avc: denied { write } for name="lsusb.txt" dev="mmcblk1p16" ino=2031618 scontext=u:r:rild:s0 tcontext=u:object_r:system_data_file:s0 tclass=file permissive=1
12-19 10:34:15.433 I/sh      (  722): type=1400 audit(0.0:95): avc: denied { open } for path="/data/camera/lsusb.txt" dev="mmcblk1p16" ino=2031618 scontext=u:r:rild:s0 tcontext=u:object_r:system_data_file:s0 tclass=file permissive=1
12-19 10:34:15.433 I/sh      (  723): type=1400 audit(0.0:96): avc: denied { execute_no_trans } for path="/vendor/bin/toybox_vendor" dev="dm-2" ino=231 scontext=u:r:rild:s0 tcontext=u:object_r:vendor_toolbox_exec:s0 tclass=file permissive=1
12-19 10:34:15.443 I/rild    (  500): type=1400 audit(0.0:97): avc: denied { read } for name="lsusb.txt" dev="mmcblk1p16" ino=2031618 scontext=u:r:rild:s0 tcontext=u:object_r:system_data_file:s0 tclass=file permissive=1
12-19 10:34:15.443 I/rild    (  500): type=1400 audit(0.0:98): avc: denied { getattr } for path="/data/camera/lsusb.txt" dev="mmcblk1p16" ino=2031618 scontext=u:r:rild:s0 tcontext=u:object_r:system_data_file:s0 tclass=file permissive=1
12-19 10:34:15.489 D/libEGL  (  391): loaded /vendor/lib/egl/libGLES_mali.so
12-19 10:34:15.509 I/Zygote  (  391): Preloading shared libraries...
12-19 10:34:15.511 I/Zygote  (  391): Called ZygoteHooks.endPreload()
12-19 10:34:15.511 I/Zygote  (  391): Installed AndroidKeyStoreProvider in 0ms.
12-19 10:34:15.514 I/Zygote  (  391): Warmed up JCA providers in 3ms.
12-19 10:34:15.514 D/Zygote  (  391): end preload
12-19 10:34:15.514 V/SystemServerTimingAsync(  619): SecondaryZygotePreload took to complete: 563ms
12-19 10:34:15.514 D/SystemServerInitThreadPool(  619): Finished executing SecondaryZygotePreload
12-19 10:34:15.514 V/SystemServerTimingAsync(  619): InitThreadPoolExec:SecondaryZygotePreload took to complete: 563ms
12-19 10:34:15.521 W/ServiceManager(  490): Waited one second for package_native (is service started? are binder threads started and available?)
12-19 10:34:15.522 I/BpBinder(  300): onLastStrongRef automatically unlinking death recipients: <uncached descriptor>
12-19 10:34:15.522 D/TunerService(  490): Current device does not support tuner feaure.
12-19 10:34:15.973 W/ServiceManager(  388): Service statscompanion didn't start. Returning NULL
12-19 10:34:15.975 I/statsd  (  388): Statsd starts to listen to socket.
12-19 10:34:16.058 W/WindowManager(  619): Devices still not ready after waiting 1000 milliseconds before attempting to detect safe mode.
12-19 10:34:16.058 I/WindowManager(  619): SAFE MODE not enabled
12-19 10:34:16.058 D/SystemServerTiming(  619): StartInputMethodManagerLifecycle
12-19 10:34:16.058 I/SystemServiceManager(  619): Starting com.android.server.inputmethod.InputMethodManagerService$Lifecycle
12-19 10:34:16.059 V/SystemServerTiming(  619): StartInputMethodManagerLifecycle took to complete: 1ms
12-19 10:34:16.059 D/SystemServerTiming(  619): StartAccessibilityManagerService
12-19 10:34:16.059 I/SystemServiceManager(  619): Starting com.android.server.accessibility.AccessibilityManagerService$Lifecycle
12-19 10:34:16.061 V/SystemServerTiming(  619): StartAccessibilityManagerService took to complete: 2ms
12-19 10:34:16.061 D/SystemServerTiming(  619): MakeDisplayReady
12-19 10:34:16.061 W/InputReader(  619): Device =Logitech USB Optical Mouse=usb-xhci-hcd.usb@fc400000.4-1.1/input0 is associated with display ADISPLAY_ID_NONE.
12-19 10:34:16.061 W/InputReader(  619): Device =Logitech USB Optical Mouse=usb-xhci-hcd.usb@fc400000.4-1.1/input0 is associated with display ADISPLAY_ID_NONE.
12-19 10:34:16.062 I/ActivityTaskManager(  619): Config changes=20005df8 {1.0 ?mcc?mnc [zh_CN] ldltr sw1080dp w1920dp h1008dp 160dpi xlrg long land ?uimode ?night -touch -keyb/v/h dpad/v winConfig={ mBounds=Rect(0, 0 - 1920, 1080) mAppBounds=Rect(0, 0 - 1920, 1032) mMaxBounds=Rect(0, 0 - 1920, 1080) mWindowingMode=fullscreen mDisplayWindowingMode=fullscreen mActivityType=undefined mAlwaysOnTop=undefined mRotation=ROTATION_0} s.2 ?fontWeightAdjustment}
12-19 10:34:16.062 I/WindowManager(  619): Override config changes=60007dfc {1.0 ?mcc?mnc [zh_CN] ldltr sw1080dp w1920dp h1008dp 160dpi xlrg long land ?uimode ?night -touch -keyb/v/h dpad/v winConfig={ mBounds=Rect(0, 0 - 1920, 1080) mAppBounds=Rect(0, 0 - 1920, 1032) mMaxBounds=Rect(0, 0 - 1920, 1080) mWindowingMode=fullscreen mDisplayWindowingMode=fullscreen mActivityType=undefined mAlwaysOnTop=undefined mRotation=ROTATION_0} s.2 ?fontWeightAdjustment} for displayId=0
12-19 10:34:16.063 D/LogicalDisplay(  619): configureDisplayLocked  rotated:false main:true
12-19 10:34:16.063 D/LogicalDisplay(  619): configureDisplayLocked  rotated:false main:false
12-19 10:34:16.065 W/InputReader(  619): Device =Logitech USB Optical Mouse=usb-xhci-hcd.usb@fc400000.4-1.1/input0 is associated with display ADISPLAY_ID_NONE.
12-19 10:34:16.065 W/InputReader(  619): Device =Logitech USB Optical Mouse=usb-xhci-hcd.usb@fc400000.4-1.1/input0 is associated with display ADISPLAY_ID_NONE.
12-19 10:34:16.065 I/WindowManager(  619): Override config changes=20005df8 {0.0 ?mcc?mnc ?localeList ?layoutDir sw720dp w1280dp h720dp 240dpi xlrg long land ?uimode ?night -touch -keyb/v/h dpad/v winConfig={ mBounds=Rect(0, 0 - 1920, 1080) mAppBounds=Rect(0, 0 - 1920, 1080) mMaxBounds=Rect(0, 0 - 1920, 1080) mWindowingMode=fullscreen mDisplayWindowingMode=fullscreen mActivityType=undefined mAlwaysOnTop=undefined mRotation=ROTATION_0} ?fontWeightAdjustment} for displayId=2
12-19 10:34:16.065 D/LogicalDisplay(  619): configureDisplayLocked  rotated:false main:true
12-19 10:34:16.065 D/LogicalDisplay(  619): configureDisplayLocked  rotated:false main:false
12-19 10:34:16.066 I/InputManager-JNI(  619): Viewport [0] to add: local:0, isActive: false
12-19 10:34:16.066 I/InputManager-JNI(  619): Viewport [1] to add: local:1, isActive: false
12-19 10:34:16.066 W/InputReader(  619): Device =Logitech USB Optical Mouse=usb-xhci-hcd.usb@fc400000.4-1.1/input0 is associated with display ADISPLAY_ID_NONE.
12-19 10:34:16.066 I/ActivityTaskManager(  619): Config changes=20000400 {1.0 ?mcc?mnc [zh_CN] ldltr sw1080dp w1920dp h1000dp 160dpi xlrg long land ?uimode ?night -touch -keyb/v/h dpad/v winConfig={ mBounds=Rect(0, 0 - 1920, 1080) mAppBounds=Rect(0, 0 - 1920, 1024) mMaxBounds=Rect(0, 0 - 1920, 1080) mWindowingMode=fullscreen mDisplayWindowingMode=fullscreen mActivityType=undefined mAlwaysOnTop=undefined mRotation=ROTATION_0} s.4 ?fontWeightAdjustment}
12-19 10:34:16.067 I/WindowManager(  619): Override config changes=20000400 {1.0 ?mcc?mnc [zh_CN] ldltr sw1080dp w1920dp h1000dp 160dpi xlrg long land ?uimode ?night -touch -keyb/v/h dpad/v winConfig={ mBounds=Rect(0, 0 - 1920, 1080) mAppBounds=Rect(0, 0 - 1920, 1024) mMaxBounds=Rect(0, 0 - 1920, 1080) mWindowingMode=fullscreen mDisplayWindowingMode=fullscreen mActivityType=undefined mAlwaysOnTop=undefined mRotation=ROTATION_0} s.4 ?fontWeightAdjustment} for displayId=0
12-19 10:34:16.067 D/LogicalDisplay(  619): configureDisplayLocked  rotated:false main:true
12-19 10:34:16.067 D/LogicalDisplay(  619): configureDisplayLocked  rotated:false main:false
12-19 10:34:16.068 V/SystemServerTiming(  619): MakeDisplayReady took to complete: 7ms
12-19 10:34:16.068 D/SystemServerTiming(  619): StartStorageManagerService
12-19 10:34:16.068 I/SystemServiceManager(  619): Starting com.android.server.StorageManagerService$Lifecycle
12-19 10:34:16.068 I/InputReader(  619): Reconfiguring input devices, changes=DISPLAY_INFO | 
12-19 10:34:16.068 V/WindowManager(  619): Display 2 state is now (0), so update layer mirroring?
01-01 20:00:10.619 I/init    (    1): processing action (sys.sysctl.extra_free_kbytes=*) from (/system/etc/init/hw/init.rc:1213)
12-19 10:34:16.069 D/installd(  486): Found quota mount /dev/block/by-name/userdata at /data
12-19 10:34:16.069 D/installd(  486): Found quota mount /dev/block/by-name/userdata at /data/user/0
12-19 10:34:16.075 D/StorageManagerService(  619): Thinking about init, mBootCompleted=false, mDaemonConnected=true
12-19 10:34:16.075 D/StorageManagerService(  619): Thinking about reset, mBootCompleted=false, mDaemonConnected=true
12-19 10:34:16.075 D/StorageManagerService(  619): Thinking about init, mBootCompleted=false, mDaemonConnected=true
12-19 10:34:16.075 D/StorageManagerService(  619): Thinking about reset, mBootCompleted=false, mDaemonConnected=true
12-19 10:34:16.075 V/SystemServerTiming(  619): StartStorageManagerService took to complete: 7ms
12-19 10:34:16.075 D/SystemServerTiming(  619): StartStorageStatsService
12-19 10:34:16.075 I/SystemServiceManager(  619): Starting com.android.server.usage.StorageStatsService$Lifecycle
12-19 10:34:16.076 D/installd(  486): Found quota mount /dev/block/by-name/userdata at /data
12-19 10:34:16.076 D/installd(  486): Found quota mount /dev/block/by-name/userdata at /data/user/0
12-19 10:34:16.076 D/installd(  486): Found quota mount /dev/block/by-name/userdata at /data
12-19 10:34:16.076 D/installd(  486): Found quota mount /dev/block/by-name/userdata at /data/user/0
12-19 10:34:16.077 V/SystemServerTiming(  619): StartStorageStatsService took to complete: 2ms
12-19 10:34:16.077 D/SystemServerTiming(  619): StartUiModeManager
12-19 10:34:16.077 I/SystemServiceManager(  619): Starting com.android.server.UiModeManagerService
12-19 10:34:16.077 D/SystemServerTimingAsync(  619): InitThreadPoolExec:UiModeManager.onStart
12-19 10:34:16.077 D/SystemServerInitThreadPool(  619): Started executing UiModeManager.onStart
12-19 10:34:16.077 V/SystemServerTiming(  619): StartUiModeManager took to complete: 0ms
12-19 10:34:16.077 D/SystemServerTiming(  619): UpdatePackagesIfNeeded
12-19 10:34:16.077 I/Watchdog(  619): Pausing HandlerChecker: main thread for reason: dexopt. Pause count: 1
12-19 10:34:16.077 I/Watchdog(  619): Resuming HandlerChecker: main thread for reason: dexopt. Pause count: 0
12-19 10:34:16.077 V/SystemServerTiming(  619): UpdatePackagesIfNeeded took to complete: 0ms
12-19 10:34:16.077 D/SystemServerTiming(  619): PerformFstrimIfNeeded
12-19 10:34:16.077 V/SystemServerTiming(  619): PerformFstrimIfNeeded took to complete: 1ms
12-19 10:34:16.077 D/SystemServerTiming(  619): StartLockSettingsService
12-19 10:34:16.078 I/SystemServiceManager(  619): Starting com.android.server.locksettings.LockSettingsService$Lifecycle
12-19 10:34:16.089 V/SystemServerTiming(  619): StartLockSettingsService took to complete: 11ms
12-19 10:34:16.089 D/SystemServerTiming(  619): StartTestHarnessMode
12-19 10:34:16.089 I/SystemServiceManager(  619): Starting com.android.server.testharness.TestHarnessModeService
12-19 10:34:16.089 V/SystemServerTiming(  619): StartTestHarnessMode took to complete: 0ms
12-19 10:34:16.089 I/hwservicemanager(  301): getTransport: Cannot find entry android.hardware.oemlock@1.0::IOemLock/default in either framework or device VINTF manifest.
12-19 10:34:16.089 I/OemLock (  619): OemLock HAL not present on device
12-19 10:34:16.090 D/SystemServerTiming(  619): StartDeviceIdleController
12-19 10:34:16.090 I/SystemServiceManager(  619): Starting com.android.server.DeviceIdleController
12-19 10:34:16.091 V/SystemServerTiming(  619): StartDeviceIdleController took to complete: 1ms
12-19 10:34:16.091 D/SystemServerTiming(  619): StartDevicePolicyManager
12-19 10:34:16.091 I/SystemServiceManager(  619): Starting com.android.server.devicepolicy.DevicePolicyManagerService$Lifecycle
12-19 10:34:16.093 V/SLog    (  619): static_init took to complete: 1ms
12-19 10:34:16.093 I/DevicePolicyManager(  619): Set ro.organization_owned property to false
12-19 10:34:16.098 D/SystemServerInitThreadPool(  619): Finished executing UiModeManager.onStart
12-19 10:34:16.098 V/SystemServerTimingAsync(  619): InitThreadPoolExec:UiModeManager.onStart took to complete: 21ms
12-19 10:34:16.098 V/SystemServerTiming(  619): StartDevicePolicyManager took to complete: 7ms
12-19 10:34:16.098 D/SystemServerTiming(  619): StartStatusBarManagerService
12-19 10:34:16.099 V/SystemServerTiming(  619): StartStatusBarManagerService took to complete: 1ms
12-19 10:34:16.099 D/SystemServer(  619): MusicRecognitionManagerService not defined by OEM or disabled by flag
12-19 10:34:16.099 D/SystemServer(  619): ContentCaptureService disabled because resource is not overlaid
12-19 10:34:16.099 D/SystemServer(  619): AttentionService is not configured on this device
12-19 10:34:16.099 D/SystemServer(  619): RotationResolverService is not configured on this device
12-19 10:34:16.099 D/SystemServer(  619): SystemCaptionsManagerService disabled because resource is not overlaid
12-19 10:34:16.099 D/SystemServerTiming(  619): StartTextToSpeechManagerService
12-19 10:34:16.099 I/SystemServiceManager(  619): Starting com.android.server.texttospeech.TextToSpeechManagerService
12-19 10:34:16.099 V/SystemServerTiming(  619): StartTextToSpeechManagerService took to complete: 0ms
12-19 10:34:16.099 D/SystemServerTiming(  619): StartSpeechRecognitionManagerService
12-19 10:34:16.099 I/SystemServiceManager(  619): Starting com.android.server.speech.SpeechRecognitionManagerService
12-19 10:34:16.100 V/SystemServerTiming(  619): StartSpeechRecognitionManagerService took to complete: 1ms
12-19 10:34:16.100 D/SystemServer(  619): AppPredictionService not defined by OEM
12-19 10:34:16.100 D/SystemServer(  619): ContentSuggestionsService not defined by OEM
12-19 10:34:16.100 D/SystemServerTiming(  619): StartSearchUiService
12-19 10:34:16.100 I/SystemServiceManager(  619): Starting com.android.server.searchui.SearchUiManagerService
12-19 10:34:16.100 V/SystemServerTiming(  619): StartSearchUiService took to complete: 0ms
12-19 10:34:16.100 D/SystemServerTiming(  619): StartSmartspaceService
12-19 10:34:16.100 I/SystemServiceManager(  619): Starting com.android.server.smartspace.SmartspaceManagerService
12-19 10:34:16.101 V/SystemServerTiming(  619): StartSmartspaceService took to complete: 1ms
12-19 10:34:16.101 D/SystemServerTiming(  619): InitConnectivityModuleConnector
12-19 10:34:16.101 D/ConnectivityModuleConnector(  619): Network stack init
12-19 10:34:16.101 V/SystemServerTiming(  619): InitConnectivityModuleConnector took to complete: 0ms
12-19 10:34:16.101 D/SystemServerTiming(  619): InitNetworkStackClient
12-19 10:34:16.101 V/SystemServerTiming(  619): InitNetworkStackClient took to complete: 0ms
12-19 10:34:16.101 D/SystemServerTiming(  619): StartNetworkManagementService
12-19 10:34:16.103 I/netd    (  389): registerUnsolicitedEventListener() <0.02ms>
12-19 10:34:16.104 V/SystemServerTiming(  619): StartNetworkManagementService took to complete: 3ms
12-19 10:34:16.104 D/SystemServerTiming(  619): StartIpSecService
12-19 10:34:16.104 V/SystemServerTiming(  619): StartIpSecService took to complete: 0ms
12-19 10:34:16.104 D/SystemServerTiming(  619): StartFontManagerService
12-19 10:34:16.154 V/SystemServerTiming(  619): StartFontManagerService took to complete: 50ms
12-19 10:34:16.154 D/SystemServerTiming(  619): StartTextServicesManager
12-19 10:34:16.154 I/SystemServiceManager(  619): Starting com.android.server.textservices.TextServicesManagerService$Lifecycle
12-19 10:34:16.154 V/SystemServerTiming(  619): StartTextServicesManager took to complete: 0ms
12-19 10:34:16.154 D/SystemServerTiming(  619): StartTextClassificationManagerService
12-19 10:34:16.154 I/SystemServiceManager(  619): Starting com.android.server.textclassifier.TextClassificationManagerService$Lifecycle
12-19 10:34:16.155 V/SystemServerTiming(  619): StartTextClassificationManagerService took to complete: 1ms
12-19 10:34:16.155 D/SystemServerTiming(  619): StartNetworkScoreService
12-19 10:34:16.155 I/SystemServiceManager(  619): Starting com.android.server.NetworkScoreService$Lifecycle
12-19 10:34:16.155 I/NetworkScoreService(  619): Registering network_score
12-19 10:34:16.155 V/SystemServerTiming(  619): StartNetworkScoreService took to complete: 0ms
12-19 10:34:16.155 D/SystemServerTiming(  619): StartNetworkStatsService
12-19 10:34:16.156 V/SystemServerTiming(  619): StartNetworkStatsService took to complete: 1ms
12-19 10:34:16.156 D/SystemServerTiming(  619): StartNetworkPolicyManagerService
12-19 10:34:16.157 V/SystemServerTiming(  619): StartNetworkPolicyManagerService took to complete: 1ms
12-19 10:34:16.157 D/SystemServerTiming(  619): StartWifi
12-19 10:34:16.174 I/SystemServiceManager(  619): Starting com.android.server.wifi.WifiService
12-19 10:34:16.176 I/WifiContext(  619): Found Wifi Resources APK at: com.android.wifi.resources
12-19 10:34:16.177 V/NetworkScoreManager(  619): registerNetworkScoreCallback: callback=com.android.server.wifi.WifiNetworkScoreCache@baada99, executor=com.android.wifi.x.android.os.HandlerExecutor@1afe15e
12-19 10:34:16.206 D/ScanMetrics(  619): Settings package: com.android.settings
12-19 10:34:16.206 E/ScanMetrics(  619): Can't get GMS uid
12-19 10:34:16.211 I/WifiCoexManager(  619): Default coex algorithm is disabled.
12-19 10:34:16.221 D/WifiOpenNetworkNotifier(  619): Settings toggle enabled=true
12-19 10:34:16.222 D/WifiNl80211Manager(  619): registerCountryCodeEventListener called
12-19 10:34:16.222 I/wificond(  492): New wificond event callback registered
12-19 10:34:16.222 D/WifiCountryCode(  619): Default country code from system property ro.boot.wificountrycode is CN
12-19 10:34:16.223 D/WakeupController(  619): WifiWake enabled
12-19 10:34:16.224 V/HistoricalRegistry(  619): Interaction before persistence initialized
12-19 10:34:16.225 I/WifiService(  619): Registering wifi
12-19 10:34:16.226 V/SystemServerTiming(  619): StartWifi took to complete: 69ms
12-19 10:34:16.226 D/SystemServerTiming(  619): StartWifiScanning
12-19 10:34:16.226 I/SystemServiceManager(  619): Starting com.android.server.wifi.scanner.WifiScanningService
12-19 10:34:16.226 I/WifiScanningService(  619): Creating wifiscanner
12-19 10:34:16.227 I/WifiScanningService(  619): Publishing wifiscanner
12-19 10:34:16.227 V/SystemServerTiming(  619): StartWifiScanning took to complete: 1ms
12-19 10:34:16.227 D/SystemServerTiming(  619): StartWifiP2P
12-19 10:34:16.227 I/SystemServiceManager(  619): Starting com.android.server.wifi.p2p.WifiP2pService
12-19 10:34:16.229 I/WifiP2pService(  619): Registering wifip2p
12-19 10:34:16.229 V/SystemServerTiming(  619): StartWifiP2P took to complete: 2ms
12-19 10:34:16.229 D/SystemServerTiming(  619): StartEthernet
12-19 10:34:16.229 I/SystemServiceManager(  619): Starting com.android.server.ethernet.EthernetService
12-19 10:34:16.229 I/EthernetService(  619): Registering service ethernet
12-19 10:34:16.229 V/SystemServerTiming(  619): StartEthernet took to complete: 0ms
12-19 10:34:16.229 D/SystemServerTiming(  619): StartPacProxyService
12-19 10:34:16.230 V/SystemServerTiming(  619): StartPacProxyService took to complete: 0ms
12-19 10:34:16.230 D/SystemServerTiming(  619): StartConnectivityService
12-19 10:34:16.237 I/SystemServiceManager(  619): Starting com.android.server.ConnectivityServiceInitializer
12-19 10:34:16.242 D/ConnectivityService(  619): ConnectivityService starting up
12-19 10:34:16.245 I/netd    (  389): registerUnsolicitedEventListener() <0.01ms>
12-19 10:34:16.247 D/CompatibilityChangeReporter(  619): Compat change id reported: 182478738; UID 1000; state: ENABLED
12-19 10:34:16.248 I/ConnectivityServiceInitializer(  619): Registering connectivity
12-19 10:34:16.248 V/SystemServerTiming(  619): StartConnectivityService took to complete: 18ms
12-19 10:34:16.248 D/SystemServerTiming(  619): StartVpnManagerService
12-19 10:34:16.249 D/VpnManagerService(  619): VpnManagerService starting up
12-19 10:34:16.249 V/SystemServerTiming(  619): StartVpnManagerService took to complete: 1ms
12-19 10:34:16.249 D/SystemServerTiming(  619): StartVcnManagementService
12-19 10:34:16.251 V/SystemServerTiming(  619): StartVcnManagementService took to complete: 2ms
12-19 10:34:16.251 D/SystemServerTiming(  619): StartNsdService
12-19 10:34:16.251 D/NsdService(  619): Network service discovery is enabled
12-19 10:34:16.251 V/SystemServerTiming(  619): StartNsdService took to complete: 0ms
12-19 10:34:16.251 D/SystemServerTiming(  619): StartSystemUpdateManagerService
12-19 10:34:16.252 I/SystemUpdateManagerService(  619): No existing info file /data/system/system-update-info.xml
12-19 10:34:16.252 V/SystemServerTiming(  619): StartSystemUpdateManagerService took to complete: 1ms
12-19 10:34:16.252 D/SystemServerTiming(  619): StartUpdateLockService
12-19 10:34:16.252 V/SystemServerTiming(  619): StartUpdateLockService took to complete: 0ms
12-19 10:34:16.252 I/SystemServer(  619): addService drm_device_management
12-19 10:34:16.253 E/RkDisplayModes(  619): Couldn't find /system/usr/share/resolution_white.xml.
12-19 10:34:16.253 D/rkdisplay-resources(  425): Frame buffers:
12-19 10:34:16.253 D/rkdisplay-resources(  425): id	size	pitch
12-19 10:34:16.267 E/hwc-drm-crtc(  425): Failed to get left margin property
12-19 10:34:16.267 E/hwc-drm-crtc(  425): Failed to get right margin property
12-19 10:34:16.267 E/hwc-drm-crtc(  425): Failed to get top margin property
12-19 10:34:16.267 E/hwc-drm-crtc(  425): Failed to get bottom margin property
12-19 10:34:16.267 E/hwc-drm-crtc(  425): Failed to get left margin property
12-19 10:34:16.267 E/hwc-drm-crtc(  425): Failed to get right margin property
12-19 10:34:16.267 E/hwc-drm-crtc(  425): Failed to get top margin property
12-19 10:34:16.267 E/hwc-drm-crtc(  425): Failed to get bottom margin property
12-19 10:34:16.268 E/hwc-drm-crtc(  425): Failed to get left margin property
12-19 10:34:16.268 E/hwc-drm-crtc(  425): Failed to get right margin property
12-19 10:34:16.268 E/hwc-drm-crtc(  425): Failed to get top margin property
12-19 10:34:16.268 E/hwc-drm-crtc(  425): Failed to get bottom margin property
12-19 10:34:16.268 E/hwc-drm-crtc(  425): Failed to get left margin property
12-19 10:34:16.268 E/hwc-drm-crtc(  425): Failed to get right margin property
12-19 10:34:16.268 E/hwc-drm-crtc(  425): Failed to get top margin property
12-19 10:34:16.268 E/hwc-drm-crtc(  425): Failed to get bottom margin property
12-19 10:34:16.268 D/rkdisplay-resources(  425):  GAMMA_LUT_SIZE:
12-19 10:34:16.268 D/rkdisplay-resources(  425): 		flags: immutable range
12-19 10:34:16.268 D/rkdisplay-resources(  425): 		values:0ffffffff
12-19 10:34:16.268 D/rkdisplay-resources(  425): 		value:400
12-19 10:34:16.268 D/rkdisplay-resources(  425): 
12-19 10:34:16.268 D/rkdisplay-resources(  425): current_crtc id : 428  crtid : 0
12-19 10:34:16.268 D/rkdisplay-resources(  425): current_crtc id : 430  crtid : 70
12-19 10:34:16.268 D/rkdisplay-resources(  425): current_crtc id : 444  crtid : 0
12-19 10:34:16.268 D/rkdisplay-resources(  425): current_crtc id : 458  crtid : 136
12-19 10:34:16.268 D/rkdisplay-resources(  425): Encoders:
12-19 10:34:16.268 D/rkdisplay-resources(  425): id	crtc	type	possible crtcs	possible clones	
12-19 10:34:16.268 D/rkdisplay-resources(  425): 1ac	0	(invalid)	f	1
12-19 10:34:16.268 D/rkdisplay-resources(  425): 
12-19 10:34:16.268 D/rkdisplay-resources(  425): 1ae	46	TMDS	1	2
12-19 10:34:16.268 D/rkdisplay-resources(  425): 
12-19 10:34:16.268 D/rkdisplay-resources(  425): 1bc	0	TMDS	2	4
12-19 10:34:16.268 D/rkdisplay-resources(  425): 
12-19 10:34:16.268 D/rkdisplay-resources(  425): 1ca	88	(invalid)	8	8
12-19 10:34:16.268 D/rkdisplay-resources(  425): 
12-19 10:34:16.268 D/hwc-drm-connector(  425): crtc_id_property_: name CRTC_ID 
12-19 10:34:16.268 D/hwc-drm-connector(  425): crtc_id_property_: name CRTC_ID 
12-19 10:34:16.269 D/hwc-drm-connector(  425): crtc_id_property_: name CRTC_ID 
12-19 10:34:16.269 W/hwc-drm-connector(  425): Could not get color_format_caps property
12-19 10:34:16.269 W/hwc-drm-connector(  425): Could not get hdmi_output_colorimetry property
12-19 10:34:16.269 W/hwc-drm-connector(  425): Could not get color_depth_caps property
12-19 10:34:16.269 W/hwc-drm-connector(  425): Could not get hdmi_output_format property
12-19 10:34:16.269 W/hwc-drm-connector(  425): Could not get CONNECTOR_ID property
12-19 10:34:16.269 W/hwc-drm-connector(  425): UpdateModes Could not get color_format_caps property
12-19 10:34:16.269 W/hwc-drm-connector(  425): UpdateModes Could not get hdmi_output_colorimetry property
12-19 10:34:16.269 W/hwc-drm-connector(  425): UpdateModes Could not get color_depth_caps property
12-19 10:34:16.269 W/hwc-drm-connector(  425): UpdateModes Could not get hdmi_output_format property
12-19 10:34:16.269 D/rkdisplay-resources(  425):  hue:
12-19 10:34:16.269 D/rkdisplay-resources(  425): 		flags: range
12-19 10:34:16.269 D/rkdisplay-resources(  425): 		values:064
12-19 10:34:16.269 D/rkdisplay-resources(  425): 		value:32
12-19 10:34:16.269 D/rkdisplay-resources(  425): 
12-19 10:34:16.269 D/hw_output(  425): nativeInit: 
12-19 10:34:16.269 D/hw_output(  425): old_state 1 cur_state 1 conn->get_type() 11
12-19 10:34:16.269 D/hw_output(  425): old_state 2 cur_state 2 conn->get_type() 11
12-19 10:34:16.269 W/hwc-drm-connector(  425): UpdateModes Could not get color_format_caps property
12-19 10:34:16.269 W/hwc-drm-connector(  425): UpdateModes Could not get hdmi_output_colorimetry property
12-19 10:34:16.269 W/hwc-drm-connector(  425): UpdateModes Could not get color_depth_caps property
12-19 10:34:16.269 W/hwc-drm-connector(  425): UpdateModes Could not get hdmi_output_format property
12-19 10:34:16.269 D/hw_output(  425): old_state 1 cur_state 1 conn->get_type() 16
12-19 10:34:16.291 D/hw_output(  425): primary: 0x0 extend: 0x0 
12-19 10:34:16.292 D/SystemServerTiming(  619): StartNotificationManager
12-19 10:34:16.292 I/SystemServiceManager(  619): Starting com.android.server.notification.NotificationManagerService
12-19 10:34:16.294 D/ConditionProviders.SCP(  619): new ScheduleConditionProvider()
12-19 10:34:16.298 I/NotificationAssistants(  619): Read notification assistant permissions from xml
12-19 10:34:16.298 I/ConditionProviders(  619): Read condition provider permissions from xml
12-19 10:34:16.298 I/ConditionProviders(  619): Read condition provider permissions from xml
12-19 10:34:16.298 D/NotificationAssistants(  619): Approving default notification assistant for user 0
12-19 10:34:16.298 I/ConditionProviders(  619):  Allowing condition provider android.ext.services/android.ext.services.notification.Assistant (userSet: true)
12-19 10:34:16.299 D/CompatibilityChangeReporter(  619): Compat change id reported: 147600208; UID 1000; state: ENABLED
12-19 10:34:16.299 D/CompatibilityChangeReporter(  619): Compat change id reported: 157233955; UID 1000; state: ENABLED
12-19 10:34:16.302 V/SystemServerTiming(  619): StartNotificationManager took to complete: 10ms
12-19 10:34:16.302 D/SystemServerTiming(  619): StartDeviceMonitor
12-19 10:34:16.302 I/SystemServiceManager(  619): Starting com.android.server.storage.DeviceStorageMonitorService
12-19 10:34:16.303 V/SystemServerTiming(  619): StartDeviceMonitor took to complete: 1ms
12-19 10:34:16.303 D/SystemServerTiming(  619): StartLocationManagerService
12-19 10:34:16.303 I/SystemServiceManager(  619): Starting com.android.server.location.LocationManagerService$Lifecycle
12-19 10:34:16.304 V/SystemServerTiming(  619): StartLocationManagerService took to complete: 1ms
12-19 10:34:16.304 D/SystemServerTiming(  619): StartCountryDetectorService
12-19 10:34:16.304 V/SystemServerTiming(  619): StartCountryDetectorService took to complete: 0ms
12-19 10:34:16.304 D/SystemServerTiming(  619): StartTimeDetectorService
12-19 10:34:16.304 I/SystemServiceManager(  619): Starting com.android.server.timedetector.TimeDetectorService$Lifecycle
12-19 10:34:16.305 V/SystemServerTiming(  619): StartTimeDetectorService took to complete: 1ms
12-19 10:34:16.305 D/SystemServerTiming(  619): StartTimeZoneDetectorService
12-19 10:34:16.305 I/SystemServiceManager(  619): Starting com.android.server.timezonedetector.TimeZoneDetectorService$Lifecycle
12-19 10:34:16.305 V/SystemServerTiming(  619): StartTimeZoneDetectorService took to complete: 0ms
12-19 10:34:16.305 D/SystemServerTiming(  619): StartLocationTimeZoneManagerService
12-19 10:34:16.305 I/SystemServiceManager(  619): Starting com.android.server.timezonedetector.location.LocationTimeZoneManagerService$Lifecycle
12-19 10:34:16.305 V/SystemServerTiming(  619): StartLocationTimeZoneManagerService took to complete: 0ms
12-19 10:34:16.305 D/SystemServerTiming(  619): StartSearchManagerService
12-19 10:34:16.305 I/SystemServiceManager(  619): Starting com.android.server.search.SearchManagerService$Lifecycle
12-19 10:34:16.306 V/SystemServerTiming(  619): StartSearchManagerService took to complete: 1ms
12-19 10:34:16.306 D/SystemServerTiming(  619): StartWallpaperManagerService
12-19 10:34:16.306 I/SystemServiceManager(  619): Starting com.android.server.wallpaper.WallpaperManagerService$Lifecycle
12-19 10:34:16.306 V/SystemServerTiming(  619): StartWallpaperManagerService took to complete: 0ms
12-19 10:34:16.306 D/SystemServerTiming(  619): StartAudioService
12-19 10:34:16.306 I/SystemServiceManager(  619): Starting com.android.server.audio.AudioService$Lifecycle
12-19 10:34:16.311 I/android_os_HwBinder(  619): HwBinder: Starting thread pool for getting: android.hidl.manager@1.0::IServiceManager/default
12-19 10:34:16.312 W/AudioFlinger(  428): no wake lock to update, system not ready yet
12-19 10:34:16.314 D/PermissionCache(  428): checking android.permission.MODIFY_AUDIO_ROUTING for uid=1000 => granted (291 us)
12-19 10:34:16.316 D/PermissionCache(  428): checking android.permission.MODIFY_AUDIO_SETTINGS for uid=1000 => granted (37 us)
12-19 10:34:16.382 D/AudioFlinger(  428): isLowRamDevice:false totalMemory:8299556864 mClientSharedHeapSize:33554432
12-19 10:34:16.383 V/SystemServerTiming(  619): StartAudioService took to complete: 77ms
12-19 10:34:16.383 D/SystemServerTiming(  619): StartSoundTriggerMiddlewareService
12-19 10:34:16.383 I/SystemServiceManager(  619): Starting com.android.server.soundtrigger_middleware.SoundTriggerMiddlewareService$Lifecycle
12-19 10:34:16.383 D/SoundTriggerMiddlewareService(  619): Connecting to default ISoundTriggerHw
12-19 10:34:16.383 I/hwservicemanager(  301): getTransport: Cannot find entry android.hardware.soundtrigger@2.0::ISoundTriggerHw/default in either framework or device VINTF manifest.
12-19 10:34:16.384 E/SoundTriggerMiddlewareImpl(  619): Failed to add a SoundTriggerModule instance
12-19 10:34:16.384 E/SoundTriggerMiddlewareImpl(  619): java.util.NoSuchElementException
12-19 10:34:16.384 E/SoundTriggerMiddlewareImpl(  619): 	at android.os.HwBinder.getService(Native Method)
12-19 10:34:16.384 E/SoundTriggerMiddlewareImpl(  619): 	at android.hardware.soundtrigger.V2_0.ISoundTriggerHw.getService(ISoundTriggerHw.java:57)
12-19 10:34:16.384 E/SoundTriggerMiddlewareImpl(  619): 	at android.hardware.soundtrigger.V2_0.ISoundTriggerHw.getService(ISoundTriggerHw.java:64)
12-19 10:34:16.384 E/SoundTriggerMiddlewareImpl(  619): 	at com.android.server.soundtrigger_middleware.SoundTriggerMiddlewareService$Lifecycle.lambda$onStart$0(SoundTriggerMiddlewareService.java:238)
12-19 10:34:16.384 E/SoundTriggerMiddlewareImpl(  619): 	at com.android.server.soundtrigger_middleware.SoundTriggerMiddlewareService$Lifecycle$$ExternalSyntheticLambda0.create(Unknown Source:0)
12-19 10:34:16.384 E/SoundTriggerMiddlewareImpl(  619): 	at com.android.server.soundtrigger_middleware.SoundTriggerModule.attachToHal(SoundTriggerModule.java:222)
12-19 10:34:16.384 E/SoundTriggerMiddlewareImpl(  619): 	at com.android.server.soundtrigger_middleware.SoundTriggerModule.<init>(SoundTriggerModule.java:112)
12-19 10:34:16.384 E/SoundTriggerMiddlewareImpl(  619): 	at com.android.server.soundtrigger_middleware.SoundTriggerMiddlewareImpl.<init>(SoundTriggerMiddlewareImpl.java:89)
12-19 10:34:16.384 E/SoundTriggerMiddlewareImpl(  619): 	at com.android.server.soundtrigger_middleware.SoundTriggerMiddlewareService$Lifecycle.onStart(SoundTriggerMiddlewareService.java:244)
12-19 10:34:16.384 E/SoundTriggerMiddlewareImpl(  619): 	at com.android.server.SystemServiceManager.startService(SystemServiceManager.java:205)
12-19 10:34:16.384 E/SoundTriggerMiddlewareImpl(  619): 	at com.android.server.SystemServiceManager.startService(SystemServiceManager.java:192)
12-19 10:34:16.384 E/SoundTriggerMiddlewareImpl(  619): 	at com.android.server.SystemServer.startOtherServices(SystemServer.java:2095)
12-19 10:34:16.384 E/SoundTriggerMiddlewareImpl(  619): 	at com.android.server.SystemServer.run(SystemServer.java:882)
12-19 10:34:16.384 E/SoundTriggerMiddlewareImpl(  619): 	at com.android.server.SystemServer.main(SystemServer.java:613)
12-19 10:34:16.384 E/SoundTriggerMiddlewareImpl(  619): 	at java.lang.reflect.Method.invoke(Native Method)
12-19 10:34:16.384 E/SoundTriggerMiddlewareImpl(  619): 	at com.android.internal.os.RuntimeInit$MethodAndArgsCaller.run(RuntimeInit.java:548)
12-19 10:34:16.384 E/SoundTriggerMiddlewareImpl(  619): 	at com.android.internal.os.ZygoteInit.main(ZygoteInit.java:981)
12-19 10:34:16.384 I/CaptureStateNotifier(  428): Registering a listener
12-19 10:34:16.384 V/SystemServerTiming(  619): StartSoundTriggerMiddlewareService took to complete: 1ms
12-19 10:34:16.384 I/SoundTriggerMiddlewareLogging(  619): setCaptureState[this=com.android.server.soundtrigger_middleware.SoundTriggerMiddlewareImpl@b209a41, client=null](false)
12-19 10:34:16.384 D/SystemServerTiming(  619): StartDockObserver
12-19 10:34:16.384 I/SystemServiceManager(  619): Starting com.android.server.DockObserver
12-19 10:34:16.384 W/DockObserver(  619): This kernel does not have dock station support
12-19 10:34:16.384 V/SystemServerTiming(  619): StartDockObserver took to complete: 0ms
12-19 10:34:16.384 D/SystemServerTiming(  619): StartWiredAccessoryManager
12-19 10:34:16.385 W/WiredAccessoryManager(  619): This kernel does not have wired headset support
12-19 10:34:16.385 W/WiredAccessoryManager(  619): This kernel does not have usb audio support
12-19 10:34:16.385 W/WiredAccessoryManager(  619): This kernel does not have HDMI audio support
12-19 10:34:16.385 V/SystemServerTiming(  619): StartWiredAccessoryManager took to complete: 1ms
12-19 10:34:16.385 D/SystemServerTiming(  619): StartAdbService
12-19 10:34:16.385 I/SystemServiceManager(  619): Starting com.android.server.adb.AdbService$Lifecycle
12-19 10:34:16.385 V/SystemServerTiming(  619): StartAdbService took to complete: 0ms
12-19 10:34:16.385 D/SystemServerTiming(  619): StartUsbService
12-19 10:34:16.385 I/SystemServiceManager(  619): Starting com.android.server.usb.UsbService$Lifecycle
12-19 10:34:16.386 V/SystemServerTiming(  619): StartUsbService took to complete: 1ms
12-19 10:34:16.386 D/SystemServerTiming(  619): StartSerialService
12-19 10:34:16.386 D/SystemServerTimingAsync(  619): InitThreadPoolExec:UsbService$Lifecycle#onStart
12-19 10:34:16.386 D/SystemServerInitThreadPool(  619): Started executing UsbService$Lifecycle#onStart
12-19 10:34:16.386 V/SystemServerTiming(  619): StartSerialService took to complete: 0ms
12-19 10:34:16.386 D/SystemServerTiming(  619): StartHardwarePropertiesManagerService
12-19 10:34:16.386 E/UsbDeviceManager(  619): failed to write to /sys/class/android_usb/android0/f_rndis/ethaddr
12-19 10:34:16.386 I/hwservicemanager(  301): getTransport: Cannot find entry android.hardware.thermal@1.0::IThermal/default in either framework or device VINTF manifest.
12-19 10:34:16.386 E/HardwarePropertiesManagerService-JNI(  619): Unable to get Thermal service.
12-19 10:34:16.386 I/hwservicemanager(  301): getTransport: Cannot find entry android.hardware.usb.gadget@1.0::IUsbGadget/default in either framework or device VINTF manifest.
12-19 10:34:16.386 V/SystemServerTiming(  619): StartHardwarePropertiesManagerService took to complete: 0ms
12-19 10:34:16.386 D/SystemServerTiming(  619): StartTwilightService
12-19 10:34:16.387 I/SystemServiceManager(  619): Starting com.android.server.twilight.TwilightService
12-19 10:34:16.387 V/SystemServerTiming(  619): StartTwilightService took to complete: 0ms
12-19 10:34:16.387 D/SystemServerTiming(  619): StartColorDisplay
12-19 10:34:16.387 I/SystemServiceManager(  619): Starting com.android.server.display.color.ColorDisplayService
12-19 10:34:16.387 I/UsbDeviceManager(  619): USB GADGET HAL not present in the device
12-19 10:34:16.387 I/UsbDeviceManager(  619): java.util.NoSuchElementException
12-19 10:34:16.387 I/UsbDeviceManager(  619): 	at android.os.HwBinder.getService(Native Method)
12-19 10:34:16.387 I/UsbDeviceManager(  619): 	at android.hardware.usb.gadget.V1_0.IUsbGadget.getService(IUsbGadget.java:57)
12-19 10:34:16.387 I/UsbDeviceManager(  619): 	at android.hardware.usb.gadget.V1_0.IUsbGadget.getService(IUsbGadget.java:64)
12-19 10:34:16.387 I/UsbDeviceManager(  619): 	at com.android.server.usb.UsbDeviceManager.<init>(UsbDeviceManager.java:292)
12-19 10:34:16.387 I/UsbDeviceManager(  619): 	at com.android.server.usb.UsbService.<init>(UsbService.java:178)
12-19 10:34:16.387 I/UsbDeviceManager(  619): 	at com.android.server.usb.UsbService$Lifecycle.lambda$onStart$0$UsbService$Lifecycle(UsbService.java:92)
12-19 10:34:16.387 I/UsbDeviceManager(  619): 	at com.android.server.usb.UsbService$Lifecycle$$ExternalSyntheticLambda1.run(Unknown Source:2)
12-19 10:34:16.387 I/UsbDeviceManager(  619): 	at com.android.server.SystemServerInitThreadPool.lambda$submitTask$0$SystemServerInitThreadPool(SystemServerInitThreadPool.java:105)
12-19 10:34:16.387 I/UsbDeviceManager(  619): 	at com.android.server.SystemServerInitThreadPool$$ExternalSyntheticLambda0.run(Unknown Source:6)
12-19 10:34:16.387 I/UsbDeviceManager(  619): 	at java.util.concurrent.Executors$RunnableAdapter.call(Executors.java:462)
12-19 10:34:16.387 I/UsbDeviceManager(  619): 	at java.util.concurrent.FutureTask.run(FutureTask.java:266)
12-19 10:34:16.387 I/UsbDeviceManager(  619): 	at java.util.concurrent.ThreadPoolExecutor.runWorker(ThreadPoolExecutor.java:1167)
12-19 10:34:16.387 I/UsbDeviceManager(  619): 	at java.util.concurrent.ThreadPoolExecutor$Worker.run(ThreadPoolExecutor.java:641)
12-19 10:34:16.387 I/UsbDeviceManager(  619): 	at com.android.internal.util.ConcurrentUtils$1$1.run(ConcurrentUtils.java:65)
12-19 10:34:16.387 V/SystemServerTiming(  619): StartColorDisplay took to complete: 0ms
12-19 10:34:16.387 D/SystemServerTiming(  619): StartJobScheduler
12-19 10:34:16.387 I/SystemServiceManager(  619): Starting com.android.server.job.JobSchedulerService
12-19 10:34:16.387 W/StorageManagerService(  619): No primary storage defined yet; hacking together a stub
12-19 10:34:16.389 I/android_os_HwBinder(  619): HwBinder: Starting thread pool for getting: android.hidl.manager@1.0::IServiceManager/default
12-19 10:34:16.389 I/hwservicemanager(  301): getTransport: Cannot find entry android.hardware.usb@1.0::IUsb/default in either framework or device VINTF manifest.
12-19 10:34:16.389 D/JobStore(  619): Start tag: job-info
12-19 10:34:16.390 E/UsbPortManager(  619): connectToProxy: usb hal service not found. Did the service fail to start?
12-19 10:34:16.390 E/UsbPortManager(  619): java.util.NoSuchElementException
12-19 10:34:16.390 E/UsbPortManager(  619): 	at android.os.HwBinder.getService(Native Method)
12-19 10:34:16.390 E/UsbPortManager(  619): 	at android.os.HwBinder.getService(HwBinder.java:81)
12-19 10:34:16.390 E/UsbPortManager(  619): 	at android.hardware.usb.V1_0.IUsb.getService(IUsb.java:74)
12-19 10:34:16.390 E/UsbPortManager(  619): 	at android.hardware.usb.V1_0.IUsb.getService(IUsb.java:84)
12-19 10:34:16.390 E/UsbPortManager(  619): 	at com.android.server.usb.UsbPortManager.connectToProxy(UsbPortManager.java:836)
12-19 10:34:16.390 E/UsbPortManager(  619): 	at com.android.server.usb.UsbPortManager.<init>(UsbPortManager.java:179)
12-19 10:34:16.390 E/UsbPortManager(  619): 	at com.android.server.usb.UsbService.<init>(UsbService.java:182)
12-19 10:34:16.390 E/UsbPortManager(  619): 	at com.android.server.usb.UsbService$Lifecycle.lambda$onStart$0$UsbService$Lifecycle(UsbService.java:92)
12-19 10:34:16.390 E/UsbPortManager(  619): 	at com.android.server.usb.UsbService$Lifecycle$$ExternalSyntheticLambda1.run(Unknown Source:2)
12-19 10:34:16.390 E/UsbPortManager(  619): 	at com.android.server.SystemServerInitThreadPool.lambda$submitTask$0$SystemServerInitThreadPool(SystemServerInitThreadPool.java:105)
12-19 10:34:16.390 E/UsbPortManager(  619): 	at com.android.server.SystemServerInitThreadPool$$ExternalSyntheticLambda0.run(Unknown Source:6)
12-19 10:34:16.390 E/UsbPortManager(  619): 	at java.util.concurrent.Executors$RunnableAdapter.call(Executors.java:462)
12-19 10:34:16.390 E/UsbPortManager(  619): 	at java.util.concurrent.FutureTask.run(FutureTask.java:266)
12-19 10:34:16.390 E/UsbPortManager(  619): 	at java.util.concurrent.ThreadPoolExecutor.runWorker(ThreadPoolExecutor.java:1167)
12-19 10:34:16.390 E/UsbPortManager(  619): 	at java.util.concurrent.ThreadPoolExecutor$Worker.run(ThreadPoolExecutor.java:641)
12-19 10:34:16.390 E/UsbPortManager(  619): 	at com.android.internal.util.ConcurrentUtils$1$1.run(ConcurrentUtils.java:65)
