12-19 10:34:17.383 I/System.out(  807): 4 DC-uart  is  :-1
12-19 10:34:17.383 I/System.out(  807): 5 DC-uart  is  :-1
12-19 10:34:17.383 I/System.out(  807): 6 DC-uart  is  :-1
12-19 10:34:17.383 I/System.out(  807): 7 DC-uart  is  :-1
12-19 10:34:17.383 I/System.out(  807): 8 DC-uart  is  :-1
12-19 10:34:17.383 I/System.out(  807): 9 DC-uart  is  :-1
12-19 10:34:17.383 V/C2Store (  503): in ~ComponentModule
12-19 10:34:17.383 I/System.out(  807): 10 DC-uart  is  :-1
12-19 10:34:17.383 V/C2Store (  503): unloading dll
12-19 10:34:17.383 V/C2Store (  503): in init
12-19 10:34:17.383 V/C2Store (  503): loading dll
12-19 10:34:17.384 I/Codec2InfoBuilder(  489): adding type 'audio/g711-mlaw'
12-19 10:34:17.384 V/C2Store (  503): in ~ComponentModule
12-19 10:34:17.384 V/C2Store (  503): unloading dll
12-19 10:34:17.384 V/C2Store (  503): in init
12-19 10:34:17.384 V/C2Store (  503): loading dll
12-19 10:34:17.384 D/Codec2InfoBuilder(  489): codec entry for 'c2.android.gsm.decoder' is disabled
12-19 10:34:17.385 V/C2Store (  503): in ~ComponentModule
12-19 10:34:17.385 V/C2Store (  503): unloading dll
12-19 10:34:17.385 V/C2Store (  503): in init
12-19 10:34:17.385 V/C2Store (  503): loading dll
12-19 10:34:17.385 I/Codec2InfoBuilder(  489): adding type 'video/3gpp'
12-19 10:34:17.385 V/C2Store (  503): in ~ComponentModule
12-19 10:34:17.385 V/C2Store (  503): unloading dll
12-19 10:34:17.385 V/C2Store (  503): in init
12-19 10:34:17.385 V/C2Store (  503): loading dll
12-19 10:34:17.386 I/Codec2InfoBuilder(  489): adding type 'video/3gpp'
12-19 10:34:17.386 V/C2Store (  503): in ~ComponentModule
12-19 10:34:17.386 V/C2Store (  503): unloading dll
12-19 10:34:17.386 V/C2Store (  503): in init
12-19 10:34:17.386 V/C2Store (  503): loading dll
12-19 10:34:17.387 I/Codec2InfoBuilder(  489): adding type 'video/hevc'
12-19 10:34:17.387 V/C2Store (  503): in init
12-19 10:34:17.387 V/C2Store (  503): loading dll
12-19 10:34:17.387 V/C2Store (  503): in ~ComponentModule
12-19 10:34:17.387 V/C2Store (  503): unloading dll
12-19 10:34:17.388 I/mediaswcodec(  503): missing struct descriptor #Param::CoreIndex(--004) for field values of struct #Param::CoreIndex(F-12004)
12-19 10:34:17.388 D/C2SoftHevcEnc(  503): Given level 6000 does not cover current configuration: adjusting to 6001
12-19 10:34:17.388 I/mediaswcodec(  503): missing struct descriptor #Param::CoreIndex(--004) for field values of struct #Param::CoreIndex(F-12004)
12-19 10:34:17.388 D/C2SoftHevcEnc(  503): Given level 6000 does not cover current configuration: adjusting to 6001
12-19 10:34:17.388 D/Codec2InfoBuilder(  489): codec entry for 'c2.android.hevc.encoder' is disabled
12-19 10:34:17.388 V/C2Store (  503): in ~ComponentModule
12-19 10:34:17.388 V/C2Store (  503): in init
12-19 10:34:17.388 V/C2Store (  503): unloading dll
12-19 10:34:17.388 V/C2Store (  503): loading dll
12-19 10:34:17.389 I/Codec2InfoBuilder(  489): adding type 'audio/mpeg'
12-19 10:34:17.389 V/C2Store (  503): in ~ComponentModule
12-19 10:34:17.389 V/C2Store (  503): in init
12-19 10:34:17.389 V/C2Store (  503): unloading dll
12-19 10:34:17.389 V/C2Store (  503): loading dll
12-19 10:34:17.389 D/Codec2InfoBuilder(  489): codec entry for 'c2.android.mpeg2.decoder' is disabled
12-19 10:34:17.389 V/C2Store (  503): in ~ComponentModule
12-19 10:34:17.389 V/C2Store (  503): in init
12-19 10:34:17.389 V/C2Store (  503): unloading dll
12-19 10:34:17.389 V/C2Store (  503): loading dll
12-19 10:34:17.390 I/Codec2InfoBuilder(  489): adding type 'video/mp4v-es'
12-19 10:34:17.390 V/C2Store (  503): in ~ComponentModule
12-19 10:34:17.390 V/C2Store (  503): unloading dll
12-19 10:34:17.390 V/C2Store (  503): in init
12-19 10:34:17.390 V/C2Store (  503): loading dll
12-19 10:34:17.391 I/Codec2InfoBuilder(  489): adding type 'video/mp4v-es'
12-19 10:34:17.391 V/C2Store (  503): in init
12-19 10:34:17.391 V/C2Store (  503): in ~ComponentModule
12-19 10:34:17.391 V/C2Store (  503): loading dll
12-19 10:34:17.391 V/C2Store (  503): unloading dll
12-19 10:34:17.392 I/Codec2InfoBuilder(  489): adding type 'audio/opus'
12-19 10:34:17.392 V/C2Store (  503): in ~ComponentModule
12-19 10:34:17.392 V/C2Store (  503): unloading dll
12-19 10:34:17.392 V/C2Store (  503): in init
12-19 10:34:17.392 V/C2Store (  503): loading dll
12-19 10:34:17.392 I/Codec2InfoBuilder(  489): adding type 'audio/opus'
12-19 10:34:17.392 V/C2Store (  503): in ~ComponentModule
12-19 10:34:17.392 V/C2Store (  503): unloading dll
12-19 10:34:17.392 V/C2Store (  503): in init
12-19 10:34:17.392 V/C2Store (  503): loading dll
12-19 10:34:17.393 I/Codec2InfoBuilder(  489): adding type 'audio/raw'
12-19 10:34:17.393 V/C2Store (  503): in ~ComponentModule
12-19 10:34:17.393 V/C2Store (  503): unloading dll
12-19 10:34:17.393 V/C2Store (  503): in init
12-19 10:34:17.393 V/C2Store (  503): loading dll
12-19 10:34:17.393 I/Codec2InfoBuilder(  489): adding type 'audio/vorbis'
12-19 10:34:17.393 V/C2Store (  503): in ~ComponentModule
12-19 10:34:17.393 V/C2Store (  503): unloading dll
12-19 10:34:17.394 V/C2Store (  503): in init
12-19 10:34:17.394 V/C2Store (  503): loading dll
12-19 10:34:17.394 I/Codec2InfoBuilder(  489): adding type 'video/x-vnd.on2.vp8'
12-19 10:34:17.390 I/ln      ( 1170): type=1400 audit(0.0:129): avc: denied { add_name } for name="ttyS0" scontext=u:r:platform_app:s0:c512,c768 tcontext=u:object_r:device:s0 tclass=dir permissive=1
12-19 10:34:17.394 V/C2Store (  503): in init
12-19 10:34:17.394 V/C2Store (  503): loading dll
12-19 10:34:17.390 I/ln      ( 1170): type=1400 audit(0.0:130): avc: denied { create } for name="ttyS0" scontext=u:r:platform_app:s0:c512,c768 tcontext=u:object_r:device:s0:c512,c768 tclass=lnk_file permissive=1
12-19 10:34:17.394 V/C2Store (  503): in ~ComponentModule
12-19 10:34:17.394 V/C2Store (  503): unloading dll
12-19 10:34:17.394 I/C2SoftVp8Enc(  503): setting temporal layering 0 + 0
12-19 10:34:17.395 I/C2SoftVp8Enc(  503): setting temporal layering 0 + 0
12-19 10:34:17.395 I/Codec2InfoBuilder(  489): adding type 'video/x-vnd.on2.vp8'
12-19 10:34:17.395 V/C2Store (  503): in ~ComponentModule
12-19 10:34:17.395 V/C2Store (  503): unloading dll
12-19 10:34:17.395 V/C2Store (  503): in init
12-19 10:34:17.395 V/C2Store (  503): loading dll
12-19 10:34:17.396 I/Codec2InfoBuilder(  489): adding type 'video/x-vnd.on2.vp9'
12-19 10:34:17.396 V/C2Store (  503): in ~ComponentModule
12-19 10:34:17.396 V/C2Store (  503): unloading dll
12-19 10:34:17.396 V/C2Store (  503): in init
12-19 10:34:17.396 V/C2Store (  503): loading dll
12-19 10:34:17.397 I/C2SoftVp9Enc(  503): setting temporal layering 0 + 0
12-19 10:34:17.397 I/C2SoftVp9Enc(  503): setting temporal layering 0 + 0
12-19 10:34:17.397 D/Codec2InfoBuilder(  489): codec entry for 'c2.android.vp9.encoder' is disabled
12-19 10:34:17.397 V/C2Store (  503): in ~ComponentModule
12-19 10:34:17.397 V/C2Store (  503): unloading dll
12-19 10:34:17.398 D/MediaCodecList(  807): codecHandlesFormat: no format, so no extra checks
12-19 10:34:17.398 D/MediaCodecList(  619): codecHandlesFormat: no format, so no extra checks
12-19 10:34:17.398 D/MediaCodecList(  807): codecHandlesFormat: no format, so no extra checks
12-19 10:34:17.398 D/MediaCodecList(  619): codecHandlesFormat: no format, so no extra checks
12-19 10:34:17.398 D/MediaCodecList(  807): codecHandlesFormat: no format, so no extra checks
12-19 10:34:17.398 D/MediaCodecList(  807): codecHandlesFormat: no format, so no extra checks
12-19 10:34:17.398 D/MediaCodecList(  619): codecHandlesFormat: no format, so no extra checks
12-19 10:34:17.398 D/MediaCodecList(  619): codecHandlesFormat: no format, so no extra checks
12-19 10:34:17.400 D/CCodec  (  619): allocate(c2.android.vorbis.decoder)
12-19 10:34:17.400 D/CCodec  (  619): allocate(c2.android.vorbis.decoder)
12-19 10:34:17.400 D/CCodec  (  807): allocate(c2.android.vorbis.decoder)
12-19 10:34:17.400 D/CCodec  (  807): allocate(c2.android.vorbis.decoder)
12-19 10:34:17.401 I/Codec2Client(  619): Available Codec2 services: "default" "software"
12-19 10:34:17.401 I/Codec2Client(  807): Available Codec2 services: "default" "software"
12-19 10:34:17.402 I/CCodec  (  619): setting up 'default' as default (vendor) store
12-19 10:34:17.402 I/CCodec  (  619): setting up 'default' as default (vendor) store
12-19 10:34:17.402 I/CCodec  (  807): setting up 'default' as default (vendor) store
12-19 10:34:17.403 I/CCodec  (  807): setting up 'default' as default (vendor) store
12-19 10:34:17.403 V/C2Store (  503): in init
12-19 10:34:17.403 V/C2Store (  503): loading dll
12-19 10:34:17.405 I/CCodec  (  619): Created component [c2.android.vorbis.decoder]
12-19 10:34:17.405 D/CCodecConfig(  619): read media type: audio/vorbis
12-19 10:34:17.406 I/CCodec  (  619): Created component [c2.android.vorbis.decoder]
12-19 10:34:17.406 D/CCodecConfig(  619): read media type: audio/vorbis
12-19 10:34:17.406 D/ReflectedParamUpdater(  619): extent() != 1 for single value type: algo.buffers.max-count.values
12-19 10:34:17.406 D/ReflectedParamUpdater(  619): extent() != 1 for single value type: output.subscribed-indices.values
12-19 10:34:17.406 D/ReflectedParamUpdater(  619): extent() != 1 for single value type: input.buffers.allocator-ids.values
12-19 10:34:17.407 D/ReflectedParamUpdater(  619): extent() != 1 for single value type: output.buffers.allocator-ids.values
12-19 10:34:17.407 D/ReflectedParamUpdater(  619): extent() != 1 for single value type: algo.buffers.allocator-ids.values
12-19 10:34:17.407 D/ReflectedParamUpdater(  619): extent() != 1 for single value type: output.buffers.pool-ids.values
12-19 10:34:17.407 D/ReflectedParamUpdater(  619): extent() != 1 for single value type: algo.buffers.pool-ids.values
12-19 10:34:17.407 I/CCodecConfig(  619): query failed after returning 7 values (BAD_INDEX)
12-19 10:34:17.407 D/CCodecConfig(  619): c2 config diff is Dict {
12-19 10:34:17.407 D/CCodecConfig(  619):   c2::u32 coded.bitrate.value = 64000
12-19 10:34:17.407 D/CCodecConfig(  619):   c2::u32 input.buffers.max-size.value = 32768
12-19 10:34:17.407 D/CCodecConfig(  619):   c2::u32 input.delay.value = 0
12-19 10:34:17.407 D/CCodecConfig(  619):   string input.media-type.value = "audio/vorbis"
12-19 10:34:17.407 D/CCodecConfig(  619):   string output.media-type.value = "audio/raw"
12-19 10:34:17.407 D/CCodecConfig(  619):   c2::u32 raw.channel-count.value = 1
12-19 10:34:17.407 D/CCodecConfig(  619):   c2::u32 raw.sample-rate.value = 48000
12-19 10:34:17.407 D/CCodecConfig(  619): }
12-19 10:34:17.407 I/CCodec  (  807): Created component [c2.android.vorbis.decoder]
12-19 10:34:17.408 D/CCodecConfig(  807): read media type: audio/vorbis
12-19 10:34:17.408 D/CCodec  (  619): [c2.android.vorbis.decoder] buffers are bound to CCodec for this session
12-19 10:34:17.408 D/CCodecConfig(  619): no c2 equivalents for durationUs
12-19 10:34:17.408 D/CCodecConfig(  619): no c2 equivalents for track-id
12-19 10:34:17.408 D/CCodecConfig(  619): no c2 equivalents for csd-1
12-19 10:34:17.408 D/CCodecConfig(  619): no c2 equivalents for channel-mask
12-19 10:34:17.408 D/CCodecConfig(  619): no c2 equivalents for flags
12-19 10:34:17.408 D/CCodecConfig(  619): c2 config diff is   c2::u32 coded.bitrate.value = 140000
12-19 10:34:17.408 W/Codec2Client(  619): query -- param skipped: index = 1107298332.
12-19 10:34:17.408 D/CCodec  (  619): setup formats input: AMessage(what = 0x00000000) = {
12-19 10:34:17.408 D/CCodec  (  619):   int32_t bitrate = 140000
12-19 10:34:17.408 D/CCodec  (  619):   int32_t channel-count = 1
12-19 10:34:17.408 D/CCodec  (  619):   int32_t max-input-size = 32768
12-19 10:34:17.408 D/CCodec  (  619):   string mime = "audio/vorbis"
12-19 10:34:17.408 D/CCodec  (  619):   int32_t sample-rate = 48000
12-19 10:34:17.408 D/CCodec  (  619): }
12-19 10:34:17.408 D/ReflectedParamUpdater(  619): extent() != 1 for single value type: algo.buffers.max-count.values
12-19 10:34:17.408 D/CCodec  (  619): setup formats output: AMessage(what = 0x00000000) = {
12-19 10:34:17.408 D/CCodec  (  619):   int32_t channel-count = 1
12-19 10:34:17.408 D/CCodec  (  619):   string mime = "audio/raw"
12-19 10:34:17.408 D/CCodec  (  619):   int32_t sample-rate = 48000
12-19 10:34:17.408 D/CCodec  (  619):   int32_t channel-mask = 1
12-19 10:34:17.408 D/CCodec  (  619): }
12-19 10:34:17.408 I/CCodecConfig(  619): query failed after returning 7 values (BAD_INDEX)
12-19 10:34:17.408 I/CCodec  (  807): Created component [c2.android.vorbis.decoder]
12-19 10:34:17.408 D/ReflectedParamUpdater(  619): extent() != 1 for single value type: output.subscribed-indices.values
12-19 10:34:17.408 D/ReflectedParamUpdater(  619): extent() != 1 for single value type: input.buffers.allocator-ids.values
12-19 10:34:17.408 D/CCodecConfig(  807): read media type: audio/vorbis
12-19 10:34:17.408 D/ReflectedParamUpdater(  619): extent() != 1 for single value type: output.buffers.allocator-ids.values
12-19 10:34:17.408 D/ReflectedParamUpdater(  619): extent() != 1 for single value type: algo.buffers.allocator-ids.values
12-19 10:34:17.409 D/ReflectedParamUpdater(  619): extent() != 1 for single value type: output.buffers.pool-ids.values
12-19 10:34:17.409 D/ReflectedParamUpdater(  619): extent() != 1 for single value type: algo.buffers.pool-ids.values
12-19 10:34:17.409 W/Codec2Client(  619): query -- param skipped: index = 1342179345.
12-19 10:34:17.409 I/CCodecConfig(  619): query failed after returning 7 values (BAD_INDEX)
12-19 10:34:17.409 W/Codec2Client(  619): query -- param skipped: index = 2415921170.
12-19 10:34:17.409 D/CCodecConfig(  619): c2 config diff is Dict {
12-19 10:34:17.409 D/CCodecConfig(  619):   c2::u32 coded.bitrate.value = 64000
12-19 10:34:17.409 D/CCodecConfig(  619):   c2::u32 input.buffers.max-size.value = 32768
12-19 10:34:17.409 D/CCodecConfig(  619):   c2::u32 input.delay.value = 0
12-19 10:34:17.409 D/CCodecConfig(  619):   string input.media-type.value = "audio/vorbis"
12-19 10:34:17.409 D/CCodecConfig(  619):   string output.media-type.value = "audio/raw"
12-19 10:34:17.409 D/CCodecConfig(  619):   c2::u32 raw.channel-count.value = 1
12-19 10:34:17.409 D/CCodecConfig(  619):   c2::u32 raw.sample-rate.value = 48000
12-19 10:34:17.409 D/CCodecConfig(  619): }
12-19 10:34:17.409 D/CCodec  (  619): [c2.android.vorbis.decoder] buffers are bound to CCodec for this session
12-19 10:34:17.409 D/CCodecConfig(  619): no c2 equivalents for durationUs
12-19 10:34:17.409 D/CCodecConfig(  619): no c2 equivalents for track-id
12-19 10:34:17.409 D/CCodecConfig(  619): no c2 equivalents for csd-1
12-19 10:34:17.409 D/CCodecConfig(  619): no c2 equivalents for channel-mask
12-19 10:34:17.409 D/CCodecConfig(  619): no c2 equivalents for flags
12-19 10:34:17.409 D/C2Store (  619): Using DMABUF Heaps
12-19 10:34:17.410 D/CCodecBufferChannel(  619): [c2.android.vorbis.decoder#247] Created input block pool with allocatorID 16 => poolID 17 - OK (0)
12-19 10:34:17.410 D/CCodecConfig(  619): c2 config diff is   c2::u32 coded.bitrate.value = 96000
12-19 10:34:17.410 D/CCodecConfig(  619):   c2::u32 raw.channel-count.value = 2
12-19 10:34:17.410 D/ReflectedParamUpdater(  807): extent() != 1 for single value type: algo.buffers.max-count.values
12-19 10:34:17.410 D/ReflectedParamUpdater(  807): extent() != 1 for single value type: output.subscribed-indices.values
12-19 10:34:17.410 D/C2Store (  503): Using DMABUF Heaps
12-19 10:34:17.410 D/ReflectedParamUpdater(  807): extent() != 1 for single value type: input.buffers.allocator-ids.values
12-19 10:34:17.410 D/ReflectedParamUpdater(  807): extent() != 1 for single value type: output.buffers.allocator-ids.values
12-19 10:34:17.410 D/ReflectedParamUpdater(  807): extent() != 1 for single value type: algo.buffers.allocator-ids.values
12-19 10:34:17.410 D/ReflectedParamUpdater(  807): extent() != 1 for single value type: output.buffers.pool-ids.values
12-19 10:34:17.410 I/Choreographer(  807): Skipped 34 frames!  The application may be doing too much work on its main thread.
12-19 10:34:17.410 I/CCodecBufferChannel(  619): [c2.android.vorbis.decoder#247] Created output block pool with allocatorID 16 => poolID 17 - OK
12-19 10:34:17.411 D/ReflectedParamUpdater(  807): extent() != 1 for single value type: algo.buffers.pool-ids.values
12-19 10:34:17.411 D/CCodecBufferChannel(  619): [c2.android.vorbis.decoder#247] Configured output block pool ids 17 => OK
12-19 10:34:17.411 D/ReflectedParamUpdater(  807): extent() != 1 for single value type: algo.buffers.max-count.values
12-19 10:34:17.411 I/WallpaperController(  807): Won't set zoom. Window not attached com.android.systemui.statusbar.phone.NotificationShadeWindowView{dac8857 I.E...... ......I. 0,0-0,0}
12-19 10:34:17.411 I/DMABUFHEAPS(  619): Using DMA-BUF heap named: system
12-19 10:34:17.411 W/Codec2Client(  619): query -- param skipped: index = 1107298332.
12-19 10:34:17.411 D/CCodec  (  619): setup formats input: AMessage(what = 0x00000000) = {
12-19 10:34:17.411 D/CCodec  (  619):   int32_t bitrate = 96000
12-19 10:34:17.411 D/CCodec  (  619):   int32_t channel-count = 2
12-19 10:34:17.411 D/CCodec  (  619):   int32_t max-input-size = 32768
12-19 10:34:17.411 D/CCodec  (  619):   string mime = "audio/vorbis"
12-19 10:34:17.411 D/CCodec  (  619):   int32_t sample-rate = 48000
12-19 10:34:17.411 D/CCodec  (  619): }
12-19 10:34:17.411 D/CCodec  (  619): setup formats output: AMessage(what = 0x00000000) = {
12-19 10:34:17.411 D/CCodec  (  619):   int32_t channel-count = 2
12-19 10:34:17.411 D/CCodec  (  619):   string mime = "audio/raw"
12-19 10:34:17.411 D/CCodec  (  619):   int32_t sample-rate = 48000
12-19 10:34:17.411 D/CCodec  (  619):   int32_t channel-mask = 3
12-19 10:34:17.411 D/CCodec  (  619): }
12-19 10:34:17.411 D/ReflectedParamUpdater(  807): extent() != 1 for single value type: output.subscribed-indices.values
12-19 10:34:17.411 I/CCodecConfig(  619): query failed after returning 7 values (BAD_INDEX)
12-19 10:34:17.412 D/ReflectedParamUpdater(  807): extent() != 1 for single value type: input.buffers.allocator-ids.values
12-19 10:34:17.412 I/CCodecConfig(  807): query failed after returning 7 values (BAD_INDEX)
12-19 10:34:17.412 D/ReflectedParamUpdater(  807): extent() != 1 for single value type: output.buffers.allocator-ids.values
12-19 10:34:17.406 I/testsu  ( 1188): type=1400 audit(0.0:131): avc: denied { search } for name="/" dev="mmcblk1p15" ino=2 scontext=u:r:platform_app:s0:c512,c768 tcontext=u:object_r:unlabeled:s0 tclass=dir permissive=1
12-19 10:34:17.412 D/CCodecConfig(  807): c2 config diff is Dict {
12-19 10:34:17.412 D/CCodecConfig(  807):   c2::u32 coded.bitrate.value = 64000
12-19 10:34:17.412 D/CCodecConfig(  807):   c2::u32 input.buffers.max-size.value = 32768
12-19 10:34:17.412 D/CCodecConfig(  807):   c2::u32 input.delay.value = 0
12-19 10:34:17.412 D/CCodecConfig(  807):   string input.media-type.value = "audio/vorbis"
12-19 10:34:17.412 D/CCodecConfig(  807):   string output.media-type.value = "audio/raw"
12-19 10:34:17.412 D/CCodecConfig(  807):   c2::u32 raw.channel-count.value = 1
12-19 10:34:17.412 D/CCodecConfig(  807):   c2::u32 raw.sample-rate.value = 48000
12-19 10:34:17.412 D/CCodecConfig(  807): }
12-19 10:34:17.412 D/ReflectedParamUpdater(  807): extent() != 1 for single value type: algo.buffers.allocator-ids.values
12-19 10:34:17.412 D/SimpleC2Component(  503): Using output block pool with poolID 17 => got 17 - 0
12-19 10:34:17.412 D/CCodec  (  807): [c2.android.vorbis.decoder] buffers are bound to CCodec for this session
12-19 10:34:17.412 D/CCodecConfig(  807): no c2 equivalents for durationUs
12-19 10:34:17.412 D/CCodecConfig(  807): no c2 equivalents for track-id
12-19 10:34:17.412 D/CCodecConfig(  807): no c2 equivalents for csd-1
12-19 10:34:17.412 D/CCodecConfig(  807): no c2 equivalents for channel-mask
12-19 10:34:17.412 D/CCodecConfig(  807): no c2 equivalents for flags
12-19 10:34:17.412 D/CCodecConfig(  807): c2 config diff is   c2::u32 coded.bitrate.value = 160000
12-19 10:34:17.412 D/CCodecConfig(  807):   c2::u32 raw.channel-count.value = 2
12-19 10:34:17.412 D/CCodecConfig(  807):   c2::u32 raw.sample-rate.value = 44100
12-19 10:34:17.412 W/Codec2Client(  807): query -- param skipped: index = 1107298332.
12-19 10:34:17.412 D/CCodec  (  807): setup formats input: AMessage(what = 0x00000000) = {
12-19 10:34:17.412 D/CCodec  (  807):   int32_t bitrate = 160000
12-19 10:34:17.412 D/CCodec  (  807):   int32_t channel-count = 2
12-19 10:34:17.412 D/CCodec  (  807):   int32_t max-input-size = 32768
12-19 10:34:17.412 D/CCodec  (  807):   string mime = "audio/vorbis"
12-19 10:34:17.412 D/CCodec  (  807):   int32_t sample-rate = 44100
12-19 10:34:17.412 D/CCodec  (  807): }
12-19 10:34:17.412 D/CCodec  (  807): setup formats output: AMessage(what = 0x00000000) = {
12-19 10:34:17.412 D/CCodec  (  807):   int32_t channel-count = 2
12-19 10:34:17.412 D/CCodec  (  807):   string mime = "audio/raw"
12-19 10:34:17.412 D/CCodec  (  807):   int32_t sample-rate = 44100
12-19 10:34:17.412 D/CCodec  (  807):   int32_t channel-mask = 3
12-19 10:34:17.412 D/CCodec  (  807): }
12-19 10:34:17.412 I/CCodecConfig(  807): query failed after returning 7 values (BAD_INDEX)
12-19 10:34:17.412 W/Codec2Client(  807): query -- param skipped: index = 1342179345.
12-19 10:34:17.412 W/Codec2Client(  807): query -- param skipped: index = 2415921170.
12-19 10:34:17.413 W/Codec2Client(  619): query -- param skipped: index = 1342179345.
12-19 10:34:17.413 W/Codec2Client(  619): query -- param skipped: index = 2415921170.
12-19 10:34:17.413 D/ReflectedParamUpdater(  807): extent() != 1 for single value type: output.buffers.pool-ids.values
12-19 10:34:17.413 D/ReflectedParamUpdater(  807): extent() != 1 for single value type: algo.buffers.pool-ids.values
12-19 10:34:17.413 D/CCodecBufferChannel(  619): [c2.android.vorbis.decoder#724] Created input block pool with allocatorID 16 => poolID 18 - OK (0)
12-19 10:34:17.414 I/CCodecConfig(  807): query failed after returning 7 values (BAD_INDEX)
12-19 10:34:17.414 D/CCodecConfig(  807): c2 config diff is Dict {
12-19 10:34:17.414 D/CCodecConfig(  807):   c2::u32 coded.bitrate.value = 64000
12-19 10:34:17.414 D/CCodecConfig(  807):   c2::u32 input.buffers.max-size.value = 32768
12-19 10:34:17.414 D/CCodecConfig(  807):   c2::u32 input.delay.value = 0
12-19 10:34:17.414 D/CCodecConfig(  807):   string input.media-type.value = "audio/vorbis"
12-19 10:34:17.414 D/CCodecConfig(  807):   string output.media-type.value = "audio/raw"
12-19 10:34:17.414 D/CCodecConfig(  807):   c2::u32 raw.channel-count.value = 1
12-19 10:34:17.414 D/CCodecConfig(  807):   c2::u32 raw.sample-rate.value = 48000
12-19 10:34:17.414 D/CCodecConfig(  807): }
12-19 10:34:17.414 D/CCodec  (  807): [c2.android.vorbis.decoder] buffers are bound to CCodec for this session
12-19 10:34:17.414 D/CCodecConfig(  807): no c2 equivalents for durationUs
12-19 10:34:17.414 D/CCodecConfig(  807): no c2 equivalents for track-id
12-19 10:34:17.414 D/CCodecConfig(  807): no c2 equivalents for csd-1
12-19 10:34:17.414 D/CCodecConfig(  807): no c2 equivalents for channel-mask
12-19 10:34:17.414 D/CCodecConfig(  807): no c2 equivalents for flags
12-19 10:34:17.414 D/CCodecConfig(  807): c2 config diff is   c2::u32 coded.bitrate.value = 160000
12-19 10:34:17.414 D/CCodecConfig(  807):   c2::u32 raw.channel-count.value = 2
12-19 10:34:17.414 D/CCodecConfig(  807):   c2::u32 raw.sample-rate.value = 44100
12-19 10:34:17.415 W/Codec2Client(  807): query -- param skipped: index = 1107298332.
12-19 10:34:17.415 I/DMABUFHEAPS(  503): Using DMA-BUF heap named: system
12-19 10:34:17.415 D/CCodec  (  807): setup formats input: AMessage(what = 0x00000000) = {
12-19 10:34:17.415 D/CCodec  (  807):   int32_t bitrate = 160000
12-19 10:34:17.415 D/CCodec  (  807):   int32_t channel-count = 2
12-19 10:34:17.415 D/CCodec  (  807):   int32_t max-input-size = 32768
12-19 10:34:17.415 D/CCodec  (  807):   string mime = "audio/vorbis"
12-19 10:34:17.415 D/CCodec  (  807):   int32_t sample-rate = 44100
12-19 10:34:17.415 D/CCodec  (  807): }
12-19 10:34:17.415 D/CCodec  (  807): setup formats output: AMessage(what = 0x00000000) = {
12-19 10:34:17.415 D/CCodec  (  807):   int32_t channel-count = 2
12-19 10:34:17.415 D/CCodec  (  807):   string mime = "audio/raw"
12-19 10:34:17.415 D/CCodec  (  807):   int32_t sample-rate = 44100
12-19 10:34:17.415 D/CCodec  (  807):   int32_t channel-mask = 3
12-19 10:34:17.415 D/CCodec  (  807): }
12-19 10:34:17.415 I/CCodecConfig(  807): query failed after returning 7 values (BAD_INDEX)
12-19 10:34:17.415 D/C2Store (  807): Using DMABUF Heaps
12-19 10:34:17.415 D/CCodecBufferChannel(  807): [c2.android.vorbis.decoder#31] Created input block pool with allocatorID 16 => poolID 17 - OK (0)
12-19 10:34:17.415 W/Codec2Client(  807): query -- param skipped: index = 1342179345.
12-19 10:34:17.415 W/Codec2Client(  807): query -- param skipped: index = 2415921170.
12-19 10:34:17.416 I/CCodecBufferChannel(  619): [c2.android.vorbis.decoder#724] Created output block pool with allocatorID 16 => poolID 18 - OK
12-19 10:34:17.416 D/CCodecBufferChannel(  619): [c2.android.vorbis.decoder#724] Configured output block pool ids 18 => OK
12-19 10:34:17.416 D/CCodecBufferChannel(  807): [c2.android.vorbis.decoder#297] Created input block pool with allocatorID 16 => poolID 18 - OK (0)
12-19 10:34:17.416 D/SimpleC2Component(  503): Using output block pool with poolID 18 => got 18 - 0
12-19 10:34:17.416 I/CCodecBufferChannel(  807): [c2.android.vorbis.decoder#31] Created output block pool with allocatorID 16 => poolID 19 - OK
12-19 10:34:17.416 D/CCodecBufferChannel(  807): [c2.android.vorbis.decoder#31] Configured output block pool ids 19 => OK
12-19 10:34:17.416 I/CCodecBufferChannel(  807): [c2.android.vorbis.decoder#297] Created output block pool with allocatorID 16 => poolID 20 - OK
12-19 10:34:17.417 I/DMABUFHEAPS(  807): Using DMA-BUF heap named: system
12-19 10:34:17.417 D/CCodecBufferChannel(  807): [c2.android.vorbis.decoder#297] Configured output block pool ids 20 => OK
12-19 10:34:17.417 D/SimpleC2Component(  503): Using output block pool with poolID 20 => got 20 - 0
12-19 10:34:17.420 D/SimpleC2Component(  503): Using output block pool with poolID 19 => got 19 - 0
12-19 10:34:17.423 D/CCodecBufferChannel(  619): [c2.android.vorbis.decoder#247] MediaCodec discarded an unknown buffer
12-19 10:34:17.423 D/CCodecBufferChannel(  619): [c2.android.vorbis.decoder#247] MediaCodec discarded an unknown buffer
12-19 10:34:17.423 D/CCodecBufferChannel(  619): [c2.android.vorbis.decoder#247] MediaCodec discarded an unknown buffer
12-19 10:34:17.423 I/hw-BpHwBinder(  619): onLastStrongRef automatically unlinking death recipients
12-19 10:34:17.424 I/hw-BpHwBinder(  503): onLastStrongRef automatically unlinking death recipients
12-19 10:34:17.424 I/hw-BpHwBinder(  619): onLastStrongRef automatically unlinking death recipients
12-19 10:34:17.423 I/ln      ( 1191): type=1400 audit(0.0:132): avc: denied { create } for name="ttyS7" scontext=u:r:platform_app:s0:c512,c768 tcontext=u:object_r:device:s0:c512,c768 tclass=lnk_file permissive=1
12-19 10:34:17.430 D/CCodecBufferChannel(  807): [c2.android.vorbis.decoder#31] MediaCodec discarded an unknown buffer
12-19 10:34:17.430 D/MediaCodecList(  619): codecHandlesFormat: no format, so no extra checks
12-19 10:34:17.430 D/MediaCodecList(  619): codecHandlesFormat: no format, so no extra checks
12-19 10:34:17.430 D/MediaCodecList(  619): codecHandlesFormat: no format, so no extra checks
12-19 10:34:17.430 D/MediaCodecList(  619): codecHandlesFormat: no format, so no extra checks
12-19 10:34:17.431 D/CCodec  (  619): allocate(c2.android.vorbis.decoder)
12-19 10:34:17.431 I/hw-BpHwBinder(  807): onLastStrongRef automatically unlinking death recipients
12-19 10:34:17.431 D/CCodec  (  619): allocate(c2.android.vorbis.decoder)
12-19 10:34:17.431 I/CCodec  (  619): setting up 'default' as default (vendor) store
12-19 10:34:17.431 I/CCodec  (  619): setting up 'default' as default (vendor) store
12-19 10:34:17.432 I/CCodec  (  619): Created component [c2.android.vorbis.decoder]
12-19 10:34:17.432 D/CCodecConfig(  619): read media type: audio/vorbis
12-19 10:34:17.433 D/NavigationModeController(  807): getCurrentUserContext: contextUser=0 currentUser=0
12-19 10:34:17.433 D/ReflectedParamUpdater(  619): extent() != 1 for single value type: algo.buffers.max-count.values
12-19 10:34:17.433 I/CCodec  (  619): Created component [c2.android.vorbis.decoder]
12-19 10:34:17.433 D/ReflectedParamUpdater(  619): extent() != 1 for single value type: output.subscribed-indices.values
12-19 10:34:17.433 D/ReflectedParamUpdater(  619): extent() != 1 for single value type: input.buffers.allocator-ids.values
12-19 10:34:17.433 D/ReflectedParamUpdater(  619): extent() != 1 for single value type: output.buffers.allocator-ids.values
12-19 10:34:17.433 D/ReflectedParamUpdater(  619): extent() != 1 for single value type: algo.buffers.allocator-ids.values
12-19 10:34:17.433 D/ReflectedParamUpdater(  619): extent() != 1 for single value type: output.buffers.pool-ids.values
12-19 10:34:17.433 D/CCodecConfig(  619): read media type: audio/vorbis
12-19 10:34:17.433 D/ReflectedParamUpdater(  619): extent() != 1 for single value type: algo.buffers.pool-ids.values
12-19 10:34:17.434 I/CCodecConfig(  619): query failed after returning 7 values (BAD_INDEX)
12-19 10:34:17.434 D/CCodecConfig(  619): c2 config diff is Dict {
12-19 10:34:17.434 D/CCodecConfig(  619):   c2::u32 coded.bitrate.value = 64000
12-19 10:34:17.434 D/CCodecConfig(  619):   c2::u32 input.buffers.max-size.value = 32768
12-19 10:34:17.434 D/CCodecConfig(  619):   c2::u32 input.delay.value = 0
12-19 10:34:17.434 D/CCodecConfig(  619):   string input.media-type.value = "audio/vorbis"
12-19 10:34:17.434 D/CCodecConfig(  619):   string output.media-type.value = "audio/raw"
12-19 10:34:17.434 D/CCodecConfig(  619):   c2::u32 raw.channel-count.value = 1
12-19 10:34:17.434 D/CCodecConfig(  619):   c2::u32 raw.sample-rate.value = 48000
12-19 10:34:17.434 D/CCodecConfig(  619): }
12-19 10:34:17.434 D/CCodec  (  619): [c2.android.vorbis.decoder] buffers are bound to CCodec for this session
12-19 10:34:17.434 D/CCodecConfig(  619): no c2 equivalents for durationUs
12-19 10:34:17.434 D/CCodecConfig(  619): no c2 equivalents for track-id
12-19 10:34:17.434 D/CCodecConfig(  619): no c2 equivalents for csd-1
12-19 10:34:17.434 D/CCodecConfig(  619): no c2 equivalents for channel-mask
12-19 10:34:17.434 D/CCodecConfig(  619): no c2 equivalents for flags
12-19 10:34:17.434 D/ReflectedParamUpdater(  619): extent() != 1 for single value type: algo.buffers.max-count.values
12-19 10:34:17.434 D/CCodecConfig(  619): c2 config diff is   c2::u32 coded.bitrate.value = 140000
12-19 10:34:17.434 D/ReflectedParamUpdater(  619): extent() != 1 for single value type: output.subscribed-indices.values
12-19 10:34:17.434 D/ReflectedParamUpdater(  619): extent() != 1 for single value type: input.buffers.allocator-ids.values
12-19 10:34:17.434 W/Codec2Client(  619): query -- param skipped: index = 1107298332.
12-19 10:34:17.435 D/CCodec  (  619): setup formats input: AMessage(what = 0x00000000) = {
12-19 10:34:17.435 D/CCodec  (  619):   int32_t bitrate = 140000
12-19 10:34:17.435 D/CCodec  (  619):   int32_t channel-count = 1
12-19 10:34:17.435 D/CCodec  (  619):   int32_t max-input-size = 32768
12-19 10:34:17.435 D/CCodec  (  619):   string mime = "audio/vorbis"
12-19 10:34:17.435 D/CCodec  (  619):   int32_t sample-rate = 48000
12-19 10:34:17.435 D/CCodec  (  619): }
12-19 10:34:17.435 D/CCodec  (  619): setup formats output: AMessage(what = 0x00000000) = {
12-19 10:34:17.435 D/CCodec  (  619):   int32_t channel-count = 1
12-19 10:34:17.435 D/CCodec  (  619):   string mime = "audio/raw"
12-19 10:34:17.435 D/CCodec  (  619):   int32_t sample-rate = 48000
12-19 10:34:17.435 D/CCodec  (  619):   int32_t channel-mask = 1
12-19 10:34:17.435 D/CCodec  (  619): }
12-19 10:34:17.435 D/ReflectedParamUpdater(  619): extent() != 1 for single value type: output.buffers.allocator-ids.values
12-19 10:34:17.435 D/ReflectedParamUpdater(  619): extent() != 1 for single value type: algo.buffers.allocator-ids.values
12-19 10:34:17.435 I/CCodecConfig(  619): query failed after returning 7 values (BAD_INDEX)
12-19 10:34:17.435 D/ReflectedParamUpdater(  619): extent() != 1 for single value type: output.buffers.pool-ids.values
12-19 10:34:17.435 D/ReflectedParamUpdater(  619): extent() != 1 for single value type: algo.buffers.pool-ids.values
12-19 10:34:17.435 W/Codec2Client(  619): query -- param skipped: index = 1342179345.
12-19 10:34:17.435 W/Codec2Client(  619): query -- param skipped: index = 2415921170.
12-19 10:34:17.435 I/CCodecConfig(  619): query failed after returning 7 values (BAD_INDEX)
12-19 10:34:17.435 D/CCodecConfig(  619): c2 config diff is Dict {
12-19 10:34:17.435 D/CCodecConfig(  619):   c2::u32 coded.bitrate.value = 64000
12-19 10:34:17.435 D/CCodecConfig(  619):   c2::u32 input.buffers.max-size.value = 32768
12-19 10:34:17.435 D/CCodecConfig(  619):   c2::u32 input.delay.value = 0
12-19 10:34:17.435 D/CCodecConfig(  619):   string input.media-type.value = "audio/vorbis"
12-19 10:34:17.435 D/CCodecConfig(  619):   string output.media-type.value = "audio/raw"
12-19 10:34:17.435 D/CCodecConfig(  619):   c2::u32 raw.channel-count.value = 1
12-19 10:34:17.435 D/CCodecConfig(  619):   c2::u32 raw.sample-rate.value = 48000
12-19 10:34:17.435 D/CCodecConfig(  619): }
12-19 10:34:17.435 D/CCodecBufferChannel(  619): [c2.android.vorbis.decoder#579] Created input block pool with allocatorID 16 => poolID 19 - OK (0)
12-19 10:34:17.435 D/CCodec  (  619): [c2.android.vorbis.decoder] buffers are bound to CCodec for this session
12-19 10:34:17.435 D/CCodecConfig(  619): no c2 equivalents for durationUs
12-19 10:34:17.435 D/CCodecConfig(  619): no c2 equivalents for track-id
12-19 10:34:17.435 D/CCodecConfig(  619): no c2 equivalents for csd-1
12-19 10:34:17.435 D/CCodecConfig(  619): no c2 equivalents for channel-mask
12-19 10:34:17.435 D/CCodecConfig(  619): no c2 equivalents for flags
12-19 10:34:17.436 D/CCodecConfig(  619): c2 config diff is   c2::u32 coded.bitrate.value = 140000
12-19 10:34:17.436 I/CCodecBufferChannel(  619): [c2.android.vorbis.decoder#579] Created output block pool with allocatorID 16 => poolID 21 - OK
12-19 10:34:17.436 D/CCodecBufferChannel(  619): [c2.android.vorbis.decoder#579] Configured output block pool ids 21 => OK
12-19 10:34:17.436 W/Codec2Client(  619): query -- param skipped: index = 1107298332.
12-19 10:34:17.436 D/CCodec  (  619): setup formats input: AMessage(what = 0x00000000) = {
12-19 10:34:17.436 D/CCodec  (  619):   int32_t bitrate = 140000
12-19 10:34:17.436 D/CCodec  (  619):   int32_t channel-count = 1
12-19 10:34:17.436 D/CCodec  (  619):   int32_t max-input-size = 32768
12-19 10:34:17.436 D/CCodec  (  619):   string mime = "audio/vorbis"
12-19 10:34:17.436 D/CCodec  (  619):   int32_t sample-rate = 48000
12-19 10:34:17.436 D/CCodec  (  619): }
12-19 10:34:17.436 D/CCodec  (  619): setup formats output: AMessage(what = 0x00000000) = {
12-19 10:34:17.436 D/CCodec  (  619):   int32_t channel-count = 1
12-19 10:34:17.436 D/CCodec  (  619):   string mime = "audio/raw"
12-19 10:34:17.436 D/CCodec  (  619):   int32_t sample-rate = 48000
12-19 10:34:17.436 D/CCodec  (  619):   int32_t channel-mask = 1
12-19 10:34:17.436 D/CCodec  (  619): }
12-19 10:34:17.436 I/CCodecConfig(  619): query failed after returning 7 values (BAD_INDEX)
12-19 10:34:17.436 W/Codec2Client(  619): query -- param skipped: index = 1342179345.
12-19 10:34:17.436 W/Codec2Client(  619): query -- param skipped: index = 2415921170.
12-19 10:34:17.436 D/SimpleC2Component(  503): Using output block pool with poolID 21 => got 21 - 0
12-19 10:34:17.437 D/CCodecBufferChannel(  619): [c2.android.vorbis.decoder#502] Created input block pool with allocatorID 16 => poolID 20 - OK (0)
12-19 10:34:17.437 D/MediaCodecList(  807): codecHandlesFormat: no format, so no extra checks
12-19 10:34:17.437 I/CCodecBufferChannel(  619): [c2.android.vorbis.decoder#502] Created output block pool with allocatorID 16 => poolID 22 - OK
12-19 10:34:17.437 D/MediaCodecList(  807): codecHandlesFormat: no format, so no extra checks
12-19 10:34:17.437 D/CCodecBufferChannel(  619): [c2.android.vorbis.decoder#502] Configured output block pool ids 22 => OK
12-19 10:34:17.438 D/SimpleC2Component(  503): Using output block pool with poolID 22 => got 22 - 0
12-19 10:34:17.438 D/CCodec  (  807): allocate(c2.android.vorbis.decoder)
12-19 10:34:17.433 I/RenderThread(  807): type=1400 audit(0.0:133): avc: denied { open } for path="/dev/__properties__/u:object_r:vendor_default_prop:s0" dev="tmpfs" ino=280 scontext=u:r:platform_app:s0:c512,c768 tcontext=u:object_r:vendor_default_prop:s0 tclass=file permissive=1 app=com.android.systemui
12-19 10:34:17.433 I/RenderThread(  807): type=1400 audit(0.0:134): avc: denied { getattr } for path="/dev/__properties__/u:object_r:vendor_default_prop:s0" dev="tmpfs" ino=280 scontext=u:r:platform_app:s0:c512,c768 tcontext=u:object_r:vendor_default_prop:s0 tclass=file permissive=1 app=com.android.systemui
12-19 10:34:17.433 I/RenderThread(  807): type=1400 audit(0.0:135): avc: denied { map } for path="/dev/__properties__/u:object_r:vendor_default_prop:s0" dev="tmpfs" ino=280 scontext=u:r:platform_app:s0:c512,c768 tcontext=u:object_r:vendor_default_prop:s0 tclass=file permissive=1 app=com.android.systemui
12-19 10:34:17.439 I/CCodec  (  807): setting up 'default' as default (vendor) store
12-19 10:34:17.440 I/CCodec  (  807): Created component [c2.android.vorbis.decoder]
12-19 10:34:17.440 D/CCodecConfig(  807): read media type: audio/vorbis
12-19 10:34:17.440 I/mali_so (  807): [File] : hardware/arm/maliT760/driver/product/base/src/mali_base_kbase.c; [Line] : 1392; [Func] : base_context_deal_with_version_affairs_rk_ext;
12-19 10:34:17.440 I/mali_so (  807): arm_release_ver of this mali_so is 'g18p0-01eac0', rk_so_ver is '2 '.
12-19 10:34:17.440 I/mali_so (  807): [File] : hardware/arm/maliT760/driver/product/base/src/mali_base_kbase.c; [Line] : 1408; [Func] : base_context_deal_with_version_affairs_rk_ext;
12-19 10:34:17.440 I/mali_so (  807): arm_release_vers are match. to set the full mali_ver 'g18p0-01eac0-2' as value of 'sys.gmali.version'.
12-19 10:34:17.441 D/ReflectedParamUpdater(  807): extent() != 1 for single value type: algo.buffers.max-count.values
12-19 10:34:17.436 I//system/bin/init(    1): type=1107 audit(0.0:136): uid=0 auid=4294967295 ses=4294967295 subj=u:r:init:s0 msg='avc: denied { set } for property=sys.gmali.version pid=807 uid=10063 gid=10063 scontext=u:r:platform_app:s0:c512,c768 tcontext=u:object_r:system_prop:s0 tclass=property_service permissive=1'
12-19 10:34:17.441 D/ReflectedParamUpdater(  807): extent() != 1 for single value type: output.subscribed-indices.values
12-19 10:34:17.441 D/ReflectedParamUpdater(  807): extent() != 1 for single value type: input.buffers.allocator-ids.values
12-19 10:34:17.441 D/ReflectedParamUpdater(  807): extent() != 1 for single value type: output.buffers.allocator-ids.values
12-19 10:34:17.441 D/ReflectedParamUpdater(  807): extent() != 1 for single value type: algo.buffers.allocator-ids.values
12-19 10:34:17.441 D/ReflectedParamUpdater(  807): extent() != 1 for single value type: output.buffers.pool-ids.values
12-19 10:34:17.441 D/ReflectedParamUpdater(  807): extent() != 1 for single value type: algo.buffers.pool-ids.values
12-19 10:34:17.442 D/CCodecBufferChannel(  807): [c2.android.vorbis.decoder#297] MediaCodec discarded an unknown buffer
12-19 10:34:17.442 D/CCodecBufferChannel(  807): [c2.android.vorbis.decoder#297] MediaCodec discarded an unknown buffer
12-19 10:34:17.442 D/CCodecBufferChannel(  807): [c2.android.vorbis.decoder#297] MediaCodec discarded an unknown buffer
12-19 10:34:17.442 I/CCodecConfig(  807): query failed after returning 7 values (BAD_INDEX)
12-19 10:34:17.442 D/CCodecConfig(  807): c2 config diff is Dict {
12-19 10:34:17.442 D/CCodecConfig(  807):   c2::u32 coded.bitrate.value = 64000
12-19 10:34:17.442 D/CCodecConfig(  807):   c2::u32 input.buffers.max-size.value = 32768
12-19 10:34:17.442 D/CCodecConfig(  807):   c2::u32 input.delay.value = 0
12-19 10:34:17.442 D/CCodecConfig(  807):   string input.media-type.value = "audio/vorbis"
12-19 10:34:17.442 D/CCodecConfig(  807):   string output.media-type.value = "audio/raw"
12-19 10:34:17.442 D/CCodecConfig(  807):   c2::u32 raw.channel-count.value = 1
12-19 10:34:17.442 D/CCodecConfig(  807):   c2::u32 raw.sample-rate.value = 48000
12-19 10:34:17.442 D/CCodecConfig(  807): }
12-19 10:34:17.442 I/hw-BpHwBinder(  807): onLastStrongRef automatically unlinking death recipients
12-19 10:34:17.442 D/CCodec  (  807): [c2.android.vorbis.decoder] buffers are bound to CCodec for this session
12-19 10:34:17.443 D/CCodecConfig(  807): no c2 equivalents for durationUs
12-19 10:34:17.443 D/CCodecConfig(  807): no c2 equivalents for track-id
12-19 10:34:17.443 D/CCodecConfig(  807): no c2 equivalents for csd-1
12-19 10:34:17.443 D/CCodecConfig(  807): no c2 equivalents for channel-mask
12-19 10:34:17.443 D/CCodecConfig(  807): no c2 equivalents for flags
12-19 10:34:17.443 D/CCodecConfig(  807): c2 config diff is   c2::u32 coded.bitrate.value = 160000
12-19 10:34:17.443 D/CCodecConfig(  807):   c2::u32 raw.channel-count.value = 2
12-19 10:34:17.443 W/Codec2Client(  807): query -- param skipped: index = 1107298332.
12-19 10:34:17.443 D/CCodec  (  807): setup formats input: AMessage(what = 0x00000000) = {
12-19 10:34:17.443 D/CCodec  (  807):   int32_t bitrate = 160000
12-19 10:34:17.443 D/CCodec  (  807):   int32_t channel-count = 2
12-19 10:34:17.443 D/CCodec  (  807):   int32_t max-input-size = 32768
12-19 10:34:17.443 D/CCodec  (  807):   string mime = "audio/vorbis"
12-19 10:34:17.443 D/CCodec  (  807):   int32_t sample-rate = 48000
12-19 10:34:17.443 D/CCodec  (  807): }
12-19 10:34:17.443 D/CCodec  (  807): setup formats output: AMessage(what = 0x00000000) = {
12-19 10:34:17.443 D/CCodec  (  807):   int32_t channel-count = 2
12-19 10:34:17.443 D/CCodec  (  807):   string mime = "audio/raw"
12-19 10:34:17.443 D/CCodec  (  807):   int32_t sample-rate = 48000
12-19 10:34:17.443 D/CCodec  (  807):   int32_t channel-mask = 3
12-19 10:34:17.443 D/CCodec  (  807): }
12-19 10:34:17.443 I/CCodecConfig(  807): query failed after returning 7 values (BAD_INDEX)
12-19 10:34:17.444 W/Codec2Client(  807): query -- param skipped: index = 1342179345.
12-19 10:34:17.444 W/Codec2Client(  807): query -- param skipped: index = 2415921170.
12-19 10:34:17.444 D/CCodecBufferChannel(  807): [c2.android.vorbis.decoder#795] Created input block pool with allocatorID 16 => poolID 19 - OK (0)
12-19 10:34:17.445 I/hwservicemanager(  301): getTransport: Cannot find entry android.hardware.configstore@1.0::ISurfaceFlingerConfigs/default in either framework or device VINTF manifest.
12-19 10:34:17.445 I/CCodecBufferChannel(  807): [c2.android.vorbis.decoder#795] Created output block pool with allocatorID 16 => poolID 23 - OK
12-19 10:34:17.445 D/CCodecBufferChannel(  807): [c2.android.vorbis.decoder#795] Configured output block pool ids 23 => OK
12-19 10:34:17.446 D/SimpleC2Component(  503): Using output block pool with poolID 23 => got 23 - 0
12-19 10:34:17.453 I/hw-BpHwBinder(  619): onLastStrongRef automatically unlinking death recipients
12-19 10:34:17.455 I/hw-BpHwBinder(  619): onLastStrongRef automatically unlinking death recipients
12-19 10:34:17.455 I/hw-BpHwBinder(  503): onLastStrongRef automatically unlinking death recipients
12-19 10:34:17.458 D/CCodecBufferChannel(  807): [c2.android.vorbis.decoder#795] MediaCodec discarded an unknown buffer
12-19 10:34:17.458 D/CCodecBufferChannel(  807): [c2.android.vorbis.decoder#795] MediaCodec discarded an unknown buffer
12-19 10:34:17.458 D/MediaCodecList(  619): codecHandlesFormat: no format, so no extra checks
12-19 10:34:17.458 D/MediaCodecList(  619): codecHandlesFormat: no format, so no extra checks
12-19 10:34:17.458 I/hw-BpHwBinder(  807): onLastStrongRef automatically unlinking death recipients
12-19 10:34:17.458 I/hw-BpHwBinder(  503): onLastStrongRef automatically unlinking death recipients
12-19 10:34:17.453 I/sh      ( 1208): type=1400 audit(0.0:138): avc: denied { open } for path="/data/camera/lsusb.txt" dev="mmcblk1p16" ino=2031618 scontext=u:r:rild:s0 tcontext=u:object_r:system_data_file:s0 tclass=file permissive=1
12-19 10:34:17.458 V/C2Store (  503): in ~ComponentModule
12-19 10:34:17.458 V/C2Store (  503): unloading dll
12-19 10:34:17.459 D/CCodec  (  619): allocate(c2.android.vorbis.decoder)
12-19 10:34:17.459 E/HWComposer(  340): getSupportedContentTypes: getSupportedContentTypes failed for display 0: Unsupported (8)
12-19 10:34:17.459 D/MediaCodecList(  619): codecHandlesFormat: no format, so no extra checks
12-19 10:34:17.459 D/MediaCodecList(  619): codecHandlesFormat: no format, so no extra checks
12-19 10:34:17.459 D/CCodec  (  619): allocate(c2.android.vorbis.decoder)
12-19 10:34:17.459 E/HWComposer(  340): getSupportedContentTypes: getSupportedContentTypes failed for display 1: Unsupported (8)
12-19 10:34:17.460 I/CCodec  (  619): setting up 'default' as default (vendor) store
12-19 10:34:17.460 V/C2Store (  503): in init
12-19 10:34:17.460 V/C2Store (  503): loading dll
12-19 10:34:17.456 I/sh      ( 1214): type=1400 audit(0.0:139): avc: denied { execute_no_trans } for path="/vendor/bin/toybox_vendor" dev="dm-2" ino=231 scontext=u:r:rild:s0 tcontext=u:object_r:vendor_toolbox_exec:s0 tclass=file permissive=1
12-19 10:34:17.460 I/CCodec  (  619): setting up 'default' as default (vendor) store
12-19 10:34:17.461 I/CCodec  (  619): Created component [c2.android.vorbis.decoder]
12-19 10:34:17.461 D/CCodecConfig(  619): read media type: audio/vorbis
12-19 10:34:17.461 I/CCodec  (  619): Created component [c2.android.vorbis.decoder]
12-19 10:34:17.461 D/CCodecConfig(  619): read media type: audio/vorbis
12-19 10:34:17.461 I/android.hardware.graphics.allocator@4.0-service(  407): alloc_format: FMT:0x1,MOD:0
12-19 10:34:17.461 I/android.hardware.graphics.allocator@4.0-service(  407): mali_gralloc_adjust_dimensions: alloc_format=FMT:0x1,MOD:0 usage=0x100 alloc_width=30, alloc_height=32
12-19 10:34:17.461 I/android.hardware.graphics.allocator@4.0-service(  407): alloc_format: FMT:0x1,MOD:0
12-19 10:34:17.461 I/android.hardware.graphics.allocator@4.0-service(  407): mali_gralloc_adjust_dimensions: alloc_format=FMT:0x1,MOD:0 usage=0xb00 alloc_width=1920, alloc_height=56
12-19 10:34:17.461 D/android.hardware.graphics.allocator@4.0-service(  407): got new private_handle_t instance for buffer 'AHardwareBuffer pid [807]'. share_fd : 8, share_attr_fd : 9, width : 30, height : 32, req_format : 0x1, producer_usage : 0x100, consumer_usage : 0x100, , stride : 0, alloc_format : 1, size : 4096, layer_count : 1
12-19 10:34:17.461 D/android.hardware.graphics.allocator@4.0-service(  407): plane_info[0]: offset : 0, byte_stride : 128, alloc_width : 30, alloc_height : 32
12-19 10:34:17.461 D/android.hardware.graphics.allocator@4.0-service(  407): plane_info[1]: offset : 0, byte_stride : 0, alloc_width : 0, alloc_height : 0
12-19 10:34:17.461 D/android.hardware.graphics.allocator@4.0-service(  407): got new private_handle_t instance for buffer 'ViewRootImpl[NavigationBar0]#0(BLAST Consumer)0'. share_fd : 8, share_attr_fd : 9, width : 1920, height : 56, req_format : 0x1, producer_usage : 0xb00, consumer_usage : 0xb00, , stride : 0, alloc_format : 1, size : 430080, layer_count : 1
12-19 10:34:17.461 D/android.hardware.graphics.allocator@4.0-service(  407): plane_info[0]: offset : 0, byte_stride : 7680, alloc_width : 1920, alloc_height : 56
12-19 10:34:17.461 D/android.hardware.graphics.allocator@4.0-service(  407): plane_info[1]: offset : 0, byte_stride : 0, alloc_width : 0, alloc_height : 0
12-19 10:34:17.461 I/android.hardware.graphics.allocator@4.0-service(  407): alloc_format: FMT:0x1,MOD:0
12-19 10:34:17.461 D/ReflectedParamUpdater(  619): extent() != 1 for single value type: algo.buffers.max-count.values
12-19 10:34:17.462 I/android.hardware.graphics.allocator@4.0-service(  407): mali_gralloc_adjust_dimensions: alloc_format=FMT:0x1,MOD:0 usage=0xb00 alloc_width=1920, alloc_height=56
12-19 10:34:17.462 D/ReflectedParamUpdater(  619): extent() != 1 for single value type: output.subscribed-indices.values
12-19 10:34:17.462 D/ReflectedParamUpdater(  619): extent() != 1 for single value type: input.buffers.allocator-ids.values
12-19 10:34:17.462 D/android.hardware.graphics.allocator@4.0-service(  407): got new private_handle_t instance for buffer 'ViewRootImpl[NavigationBar0]#0(BLAST Consumer)0'. share_fd : 8, share_attr_fd : 9, width : 1920, height : 56, req_format : 0x1, producer_usage : 0xb00, consumer_usage : 0xb00, , stride : 0, alloc_format : 1, size : 430080, layer_count : 1
12-19 10:34:17.462 D/android.hardware.graphics.allocator@4.0-service(  407): plane_info[0]: offset : 0, byte_stride : 7680, alloc_width : 1920, alloc_height : 56
12-19 10:34:17.462 D/android.hardware.graphics.allocator@4.0-service(  407): plane_info[1]: offset : 0, byte_stride : 0, alloc_width : 0, alloc_height : 0
12-19 10:34:17.462 D/ReflectedParamUpdater(  619): extent() != 1 for single value type: output.buffers.allocator-ids.values
12-19 10:34:17.462 D/ReflectedParamUpdater(  619): extent() != 1 for single value type: algo.buffers.allocator-ids.values
12-19 10:34:17.462 I/android.hardware.graphics.allocator@4.0-service(  407): alloc_format: FMT:0x1,MOD:0
12-19 10:34:17.462 D/ReflectedParamUpdater(  619): extent() != 1 for single value type: output.buffers.pool-ids.values
12-19 10:34:17.462 I/android.hardware.graphics.allocator@4.0-service(  407): mali_gralloc_adjust_dimensions: alloc_format=FMT:0x1,MOD:0 usage=0xb00 alloc_width=1920, alloc_height=56
