12-23 10:04:05.655 E/StorageManagerService(  619): 	at com.android.server.StorageManagerService$StorageManagerServiceHandler.handleMessage(StorageManagerService.java:843)
12-23 10:04:05.655 E/StorageManagerService(  619): 	at android.os.Handler.dispatchMessage(Handler.java:106)
12-23 10:04:05.655 E/StorageManagerService(  619): 	at android.os.Looper.loopOnce(Looper.java:201)
12-23 10:04:05.655 E/StorageManagerService(  619): 	at android.os.Looper.loop(Looper.java:288)
12-23 10:04:05.655 E/StorageManagerService(  619): 	at android.os.HandlerThread.run(HandlerThread.java:67)
12-23 10:04:05.655 E/StorageManagerService(  619): Caused by: java.util.concurrent.ExecutionException: android.os.ParcelableException: java.lang.IllegalArgumentException
12-23 10:04:05.655 E/StorageManagerService(  619): 	at java.util.concurrent.CompletableFuture.reportGet(CompletableFuture.java:361)
12-23 10:04:05.655 E/StorageManagerService(  619): 	at java.util.concurrent.CompletableFuture.get(CompletableFuture.java:1943)
12-23 10:04:05.655 E/StorageManagerService(  619): 	at com.android.server.storage.StorageUserConnection$ActiveConnection.waitForAsync(StorageUserConnection.java:379)
12-23 10:04:05.655 E/StorageManagerService(  619): 	at com.android.server.storage.StorageUserConnection$ActiveConnection.waitForAsyncVoid(StorageUserConnection.java:358)
12-23 10:04:05.655 E/StorageManagerService(  619): 	at com.android.server.storage.StorageUserConnection$ActiveConnection.notifyVolumeStateChanged(StorageUserConnection.java:417)
12-23 10:04:05.655 E/StorageManagerService(  619): 	... 9 more
12-23 10:04:05.655 E/StorageManagerService(  619): Caused by: android.os.ParcelableException: java.lang.IllegalArgumentException
12-23 10:04:05.655 E/StorageManagerService(  619): 	at android.os.ParcelableException$1.createFromParcel(ParcelableException.java:82)
12-23 10:04:05.655 E/StorageManagerService(  619): 	at android.os.ParcelableException$1.createFromParcel(ParcelableException.java:79)
12-23 10:04:05.655 E/StorageManagerService(  619): 	at android.os.Parcel.readParcelable(Parcel.java:3334)
12-23 10:04:05.655 E/StorageManagerService(  619): 	at android.os.Parcel.readValue(Parcel.java:3227)
12-23 10:04:05.655 E/StorageManagerService(  619): 	at android.os.Parcel.readArrayMapInternal(Parcel.java:3624)
12-23 10:04:05.655 E/StorageManagerService(  619): 	at android.os.BaseBundle.initializeFromParcelLocked(BaseBundle.java:292)
12-23 10:04:05.655 E/StorageManagerService(  619): 	at android.os.BaseBundle.unparcel(BaseBundle.java:236)
12-23 10:04:05.655 E/StorageManagerService(  619): 	at android.os.Bundle.getParcelable(Bundle.java:1002)
12-23 10:04:05.655 E/StorageManagerService(  619): 	at com.android.server.storage.StorageUserConnection$ActiveConnection.setResult(StorageUserConnection.java:448)
12-23 10:04:05.655 E/StorageManagerService(  619): 	at com.android.server.storage.StorageUserConnection$ActiveConnection.lambda$waitForAsyncVoid$0$StorageUserConnection$ActiveConnection(StorageUserConnection.java:356)
12-23 10:04:05.655 E/StorageManagerService(  619): 	at com.android.server.storage.StorageUserConnection$ActiveConnection$$ExternalSyntheticLambda0.onResult(Unknown Source:4)
12-23 10:04:05.655 E/StorageManagerService(  619): 	at android.os.RemoteCallback.sendResult(RemoteCallback.java:75)
12-23 10:04:05.655 E/StorageManagerService(  619): 	at android.os.RemoteCallback$1.sendResult(RemoteCallback.java:52)
12-23 10:04:05.655 E/StorageManagerService(  619): 	at android.os.IRemoteCallback$Stub.onTransact(IRemoteCallback.java:89)
12-23 10:04:05.655 E/StorageManagerService(  619): 	at android.os.Binder.execTransactInternal(Binder.java:1184)
12-23 10:04:05.655 E/StorageManagerService(  619): 	at android.os.Binder.execTransact(Binder.java:1143)
12-23 10:04:05.655 E/StorageManagerService(  619): Caused by: java.lang.IllegalArgumentException
12-23 10:04:05.655 E/StorageManagerService(  619): 	at java.lang.reflect.Constructor.newInstance0(Native Method)
12-23 10:04:05.655 E/StorageManagerService(  619): 	at java.lang.reflect.Constructor.newInstance(Constructor.java:343)
12-23 10:04:05.655 E/StorageManagerService(  619): 	at android.os.ParcelableException.readFromParcel(ParcelableException.java:56)
12-23 10:04:05.655 E/StorageManagerService(  619): 	... 16 more
12-23 10:04:05.656 I/StorageSessionController(  619): Notifying volume state changed for session with id: public:8,1
12-23 10:04:05.656 D/StorageNotification(  807): Notifying about public volume: VolumeInfo{public:8,1}:
12-23 10:04:05.656 D/StorageNotification(  807):     type=PUBLIC diskId=disk:8,0 partGuid= mountFlags=VISIBLE mountUserId=0 
12-23 10:04:05.656 D/StorageNotification(  807):     state=UNMOUNTED 
12-23 10:04:05.656 D/StorageNotification(  807):     fsType=null fsUuid=null fsLabel=null 
12-23 10:04:05.656 D/StorageNotification(  807):     path=null internalPath=null 
12-23 10:04:05.657 D/ExternalStorage( 1801): After updating volumes, found 2 active roots
12-23 10:04:05.657 I/ExternalStorageServiceImpl( 1330): Ignoring volume state for vol:null. State: checking
12-23 10:04:05.659 V/MediaStore( 1330): Examining volume emulated;0 with name external_primary and state mounted
12-23 10:04:05.659 V/MediaStore( 1330): Examining volume public:8,1 with name 6013-8a910 and state mounted
12-23 10:04:05.662 D/StorageNotification(  807): Notifying about public volume: VolumeInfo{public:8,1}:
12-23 10:04:05.662 D/StorageNotification(  807):     type=PUBLIC diskId=disk:8,0 partGuid= mountFlags=VISIBLE mountUserId=0 
12-23 10:04:05.662 D/StorageNotification(  807):     state=CHECKING 
12-23 10:04:05.662 D/StorageNotification(  807):     fsType=null fsUuid=null fsLabel=null 
12-23 10:04:05.662 D/StorageNotification(  807):     path=null internalPath=null 
12-23 10:04:05.679 I/StorageSessionController(  619): Notifying volume state changed for session with id: public:8,1
12-23 10:04:05.680 D/ExternalStorage( 1801): After updating volumes, found 2 active roots
12-23 10:04:05.686 I/MediaProvider( 1330): Begin Intent { act=com.android.providers.media.action.SCAN_VOLUME (has extras) }
12-23 10:04:05.687 V/MediaStore( 1330): Examining volume emulated;0 with name external_primary and state mounted
12-23 10:04:05.687 V/MediaStore( 1330): Examining volume public:8,1 with name 6013-8a910 and state mounted
12-23 10:04:05.688 W/ModernMediaScanner( 1330): Failed to visit /system/media: java.nio.file.NoSuchFileException: /system/media
12-23 10:04:05.689 I/MediaProvider( 1330): Scanned internal due to REASON_MOUNTED, found 0 items in 3ms, 0 inserts 0 updates 0 deletes
12-23 10:04:05.690 D/StorageNotification(  807): Notifying about public volume: VolumeInfo{public:8,1}:
12-23 10:04:05.690 D/StorageNotification(  807):     type=PUBLIC diskId=disk:8,0 partGuid= mountFlags=VISIBLE mountUserId=0 
12-23 10:04:05.690 D/StorageNotification(  807):     state=MOUNTED 
12-23 10:04:05.690 D/StorageNotification(  807):     fsType=vfat fsUuid=6013-8A910 fsLabel=KINGSTON    
12-23 10:04:05.690 D/StorageNotification(  807):     path=/storage/6013-8A910 internalPath=/mnt/media_rw/6013-8A910 
12-23 10:04:05.692 D/ExternalStorage( 1801): After updating volumes, found 2 active roots
12-23 10:04:05.692 D/CompatibilityChangeReporter(  619): Compat change id reported: 168419799; UID 10026; state: DISABLED
12-23 10:04:05.692 D/installd(  486): Found quota mount /dev/block/by-name/userdata at /data
12-23 10:04:05.692 D/installd(  486): Found quota mount /dev/block/by-name/userdata at /data/user/0
12-23 10:04:05.692 D/installd(  486): Found quota mount /dev/block/by-name/userdata at /mnt/pass_through/0/emulated
12-23 10:04:05.692 D/installd(  486): Found quota mount /dev/block/by-name/userdata at /mnt/user/0/emulated/0/Android/data
12-23 10:04:05.692 D/installd(  486): Found quota mount /dev/block/by-name/userdata at /storage/emulated/0/Android/data
12-23 10:04:05.692 D/installd(  486): Found quota mount /dev/block/by-name/userdata at /mnt/androidwritable/0/emulated/0/Android/data
12-23 10:04:05.692 D/installd(  486): Found quota mount /dev/block/by-name/userdata at /mnt/installer/0/emulated/0/Android/data
12-23 10:04:05.692 D/installd(  486): Found quota mount /dev/block/by-name/userdata at /mnt/user/0/emulated/0/Android/obb
12-23 10:04:05.692 D/installd(  486): Found quota mount /dev/block/by-name/userdata at /storage/emulated/0/Android/obb
12-23 10:04:05.692 D/installd(  486): Found quota mount /dev/block/by-name/userdata at /mnt/androidwritable/0/emulated/0/Android/obb
12-23 10:04:05.692 D/installd(  486): Found quota mount /dev/block/by-name/userdata at /mnt/installer/0/emulated/0/Android/obb
12-23 10:04:05.692 D/installd(  486): Found storage mount /dev/block/by-name/userdata at /mnt/pass_through/0/emulated
12-23 10:04:05.692 D/installd(  486): Found storage mount /dev/block/vold/public:8,1 at /mnt/pass_through/0/6013-8A910
12-23 10:04:05.692 D/installd(  486): Found storage mount  at /mnt/pass_through/0/6013-8A910
12-23 10:04:05.692 D/StorageManagerService(  619): Volume public:8,1 broadcasting checking to UserHandle{0}
12-23 10:04:05.693 D/StorageManagerService(  619): Volume public:8,1 broadcasting mounted to UserHandle{0}
12-23 10:04:05.694 W/ModernMediaScanner( 1330): Failed to visit /oem/media: java.nio.file.NoSuchFileException: /oem/media
12-23 10:04:05.694 V/MediaStore( 1330): Examining volume emulated;0 with name external_primary and state mounted
12-23 10:04:05.694 V/MediaStore( 1330): Examining volume public:8,1 with name 6013-8a910 and state mounted
12-23 10:04:05.695 D/ExternalStorage( 1801): After updating volumes, found 2 active roots
12-23 10:04:05.695 I/MediaProvider( 1330): Scanned internal due to REASON_MOUNTED, found 0 items in 4ms, 0 inserts 0 updates 0 deletes
12-23 10:04:05.696 V/MediaStore( 1330): Examining volume emulated;0 with name external_primary and state mounted
12-23 10:04:05.696 V/MediaStore( 1330): Examining volume public:8,1 with name 6013-8a910 and state mounted
12-23 10:04:05.697 D/ExternalStorage( 1801): After updating volumes, found 2 active roots
12-23 10:04:05.699 D/zts     ( 1308): zts steve lwl22 test android.intent.action.MEDIA_MOUNTED
12-23 10:04:05.702 D/CompatibilityChangeReporter(  619): Compat change id reported: 168419799; UID 10045; state: DISABLED
12-23 10:04:05.704 I/ztlhelper( 1511): *****BootBroadcastReceiver******android.intent.action.MEDIA_MOUNTED
12-23 10:04:05.704 I/ztlhelper33333( 1511): *****BootBroadcastReceiver******android.intent.action.MEDIA_MOUNTED
12-23 10:04:05.704 I/ztlhelper2222222( 1511): *****BootBroadcastReceiver******android.intent.action.MEDIA_MOUNTED
12-23 10:04:05.705 D/BootBroadcastReceiver( 1511): android.intent.action.MEDIA_MOUNTED U盘. android.intent.action.MEDIA_MOUNTED
12-23 10:04:05.705 W/ContextImpl( 1511): Calling a method in the system process without a qualified user: android.app.ContextImpl.startService:1825 android.content.ContextWrapper.startService:776 android.content.ContextWrapper.startService:776 com.ztl.helper.BootBroadcastReceiver$a.run:316 java.lang.Thread.run:920 
12-23 10:04:05.705 D/RKUpdateReceiver( 1535): action = android.intent.action.MEDIA_MOUNTED
12-23 10:04:05.706 W/ContextImpl( 1535): Calling a method in the system process without a qualified user: android.app.ContextImpl.startService:1825 android.content.ContextWrapper.startService:776 android.content.ContextWrapper.startService:776 android.rockchip.update.service.RKUpdateReceiver.onReceive:75 android.app.ActivityThread.handleReceiver:4375 
12-23 10:04:05.706 D/ZTLHelperService( 1511): onStartCommand() is called
12-23 10:04:05.706 D/RKUpdateReceiver( 1535): media is mounted to '/storage/6013-8A910'. To check local update.
12-23 10:04:05.706 D/RKUpdateService( 1535): onStartCommand.......
12-23 10:04:05.706 D/RKUpdateService( 1535): command = 1 delaytime = 5000
12-23 10:04:05.707 I/System.out( 1511): uPath=/storage/6013-8A910
12-23 10:04:05.707 I/ZTLHelperService( 1511): 
12-23 10:04:05.825 W/MediaProvider( 1330): getVolumePath for unknown volume: internal
12-23 10:04:05.828 W/MediaProvider( 1330): getVolumePath for unknown volume: internal
12-23 10:04:05.829 W/MediaProvider( 1330): getVolumePath for unknown volume: internal
12-23 10:04:05.830 W/MediaProvider( 1330): getVolumePath for unknown volume: internal
12-23 10:04:05.831 W/MediaProvider( 1330): getVolumePath for unknown volume: internal
12-23 10:04:05.883 W/NotificationHistory(  619): Attempted to add notif for locked/gone/disabled user 0
12-23 10:04:05.888 D/InterruptionStateProvider(  807): No bubble up: not allowed to bubble: 0|com.android.systemui|1397773634|public:8,1|10063
12-23 10:04:05.888 D/InterruptionStateProvider(  807): No heads up: no huns
12-23 10:04:05.888 D/PeopleSpaceWidgetMgr(  807): Sbn doesn't contain valid PeopleTileKey: null/0/com.android.systemui
12-23 10:04:05.892 W/MediaProvider( 1330): getVolumePath for unknown volume: internal
12-23 10:04:05.892 I/MediaProvider( 1330): Scanned internal due to REASON_MOUNTED, found 230 items in 197ms, 0 inserts 7 updates 0 deletes
12-23 10:04:05.892 W/MediaProvider( 1330): getVolumePath for unknown volume: internal
12-23 10:04:05.899 D/InterruptionStateProvider(  807): No bubble up: not allowed to bubble: 0|com.android.systemui|1397773634|public:8,1|10063
12-23 10:04:05.900 D/InterruptionStateProvider(  807): No heads up: no huns
12-23 10:04:05.900 D/PeopleSpaceWidgetMgr(  807): Sbn doesn't contain valid PeopleTileKey: null/0/com.android.systemui
12-23 10:04:05.904 I/MediaProvider( 1330): Scanned 6013-8a910 due to REASON_MOUNTED, found 9 items in 9ms, 0 inserts 0 updates 0 deletes
12-23 10:04:05.904 I/MediaProvider( 1330): End Intent { act=com.android.providers.media.action.SCAN_VOLUME (has extras) }
12-23 10:04:05.905 I/MediaProvider( 1330): Begin Intent { act=android.intent.action.MEDIA_MOUNTED dat=file:///storage/6013-8A910 flg=0x5000010 cmp=com.android.providers.media.module/com.android.providers.media.MediaService (has extras) }
12-23 10:04:05.905 I/MediaProvider( 1330): Volume MediaVolume name: [6013-8a910] id: [public:8,1] user: [UserHandle{0}] path: [/storage/6013-8A910] already attached
12-23 10:04:05.905 I/MediaProvider( 1330): End Intent { act=android.intent.action.MEDIA_MOUNTED dat=file:///storage/6013-8A910 flg=0x5000010 cmp=com.android.providers.media.module/com.android.providers.media.MediaService (has extras) }
12-23 10:04:06.252 I/testsu  ( 2345): type=1400 audit(0.0:293): avc: denied { setgid } for capability=6 scontext=u:r:system_app:s0 tcontext=u:r:system_app:s0 tclass=capability permissive=1
12-23 10:04:06.252 I/testsu  ( 2345): type=1400 audit(0.0:294): avc: denied { setuid } for capability=7 scontext=u:r:system_app:s0 tcontext=u:r:system_app:s0 tclass=capability permissive=1
12-23 10:04:06.272 I/ls      ( 2347): type=1400 audit(0.0:295): avc: denied { dac_read_search } for capability=2 scontext=u:r:system_app:s0 tcontext=u:r:system_app:s0 tclass=capability permissive=1
12-23 10:04:06.400 D/U盘AP  ( 1511): 路径/storage/6013-8A910
12-23 10:04:06.400 I/System.out( 1511): U盘AP路径11:/storage/6013-8A910
12-23 10:04:06.400 I/System.out( 1511): U盘广播路径:/storage/6013-8A910
12-23 10:04:06.400 I/System.out( 1511): uPan:/storage/6013-8A910
12-23 10:04:06.404 I/System.out( 1511): u盘密码：true
12-23 10:04:06.406 I/System.out( 1511): >>>>>>>>>>>>>>>log_copy=1
12-23 10:04:06.406 D/ztl_lcd_update_file( 1511): log_copy=1
12-23 10:04:06.406 I/System.out( 1511): log_copy=1:::::::::::::::111
12-23 10:04:06.406 E/outersi ( 1511): log_copy
12-23 10:04:06.407 I/System.out( 1511): ----->>>>>>>>>>>sync
12-23 10:04:06.402 I/Thread-18( 1511): type=1400 audit(0.0:296): avc: denied { search } for name="net" dev="sysfs" ino=25023 scontext=u:r:system_app:s0 tcontext=u:object_r:sysfs_net:s0 tclass=dir permissive=1
12-23 10:04:06.402 I/Thread-18( 1511): type=1400 audit(0.0:297): avc: denied { read } for name="address" dev="sysfs" ino=37746 scontext=u:r:system_app:s0 tcontext=u:object_r:sysfs:s0 tclass=file permissive=1
12-23 10:04:07.957 W/audit   ( 2348): audit_lost=81 audit_rate_limit=5 audit_backlog_limit=64
12-23 10:04:07.958 E/audit   ( 2348): rate limit exceeded
12-23 10:04:06.444 I/参数文件( 1511): /storage/6013-8A910/ztlconfig.txt解析完毕
12-23 10:04:06.444 D/CompatibilityChangeReporter( 1511): Compat change id reported: 147798919; UID 1000; state: DISABLED
12-23 10:04:06.474 I/android.hardware.graphics.allocator@4.0-service(  407): alloc_format: FMT:0x1,MOD:0
12-23 10:04:06.475 I/android.hardware.graphics.allocator@4.0-service(  407): mali_gralloc_adjust_dimensions: alloc_format=FMT:0x1,MOD:0 usage=0xb00 alloc_width=422, alloc_height=99
12-23 10:04:06.475 D/android.hardware.graphics.allocator@4.0-service(  407): got new private_handle_t instance for buffer 'ViewRootImpl[Toast]#2(BLAST Consumer)2'. share_fd : 10, share_attr_fd : 11, width : 422, height : 99, req_format : 0x1, producer_usage : 0xb00, consumer_usage : 0xb00, , stride : 0, alloc_format : 1, size : 171072, layer_count : 1
12-23 10:04:06.475 D/android.hardware.graphics.allocator@4.0-service(  407): plane_info[0]: offset : 0, byte_stride : 1728, alloc_width : 422, alloc_height : 99
12-23 10:04:06.475 D/android.hardware.graphics.allocator@4.0-service(  407): plane_info[1]: offset : 0, byte_stride : 0, alloc_width : 0, alloc_height : 0
12-23 10:04:06.475 I/android.hardware.graphics.allocator@4.0-service(  407): alloc_format: FMT:0x1,MOD:0
12-23 10:04:06.475 I/android.hardware.graphics.allocator@4.0-service(  407): mali_gralloc_adjust_dimensions: alloc_format=FMT:0x1,MOD:0 usage=0xb00 alloc_width=422, alloc_height=99
12-23 10:04:06.476 D/android.hardware.graphics.allocator@4.0-service(  407): got new private_handle_t instance for buffer 'ViewRootImpl[Toast]#2(BLAST Consumer)2'. share_fd : 10, share_attr_fd : 11, width : 422, height : 99, req_format : 0x1, producer_usage : 0xb00, consumer_usage : 0xb00, , stride : 0, alloc_format : 1, size : 171072, layer_count : 1
12-23 10:04:06.476 D/android.hardware.graphics.allocator@4.0-service(  407): plane_info[0]: offset : 0, byte_stride : 1728, alloc_width : 422, alloc_height : 99
12-23 10:04:06.476 D/android.hardware.graphics.allocator@4.0-service(  407): plane_info[1]: offset : 0, byte_stride : 0, alloc_width : 0, alloc_height : 0
12-23 10:04:06.476 I/android.hardware.graphics.allocator@4.0-service(  407): alloc_format: FMT:0x1,MOD:0
12-23 10:04:06.476 I/android.hardware.graphics.allocator@4.0-service(  407): mali_gralloc_adjust_dimensions: alloc_format=FMT:0x1,MOD:0 usage=0xb00 alloc_width=422, alloc_height=99
12-23 10:04:06.476 D/android.hardware.graphics.allocator@4.0-service(  407): got new private_handle_t instance for buffer 'ViewRootImpl[Toast]#2(BLAST Consumer)2'. share_fd : 10, share_attr_fd : 11, width : 422, height : 99, req_format : 0x1, producer_usage : 0xb00, consumer_usage : 0xb00, , stride : 0, alloc_format : 1, size : 171072, layer_count : 1
12-23 10:04:06.476 D/android.hardware.graphics.allocator@4.0-service(  407): plane_info[0]: offset : 0, byte_stride : 1728, alloc_width : 422, alloc_height : 99
12-23 10:04:06.476 D/android.hardware.graphics.allocator@4.0-service(  407): plane_info[1]: offset : 0, byte_stride : 0, alloc_width : 0, alloc_height : 0
