12-19 10:34:18.028 D/SystemServerTimingAsync(  619): ssm.onUnlockedUser-0_com.android.server.textservices.TextServicesManagerService$Lifecycle
12-19 10:34:18.028 V/SystemServerTimingAsync(  619): ssm.onUnlockedUser-0_com.android.server.textservices.TextServicesManagerService$Lifecycle took to complete: 0ms
12-19 10:34:18.028 D/SystemServerTimingAsync(  619): ssm.onUnlockedUser-0_com.android.server.textclassifier.TextClassificationManagerService$Lifecycle
12-19 10:34:18.028 V/SystemServerTimingAsync(  619): ssm.onUnlockedUser-0_com.android.server.textclassifier.TextClassificationManagerService$Lifecycle took to complete: 0ms
12-19 10:34:18.028 D/SystemServerTimingAsync(  619): ssm.onUnlockedUser-0_com.android.server.NetworkScoreService$Lifecycle
12-19 10:34:18.028 V/SystemServerTimingAsync(  619): ssm.onUnlockedUser-0_com.android.server.NetworkScoreService$Lifecycle took to complete: 0ms
12-19 10:34:18.028 D/SystemServerTimingAsync(  619): ssm.onUnlockedUser-0_com.android.server.wifi.WifiService
12-19 10:34:18.028 V/SystemServerTimingAsync(  619): ssm.onUnlockedUser-0_com.android.server.wifi.WifiService took to complete: 0ms
12-19 10:34:18.028 D/SystemServerTimingAsync(  619): ssm.onUnlockedUser-0_com.android.server.wifi.scanner.WifiScanningService
12-19 10:34:18.028 V/SystemServerTimingAsync(  619): ssm.onUnlockedUser-0_com.android.server.wifi.scanner.WifiScanningService took to complete: 0ms
12-19 10:34:18.028 D/SystemServerTimingAsync(  619): ssm.onUnlockedUser-0_com.android.server.wifi.p2p.WifiP2pService
12-19 10:34:18.028 V/SystemServerTimingAsync(  619): ssm.onUnlockedUser-0_com.android.server.wifi.p2p.WifiP2pService took to complete: 0ms
12-19 10:34:18.028 D/SystemServerTimingAsync(  619): ssm.onUnlockedUser-0_com.android.server.ethernet.EthernetService
12-19 10:34:18.028 V/SystemServerTimingAsync(  619): ssm.onUnlockedUser-0_com.android.server.ethernet.EthernetService took to complete: 0ms
12-19 10:34:18.028 D/SystemServerTimingAsync(  619): ssm.onUnlockedUser-0_com.android.server.ConnectivityServiceInitializer
12-19 10:34:18.028 V/SystemServerTimingAsync(  619): ssm.onUnlockedUser-0_com.android.server.ConnectivityServiceInitializer took to complete: 0ms
12-19 10:34:18.028 D/SystemServerTimingAsync(  619): ssm.onUnlockedUser-0_com.android.server.notification.NotificationManagerService
12-19 10:34:18.028 V/SystemServerTimingAsync(  619): ssm.onUnlockedUser-0_com.android.server.notification.NotificationManagerService took to complete: 0ms
12-19 10:34:18.028 D/SystemServerTimingAsync(  619): ssm.onUnlockedUser-0_com.android.server.storage.DeviceStorageMonitorService
12-19 10:34:18.028 V/SystemServerTimingAsync(  619): ssm.onUnlockedUser-0_com.android.server.storage.DeviceStorageMonitorService took to complete: 0ms
12-19 10:34:18.028 D/SystemServerTimingAsync(  619): ssm.onUnlockedUser-0_com.android.server.location.LocationManagerService$Lifecycle
12-19 10:34:18.028 V/SystemServerTimingAsync(  619): ssm.onUnlockedUser-0_com.android.server.location.LocationManagerService$Lifecycle took to complete: 0ms
12-19 10:34:18.028 D/SystemServerTimingAsync(  619): ssm.onUnlockedUser-0_com.android.server.timedetector.TimeDetectorService$Lifecycle
12-19 10:34:18.028 V/SystemServerTimingAsync(  619): ssm.onUnlockedUser-0_com.android.server.timedetector.TimeDetectorService$Lifecycle took to complete: 0ms
12-19 10:34:18.028 D/SystemServerTimingAsync(  619): ssm.onUnlockedUser-0_com.android.server.timezonedetector.TimeZoneDetectorService$Lifecycle
12-19 10:34:18.028 V/SystemServerTimingAsync(  619): ssm.onUnlockedUser-0_com.android.server.timezonedetector.TimeZoneDetectorService$Lifecycle took to complete: 0ms
12-19 10:34:18.028 D/SystemServerTimingAsync(  619): ssm.onUnlockedUser-0_com.android.server.timezonedetector.location.LocationTimeZoneManagerService$Lifecycle
12-19 10:34:18.028 V/SystemServerTimingAsync(  619): ssm.onUnlockedUser-0_com.android.server.timezonedetector.location.LocationTimeZoneManagerService$Lifecycle took to complete: 0ms
12-19 10:34:18.028 D/SystemServerTimingAsync(  619): ssm.onUnlockedUser-0_com.android.server.search.SearchManagerService$Lifecycle
12-19 10:34:18.028 V/SystemServerTimingAsync(  619): ssm.onUnlockedUser-0_com.android.server.search.SearchManagerService$Lifecycle took to complete: 0ms
12-19 10:34:18.028 D/SystemServerTimingAsync(  619): ssm.onUnlockedUser-0_com.android.server.wallpaper.WallpaperManagerService$Lifecycle
12-19 10:34:18.028 V/SystemServerTimingAsync(  619): ssm.onUnlockedUser-0_com.android.server.wallpaper.WallpaperManagerService$Lifecycle took to complete: 0ms
12-19 10:34:18.028 D/SystemServerTimingAsync(  619): ssm.onUnlockedUser-0_com.android.server.audio.AudioService$Lifecycle
12-19 10:34:18.028 V/SystemServerTimingAsync(  619): ssm.onUnlockedUser-0_com.android.server.audio.AudioService$Lifecycle took to complete: 0ms
12-19 10:34:18.028 D/SystemServerTimingAsync(  619): ssm.onUnlockedUser-0_com.android.server.soundtrigger_middleware.SoundTriggerMiddlewareService$Lifecycle
12-19 10:34:18.028 V/SystemServerTimingAsync(  619): ssm.onUnlockedUser-0_com.android.server.soundtrigger_middleware.SoundTriggerMiddlewareService$Lifecycle took to complete: 0ms
12-19 10:34:18.028 D/SystemServerTimingAsync(  619): ssm.onUnlockedUser-0_com.android.server.DockObserver
12-19 10:34:18.028 V/SystemServerTimingAsync(  619): ssm.onUnlockedUser-0_com.android.server.DockObserver took to complete: 0ms
12-19 10:34:18.028 D/SystemServerTimingAsync(  619): ssm.onUnlockedUser-0_com.android.server.adb.AdbService$Lifecycle
12-19 10:34:18.028 V/SystemServerTimingAsync(  619): ssm.onUnlockedUser-0_com.android.server.adb.AdbService$Lifecycle took to complete: 0ms
12-19 10:34:18.028 D/SystemServerTimingAsync(  619): ssm.onUnlockedUser-0_com.android.server.usb.UsbService$Lifecycle
12-19 10:34:18.028 V/SystemServerTimingAsync(  619): ssm.onUnlockedUser-0_com.android.server.usb.UsbService$Lifecycle took to complete: 0ms
12-19 10:34:18.028 D/SystemServerTimingAsync(  619): ssm.onUnlockedUser-0_com.android.server.twilight.TwilightService
12-19 10:34:18.028 V/SystemServerTimingAsync(  619): ssm.onUnlockedUser-0_com.android.server.twilight.TwilightService took to complete: 0ms
12-19 10:34:18.028 D/SystemServerTimingAsync(  619): ssm.onUnlockedUser-0_com.android.server.display.color.ColorDisplayService
12-19 10:34:18.028 V/SystemServerTimingAsync(  619): ssm.onUnlockedUser-0_com.android.server.display.color.ColorDisplayService took to complete: 0ms
12-19 10:34:18.028 D/SystemServerTimingAsync(  619): ssm.onUnlockedUser-0_com.android.server.job.JobSchedulerService
12-19 10:34:18.028 V/SystemServerTimingAsync(  619): ssm.onUnlockedUser-0_com.android.server.job.JobSchedulerService took to complete: 0ms
12-19 10:34:18.028 D/SystemServerTimingAsync(  619): ssm.onUnlockedUser-0_com.android.server.soundtrigger.SoundTriggerService
12-19 10:34:18.028 V/SystemServerTimingAsync(  619): ssm.onUnlockedUser-0_com.android.server.soundtrigger.SoundTriggerService took to complete: 0ms
12-19 10:34:18.028 D/SystemServerTimingAsync(  619): ssm.onUnlockedUser-0_com.android.server.trust.TrustManagerService
12-19 10:34:18.028 V/SystemServerTimingAsync(  619): ssm.onUnlockedUser-0_com.android.server.trust.TrustManagerService took to complete: 0ms
12-19 10:34:18.028 D/SystemServerTimingAsync(  619): ssm.onUnlockedUser-0_com.android.server.backup.BackupManagerService$Lifecycle
12-19 10:34:18.028 V/SystemServerTimingAsync(  619): ssm.onUnlockedUser-0_com.android.server.backup.BackupManagerService$Lifecycle took to complete: 0ms
12-19 10:34:18.028 D/SystemServerTimingAsync(  619): ssm.onUnlockedUser-0_com.android.server.appwidget.AppWidgetService
12-19 10:34:18.028 V/SystemServerTimingAsync(  619): ssm.onUnlockedUser-0_com.android.server.appwidget.AppWidgetService took to complete: 0ms
12-19 10:34:18.028 D/SystemServerTimingAsync(  619): ssm.onUnlockedUser-0_com.android.server.voiceinteraction.VoiceInteractionManagerService
12-19 10:34:18.028 V/SystemServerTimingAsync(  619): ssm.onUnlockedUser-0_com.android.server.voiceinteraction.VoiceInteractionManagerService took to complete: 0ms
12-19 10:34:18.028 D/SystemServerTimingAsync(  619): ssm.onUnlockedUser-0_com.android.server.apphibernation.AppHibernationService
12-19 10:34:18.028 I/PowerAIDL(  422): version 12.0
12-19 10:34:18.028 V/SystemServerTimingAsync(  619): ssm.onUnlockedUser-0_com.android.server.apphibernation.AppHibernationService took to complete: 0ms
12-19 10:34:18.028 D/SystemServerTimingAsync(  619): ssm.onUnlockedUser-0_com.android.server.GestureLauncherService
12-19 10:34:18.028 V/SystemServerTimingAsync(  619): ssm.onUnlockedUser-0_com.android.server.GestureLauncherService took to complete: 0ms
12-19 10:34:18.028 D/SystemServerTimingAsync(  619): ssm.onUnlockedUser-0_com.android.server.SensorNotificationService
12-19 10:34:18.028 V/SystemServerTimingAsync(  619): ssm.onUnlockedUser-0_com.android.server.SensorNotificationService took to complete: 0ms
12-19 10:34:18.028 D/SystemServerTimingAsync(  619): ssm.onUnlockedUser-0_com.android.server.emergency.EmergencyAffordanceService
12-19 10:34:18.028 V/SystemServerTimingAsync(  619): ssm.onUnlockedUser-0_com.android.server.emergency.EmergencyAffordanceService took to complete: 0ms
12-19 10:34:18.028 D/SystemServerTimingAsync(  619): ssm.onUnlockedUser-0_com.android.server.blob.BlobStoreManagerService
12-19 10:34:18.028 V/SystemServerTimingAsync(  619): ssm.onUnlockedUser-0_com.android.server.blob.BlobStoreManagerService took to complete: 0ms
12-19 10:34:18.028 D/SystemServerTimingAsync(  619): ssm.onUnlockedUser-0_com.android.server.dreams.DreamManagerService
12-19 10:34:18.028 V/SystemServerTimingAsync(  619): ssm.onUnlockedUser-0_com.android.server.dreams.DreamManagerService took to complete: 0ms
12-19 10:34:18.028 D/SystemServerTimingAsync(  619): ssm.onUnlockedUser-0_com.android.server.print.PrintManagerService
12-19 10:34:18.028 V/SystemServerTimingAsync(  619): ssm.onUnlockedUser-0_com.android.server.print.PrintManagerService took to complete: 0ms
12-19 10:34:18.028 D/SystemServerTimingAsync(  619): ssm.onUnlockedUser-0_com.android.server.companion.CompanionDeviceManagerService
12-19 10:34:18.028 V/SystemServerTimingAsync(  619): ssm.onUnlockedUser-0_com.android.server.companion.CompanionDeviceManagerService took to complete: 0ms
12-19 10:34:18.028 D/SystemServerTimingAsync(  619): ssm.onUnlockedUser-0_com.android.server.restrictions.RestrictionsManagerService
12-19 10:34:18.028 V/SystemServerTimingAsync(  619): ssm.onUnlockedUser-0_com.android.server.restrictions.RestrictionsManagerService took to complete: 0ms
12-19 10:34:18.028 D/SystemServerTimingAsync(  619): ssm.onUnlockedUser-0_com.android.server.media.MediaSessionService
12-19 10:34:18.028 V/SystemServerTimingAsync(  619): ssm.onUnlockedUser-0_com.android.server.media.MediaSessionService took to complete: 0ms
12-19 10:34:18.028 D/SystemServerTimingAsync(  619): ssm.onUnlockedUser-0_com.android.server.tv.TvInputManagerService
12-19 10:34:18.028 V/SystemServerTimingAsync(  619): ssm.onUnlockedUser-0_com.android.server.tv.TvInputManagerService took to complete: 0ms
12-19 10:34:18.028 D/SystemServerTimingAsync(  619): ssm.onUnlockedUser-0_com.android.server.media.MediaResourceMonitorService
12-19 10:34:18.028 V/SystemServerTimingAsync(  619): ssm.onUnlockedUser-0_com.android.server.media.MediaResourceMonitorService took to complete: 0ms
12-19 10:34:18.028 D/SystemServerTimingAsync(  619): ssm.onUnlockedUser-0_com.android.server.biometrics.BiometricService
12-19 10:34:18.028 V/SystemServerTimingAsync(  619): ssm.onUnlockedUser-0_com.android.server.biometrics.BiometricService took to complete: 0ms
12-19 10:34:18.028 D/SystemServerTimingAsync(  619): ssm.onUnlockedUser-0_com.android.server.biometrics.AuthService
12-19 10:34:18.028 V/SystemServerTimingAsync(  619): ssm.onUnlockedUser-0_com.android.server.biometrics.AuthService took to complete: 0ms
12-19 10:34:18.028 D/SystemServerTimingAsync(  619): ssm.onUnlockedUser-0_com.android.server.pm.ShortcutService$Lifecycle
12-19 10:34:18.028 V/SystemServerTimingAsync(  619): ssm.onUnlockedUser-0_com.android.server.pm.ShortcutService$Lifecycle took to complete: 0ms
12-19 10:34:18.028 D/SystemServerTimingAsync(  619): ssm.onUnlockedUser-0_com.android.server.pm.LauncherAppsService
12-19 10:34:18.029 I/PowerAIDL(  422): Registered: CPU 
12-19 10:34:18.029 I/PowerAIDL(  422): min: 408000
12-19 10:34:18.029 I/PowerAIDL(  422): max: 2400000
12-19 10:34:18.029 D/WallpaperService(  807): Wallpaper has updated the surface:null
12-19 10:34:18.029 I/PowerAIDL(  422): Registered: CPU 
12-19 10:34:18.029 I/PowerAIDL(  422): min: 408000
12-19 10:34:18.029 I/PowerAIDL(  422): max: 2400000
12-19 10:34:18.029 I/AppWidgetServiceImpl(  619): Processing of handleUserUnlocked u0 took 3 ms
12-19 10:34:18.029 I/PowerAIDL(  422): Registered: CPU 
12-19 10:34:18.029 I/PowerAIDL(  422): min: 408000
12-19 10:34:18.029 I/PowerAIDL(  422): max: 1800000
12-19 10:34:18.029 I/PowerAIDL(  422): Registered: GPU 
12-19 10:34:18.029 I/PowerAIDL(  422): min: 300000000
12-19 10:34:18.029 I/PowerAIDL(  422): max: 1000000000
12-19 10:34:18.029 D/WifiConfigStore(  619): Writing to stores completed in 15 ms.
12-19 10:34:18.029 E/PowerAIDL(  422): Error to open /sys/class/devfreq/dmc/system_status
12-19 10:34:18.029 V/SystemServerTimingAsync(  619): ssm.onUnlockedUser-0_com.android.server.pm.LauncherAppsService took to complete: 0ms
12-19 10:34:18.029 I/PowerAIDL(  422): Trying read from realpath: /sys/system_monitor/system_status
12-19 10:34:18.029 D/SystemServerTimingAsync(  619): ssm.onUnlockedUser-0_com.android.server.pm.CrossProfileAppsService
12-19 10:34:18.029 V/SystemServerTimingAsync(  619): ssm.onUnlockedUser-0_com.android.server.pm.CrossProfileAppsService took to complete: 0ms
12-19 10:34:18.029 D/SystemServerTimingAsync(  619): ssm.onUnlockedUser-0_com.android.server.people.PeopleService
12-19 10:34:18.029 I/PowerAIDL(  422): Registered: DDR 
12-19 10:34:18.029 I/PowerAIDL(  422): min: 528000000
12-19 10:34:18.029 I/PowerAIDL(  422): max: 2112000000
12-19 10:34:18.031 I/UsageStatsService(  619): User[0] Rollover scheduled @ 2025-12-20 10:34:18(1766198058016)
12-19 10:34:18.031 I/AccountManagerService(  619): User 0 is unlocked - opening CE database
12-19 10:34:18.031 I/UsageStatsService(  619): Time changed in by 156609246 seconds
12-19 10:34:18.031 D/Zygote  (  390): Forked child process 1308
12-19 10:34:18.032 I/ActivityManager(  619): com.android.keychain is exempt from freezer
12-19 10:34:18.033 I/ActivityTaskManager(  619): START u0 {act=android.intent.action.MAIN cat=[android.intent.category.HOME] flg=0x10000100 cmp=com.android.launcher3/.uioverrides.QuickstepLauncher (has extras)} from uid 0
12-19 10:34:18.035 V/BackupManagerService(  619): [UserID:0] No ancestral data
12-19 10:34:18.037 V/SystemServerTimingAsync(  619): ssm.onUnlockedUser-0_com.android.server.people.PeopleService took to complete: 7ms
12-19 10:34:18.037 D/SystemServerTimingAsync(  619): ssm.onUnlockedUser-0_com.android.server.media.metrics.MediaMetricsManagerService
12-19 10:34:18.037 V/SystemServerTimingAsync(  619): ssm.onUnlockedUser-0_com.android.server.media.metrics.MediaMetricsManagerService took to complete: 0ms
12-19 10:34:18.037 D/SystemServerTimingAsync(  619): ssm.onUnlockedUser-0_com.android.server.media.projection.MediaProjectionManagerService
12-19 10:34:18.037 V/SystemServerTimingAsync(  619): ssm.onUnlockedUser-0_com.android.server.media.projection.MediaProjectionManagerService took to complete: 0ms
12-19 10:34:18.037 D/SystemServerTimingAsync(  619): ssm.onUnlockedUser-0_com.android.server.slice.SliceManagerService$Lifecycle
12-19 10:34:18.037 V/SystemServerTimingAsync(  619): ssm.onUnlockedUser-0_com.android.server.slice.SliceManagerService$Lifecycle took to complete: 0ms
12-19 10:34:18.037 D/SystemServerTimingAsync(  619): ssm.onUnlockedUser-0_com.android.server.stats.StatsCompanion$Lifecycle
12-19 10:34:18.037 V/SystemServerTimingAsync(  619): ssm.onUnlockedUser-0_com.android.server.stats.StatsCompanion$Lifecycle took to complete: 0ms
12-19 10:34:18.037 D/SystemServerTimingAsync(  619): ssm.onUnlockedUser-0_com.android.server.scheduling.RebootReadinessManagerService$Lifecycle
12-19 10:34:18.037 V/SystemServerTimingAsync(  619): ssm.onUnlockedUser-0_com.android.server.scheduling.RebootReadinessManagerService$Lifecycle took to complete: 0ms
12-19 10:34:18.037 D/SystemServerTimingAsync(  619): ssm.onUnlockedUser-0_com.android.server.stats.pull.StatsPullAtomService
12-19 10:34:18.037 V/SystemServerTimingAsync(  619): ssm.onUnlockedUser-0_com.android.server.stats.pull.StatsPullAtomService took to complete: 0ms
12-19 10:34:18.038 D/SystemServerTimingAsync(  619): ssm.onUnlockedUser-0_com.android.server.incident.IncidentCompanionService
12-19 10:34:18.038 V/SystemServerTimingAsync(  619): ssm.onUnlockedUser-0_com.android.server.incident.IncidentCompanionService took to complete: 0ms
12-19 10:34:18.038 D/SystemServerTimingAsync(  619): ssm.onUnlockedUser-0_com.android.server.MmsServiceBroker
12-19 10:34:18.038 V/SystemServerTimingAsync(  619): ssm.onUnlockedUser-0_com.android.server.MmsServiceBroker took to complete: 0ms
12-19 10:34:18.038 D/SystemServerTimingAsync(  619): ssm.onUnlockedUser-0_com.android.server.autofill.AutofillManagerService
12-19 10:34:18.038 V/SystemServerTimingAsync(  619): ssm.onUnlockedUser-0_com.android.server.autofill.AutofillManagerService took to complete: 0ms
12-19 10:34:18.038 D/SystemServerTimingAsync(  619): ssm.onUnlockedUser-0_com.android.server.clipboard.ClipboardService
12-19 10:34:18.038 V/SystemServerTimingAsync(  619): ssm.onUnlockedUser-0_com.android.server.clipboard.ClipboardService took to complete: 0ms
12-19 10:34:18.038 D/SystemServerTimingAsync(  619): ssm.onUnlockedUser-0_com.android.server.appbinding.AppBindingService$Lifecycle
12-19 10:34:18.038 V/SystemServerTimingAsync(  619): ssm.onUnlockedUser-0_com.android.server.appbinding.AppBindingService$Lifecycle took to complete: 0ms
12-19 10:34:18.038 D/SystemServerTimingAsync(  619): ssm.onUnlockedUser-0_com.android.server.tracing.TracingServiceProxy
12-19 10:34:18.038 V/SystemServerTimingAsync(  619): ssm.onUnlockedUser-0_com.android.server.tracing.TracingServiceProxy took to complete: 0ms
12-19 10:34:18.038 D/SystemServerTimingAsync(  619): ssm.onUnlockedUser-0_com.android.server.policy.PermissionPolicyService
12-19 10:34:18.038 V/SystemServerTimingAsync(  619): ssm.onUnlockedUser-0_com.android.server.policy.PermissionPolicyService took to complete: 0ms
12-19 10:34:18.038 D/SystemServerTimingAsync(  619): ssm.onUnlockedUser-0_com.android.server.pm.StagingManager$Lifecycle
12-19 10:34:18.038 V/SystemServerTimingAsync(  619): ssm.onUnlockedUser-0_com.android.server.pm.StagingManager$Lifecycle took to complete: 0ms
12-19 10:34:18.038 D/SystemServerTimingAsync(  619): ssm.onUnlockedUser-0_com.android.server.app.GameManagerService$Lifecycle
12-19 10:34:18.038 V/SystemServerTimingAsync(  619): ssm.onUnlockedUser-0_com.android.server.app.GameManagerService$Lifecycle took to complete: 0ms
12-19 10:34:18.038 D/SystemServerTimingAsync(  619): ssm.onUnlockedUser-0_com.android.server.appsearch.AppSearchManagerService
12-19 10:34:18.038 V/SystemServerTimingAsync(  619): ssm.onUnlockedUser-0_com.android.server.appsearch.AppSearchManagerService took to complete: 0ms
12-19 10:34:18.038 D/SystemServerTimingAsync(  619): ssm.onUnlockedUser-0_com.android.server.media.MediaCommunicationService
12-19 10:34:18.038 V/SystemServerTimingAsync(  619): ssm.onUnlockedUser-0_com.android.server.media.MediaCommunicationService took to complete: 0ms
12-19 10:34:18.038 D/SystemServerTimingAsync(  619): ssm.onUnlockedUser-0_com.android.server.compat.overrides.AppCompatOverridesService$Lifecycle
12-19 10:34:18.038 V/SystemServerTimingAsync(  619): ssm.onUnlockedUser-0_com.android.server.compat.overrides.AppCompatOverridesService$Lifecycle took to complete: 0ms
12-19 10:34:18.038 V/SystemServerTimingAsync(  619): ssm.UnlockedUser-0 took to complete: 13ms
12-19 10:34:18.038 W/ActivityManager(  619): UserLifecycleEvent 6 received without an active userJourneySession.
12-19 10:34:18.038 I/DropBoxManagerService(  619): add tag=system_server_strictmode isTagEnabled=true flags=0x2
12-19 10:34:18.038 D/CompatibilityChangeReporter(  619): Compat change id reported: 184838306; UID 10061; state: DISABLED
12-19 10:34:18.039 D/CompatibilityChangeReporter(  619): Compat change id reported: 185004937; UID 10061; state: DISABLED
12-19 10:34:18.039 I/UsageStatsService(  619): User[0] Flushing usage stats to disk
12-19 10:34:18.039 D/CompatibilityChangeReporter(  619): Compat change id reported: 181136395; UID 10061; state: DISABLED
12-19 10:34:18.040 W/UnsafeUtil(  619): platform method missing - proto runtime falling back to safer methods: java.lang.NoSuchMethodException: sun.misc.Unsafe.copyMemory [class java.lang.Object, long, class java.lang.Object, long, long]
12-19 10:34:18.040 D/CompatibilityChangeReporter(  619): Compat change id reported: 174042936; UID 10061; state: DISABLED
12-19 10:34:18.040 D/CompatibilityChangeReporter(  619): Compat change id reported: 174042980; UID 10061; state: DISABLED
12-19 10:34:18.042 D/CompatibilityChangeReporter(  619): Compat change id reported: 197654537; UID 10061; state: ENABLED
12-19 10:34:18.042 D/CompatibilityChangeReporter(  619): Compat change id reported: 168419799; UID 10061; state: DISABLED
12-19 10:34:18.047 D/CompatibilityChangeReporter(  619): Compat change id reported: 168419799; UID 1000; state: DISABLED
12-19 10:34:18.048 E/system_server(  619): No package ID 7f found for ID 0x7f0802d9.
12-19 10:34:18.048 E/system_server(  619): No package ID 7f found for ID 0x7f12160b.
12-19 10:34:18.048 E/system_server(  619): No package ID 7f found for ID 0x7f0802d8.
12-19 10:34:18.048 E/system_server(  619): No package ID 7f found for ID 0x7f12068f.
12-19 10:34:18.048 E/system_server(  619): No package ID 7f found for ID 0x7f0802d7.
12-19 10:34:18.048 E/system_server(  619): No package ID 7f found for ID 0x7f120e67.
12-19 10:34:18.049 I/ActivityManager(  619): Start proc 1308:com.yian.yiansettings/1000 for added application com.yian.yiansettings
12-19 10:34:18.049 I/SyncManager(  619): Loaded persisted syncs: 0 periodic syncs, 0 oneshot syncs, 14 total system server jobs, JobStats: FirstLoad: 5/4/0 LastSave: -1/-1/-1
12-19 10:34:18.050 D/CompatibilityChangeReporter(  619): Compat change id reported: 135634846; UID 10027; state: DISABLED
12-19 10:34:18.050 D/CompatibilityChangeReporter(  619): Compat change id reported: 177438394; UID 10027; state: DISABLED
12-19 10:34:18.050 D/CompatibilityChangeReporter(  619): Compat change id reported: 135772972; UID 10027; state: DISABLED
12-19 10:34:18.050 D/CompatibilityChangeReporter(  619): Compat change id reported: 135754954; UID 10027; state: ENABLED
12-19 10:34:18.052 I/BpBinder(  340): onLastStrongRef automatically unlinking death recipients: <uncached descriptor>
12-19 10:34:18.053 D/CompatibilityChangeReporter( 1291): Compat change id reported: 171979766; UID 1000; state: DISABLED
12-19 10:34:18.054 V/BackupManagerConstants(  619): getKeyValueBackupIntervalMilliseconds(...) returns 14400000
12-19 10:34:18.054 V/BackupManagerConstants(  619): getKeyValueBackupFuzzMilliseconds(...) returns 600000
12-19 10:34:18.054 V/BackupManagerConstants(  619): getKeyValueBackupRequiredNetworkType(...) returns 1
12-19 10:34:18.054 V/BackupManagerConstants(  619): getKeyValueBackupRequireCharging(...) returns true
12-19 10:34:18.054 V/KeyValueBackupJob(  619): Scheduling k/v pass in 241 minutes
12-19 10:34:18.056 D/ConnectivityService(  619): requestNetwork for uid/pid:1000/619 activeRequest: null callbackRequest: 25 [NetworkRequest [ REQUEST id=26, [ Capabilities: INTERNET&NOT_RESTRICTED&TRUSTED&NOT_VCN_MANAGED Uid: 1000 RequestorUid: 1000 RequestorPkg: android] ]] callback flags: 0 priority: 2147483647
12-19 10:34:18.057 W/InputAttributes( 1258): No editor info for this field. Bug?
12-19 10:34:18.058 E/TaskPersister(  619): File error accessing recents directory (directory doesn't exist?).
12-19 10:34:18.058 D/ApplicationLoaders( 1291): Returning zygote-cached class loader: /system/framework/android.test.base.jar
12-19 10:34:18.058 D/ConnectivityService(  619): NetReassign [no changes]
12-19 10:34:18.058 D/Ethernet(  619): got request NetworkRequest [ REQUEST id=26, [ Capabilities: INTERNET&NOT_RESTRICTED&TRUSTED&NOT_VCN_MANAGED Uid: 1000 RequestorUid: 1000 RequestorPkg: android] ]
12-19 10:34:18.058 D/EthernetNetworkFactory(  619): acceptRequest, request: NetworkRequest [ REQUEST id=26, [ Capabilities: INTERNET&NOT_RESTRICTED&TRUSTED&NOT_VCN_MANAGED Uid: 1000 RequestorUid: 1000 RequestorPkg: android] ]
12-19 10:34:18.059 I/EthernetNetworkFactory(  619): networkForRequest, request: NetworkRequest [ REQUEST id=26, [ Capabilities: INTERNET&NOT_RESTRICTED&TRUSTED&NOT_VCN_MANAGED Uid: 1000 RequestorUid: 1000 RequestorPkg: android] ], network: null
12-19 10:34:18.059 D/WifiNetworkFactory(  619): got request NetworkRequest [ REQUEST id=26, [ Capabilities: INTERNET&NOT_RESTRICTED&TRUSTED&NOT_VCN_MANAGED Uid: 1000 RequestorUid: 1000 RequestorPkg: android] ]
12-19 10:34:18.059 D/UntrustedWifiNetworkFactory(  619): got request NetworkRequest [ REQUEST id=26, [ Capabilities: INTERNET&NOT_RESTRICTED&TRUSTED&NOT_VCN_MANAGED Uid: 1000 RequestorUid: 1000 RequestorPkg: android] ]
12-19 10:34:18.059 D/OemPaidWifiNetworkFactory(  619): got request NetworkRequest [ REQUEST id=26, [ Capabilities: INTERNET&NOT_RESTRICTED&TRUSTED&NOT_VCN_MANAGED Uid: 1000 RequestorUid: 1000 RequestorPkg: android] ]
12-19 10:34:18.061 D/Zygote  (  390): Forked child process 1313
12-19 10:34:18.061 I/ActivityManager(  619): Start proc 1313:com.ztl.appservice/1000 for added application com.ztl.appservice
12-19 10:34:18.061 D/CompatibilityChangeReporter(  619): Compat change id reported: 143937733; UID 10071; state: ENABLED
12-19 10:34:18.063 I/Zygote  ( 1308): seccomp disabled by setenforce 0
12-19 10:34:18.064 V/NotificationAssistants(  619): 0 notification assistant service connected: ComponentInfo{android.ext.services/android.ext.services.notification.Assistant}
12-19 10:34:18.066 E/system_server(  619): No package ID 7f found for ID 0x7f070090.
12-19 10:34:18.066 E/system_server(  619): No package ID 7f found for ID 0x7f10009b.
12-19 10:34:18.068 I/BackupManagerService(  619): isBackupEnabled() => false due to absent settings file
12-19 10:34:18.068 D/BackupManagerService(  619): user:0 readBackupEnableState enabled:false
12-19 10:34:18.068 I/BackupManagerService(  619): [UserID:0] Backup enabled => false
12-19 10:34:18.069 E/LoadedApk( 1291): Unable to instantiate appComponentFactory
12-19 10:34:18.069 E/LoadedApk( 1291): java.lang.ClassNotFoundException: Didn't find class "android.support.v4.app.CoreComponentFactory" on path: DexPathList[[zip file "/system/priv-app/PartnerSupportSampleTvInput/PartnerSupportSampleTvInput.apk"],nativeLibraryDirectories=[/system/priv-app/PartnerSupportSampleTvInput/lib/arm64, /system/priv-app/PartnerSupportSampleTvInput/PartnerSupportSampleTvInput.apk!/lib/arm64-v8a, /system/lib64, /system_ext/lib64, /ztloem/lib64, /system/lib64, /system_ext/lib64]]
12-19 10:34:18.069 E/LoadedApk( 1291): 	at dalvik.system.BaseDexClassLoader.findClass(BaseDexClassLoader.java:218)
12-19 10:34:18.069 E/LoadedApk( 1291): 	at java.lang.ClassLoader.loadClass(ClassLoader.java:379)
12-19 10:34:18.069 E/LoadedApk( 1291): 	at java.lang.ClassLoader.loadClass(ClassLoader.java:312)
12-19 10:34:18.069 E/LoadedApk( 1291): 	at android.app.LoadedApk.createAppFactory(LoadedApk.java:263)
12-19 10:34:18.069 E/LoadedApk( 1291): 	at android.app.LoadedApk.createOrUpdateClassLoaderLocked(LoadedApk.java:1048)
12-19 10:34:18.069 E/LoadedApk( 1291): 	at android.app.LoadedApk.getClassLoader(LoadedApk.java:1135)
12-19 10:34:18.069 E/LoadedApk( 1291): 	at android.app.LoadedApk.getResources(LoadedApk.java:1383)
12-19 10:34:18.069 E/LoadedApk( 1291): 	at android.app.ContextImpl.createAppContext(ContextImpl.java:3037)
12-19 10:34:18.069 E/LoadedApk( 1291): 	at android.app.ContextImpl.createAppContext(ContextImpl.java:3029)
12-19 10:34:18.069 E/LoadedApk( 1291): 	at android.app.ActivityThread.handleBindApplication(ActivityThread.java:6660)
12-19 10:34:18.069 E/LoadedApk( 1291): 	at android.app.ActivityThread.access$1500(ActivityThread.java:256)
12-19 10:34:18.069 E/LoadedApk( 1291): 	at android.app.ActivityThread$H.handleMessage(ActivityThread.java:2091)
12-19 10:34:18.069 E/LoadedApk( 1291): 	at android.os.Handler.dispatchMessage(Handler.java:106)
12-19 10:34:18.069 E/LoadedApk( 1291): 	at android.os.Looper.loopOnce(Looper.java:201)
12-19 10:34:18.069 E/LoadedApk( 1291): 	at android.os.Looper.loop(Looper.java:288)
12-19 10:34:18.069 E/LoadedApk( 1291): 	at android.app.ActivityThread.main(ActivityThread.java:7870)
12-19 10:34:18.069 E/LoadedApk( 1291): 	at java.lang.reflect.Method.invoke(Native Method)
12-19 10:34:18.069 E/LoadedApk( 1291): 	at com.android.internal.os.RuntimeInit$MethodAndArgsCaller.run(RuntimeInit.java:548)
12-19 10:34:18.069 E/LoadedApk( 1291): 	at com.android.internal.os.ZygoteInit.main(ZygoteInit.java:1003)
12-19 10:34:18.071 I/adbd    (  474): jdwp connection from 1308
12-19 10:34:18.072 W/hwc-drm-two(  411): HandleEvent,line=5932 hwc_hotplug : receive drm hotplug event but no state change. display's connection maybe have error, timestamp_us=11143427349
01-01 20:00:12.624 W/        (  576): hdmi edid_hdmi_dc_modes 0 0,color_formats:7
01-01 20:00:12.624 W/        (  576): hdmi_mode used in drmhwc2,we skip here
12-19 10:34:18.073 W/Searchables(  619): No global search activity found
12-19 10:34:18.074 D/CompatibilityChangeReporter(  619): Compat change id reported: 168419799; UID 1000; state: DISABLED
12-19 10:34:18.075 V/BackupManagerConstants(  619): getKeyValueBackupIntervalMilliseconds(...) returns 14400000
12-19 10:34:18.075 V/BackupManagerConstants(  619): getKeyValueBackupFuzzMilliseconds(...) returns 600000
12-19 10:34:18.075 V/BackupManagerConstants(  619): getKeyValueBackupRequiredNetworkType(...) returns 1
12-19 10:34:18.075 V/BackupManagerConstants(  619): getKeyValueBackupRequireCharging(...) returns true
12-19 10:34:18.075 V/KeyValueBackupJob(  619): Scheduling k/v pass in 241 minutes
12-19 10:34:18.078 D/CompatibilityChangeReporter(  619): Compat change id reported: 135634846; UID 10040; state: DISABLED
12-19 10:34:18.078 D/CompatibilityChangeReporter(  619): Compat change id reported: 177438394; UID 10040; state: DISABLED
12-19 10:34:18.078 D/CompatibilityChangeReporter(  619): Compat change id reported: 135772972; UID 10040; state: DISABLED
12-19 10:34:18.078 D/CompatibilityChangeReporter(  619): Compat change id reported: 135754954; UID 10040; state: ENABLED
12-19 10:34:18.079 D/Zygote  (  390): Forked child process 1330
12-19 10:34:18.079 W/ActivityManager(  619): Slow operation: 58ms so far, now at startProcess: returned from zygote!
12-19 10:34:18.079 W/ActivityManager(  619): Slow operation: 58ms so far, now at startProcess: done updating battery stats
12-19 10:34:18.079 I/Watchdog(  619): Interesting Java process com.android.providers.media.module started. Pid 1330
12-19 10:34:18.079 W/ActivityManager(  619): Slow operation: 58ms so far, now at startProcess: building log message
12-19 10:34:18.079 I/ActivityManager(  619): Start proc 1330:com.android.providers.media.module/u0a71 for service {com.android.providers.media.module/com.android.providers.media.fuse.ExternalStorageServiceImpl}
12-19 10:34:18.079 W/ActivityManager(  619): Slow operation: 58ms so far, now at startProcess: starting to update pids map
12-19 10:34:18.079 W/ActivityManager(  619): Slow operation: 58ms so far, now at startProcess: done updating pids map
12-19 10:34:18.080 V/GraphicsEnvironment( 1291): ANGLE Developer option for 'com.example.partnersupportsampletvinput' set to: 'default'
12-19 10:34:18.081 D/CompatibilityChangeReporter( 1308): Compat change id reported: 171979766; UID 1000; state: ENABLED
12-19 10:34:18.081 D/CompatibilityChangeReporter( 1020): Compat change id reported: 160794467; UID 10061; state: ENABLED
12-19 10:34:18.082 V/GraphicsEnvironment( 1291): ANGLE GameManagerService for com.example.partnersupportsampletvinput: false
12-19 10:34:18.082 V/GraphicsEnvironment( 1291): Neither updatable production driver nor prerelease driver is supported.
12-19 10:34:18.087 D/NetworkSecurityConfig( 1291): No Network Security Config specified, using platform default
12-19 10:34:18.087 D/NetworkSecurityConfig( 1291): No Network Security Config specified, using platform default
12-19 10:34:18.088 D/WindowTokenClient( 1258): Configuration not dispatch to IME because configuration is up to date. Current config={1.0 ?mcc?mnc [zh_CN] ldltr sw1080dp w1920dp h1000dp 160dpi xlrg long land -touch -keyb/v/h dpad/v winConfig={ mBounds=Rect(0, 0 - 1920, 1080) mAppBounds=Rect(0, 0 - 1920, 1024) mMaxBounds=Rect(0, 0 - 1920, 1080) mWindowingMode=fullscreen mDisplayWindowingMode=fullscreen mActivityType=undefined mAlwaysOnTop=undefined mRotation=ROTATION_0} as.2 s.10 fontWeightAdjustment=0}, reported config={1.0 ?mcc?mnc [zh_CN] ldltr sw1080dp w1920dp h1000dp 160dpi xlrg long land -touch -keyb/v/h dpad/v winConfig={ mBounds=Rect(0, 0 - 1920, 1080) mAppBounds=Rect(0, 0 - 1920, 1024) mMaxBounds=Rect(0, 0 - 1920, 1080) mWindowingMode=fullscreen mDisplayWindowingMode=fullscreen mActivityType=undefined mAlwaysOnTop=undefined mRotation=ROTATION_0} as.2 s.10 fontWeightAdjustment=0}, updated config={1.0 ?mcc?mnc [zh_CN] ldltr sw1080dp w1920dp h1000dp 160dpi xlrg long land -touch -keyb/v/h dpad/v winConfig={ mBounds=Rect(0, 0 - 1920, 1080) mAppBounds=Rect(0, 0 - 1920, 1024) mMaxBounds=Rect(0, 0 - 1920, 1080) mWindowingMode=fullscreen mDisplayWindowingMode=fullscreen mActivityType=undefined mAlwaysOnTop=undefined mRotation=ROTATION_0} as.2 s.10 fontWeightAdjustment=0}
12-19 10:34:18.092 I/LatinIME:LogUtils( 1258): Dictionary info: dictionary = UserHistoryDictionary.en_US ; version = 1766111662 ; date = 1766111663
12-19 10:34:18.093 I/LatinIME:LogUtils( 1258): Dictionary info: dictionary = userunigram.en_US ; version = 1766111658 ; date = ?
12-19 10:34:18.093 I/android.hardware.graphics.allocator@4.0-service(  407): alloc_format: FMT:0x1,MOD:0
12-19 10:34:18.093 I/android.hardware.graphics.allocator@4.0-service(  407): mali_gralloc_adjust_dimensions: alloc_format=FMT:0x1,MOD:0 usage=0x100 alloc_width=30, alloc_height=32
12-19 10:34:18.093 D/android.hardware.graphics.allocator@4.0-service(  407): got new private_handle_t instance for buffer 'AHardwareBuffer pid [807]'. share_fd : 8, share_attr_fd : 9, width : 30, height : 32, req_format : 0x1, producer_usage : 0x100, consumer_usage : 0x100, , stride : 0, alloc_format : 1, size : 4096, layer_count : 1
12-19 10:34:18.093 D/android.hardware.graphics.allocator@4.0-service(  407): plane_info[0]: offset : 0, byte_stride : 128, alloc_width : 30, alloc_height : 32
12-19 10:34:18.093 D/android.hardware.graphics.allocator@4.0-service(  407): plane_info[1]: offset : 0, byte_stride : 0, alloc_width : 0, alloc_height : 0
12-19 10:34:18.094 D/CompatibilityChangeReporter(  619): Compat change id reported: 135634846; UID 10014; state: DISABLED
12-19 10:34:18.094 D/CompatibilityChangeReporter(  619): Compat change id reported: 177438394; UID 10014; state: DISABLED
12-19 10:34:18.094 D/CompatibilityChangeReporter(  619): Compat change id reported: 135772972; UID 10014; state: DISABLED
12-19 10:34:18.094 D/CompatibilityChangeReporter(  619): Compat change id reported: 135754954; UID 10014; state: ENABLED
12-19 10:34:18.096 D/SampleTvInputService( 1291): onCreate() in
12-19 10:34:18.097 I/Zygote  ( 1313): seccomp disabled by setenforce 0
12-19 10:34:18.097 I/libc    ( 1313): SetHeapTaggingLevel: tag level set to 0
12-19 10:34:18.097 I/Zygote  ( 1330): seccomp disabled by setenforce 0
12-19 10:34:18.093 I/RenderThread( 1020): type=1400 audit(0.0:154): avc: denied { open } for path="/dev/__properties__/u:object_r:vendor_default_prop:s0" dev="tmpfs" ino=280 scontext=u:r:priv_app:s0:c512,c768 tcontext=u:object_r:vendor_default_prop:s0 tclass=file permissive=1 app=com.android.launcher3
12-19 10:34:18.098 V/GraphicsEnvironment( 1308): ANGLE Developer option for 'com.yian.yiansettings' set to: 'default'
12-19 10:34:18.093 I/RenderThread( 1020): type=1400 audit(0.0:155): avc: denied { getattr } for path="/dev/__properties__/u:object_r:vendor_default_prop:s0" dev="tmpfs" ino=280 scontext=u:r:priv_app:s0:c512,c768 tcontext=u:object_r:vendor_default_prop:s0 tclass=file permissive=1 app=com.android.launcher3
12-19 10:34:18.093 I/RenderThread( 1020): type=1400 audit(0.0:156): avc: denied { map } for path="/dev/__properties__/u:object_r:vendor_default_prop:s0" dev="tmpfs" ino=280 scontext=u:r:priv_app:s0:c512,c768 tcontext=u:object_r:vendor_default_prop:s0 tclass=file permissive=1 app=com.android.launcher3
12-19 10:34:18.099 V/GraphicsEnvironment( 1308): ANGLE GameManagerService for com.yian.yiansettings: false
12-19 10:34:18.099 V/GraphicsEnvironment( 1308): Neither updatable production driver nor prerelease driver is supported.
12-19 10:34:18.099 I/mali_so ( 1020): [File] : hardware/arm/maliT760/driver/product/base/src/mali_base_kbase.c; [Line] : 1392; [Func] : base_context_deal_with_version_affairs_rk_ext;
12-19 10:34:18.099 I/mali_so ( 1020): arm_release_ver of this mali_so is 'g18p0-01eac0', rk_so_ver is '2 '.
12-19 10:34:18.099 I/mali_so ( 1020): [File] : hardware/arm/maliT760/driver/product/base/src/mali_base_kbase.c; [Line] : 1408; [Func] : base_context_deal_with_version_affairs_rk_ext;
12-19 10:34:18.099 I/mali_so ( 1020): arm_release_vers are match. to set the full mali_ver 'g18p0-01eac0-2' as value of 'sys.gmali.version'.
12-19 10:34:18.100 I/android.hardware.graphics.allocator@4.0-service(  407): alloc_format: FMT:0x1,MOD:0
12-19 10:34:18.096 I/RenderThread( 1020): type=1400 audit(0.0:157): avc: denied { write } for name="property_service" dev="tmpfs" ino=310 scontext=u:r:priv_app:s0:c512,c768 tcontext=u:object_r:property_socket:s0 tclass=sock_file permissive=1 app=com.android.launcher3
12-19 10:34:18.100 I/android.hardware.graphics.allocator@4.0-service(  407): mali_gralloc_adjust_dimensions: alloc_format=FMT:0x1,MOD:0 usage=0x100 alloc_width=30, alloc_height=32
12-19 10:34:18.096 I/RenderThread( 1020): type=1400 audit(0.0:158): avc: denied { connectto } for path="/dev/socket/property_service" scontext=u:r:priv_app:s0:c512,c768 tcontext=u:r:init:s0 tclass=unix_stream_socket permissive=1 app=com.android.launcher3
12-19 10:34:18.100 D/android.hardware.graphics.allocator@4.0-service(  407): got new private_handle_t instance for buffer 'AHardwareBuffer pid [807]'. share_fd : 8, share_attr_fd : 9, width : 30, height : 32, req_format : 0x1, producer_usage : 0x100, consumer_usage : 0x100, , stride : 0, alloc_format : 1, size : 4096, layer_count : 1
12-19 10:34:18.100 D/android.hardware.graphics.allocator@4.0-service(  407): plane_info[0]: offset : 0, byte_stride : 128, alloc_width : 30, alloc_height : 32
12-19 10:34:18.100 D/android.hardware.graphics.allocator@4.0-service(  407): plane_info[1]: offset : 0, byte_stride : 0, alloc_width : 0, alloc_height : 0
12-19 10:34:18.096 I//system/bin/init(    1): type=1107 audit(0.0:159): uid=0 auid=4294967295 ses=4294967295 subj=u:r:init:s0 msg='avc: denied { set } for property=sys.gmali.version pid=1020 uid=10061 gid=10061 scontext=u:r:priv_app:s0:c512,c768 tcontext=u:object_r:system_prop:s0 tclass=property_service permissive=1'
12-19 10:34:18.100 D/NetworkSecurityConfig( 1308): No Network Security Config specified, using platform default
12-19 10:34:18.100 D/NetworkSecurityConfig( 1308): No Network Security Config specified, using platform default
12-19 10:34:18.101 I/android.hardware.graphics.allocator@4.0-service(  407): alloc_format: FMT:0x1,MOD:0
12-19 10:34:18.101 I/android.hardware.graphics.allocator@4.0-service(  407): mali_gralloc_adjust_dimensions: alloc_format=FMT:0x1,MOD:0 usage=0x100 alloc_width=30, alloc_height=32
12-19 10:34:18.101 D/android.hardware.graphics.allocator@4.0-service(  407): got new private_handle_t instance for buffer 'AHardwareBuffer pid [807]'. share_fd : 8, share_attr_fd : 9, width : 30, height : 32, req_format : 0x1, producer_usage : 0x100, consumer_usage : 0x100, , stride : 0, alloc_format : 1, size : 4096, layer_count : 1
12-19 10:34:18.101 D/android.hardware.graphics.allocator@4.0-service(  407): plane_info[0]: offset : 0, byte_stride : 128, alloc_width : 30, alloc_height : 32
12-19 10:34:18.101 D/android.hardware.graphics.allocator@4.0-service(  407): plane_info[1]: offset : 0, byte_stride : 0, alloc_width : 0, alloc_height : 0
12-19 10:34:18.102 I/android.hardware.graphics.allocator@4.0-service(  407): alloc_format: FMT:0x1,MOD:0
12-19 10:34:18.102 I/android.hardware.graphics.allocator@4.0-service(  407): mali_gralloc_adjust_dimensions: alloc_format=FMT:0x1,MOD:0 usage=0x100 alloc_width=30, alloc_height=32
12-19 10:34:18.102 D/TvInputManagerService(  619): onServiceConnected(component=ComponentInfo{com.example.partnersupportsampletvinput/com.example.partnersupportsampletvinput.SampleTvInputService})
12-19 10:34:18.102 D/android.hardware.graphics.allocator@4.0-service(  407): got new private_handle_t instance for buffer 'AHardwareBuffer pid [807]'. share_fd : 8, share_attr_fd : 9, width : 30, height : 32, req_format : 0x1, producer_usage : 0x100, consumer_usage : 0x100, , stride : 0, alloc_format : 1, size : 4096, layer_count : 1
12-19 10:34:18.102 D/android.hardware.graphics.allocator@4.0-service(  407): plane_info[0]: offset : 0, byte_stride : 128, alloc_width : 30, alloc_height : 32
12-19 10:34:18.102 D/android.hardware.graphics.allocator@4.0-service(  407): plane_info[1]: offset : 0, byte_stride : 0, alloc_width : 0, alloc_height : 0
12-19 10:34:18.102 D/Zygote  (  390): Forked child process 1365
12-19 10:34:18.102 W/ActivityManager(  619): Slow operation: 70ms so far, now at startProcess: returned from zygote!
12-19 10:34:18.102 W/ActivityManager(  619): Slow operation: 70ms so far, now at startProcess: done updating battery stats
12-19 10:34:18.102 W/ActivityManager(  619): Slow operation: 70ms so far, now at startProcess: building log message
12-19 10:34:18.102 I/ActivityManager(  619): Start proc 1365:com.android.keychain/1000 for service {com.android.keychain/com.android.keychain.KeyChainService}
12-19 10:34:18.102 W/ActivityManager(  619): Slow operation: 70ms so far, now at startProcess: starting to update pids map
12-19 10:34:18.102 W/ActivityManager(  619): Slow operation: 70ms so far, now at startProcess: done updating pids map
12-19 10:34:18.102 W/ActivityManager(  619): Slow operation: 53ms so far, now at startProcess: asking zygote to start proc
12-19 10:34:18.103 D/CompatibilityChangeReporter(  619): Compat change id reported: 143937733; UID 10027; state: ENABLED
12-19 10:34:18.103 I/adbd    (  474): jdwp connection from 1313
12-19 10:34:18.103 I/adbd    (  474): jdwp connection from 1330
12-19 10:34:18.103 D/CompatibilityChangeReporter(  619): Compat change id reported: 168419799; UID 1000; state: DISABLED
12-19 10:34:18.104 E/SampleTvInputService( 1291): +++++++++++++added+++++++++
12-19 10:34:18.104 D/CompatibilityChangeReporter(  619): Compat change id reported: 168419799; UID 10071; state: DISABLED
12-19 10:34:18.104 E/SampleTvInputService( 1291): clazz_name = com.example.partnersupportsampletvinput.SampleTvInputService, si.name = com.example.partnersupportsampletvinput.SampleTvInputService
12-19 10:34:18.105 I/android.hardware.graphics.allocator@4.0-service(  407): alloc_format: FMT:0x1,MOD:0
12-19 10:34:18.105 I/android.hardware.graphics.allocator@4.0-service(  407): mali_gralloc_adjust_dimensions: alloc_format=FMT:0x1,MOD:0 usage=0x100 alloc_width=30, alloc_height=32
12-19 10:34:18.105 E/SampleTvInputService( 1291): device_id: 0
12-19 10:34:18.105 D/android.hardware.graphics.allocator@4.0-service(  407): got new private_handle_t instance for buffer 'AHardwareBuffer pid [807]'. share_fd : 8, share_attr_fd : 9, width : 30, height : 32, req_format : 0x1, producer_usage : 0x100, consumer_usage : 0x100, , stride : 0, alloc_format : 1, size : 4096, layer_count : 1
12-19 10:34:18.106 D/android.hardware.graphics.allocator@4.0-service(  407): plane_info[0]: offset : 0, byte_stride : 128, alloc_width : 30, alloc_height : 32
12-19 10:34:18.106 D/android.hardware.graphics.allocator@4.0-service(  407): plane_info[1]: offset : 0, byte_stride : 0, alloc_width : 0, alloc_height : 0
12-19 10:34:18.107 E/SystemServiceRegistry(  619): No service published for: tv_tuner_resource_mgr
12-19 10:34:18.107 E/SystemServiceRegistry(  619): android.os.ServiceManager$ServiceNotFoundException: No service published for: tv_tuner_resource_mgr
12-19 10:34:18.107 E/SystemServiceRegistry(  619): 	at android.os.ServiceManager.getServiceOrThrow(ServiceManager.java:153)
12-19 10:34:18.107 E/SystemServiceRegistry(  619): 	at android.app.SystemServiceRegistry$79.createService(SystemServiceRegistry.java:969)
12-19 10:34:18.107 E/SystemServiceRegistry(  619): 	at android.app.SystemServiceRegistry$79.createService(SystemServiceRegistry.java:964)
12-19 10:34:18.107 E/SystemServiceRegistry(  619): 	at android.app.SystemServiceRegistry$CachedServiceFetcher.getService(SystemServiceRegistry.java:1848)
12-19 10:34:18.107 E/SystemServiceRegistry(  619): 	at android.app.SystemServiceRegistry.getSystemService(SystemServiceRegistry.java:1525)
12-19 10:34:18.107 E/SystemServiceRegistry(  619): 	at android.app.ContextImpl.getSystemService(ContextImpl.java:2081)
12-19 10:34:18.107 E/SystemServiceRegistry(  619): 	at com.android.server.tv.TvInputHardwareManager.acquireHardware(TvInputHardwareManager.java:427)
12-19 10:34:18.107 E/SystemServiceRegistry(  619): 	at com.android.server.tv.TvInputManagerService$BinderService.acquireTvInputHardware(TvInputManagerService.java:2061)
12-19 10:34:18.107 E/SystemServiceRegistry(  619): 	at android.media.tv.ITvInputManager$Stub.onTransact(ITvInputManager.java:1033)
12-19 10:34:18.107 E/SystemServiceRegistry(  619): 	at android.os.Binder.execTransactInternal(Binder.java:1179)
12-19 10:34:18.107 E/SystemServiceRegistry(  619): 	at android.os.Binder.execTransact(Binder.java:1143)
12-19 10:34:18.107 E/SystemServiceRegistry(  619): Manager wrapper not available: tv_tuner_resource_mgr
12-19 10:34:18.108 E/SampleTvInputService( 1291): onStreamConfigChanged: ztl TvStreamConfig {mStreamId=1;mType=1;mGeneration=2}, maxWidth = 1280, maxHeight = 720, generation=2
12-19 10:34:18.108 E/SampleTvInputService( 1291): onStreamConfigChanged: ztl TvStreamConfig {mStreamId=2;mType=1;mGeneration=2}, maxWidth = 1280, maxHeight = 720, generation=2
12-19 10:34:18.108 D/SampleTvInputService( 1291): nStreamConfigGeneration = 0
12-19 10:34:18.108 E/SampleTvInputService( 1291): +++++++++++ acquireTvInputHardware done. +++++++++++ TvInputInfo{id=com.example.partnersupportsampletvinput/.SampleTvInputService/HW0, pkg=com.example.partnersupportsampletvinput, service=com.example.partnersupportsampletvinput.SampleTvInputService}
12-19 10:34:18.108 I/android.hardware.graphics.allocator@4.0-service(  407): alloc_format: FMT:0x1,MOD:0
12-19 10:34:18.108 E/SampleTvInputService( 1291): +++++++++++++added+++++++++
12-19 10:34:18.108 I/android.hardware.graphics.allocator@4.0-service(  407): mali_gralloc_adjust_dimensions: alloc_format=FMT:0x1,MOD:0 usage=0x100 alloc_width=30, alloc_height=32
12-19 10:34:18.108 W/ContextImpl( 1291): Calling a method in the system process without a qualified user: android.app.ContextImpl.sendBroadcast:1181 android.content.ContextWrapper.sendBroadcast:479 com.example.partnersupportsampletvinput.SampleTvInputService.sendPrivCmdBroadcast:95 com.example.partnersupportsampletvinput.SampleTvInputService.access$200:45 com.example.partnersupportsampletvinput.SampleTvInputService$1.onStreamConfigChanged:80 
12-19 10:34:18.108 D/TvInputManagerService(  619): buildTvInputList
12-19 10:34:18.108 D/android.hardware.graphics.allocator@4.0-service(  407): got new private_handle_t instance for buffer 'AHardwareBuffer pid [807]'. share_fd : 8, share_attr_fd : 9, width : 30, height : 32, req_format : 0x1, producer_usage : 0x100, consumer_usage : 0x100, , stride : 0, alloc_format : 1, size : 4096, layer_count : 1
12-19 10:34:18.108 D/TvInputManagerService(  619): add com.example.partnersupportsampletvinput/.SampleTvInputService/HW0
12-19 10:34:18.108 D/android.hardware.graphics.allocator@4.0-service(  407): plane_info[0]: offset : 0, byte_stride : 128, alloc_width : 30, alloc_height : 32
12-19 10:34:18.108 D/android.hardware.graphics.allocator@4.0-service(  407): plane_info[1]: offset : 0, byte_stride : 0, alloc_width : 0, alloc_height : 0
12-19 10:34:18.108 E/SampleTvInputService( 1291): clazz_name = com.example.partnersupportsampletvinput.SampleTvInputService, si.name = com.example.partnersupportsampletvinput.SampleTvInputService
12-19 10:34:18.108 D/TvInputManagerService(  619): notifyInputAddedLocked(inputId=com.example.partnersupportsampletvinput/.SampleTvInputService/HW0)
12-19 10:34:18.108 E/SampleTvInputService( 1291): device_id: 3
12-19 10:34:18.109 E/SystemServiceRegistry(  619): No service published for: tv_tuner_resource_mgr
12-19 10:34:18.109 E/SystemServiceRegistry(  619): android.os.ServiceManager$ServiceNotFoundException: No service published for: tv_tuner_resource_mgr
12-19 10:34:18.109 E/SystemServiceRegistry(  619): 	at android.os.ServiceManager.getServiceOrThrow(ServiceManager.java:153)
12-19 10:34:18.109 E/SystemServiceRegistry(  619): 	at android.app.SystemServiceRegistry$79.createService(SystemServiceRegistry.java:969)
12-19 10:34:18.109 E/SystemServiceRegistry(  619): 	at android.app.SystemServiceRegistry$79.createService(SystemServiceRegistry.java:964)
12-19 10:34:18.109 E/SystemServiceRegistry(  619): 	at android.app.SystemServiceRegistry$CachedServiceFetcher.getService(SystemServiceRegistry.java:1848)
