01-01 20:00:04.269 W/rockchip.hardware.rockit.hw@1.0-service(  426): libminijail[426]: compile_file: /system/etc/seccomp_policy/crash_dump.arm.policy(19): syscall getdents64 redefined here
01-01 20:00:04.269 W/rockchip.hardware.rockit.hw@1.0-service(  426): libminijail[426]: compile_file: <fd>(69): previous definition here
01-01 20:00:04.269 W/rockchip.hardware.rockit.hw@1.0-service(  426): libminijail[426]: compile_file: /system/etc/seccomp_policy/crash_dump.arm.policy(20): syscall faccessat redefined here
01-01 20:00:04.269 W/rockchip.hardware.rockit.hw@1.0-service(  426): libminijail[426]: compile_file: <fd>(49): previous definition here
01-01 20:00:04.269 W/rockchip.hardware.rockit.hw@1.0-service(  426): libminijail[426]: compile_file: /system/etc/seccomp_policy/crash_dump.arm.policy(25): syscall rt_sigprocmask redefined here
01-01 20:00:04.269 W/rockchip.hardware.rockit.hw@1.0-service(  426): libminijail[426]: compile_file: <fd>(52): previous definition here
01-01 20:00:04.269 W/rockchip.hardware.rockit.hw@1.0-service(  426): libminijail[426]: compile_file: /system/etc/seccomp_policy/crash_dump.arm.policy(28): syscall prctl redefined here
01-01 20:00:04.269 W/rockchip.hardware.rockit.hw@1.0-service(  426): libminijail[426]: compile_file: <fd>(20): previous definition here
01-01 20:00:04.269 W/rockchip.hardware.rockit.hw@1.0-service(  426): libminijail[426]: compile_file: /system/etc/seccomp_policy/crash_dump.arm.policy(29): syscall madvise redefined here
01-01 20:00:04.269 W/rockchip.hardware.rockit.hw@1.0-service(  426): libminijail[426]: compile_file: <fd>(40): previous definition here
01-01 20:00:04.269 W/rockchip.hardware.rockit.hw@1.0-service(  426): libminijail[426]: compile_file: /system/etc/seccomp_policy/crash_dump.arm.policy(30): syscall mprotect redefined here
01-01 20:00:04.269 W/rockchip.hardware.rockit.hw@1.0-service(  426): libminijail[426]: compile_file: <fd>(39): previous definition here
01-01 20:00:04.269 W/rockchip.hardware.rockit.hw@1.0-service(  426): libminijail[426]: compile_file: /system/etc/seccomp_policy/crash_dump.arm.policy(31): syscall munmap redefined here
01-01 20:00:04.269 W/rockchip.hardware.rockit.hw@1.0-service(  426): libminijail[426]: compile_file: <fd>(38): previous definition here
01-01 20:00:04.269 W/rockchip.hardware.rockit.hw@1.0-service(  426): libminijail[426]: compile_file: /system/etc/seccomp_policy/crash_dump.arm.policy(32): syscall getuid32 redefined here
01-01 20:00:04.269 W/rockchip.hardware.rockit.hw@1.0-service(  426): libminijail[426]: compile_file: <fd>(45): previous definition here
01-01 20:00:04.269 W/rockchip.hardware.rockit.hw@1.0-service(  426): libminijail[426]: compile_file: /system/etc/seccomp_policy/crash_dump.arm.policy(33): syscall fstat64 redefined here
01-01 20:00:04.269 W/rockchip.hardware.rockit.hw@1.0-service(  426): libminijail[426]: compile_file: <fd>(46): previous definition here
01-01 20:00:04.269 W/rockchip.hardware.rockit.hw@1.0-service(  426): libminijail[426]: compile_file: /system/etc/seccomp_policy/crash_dump.arm.policy(34): syscall mmap2 redefined here
01-01 20:00:04.269 W/rockchip.hardware.rockit.hw@1.0-service(  426): libminijail[426]: compile_file: <fd>(28): previous definition here
01-01 20:00:04.269 W/rockchip.hardware.rockit.hw@1.0-service(  426): libminijail[426]: logging seccomp filter failures
01-01 20:00:04.271 D/RockitHwService(  426): Instantiating rockit hw service....
01-01 20:00:04.271 D/RockitHwService(  426): RockitHwService
01-01 20:00:04.271 I/HidlServiceManagement(  426): Registered rockchip.hardware.rockit.hw@1.0::IRockitHwService/default
01-01 20:00:04.271 I/HidlServiceManagement(  426): Removing namespace from process name rockchip.hardware.rockit.hw@1.0-service to hw@1.0-service.
01-01 20:00:04.271 I/RockitHwService(  426): rockit hw service created
01-01 20:00:04.285 I/bootstat(  475): Service started: /system/bin/bootstat --set_system_boot_reason 
01-01 20:00:04.288 I/android.hardware.camera.provider@2.4-service(  402): CameraProvider@2.4 legacy service is starting.
01-01 20:00:04.301 I/installd(  486): installd firing up
01-01 20:00:04.312 I/HidlServiceManagement(  399): Registered android.hardware.audio@7.0::IDevicesFactory/default
01-01 20:00:04.312 I/HidlServiceManagement(  399): Removing namespace from process name android.hardware.audio.service to audio.service.
01-01 20:00:04.313 I/LegacySupport(  399): Registration complete for android.hardware.audio@7.0::IDevicesFactory/default.
01-01 20:00:04.314 I/bootstat(  475): Canonical boot reason: reboot
01-01 20:00:04.314 I/bootstat(  475): Canonical boot reason: reboot
01-01 20:00:04.329 D/DrmService(  495): ----------------running drmservice---------------
01-01 20:00:04.329 E/DrmService(  495): rknand_sys_storage open fail
01-01 20:00:04.329 D/DrmService(  495): Get HID data:
01-01 20:00:04.330 I/android.hardware.wifi@1.0-service(  420): Wifi Hal is booting up...
01-01 20:00:04.330 I/android.hardwar(  504): type=1400 audit(0.0:28): avc: denied { execute_no_trans } for path="/vendor/bin/sh" dev="dm-2" ino=200 scontext=u:r:hal_wifi_default:s0 tcontext=u:object_r:vendor_shell_exec:s0 tclass=file permissive=1
01-01 20:00:04.332 W/perfetto(  478): service.cc:207          Started traced, listening on /dev/socket/traced_producer /dev/socket/traced_consumer
01-01 20:00:04.332 I/perfetto(  477): probes.cc:84            Starting /system/bin/traced_probes service
01-01 20:00:04.332 I/perfetto(  477): _activity_trigger.cc:71 mm_events ftrace instance not found. Triggering of traces on memory pressure will not be available on this device.
01-01 20:00:04.333 I/perfetto(  477): probes_producer.cc:112  Connected to the service
01-01 20:00:04.337 V/MediaUtils(  488): physMem: 8299556864
01-01 20:00:04.337 V/MediaUtils(  488): requested limit: 134217728
01-01 20:00:04.337 I/libc    (  488): malloc_limit: Allocation limit enabled, max size 134217728 bytes
01-01 20:00:04.337 I/AKMD2   (  494): start in akmd
01-01 20:00:04.337 I/AKMD2   (  494): AKMD PG and DOEPlus v20140729 (Library for AK8963: v7.2.0.729.314) started.
01-01 20:00:04.337 I/AKMD2   (  494): Debug: ON
01-01 20:00:04.338 E/AKMD2   (  494): AKD_InitDevice:99 open Error (No such file or directory).
01-01 20:00:04.338 I/AKMD2   (  494): AKMD end (-2).
01-01 20:00:04.338 D/AudioPowerUsage(  488): AudioPowerUsage
01-01 20:00:04.338 D/AudioAnalytics(  488): AudioAnalytics
01-01 20:00:04.338 D/MediaMetricsService(  488): MediaMetricsService
01-01 20:00:04.336 I/sh      (  504): type=1400 audit(0.0:29): avc: denied { execute_no_trans } for path="/vendor/bin/toolbox" dev="dm-2" ino=228 scontext=u:r:hal_wifi_default:s0 tcontext=u:object_r:vendor_toolbox_exec:s0 tclass=file permissive=1
01-01 20:00:04.368 I/ServiceManager(  491): Waiting for service 'package_native' on '/dev/binder'...
01-01 20:00:04.366 I/sh      (  516): type=1400 audit(0.0:30): avc: denied { write } for name="camera" dev="mmcblk1p16" ino=2031617 scontext=u:r:rild:s0 tcontext=u:object_r:system_data_file:s0 tclass=dir permissive=1
01-01 20:00:04.366 I/sh      (  516): type=1400 audit(0.0:31): avc: denied { add_name } for name="lsusb.txt" scontext=u:r:rild:s0 tcontext=u:object_r:system_data_file:s0 tclass=dir permissive=1
01-01 20:00:04.366 I/sh      (  516): type=1400 audit(0.0:32): avc: denied { create } for name="lsusb.txt" scontext=u:r:rild:s0 tcontext=u:object_r:system_data_file:s0 tclass=file permissive=1
01-01 20:00:04.390 I/sh      (  516): type=1400 audit(0.0:33): avc: denied { write } for name="lsusb.txt" dev="mmcblk1p16" ino=2031618 scontext=u:r:rild:s0 tcontext=u:object_r:system_data_file:s0 tclass=file permissive=1
01-01 20:00:04.390 I/sh      (  516): type=1400 audit(0.0:34): avc: denied { open } for path="/data/camera/lsusb.txt" dev="mmcblk1p16" ino=2031618 scontext=u:r:rild:s0 tcontext=u:object_r:system_data_file:s0 tclass=file permissive=1
01-01 20:00:04.390 I/sh      (  517): type=1400 audit(0.0:35): avc: denied { execute_no_trans } for path="/vendor/bin/toybox_vendor" dev="dm-2" ino=231 scontext=u:r:rild:s0 tcontext=u:object_r:vendor_toolbox_exec:s0 tclass=file permissive=1
01-01 20:00:04.406 I/rild    (  500): type=1400 audit(0.0:36): avc: denied { read } for name="lsusb.txt" dev="mmcblk1p16" ino=2031618 scontext=u:r:rild:s0 tcontext=u:object_r:system_data_file:s0 tclass=file permissive=1
01-01 20:00:04.406 I/rild    (  500): type=1400 audit(0.0:37): avc: denied { getattr } for path="/data/camera/lsusb.txt" dev="mmcblk1p16" ino=2031618 scontext=u:r:rild:s0 tcontext=u:object_r:system_data_file:s0 tclass=file permissive=1
01-01 20:00:04.414 I/main_extractorservice(  487): enable media.extractor memory limits
01-01 20:00:04.414 V/MediaUtils(  487): physMem: 8299556864
01-01 20:00:04.414 V/MediaUtils(  487): requested limit: 1659911360
01-01 20:00:04.414 I/libc    (  487): malloc_limit: Allocation limit enabled, max size 1659911360 bytes
01-01 20:00:04.418 I/HidlServiceManagement(  399): Registered android.hardware.audio.effect@7.0::IEffectsFactory/default
01-01 20:00:04.418 I/LegacySupport(  399): Registration complete for android.hardware.audio.effect@7.0::IEffectsFactory/default.
01-01 20:00:04.418 I/hwservicemanager(  301): getTransport: Cannot find entry android.hardware.soundtrigger@2.3::ISoundTriggerHw/default in either framework or device VINTF manifest.
01-01 20:00:04.425 E/LegacySupport(  399): Could not get passthrough implementation for android.hardware.soundtrigger@2.3::ISoundTriggerHw/default.
01-01 20:00:04.425 I/hwservicemanager(  301): getTransport: Cannot find entry android.hardware.soundtrigger@2.2::ISoundTriggerHw/default in either framework or device VINTF manifest.
01-01 20:00:04.425 E/LegacySupport(  399): Could not get passthrough implementation for android.hardware.soundtrigger@2.2::ISoundTriggerHw/default.
01-01 20:00:04.425 I/hwservicemanager(  301): getTransport: Cannot find entry android.hardware.soundtrigger@2.1::ISoundTriggerHw/default in either framework or device VINTF manifest.
01-01 20:00:04.425 E/LegacySupport(  399): Could not get passthrough implementation for android.hardware.soundtrigger@2.1::ISoundTriggerHw/default.
01-01 20:00:04.425 I/hwservicemanager(  301): getTransport: Cannot find entry android.hardware.soundtrigger@2.0::ISoundTriggerHw/default in either framework or device VINTF manifest.
01-01 20:00:04.425 E/LegacySupport(  399): Could not get passthrough implementation for android.hardware.soundtrigger@2.0::ISoundTriggerHw/default.
01-01 20:00:04.425 W/audiohalservice(  399): Could not register Soundtrigger API
01-01 20:00:04.425 I/hwservicemanager(  301): getTransport: Cannot find entry android.hardware.bluetooth.audio@2.1::IBluetoothAudioProvidersFactory/default in either framework or device VINTF manifest.
01-01 20:00:04.425 E/LegacySupport(  399): Could not get passthrough implementation for android.hardware.bluetooth.audio@2.1::IBluetoothAudioProvidersFactory/default.
01-01 20:00:04.425 I/hwservicemanager(  301): getTransport: Cannot find entry android.hardware.bluetooth.audio@2.0::IBluetoothAudioProvidersFactory/default in either framework or device VINTF manifest.
01-01 20:00:04.426 E/LegacySupport(  399): Could not get passthrough implementation for android.hardware.bluetooth.audio@2.0::IBluetoothAudioProvidersFactory/default.
01-01 20:00:04.426 W/audiohalservice(  399): Could not register Bluetooth Audio API
01-01 20:00:04.426 I/hwservicemanager(  301): getTransport: Cannot find entry android.hardware.bluetooth.a2dp@1.0::IBluetoothAudioOffload/default in either framework or device VINTF manifest.
01-01 20:00:04.426 E/LegacySupport(  399): Could not get passthrough implementation for android.hardware.bluetooth.a2dp@1.0::IBluetoothAudioOffload/default.
01-01 20:00:04.426 W/audiohalservice(  399): Could not register Bluetooth Audio Offload API
01-01 20:00:04.430 W/mediaextractor(  487): Could not read additional policy file '/vendor/etc/seccomp_policy/mediaextractor.policy'
01-01 20:00:04.430 W/mediaextractor(  487): libminijail[487]: failed to get path of fd 5: No such file or directory
01-01 20:00:04.430 W/mediaextractor(  487): libminijail[487]: allowing syscall: connect
01-01 20:00:04.430 W/mediaextractor(  487): libminijail[487]: allowing syscall: fcntl
01-01 20:00:04.430 W/mediaextractor(  487): libminijail[487]: allowing syscall: sendto
01-01 20:00:04.430 W/mediaextractor(  487): libminijail[487]: allowing syscall: socket
01-01 20:00:04.430 W/mediaextractor(  487): libminijail[487]: allowing syscall: writev
01-01 20:00:04.430 W/mediaextractor(  487): libminijail[487]: compile_file: <fd>(42): syscall readlinkat redefined here
01-01 20:00:04.430 W/mediaextractor(  487): libminijail[487]: compile_file: <fd>(38): previous definition here
01-01 20:00:04.438 I/adbd    (  474): persist.adb.watchdog set to ''
01-01 20:00:04.438 I/adbd    (  474): persist.sys.test_harness set to ''
01-01 20:00:04.438 I/adbd    (  474): adb watchdog timeout set to 600 seconds
01-01 20:00:04.438 I/adbd    (  474): Waiting for persist.adb.tls_server.enable=1
01-01 20:00:04.438 I/adbd    (  474): opening control endpoint /dev/usb-ffs/adb/ep0
01-01 20:00:04.438 I/adbd    (  474): adbd started
01-01 20:00:04.439 W/mediaextractor(  487): libminijail[487]: compile_file: /apex/com.android.media/etc/seccomp_policy/crash_dump.arm64.policy(1): syscall read redefined here
01-01 20:00:04.439 W/mediaextractor(  487): libminijail[487]: compile_file: <fd>(18): previous definition here
01-01 20:00:04.439 W/mediaextractor(  487): libminijail[487]: compile_file: /apex/com.android.media/etc/seccomp_policy/crash_dump.arm64.policy(2): syscall write redefined here
01-01 20:00:04.439 W/mediaextractor(  487): libminijail[487]: compile_file: <fd>(6): previous definition here
01-01 20:00:04.439 W/mediaextractor(  487): libminijail[487]: compile_file: /apex/com.android.media/etc/seccomp_policy/crash_dump.arm64.policy(3): syscall exit redefined here
01-01 20:00:04.439 W/mediaextractor(  487): libminijail[487]: compile_file: <fd>(27): previous definition here
01-01 20:00:04.439 W/mediaextractor(  487): libminijail[487]: compile_file: /apex/com.android.media/etc/seccomp_policy/crash_dump.arm64.policy(4): syscall rt_sigreturn redefined here
01-01 20:00:04.439 W/mediaextractor(  487): libminijail[487]: compile_file: <fd>(29): previous definition here
01-01 20:00:04.439 W/mediaextractor(  487): libminijail[487]: compile_file: /apex/com.android.media/etc/seccomp_policy/crash_dump.arm64.policy(5): syscall exit_group redefined here
01-01 20:00:04.439 W/mediaextractor(  487): libminijail[487]: compile_file: <fd>(28): previous definition here
01-01 20:00:04.439 W/mediaextractor(  487): libminijail[487]: compile_file: /apex/com.android.media/etc/seccomp_policy/crash_dump.arm64.policy(8): syscall futex redefined here
01-01 20:00:04.439 W/mediaextractor(  487): libminijail[487]: compile_file: <fd>(4): previous definition here
01-01 20:00:04.439 W/mediaextractor(  487): libminijail[487]: compile_file: /apex/com.android.media/etc/seccomp_policy/crash_dump.arm64.policy(9): syscall getrandom redefined here
01-01 20:00:04.439 W/mediaextractor(  487): libminijail[487]: compile_file: <fd>(32): previous definition here
01-01 20:00:04.439 W/mediaextractor(  487): libminijail[487]: compile_file: /apex/com.android.media/etc/seccomp_policy/crash_dump.arm64.policy(14): syscall openat redefined here
01-01 20:00:04.439 W/mediaextractor(  487): libminijail[487]: compile_file: <fd>(12): previous definition here
01-01 20:00:04.439 W/mediaextractor(  487): libminijail[487]: compile_file: /apex/com.android.media/etc/seccomp_policy/crash_dump.arm64.policy(15): syscall dup redefined here
01-01 20:00:04.439 W/mediaextractor(  487): libminijail[487]: compile_file: <fd>(9): previous definition here
01-01 20:00:04.439 W/mediaextractor(  487): libminijail[487]: compile_file: /apex/com.android.media/etc/seccomp_policy/crash_dump.arm64.policy(16): syscall close redefined here
01-01 20:00:04.439 W/mediaextractor(  487): libminijail[487]: compile_file: <fd>(8): previous definition here
01-01 20:00:04.439 W/mediaextractor(  487): libminijail[487]: compile_file: /apex/com.android.media/etc/seccomp_policy/crash_dump.arm64.policy(17): syscall lseek redefined here
01-01 20:00:04.439 W/mediaextractor(  487): libminijail[487]: compile_file: <fd>(23): previous definition here
01-01 20:00:04.439 W/mediaextractor(  487): libminijail[487]: compile_file: /apex/com.android.media/etc/seccomp_policy/crash_dump.arm64.policy(18): syscall getdents64 redefined here
01-01 20:00:04.439 W/mediaextractor(  487): libminijail[487]: compile_file: <fd>(41): previous definition here
01-01 20:00:04.439 W/mediaextractor(  487): libminijail[487]: compile_file: /apex/com.android.media/etc/seccomp_policy/crash_dump.arm64.policy(19): syscall faccessat redefined here
01-01 20:00:04.439 W/mediaextractor(  487): libminijail[487]: compile_file: <fd>(25): previous definition here
01-01 20:00:04.439 W/mediaextractor(  487): libminijail[487]: compile_file: /apex/com.android.media/etc/seccomp_policy/crash_dump.arm64.policy(27): syscall prctl redefined here
01-01 20:00:04.439 W/mediaextractor(  487): libminijail[487]: compile_file: <fd>(5): previous definition here
01-01 20:00:04.439 I/AndroidRuntime(  390): Using default boot image
01-01 20:00:04.439 I/AndroidRuntime(  390): Leaving lock profiling enabled
01-01 20:00:04.439 W/mediaextractor(  487): libminijail[487]: compile_file: /apex/com.android.media/etc/seccomp_policy/crash_dump.arm64.policy(28): syscall madvise redefined here
01-01 20:00:04.439 W/mediaextractor(  487): libminijail[487]: compile_file: <fd>(14): previous definition here
01-01 20:00:04.439 W/mediaextractor(  487): libminijail[487]: compile_file: /apex/com.android.media/etc/seccomp_policy/crash_dump.arm64.policy(29): syscall mprotect redefined here
01-01 20:00:04.439 W/mediaextractor(  487): libminijail[487]: compile_file: <fd>(13): previous definition here
01-01 20:00:04.439 W/mediaextractor(  487): libminijail[487]: compile_file: /apex/com.android.media/etc/seccomp_policy/crash_dump.arm64.policy(30): syscall munmap redefined here
01-01 20:00:04.439 W/mediaextractor(  487): libminijail[487]: compile_file: <fd>(11): previous definition here
01-01 20:00:04.439 W/mediaextractor(  487): libminijail[487]: compile_file: /apex/com.android.media/etc/seccomp_policy/crash_dump.arm64.policy(31): syscall getuid redefined here
01-01 20:00:04.439 W/mediaextractor(  487): libminijail[487]: compile_file: <fd>(15): previous definition here
01-01 20:00:04.439 W/mediaextractor(  487): libminijail[487]: compile_file: /apex/com.android.media/etc/seccomp_policy/crash_dump.arm64.policy(32): syscall fstat redefined here
01-01 20:00:04.439 W/mediaextractor(  487): libminijail[487]: compile_file: <fd>(16): previous definition here
01-01 20:00:04.439 W/mediaextractor(  487): libminijail[487]: compile_file: /apex/com.android.media/etc/seccomp_policy/crash_dump.arm64.policy(33): syscall mmap redefined here
01-01 20:00:04.439 W/mediaextractor(  487): libminijail[487]: compile_file: <fd>(10): previous definition here
01-01 20:00:04.445 I/wificond(  492): wificond is starting up...
01-01 20:00:04.447 I/HidlServiceManagement(  492): Registered android.system.wifi.keystore@1.0::IKeystore/default
01-01 20:00:04.450 W/ServiceManager(  341): Waited one second for SurfaceFlinger (is service started? are binder threads started and available?)
01-01 20:00:04.450 I/servicemanager(  300): Since 'SurfaceFlinger' could not be found, trying to start it as a lazy AIDL service
01-01 20:00:04.461 W/mediaextractor(  487): libminijail[487]: logging seccomp filter failures
01-01 20:00:04.463 I/rockchip.hardwa(  427): type=1400 audit(0.0:38): avc: denied { read } for name="u:object_r:default_prop:s0" dev="tmpfs" ino=126 scontext=u:r:hal_tv_input_default:s0 tcontext=u:object_r:default_prop:s0 tclass=file permissive=1
01-01 20:00:04.463 I/rockchip.hardwa(  427): type=1400 audit(0.0:39): avc: denied { open } for path="/dev/__properties__/u:object_r:default_prop:s0" dev="tmpfs" ino=126 scontext=u:r:hal_tv_input_default:s0 tcontext=u:object_r:default_prop:s0 tclass=file permissive=1
01-01 20:00:04.463 I/rockchip.hardwa(  427): type=1400 audit(0.0:40): avc: denied { getattr } for path="/dev/__properties__/u:object_r:default_prop:s0" dev="tmpfs" ino=126 scontext=u:r:hal_tv_input_default:s0 tcontext=u:object_r:default_prop:s0 tclass=file permissive=1
01-01 20:00:04.463 I/rockchip.hardwa(  427): type=1400 audit(0.0:41): avc: denied { map } for path="/dev/__properties__/u:object_r:default_prop:s0" dev="tmpfs" ino=126 scontext=u:r:hal_tv_input_default:s0 tcontext=u:object_r:default_prop:s0 tclass=file permissive=1
01-01 20:00:04.471 E/bootstat(  475): Failed to read /metadata/bootstat/persist.sys.boot.reason: No such file or directory
01-01 20:00:04.471 I/bootstat(  475): Value of persist.sys.boot.reason : 
01-01 20:00:04.471 I/bootstat(  475): Normalized last reboot reason : reboot
01-01 20:00:04.481 D/tv_input(  427): tv_input_device_open in, name: default
01-01 20:00:04.481 D/tv_input(  427): tv_input_device_open end. name: default 0
01-01 20:00:04.481 D/tv_input(  427): tv_input_device_open in, name: default
01-01 20:00:04.481 D/tv_input(  427): tv_input_device_open end. name: default 0
01-01 20:00:04.482 I/HidlServiceManagement(  427): Registered rockchip.hardware.tv.input@1.0::ITvInput/default
01-01 20:00:04.482 I/HidlServiceManagement(  427): Removing namespace from process name rockchip.hardware.tv.input@1.0-service to input@1.0-service.
01-01 20:00:04.484 I/zygote64(  390): option[0]=-Xzygote
01-01 20:00:04.484 I/zygote64(  390): option[1]=-Xdeny-art-apex-data-files
01-01 20:00:04.484 I/zygote64(  390): option[2]=exit
01-01 20:00:04.484 I/zygote64(  390): option[3]=vfprintf
01-01 20:00:04.484 I/zygote64(  390): option[4]=sensitiveThread
01-01 20:00:04.484 I/zygote64(  390): option[5]=-verbose:gc
01-01 20:00:04.484 I/zygote64(  390): option[6]=-XX:PerfettoHprof=true
01-01 20:00:04.484 I/zygote64(  390): option[7]=-XX:PerfettoJavaHeapStackProf=true
01-01 20:00:04.484 I/zygote64(  390): option[8]=-Xprimaryzygote
01-01 20:00:04.484 I/zygote64(  390): option[9]=-Xms16m
01-01 20:00:04.484 I/zygote64(  390): option[10]=-Xmx512m
01-01 20:00:04.484 I/zygote64(  390): option[11]=-XX:HeapGrowthLimit=192m
01-01 20:00:04.484 I/zygote64(  390): option[12]=-XX:HeapMinFree=512k
01-01 20:00:04.484 I/zygote64(  390): option[13]=-XX:HeapMaxFree=8m
01-01 20:00:04.484 I/zygote64(  390): option[14]=-XX:HeapTargetUtilization=0.75
01-01 20:00:04.484 I/zygote64(  390): option[15]=-Xusejit:true
01-01 20:00:04.484 I/zygote64(  390): option[16]=-Xjitsaveprofilinginfo
01-01 20:00:04.485 I/zygote64(  390): option[17]=-XMadviseWillNeedVdexFileSize:104857600
01-01 20:00:04.485 I/zygote64(  390): option[18]=-XMadviseWillNeedOdexFileSize:104857600
01-01 20:00:04.485 I/zygote64(  390): option[19]=-XMadviseWillNeedArtFileSize:4294967295
01-01 20:00:04.485 I/zygote64(  390): option[20]=-XjdwpOptions:suspend=n,server=y
01-01 20:00:04.485 I/zygote64(  390): option[21]=-XjdwpProvider:default
01-01 20:00:04.485 I/zygote64(  390): option[22]=-Xopaque-jni-ids:swapable
01-01 20:00:04.485 I/zygote64(  390): option[23]=-Xlockprofthreshold:500
01-01 20:00:04.485 I/zygote64(  390): option[24]=-Xcompiler-option
01-01 20:00:04.485 I/zygote64(  390): option[25]=-j8
01-01 20:00:04.485 I/zygote64(  390): option[26]=-Xcompiler-option
01-01 20:00:04.485 I/zygote64(  390): option[27]=--instruction-set-variant=cortex-a76
01-01 20:00:04.485 I/zygote64(  390): option[28]=-Xcompiler-option
01-01 20:00:04.485 I/zygote64(  390): option[29]=--instruction-set-features=default
01-01 20:00:04.485 I/zygote64(  390): option[30]=-Xcompiler-option
01-01 20:00:04.485 I/zygote64(  390): option[31]=--generate-mini-debug-info
01-01 20:00:04.485 I/zygote64(  390): option[32]=-Ximage-compiler-option
01-01 20:00:04.485 I/zygote64(  390): option[33]=--runtime-arg
01-01 20:00:04.485 I/zygote64(  390): option[34]=-Ximage-compiler-option
01-01 20:00:04.485 I/zygote64(  390): option[35]=-Xms64m
01-01 20:00:04.485 I/zygote64(  390): option[36]=-Ximage-compiler-option
01-01 20:00:04.485 I/zygote64(  390): option[37]=--runtime-arg
01-01 20:00:04.485 I/zygote64(  390): option[38]=-Ximage-compiler-option
01-01 20:00:04.485 I/zygote64(  390): option[39]=-Xmx64m
01-01 20:00:04.485 I/zygote64(  390): option[40]=-Ximage-compiler-option
01-01 20:00:04.485 I/zygote64(  390): option[41]=--dirty-image-objects=/system/etc/dirty-image-objects
01-01 20:00:04.485 I/zygote64(  390): option[42]=-Ximage-compiler-option
01-01 20:00:04.485 I/zygote64(  390): option[43]=--instruction-set-variant=cortex-a76
01-01 20:00:04.485 I/zygote64(  390): option[44]=-Ximage-compiler-option
01-01 20:00:04.485 I/zygote64(  390): option[45]=--instruction-set-features=default
01-01 20:00:04.485 I/zygote64(  390): option[46]=-Ximage-compiler-option
01-01 20:00:04.485 I/zygote64(  390): option[47]=--generate-mini-debug-info
01-01 20:00:04.485 I/zygote64(  390): option[48]=-Duser.locale=zh-CN
01-01 20:00:04.485 I/zygote64(  390): option[49]=--cpu-abilist=arm64-v8a
01-01 20:00:04.485 I/zygote64(  390): option[50]=-Xcore-platform-api-policy:just-warn
01-01 20:00:04.485 I/zygote64(  390): option[51]=-Xfingerprint:rockchip/rk3588_s:12/SQ3A.220705.003.A1/eng.20251219.103329:userdebug/release-keys
01-01 20:00:04.486 W/zygote64(  390): ART APEX data files are untrusted.
01-01 20:00:04.486 I/zygote64(  390): Core platform API reporting enabled, enforcing=false
01-01 20:00:04.516 I/mediaswcodec(  503): media swcodec service starting
01-01 20:00:04.521 D/mediatuner(  490): Tuner service starting
01-01 20:00:04.522 D/mediatuner(  490): ServiceManager: 0xb4000072e2c221c0
01-01 20:00:04.522 I/servicemanager(  300): Since 'package_native' could not be found, trying to start it as a lazy AIDL service
01-01 20:00:04.524 W/mediaswcodec(  503): Could not read additional policy file '/vendor/etc/seccomp_policy/mediaswcodec.policy'
01-01 20:00:04.524 W/mediaswcodec(  503): libminijail[503]: failed to get path of fd 5: No such file or directory
01-01 20:00:04.524 W/mediaswcodec(  503): libminijail[503]: allowing syscall: connect
01-01 20:00:04.524 W/mediaswcodec(  503): libminijail[503]: allowing syscall: fcntl
01-01 20:00:04.524 W/mediaswcodec(  503): libminijail[503]: allowing syscall: sendto
01-01 20:00:04.524 W/mediaswcodec(  503): libminijail[503]: allowing syscall: socket
01-01 20:00:04.524 W/mediaswcodec(  503): libminijail[503]: allowing syscall: writev
01-01 20:00:04.525 W/mediaswcodec(  503): libminijail[503]: compile_file: <fd>(75): syscall munmap redefined here
01-01 20:00:04.525 W/mediaswcodec(  503): libminijail[503]: compile_file: <fd>(39): previous definition here
01-01 20:00:04.528 I/FastMixerState(  428): sMaxFastTracks = 8
01-01 20:00:04.530 V/MediaUtils(  428): physMem: 8299556864
01-01 20:00:04.530 V/MediaUtils(  428): requested limit: 536870912
01-01 20:00:04.530 I/libc    (  428): malloc_limit: Allocation limit enabled, max size 536870912 bytes
01-01 20:00:04.530 I/audioserver(  428): ServiceManager: 0xb4000074bfb56ee0
01-01 20:00:04.530 W/BatteryNotifier(  428): batterystats service unavailable!
01-01 20:00:04.533 W/mediaswcodec(  503): libminijail[503]: logging seccomp filter failures
01-01 20:00:04.534 I/CodecServiceRegistrant(  503): Creating software Codec2 service...
01-01 20:00:04.543 I//system/bin/init(    1): type=1107 audit(0.0:42): uid=0 auid=4294967295 ses=4294967295 subj=u:r:init:s0 msg='avc: denied { set } for property=persist.ztl.wifiname pid=504 uid=1010 gid=1010 scontext=u:r:hal_wifi_default:s0 tcontext=u:object_r:default_prop:s0 tclass=property_service permissive=1'
01-01 20:00:04.547 E/DrmService(  495): vendor read error
01-01 20:00:04.547 E/DrmService(  495): ----vendor read sn error,try drmboot----
01-01 20:00:04.547 E/DrmService(  495): rknand_sys_storage open fail
01-01 20:00:04.547 I/DrmService(  495): new sn is same as old, skip prop_set and update!
01-01 20:00:04.550 I/HidlServiceManagement(  503): Registered android.hardware.media.c2@1.2::IComponentStore/software
01-01 20:00:04.626 E/android.hardware.wifi@1.0-service(  420): check_wifi_chip_type_string : APXXX: Success
01-01 20:00:04.626 E/android.hardware.wifi@1.0-service(  420): matched wifi_module_path: /vendor/lib/modules/bcmdhd.ko: Success
01-01 20:00:04.626 E/android.hardware.wifi@1.0-service(  420): matched wifi_module_arg: : Success
01-01 20:00:04.626 E/android.hardware.wifi@1.0-service(  420): Kernel version is 5.10: Success
01-01 20:00:04.626 E/android.hardware.wifi@1.0-service(  420): Kernel version is 5.10: Success
01-01 20:00:04.626 I/hwc-drm-debug(  411): DrmHwcTwo version : HWC2-1.5.178
01-01 20:00:04.626 E/android.hardware.wifi@1.0-service(  420): Kernel version is 5.10: Success
01-01 20:00:04.626 E/android.hardware.wifi@1.0-service(  420): Wifi driver is not ready.: Success
01-01 20:00:04.623 I/android.hardwar(  420): type=1400 audit(0.0:43): avc: denied { read } for name="u:object_r:default_prop:s0" dev="tmpfs" ino=126 scontext=u:r:hal_wifi_default:s0 tcontext=u:object_r:default_prop:s0 tclass=file permissive=1
01-01 20:00:04.623 I/android.hardwar(  420): type=1400 audit(0.0:44): avc: denied { open } for path="/dev/__properties__/u:object_r:default_prop:s0" dev="tmpfs" ino=126 scontext=u:r:hal_wifi_default:s0 tcontext=u:object_r:default_prop:s0 tclass=file permissive=1
01-01 20:00:04.623 I/android.hardwar(  420): type=1400 audit(0.0:45): avc: denied { getattr } for path="/dev/__properties__/u:object_r:default_prop:s0" dev="tmpfs" ino=126 scontext=u:r:hal_wifi_default:s0 tcontext=u:object_r:default_prop:s0 tclass=file permissive=1
01-01 20:00:04.623 I/android.hardwar(  420): type=1400 audit(0.0:46): avc: denied { map } for path="/dev/__properties__/u:object_r:default_prop:s0" dev="tmpfs" ino=126 scontext=u:r:hal_wifi_default:s0 tcontext=u:object_r:default_prop:s0 tclass=file permissive=1
01-01 20:00:04.628 I/adbd    (  474): UsbFfsConnection constructed
01-01 20:00:04.628 I/adbd    (  474): UsbFfs-monitor thread spawned
01-01 20:00:04.636 W/android.hardware.wifi@1.0-service(  420): ztl 2 insmod  /vendor/lib/modules/bcmdhd.ko: Success
01-01 20:00:06.186 E/        (  420): [dhd] STATIC-MSG) dhd_static_buf_init : 101.10.361.36 (wlan=r892223-20231107-1)
01-01 20:00:06.186 E/        (  420): [dhd] STATIC-MSG) dhd_init_wlan_mem : prealloc ok for index 0: 8459264(8261K)
01-01 20:00:04.636 I/android.hardwar(  411): type=1400 audit(0.0:47): avc: denied { read } for name="u:object_r:system_prop:s0" dev="tmpfs" ino=254 scontext=u:r:hal_graphics_composer_default:s0 tcontext=u:object_r:system_prop:s0 tclass=file permissive=1
01-01 20:00:04.636 I/android.hardwar(  411): type=1400 audit(0.0:48): avc: denied { open } for path="/dev/__properties__/u:object_r:system_prop:s0" dev="tmpfs" ino=254 scontext=u:r:hal_graphics_composer_default:s0 tcontext=u:object_r:system_prop:s0 tclass=file permissive=1
01-01 20:00:04.636 I/android.hardwar(  411): type=1400 audit(0.0:49): avc: denied { getattr } for path="/dev/__properties__/u:object_r:system_prop:s0" dev="tmpfs" ino=254 scontext=u:r:hal_graphics_composer_default:s0 tcontext=u:object_r:system_prop:s0 tclass=file permissive=1
01-01 20:00:04.636 I/android.hardwar(  411): type=1400 audit(0.0:50): avc: denied { map } for path="/dev/__properties__/u:object_r:system_prop:s0" dev="tmpfs" ino=254 scontext=u:r:hal_graphics_composer_default:s0 tcontext=u:object_r:system_prop:s0 tclass=file permissive=1
01-01 20:00:04.648 W/hwc-drm-device(  411): InitEnvFromXml,line=174 Can't find /ztloem/etc/HwComposerEnv.xml file. ret=3
01-01 20:00:04.648 W/hwc-drm-device(  411): Init,line=524 InitEnvFromXml fail, non-fatal error, check for ok.
01-01 20:00:06.230 E/[dhd] _dhd_module_init(  420): in Dongle Host Driver, version 101.10.591.109.54 (20250513-1)(dd914bb)
01-01 20:00:06.230 E/        (  420): drivers/net/wireless/rockchip_wlan/rkwifi/bcmdhd compiled on Dec 19 2025 at 10:32:19
01-01 20:00:06.230 W/        (  420): [dhd] ANDROID_VERSION = 12, KERNEL_VERSION = 5.10.160
01-01 20:00:06.230 I/[WLAN_RFKILL](  420): rockchip_wifi_get_oob_irq: Enter
01-01 20:00:06.230 W/[dhd] dhd_wlan_init_gpio(  420): WL_HOST_WAKE=-1, oob_irq=182, oob_irq_flags=0x4
01-01 20:00:06.230 W/[dhd] dhd_wlan_init_gpio(  420): WL_REG_ON=-1
01-01 20:00:06.230 W/[dhd] dhd_wifi_platform_load(  420): Enter
01-01 20:00:06.230 W/        (  420): [dhd] wifi_platform_bus_enumerate device present 1
01-01 20:00:06.230 W/        (  420): [dhd] ======== Card detection to detect PCIE card! ========
01-01 20:00:06.230 W/[dhd] dhdpcie_pci_probe(  420): no mutex held
01-01 20:00:06.230 W/[dhd] dhdpcie_pci_probe(  420): set mutex lock
01-01 20:00:06.230 W/[dhd] PCI_PROBE(  420): bus 0x21, slot 0x0,vendor 0x14E4, device 0x449D(good PCI location)
01-01 20:00:06.230 W/[dhd] dhdpcie_init(  420): found adapter info 'DHD generic adapter'
01-01 20:00:06.230 E/        (  420): [dhd] STATIC-MSG) dhd_wlan_mem_prealloc : section 3, size 139264
01-01 20:00:06.230 W/        (  420): [dhd] succeed to alloc static buf
01-01 20:00:06.230 E/        (  420): [dhd] STATIC-MSG) dhd_wlan_mem_prealloc : section 4, size 0
01-01 20:00:06.230 I/pcieh 0002(  420): 21:00.0: enabling device (0000 -> 0002)
01-01 20:00:06.231 W/        (  420): [dhd] Disable CTO for chip 0xaae8
01-01 20:00:06.231 W/[dhd] DHD(  420): dongle ram size is set to 1310720(orig 1310720) at 0x170000
01-01 20:00:06.231 W/[dhd] dhdpcie_bar1_window_switch_enab(  420): bar1_switch_enab=0 ramstart=0x170000 ramend=0x2affff bar1_size=0x0
01-01 20:00:06.231 E/        (  420): [dhd] STATIC-MSG) dhd_wlan_mem_prealloc : section 7, size 48064
01-01 20:00:06.231 E/        (  420): [dhd] STATIC-ERROR) dhd_wlan_mem_prealloc : request DHD_INFO(48064) > 47104
01-01 20:00:06.231 W/[dhd] wifi_platform_prealloc(  420): failed to alloc static mem section 7
01-01 20:00:06.232 W/[dhd] dhd_conf_set_chiprev(  420): devid=0x449d, chip=0xaae8, chiprev=2, svid=0x14e4, ssid=0xaae8
01-01 20:00:06.234 W/[dhd] dhd_check_htput_chip(  420): htput_support:1
01-01 20:00:06.236 E/        (  420): [dhd] STATIC-MSG) dhd_wlan_mem_prealloc : section 0, size 5152
01-01 20:00:06.240 W/        (  420): [dhd] dhd_ioctl_entry_local invalid parameter net 0000000000000000 dev_priv 000000002d6f88a3
01-01 20:00:06.240 W/        (  420): [dhd] CFG80211-ERROR) wl_is_fils_supported : FILS NOT supported, err -22
01-01 20:00:06.240 E/        (  420): [dhd] STATIC-MSG) dhd_wlan_mem_prealloc : section 5, size 65536
01-01 20:00:06.241 W/        (  420): [dhd] CFG80211-ERROR) wl_is_fils_supported : FILS NOT supported, err -19
01-01 20:00:06.241 E/        (  420): [dhd] STATIC-MSG) dhd_wlan_mem_prealloc : section 19, size 65688
01-01 20:00:06.241 W/[dhd] dhd_log_dump_init(  420): kernel log buf size = 512KB; logdump_prsrv_tailsize = 80KB; limit prsrv tail size to = 76KB
01-01 20:00:06.241 E/        (  420): [dhd] STATIC-MSG) dhd_wlan_mem_prealloc : section 15, size 4194304
01-01 20:00:06.241 E/        (  420): [dhd] STATIC-MSG) dhd_wlan_mem_prealloc : section 16, size 8192
01-01 20:00:06.241 W/[dhd] dhd_os_attach_pktlog()(  420): dhd_os_attach_pktlog attach
01-01 20:00:06.241 W/[dhd] dhd_attach()(  420): thread:dhd_watchdog_thread_pcie:218 started
01-01 20:00:06.241 W/[dhd] dhd_deferred_work_init(  420): work queue initialized
01-01 20:00:06.241 W/[dhd] dhd_tcpack_suppress_set(  420): TCP ACK Suppress mode 0 -> mode 3
01-01 20:00:06.241 W/[dhd] dhd_tcpack_suppress_set(  420): TCPACK_INFO_MAXNUM=40, TCPDATA_INFO_MAXNUM=40
01-01 20:00:06.241 W/        (  420): [dhd] dhd_cpumasks_init CPU masks primary(big)=0xf0 secondary(little)=0xe
01-01 20:00:06.241 W/[dhd] dhd_cpu_startup_callback()(   16): LB data is not initialized yet.
01-01 20:00:06.241 W/[dhd] dhd_cpu_startup_callback()(   17): LB data is not initialized yet.
01-01 20:00:06.241 W/[dhd] dhd_cpu_startup_callback()(   22): LB data is not initialized yet.
01-01 20:00:06.241 W/[dhd] dhd_cpu_startup_callback()(   27): LB data is not initialized yet.
01-01 20:00:06.241 W/[dhd] dhd_cpu_startup_callback()(   32): LB data is not initialized yet.
01-01 20:00:06.241 W/[dhd] dhd_cpu_startup_callback()(   37): LB data is not initialized yet.
01-01 20:00:06.241 W/[dhd] dhd_cpu_startup_callback()(   42): LB data is not initialized yet.
01-01 20:00:06.241 W/[dhd] dhd_cpu_startup_callback()(   47): LB data is not initialized yet.
01-01 20:00:06.241 W/[dhd] dhd_get_memdump_info(  420): MEMDUMP ENABLED = 3
01-01 20:00:06.241 W/[dhd] dhdpcie_bus_attach(  420): making DHD_BUS_DOWN
01-01 20:00:06.241 W/[dhd] dhdpcie_init(  420): rc_dev from dev->bus->self (1d87:3588) is 0000000000000000
01-01 20:00:06.241 W/[dhd] dhdpcie_init(  420): rc_ep_aspm_cap: 1 rc_ep_l1ss_cap: 1
01-01 20:00:06.241 W/[dhd] dhdpcie_request_irq(  420): INTx enabled, irq=171
01-01 20:00:06.241 W/[dhd] dhdpcie_bar1_window_switch_enab(  420): bar1_switch_enab=0 ramstart=0x170000 ramend=0x2affff bar1_size=0x400000
01-01 20:00:06.241 W/[dhd] dhd_bus_download_firmware(  420): firmware path=/fw_bcm43752a2_pcie_ag.bin, nvram path=/nvram_ap6275p.txt
01-01 20:00:06.241 W/[dhd] dhd_conf_set_path_params(  420): Final fw_path=/fw_bcm43752a2_pcie_ag.bin
01-01 20:00:06.241 W/[dhd] dhd_conf_set_path_params(  420): Final nv_path=/nvram_ap6275p.txt
01-01 20:00:06.241 W/[dhd] dhd_conf_set_path_params(  420): Final clm_path=/clm_bcm43752a2_pcie_ag.blob
01-01 20:00:06.241 W/[dhd] dhd_conf_set_path_params(  420): Final conf_path=/config.txt
01-01 20:00:06.241 W/pcieh 0002(  420): 21:00.0: Direct firmware load for /config.txt failed with error -2
01-01 20:00:06.241 W/[dhd] dhd_conf_read_config(  420): Ignore config file /config.txt
01-01 20:00:06.241 W/        (  420): [dhd] d2h_intr_method -> PCIE_INTX(0); d2h_intr_control -> D2H_INTMASK(0)
01-01 20:00:06.242 W/[dhd] dhdpcie_download_code_file(  420): dhd_tcm_test_enable 0, dhd_tcm_test_status 0, dhd_tcm_test_mode 2
01-01 20:00:06.242 W/[dhd] dhdpcie_download_code_file(  420): download firmware /fw_bcm43752a2_pcie_ag.bin
01-01 20:00:04.696 I/MediaExtractorFactory(  487): plugin directory not present (/system/lib64/extractors)
01-01 20:00:04.697 I/MediaExtractorFactory(  487): plugin directory not present (/system_ext/lib64/extractors)
01-01 20:00:06.255 W/[dhd] fwpkg_open_firmware_img(dhdpcie_download_code_file)(  420): /fw_bcm43752a2_pcie_ag.bin (SINGLE image 936074 bytes)
01-01 20:00:04.714 I/AudioFlinger(  428): Using default 3000 mSec as standby time.
01-01 20:00:04.714 I/ServiceManager(  488): Waiting for service 'package_native' on '/dev/binder'...
01-01 20:00:04.758 W/mpp_log (  401): warning: use new logx function
01-01 20:00:04.758 W/mpp_log (  402): warning: use new logx function
01-01 20:00:04.758 I/vpu_api (  401): dlopen vpu lib /vendor/lib/librk_vpuapi.so success
01-01 20:00:04.758 I/vpu_api (  402): dlopen vpu lib /vendor/lib/librk_vpuapi.so success
01-01 20:00:04.767 E/bootstat(  475): Failed to unlink /metadata/bootstat/persist.sys.boot.reason: No such file or directory
01-01 20:00:04.766 I/android.hardwar(  401): type=1400 audit(0.0:51): avc: denied { read } for name="u:object_r:default_prop:s0" dev="tmpfs" ino=126 scontext=u:r:hal_camera_default:s0 tcontext=u:object_r:default_prop:s0 tclass=file permissive=1
01-01 20:00:04.766 I/android.hardwar(  401): type=1400 audit(0.0:52): avc: denied { open } for path="/dev/__properties__/u:object_r:default_prop:s0" dev="tmpfs" ino=126 scontext=u:r:hal_camera_default:s0 tcontext=u:object_r:default_prop:s0 tclass=file permissive=1
01-01 20:00:04.770 W/libc    (  300): Unable to set property "ctl.interface_start" to "aidl/SurfaceFlinger": error code: 0x20
01-01 20:00:04.770 I/servicemanager(  300): Tried to start aidl service SurfaceFlinger as a lazy service, but was unable to. Usually this happens when a service is not installed, but if the service is intended to be used as a lazy service, then it may be configured incorrectly.
01-01 20:00:04.766 I/android.hardwar(  401): type=1400 audit(0.0:53): avc: denied { getattr } for path="/dev/__properties__/u:object_r:default_prop:s0" dev="tmpfs" ino=126 scontext=u:r:hal_camera_default:s0 tcontext=u:object_r:default_prop:s0 tclass=file permissive=1
01-01 20:00:04.766 I/android.hardwar(  401): type=1400 audit(0.0:54): avc: denied { map } for path="/dev/__properties__/u:object_r:default_prop:s0" dev="tmpfs" ino=126 scontext=u:r:hal_camera_default:s0 tcontext=u:object_r:default_prop:s0 tclass=file permissive=1
01-01 20:00:04.773 W/libc    (  300): Unable to set property "ctl.interface_start" to "aidl/package_native": error code: 0x20
01-01 20:00:04.773 I/servicemanager(  300): Tried to start aidl service package_native as a lazy service, but was unable to. Usually this happens when a service is not installed, but if the service is intended to be used as a lazy service, then it may be configured incorrectly.
01-01 20:00:04.774 I/ExtCamUtils@3.4(  401): loadFromCfg: load external camera config succeed!
01-01 20:00:04.774 I/ExtCamUtils@3.4(  401): loadFromCfg: depth output is not enabled
01-01 20:00:04.774 I/ExtCamUtils@3.4(  401): loadFromCfg: no minimum stream size specified
01-01 20:00:04.774 I/ExtCamUtils@3.4(  401): loadFromCfg: no sensor orientation specified
01-01 20:00:04.774 I/ExtCamUtils@3.4(  401): loadFromCfg: external camera cfg loaded: maxJpgBufSize 3145728, num video buffers 4, num still buffers 2, orientation 0
01-01 20:00:04.774 I/ExtCamUtils@3.4(  401): loadFromCfg: fpsLimitList: 176x144@60.000000
01-01 20:00:04.774 I/ExtCamUtils@3.4(  401): loadFromCfg: fpsLimitList: 176x144@30.000000
01-01 20:00:04.774 I/ExtCamUtils@3.4(  401): loadFromCfg: fpsLimitList: 176x144@20.000000
01-01 20:00:04.774 I/ExtCamUtils@3.4(  401): loadFromCfg: fpsLimitList: 176x144@15.000000
01-01 20:00:04.774 I/ExtCamUtils@3.4(  401): loadFromCfg: fpsLimitList: 320x240@60.000000
01-01 20:00:04.774 I/ExtCamUtils@3.4(  401): loadFromCfg: fpsLimitList: 320x240@30.000000
01-01 20:00:04.774 I/ExtCamUtils@3.4(  401): loadFromCfg: fpsLimitList: 320x240@20.000000
01-01 20:00:04.774 I/ExtCamUtils@3.4(  401): loadFromCfg: fpsLimitList: 320x240@15.000000
01-01 20:00:04.774 I/ExtCamUtils@3.4(  401): loadFromCfg: fpsLimitList: 352x288@30.000000
01-01 20:00:04.774 I/ExtCamUtils@3.4(  401): loadFromCfg: fpsLimitList: 352x288@20.000000
01-01 20:00:04.770 I/android.hardwar(  401): type=1400 audit(0.0:55): avc: denied { read } for name="u:object_r:system_prop:s0" dev="tmpfs" ino=254 scontext=u:r:hal_camera_default:s0 tcontext=u:object_r:system_prop:s0 tclass=file permissive=1
01-01 20:00:04.774 I/ExtCamUtils@3.4(  401): loadFromCfg: fpsLimitList: 352x288@15.000000
01-01 20:00:04.774 I/ExtCamUtils@3.4(  401): loadFromCfg: fpsLimitList: 640x480@60.000000
01-01 20:00:04.774 I/ExtCamUtils@3.4(  401): loadFromCfg: fpsLimitList: 640x480@30.000000
01-01 20:00:04.774 I/ExtCamUtils@3.4(  401): loadFromCfg: fpsLimitList: 640x480@20.000000
01-01 20:00:04.774 I/ExtCamUtils@3.4(  401): loadFromCfg: fpsLimitList: 640x480@15.000000
01-01 20:00:04.774 I/ExtCamUtils@3.4(  401): loadFromCfg: fpsLimitList: 640x480@10.000000
01-01 20:00:04.774 I/ExtCamUtils@3.4(  401): loadFromCfg: fpsLimitList: 800x600@30.000000
01-01 20:00:04.774 I/ExtCamUtils@3.4(  401): loadFromCfg: fpsLimitList: 800x600@20.000000
01-01 20:00:04.774 I/ExtCamUtils@3.4(  401): loadFromCfg: fpsLimitList: 800x600@15.000000
01-01 20:00:04.774 I/ExtCamUtils@3.4(  401): loadFromCfg: fpsLimitList: 1024x768@30.000000
01-01 20:00:04.774 I/ExtCamUtils@3.4(  401): loadFromCfg: fpsLimitList: 1024x768@20.000000
01-01 20:00:04.774 I/ExtCamUtils@3.4(  401): loadFromCfg: fpsLimitList: 1024x768@15.000000
01-01 20:00:04.770 I/android.hardwar(  401): type=1400 audit(0.0:56): avc: denied { open } for path="/dev/__properties__/u:object_r:system_prop:s0" dev="tmpfs" ino=254 scontext=u:r:hal_camera_default:s0 tcontext=u:object_r:system_prop:s0 tclass=file permissive=1
01-01 20:00:04.774 I/ExtCamUtils@3.4(  401): loadFromCfg: fpsLimitList: 1024x768@10.000000
01-01 20:00:04.774 I/ExtCamUtils@3.4(  401): loadFromCfg: fpsLimitList: 1280x720@60.000000
01-01 20:00:04.774 I/ExtCamUtils@3.4(  401): loadFromCfg: fpsLimitList: 1280x720@30.000000
01-01 20:00:04.774 I/ExtCamUtils@3.4(  401): loadFromCfg: fpsLimitList: 1280x720@20.000000
01-01 20:00:04.774 I/ExtCamUtils@3.4(  401): loadFromCfg: fpsLimitList: 1280x720@15.000000
01-01 20:00:04.774 I/ExtCamUtils@3.4(  401): loadFromCfg: fpsLimitList: 1280x720@10.000000
01-01 20:00:04.774 I/ExtCamUtils@3.4(  401): loadFromCfg: fpsLimitList: 1280x800@30.000000
01-01 20:00:04.774 I/ExtCamUtils@3.4(  401): loadFromCfg: fpsLimitList: 1280x800@20.000000
01-01 20:00:04.770 I/android.hardwar(  401): type=1400 audit(0.0:57): avc: denied { getattr } for path="/dev/__properties__/u:object_r:system_prop:s0" dev="tmpfs" ino=254 scontext=u:r:hal_camera_default:s0 tcontext=u:object_r:system_prop:s0 tclass=file permissive=1
01-01 20:00:04.774 I/ExtCamUtils@3.4(  401): loadFromCfg: fpsLimitList: 1280x800@15.000000
01-01 20:00:04.774 I/ExtCamUtils@3.4(  401): loadFromCfg: fpsLimitList: 1280x960@30.000000
01-01 20:00:04.774 I/ExtCamUtils@3.4(  401): loadFromCfg: fpsLimitList: 1280x960@20.000000
01-01 20:00:04.774 I/ExtCamUtils@3.4(  401): loadFromCfg: fpsLimitList: 1280x960@15.000000
01-01 20:00:04.774 I/ExtCamUtils@3.4(  401): loadFromCfg: fpsLimitList: 1280x1024@30.000000
01-01 20:00:04.774 I/ExtCamUtils@3.4(  401): loadFromCfg: fpsLimitList: 1280x1024@20.000000
01-01 20:00:04.774 I/ExtCamUtils@3.4(  401): loadFromCfg: fpsLimitList: 1280x1024@15.000000
01-01 20:00:04.774 I/ExtCamUtils@3.4(  401): loadFromCfg: fpsLimitList: 1600x1200@30.000000
01-01 20:00:04.774 I/ExtCamUtils@3.4(  401): loadFromCfg: fpsLimitList: 1600x1200@15.000000
01-01 20:00:04.770 I/android.hardwar(  401): type=1400 audit(0.0:58): avc: denied { map } for path="/dev/__properties__/u:object_r:system_prop:s0" dev="tmpfs" ino=254 scontext=u:r:hal_camera_default:s0 tcontext=u:object_r:system_prop:s0 tclass=file permissive=1
01-01 20:00:04.774 I/ExtCamUtils@3.4(  401): loadFromCfg: fpsLimitList: 1920x1080@30.000000
01-01 20:00:04.774 I/ExtCamUtils@3.4(  401): loadFromCfg: fpsLimitList: 1920x1080@15.000000
01-01 20:00:04.774 I/ExtCamUtils@3.4(  401): loadFromCfg: fpsLimitList: 2048x1536@30.000000
01-01 20:00:04.774 I/ExtCamUtils@3.4(  401): loadFromCfg: fpsLimitList: 2048x1536@15.000000
01-01 20:00:04.774 I/ExtCamUtils@3.4(  401): loadFromCfg: fpsLimitList: 2048x1536@10.000000
01-01 20:00:04.774 I/ExtCamUtils@3.4(  401): loadFromCfg: fpsLimitList: 2592x1944@30.000000
01-01 20:00:04.774 I/ExtCamUtils@3.4(  401): loadFromCfg: fpsLimitList: 2592x1944@15.000000
01-01 20:00:04.774 I/ExtCamUtils@3.4(  401): loadFromCfg: fpsLimitList: 2592x1944@10.000000
01-01 20:00:04.774 I/ExtCamUtils@3.4(  401): loadFromCfg: fpsLimitList: 2592x1944@5.000000
01-01 20:00:04.774 I/ExtCamUtils@3.4(  401): loadFromCfg: fpsLimitList: 3264x2448@30.000000
01-01 20:00:04.774 I/ExtCamUtils@3.4(  401): loadFromCfg: fpsLimitList: 3264x2448@15.000000
01-01 20:00:04.774 I/ExtCamUtils@3.4(  401): loadFromCfg: fpsLimitList: 3264x2448@10.000000
01-01 20:00:04.774 I/ExtCamUtils@3.4(  401): loadFromCfg: fpsLimitList: 3264x2448@5.000000
01-01 20:00:04.774 I/ExtCamUtils@3.4(  401): loadFromCfg: fpsLimitList: 3840x2160@30.000000
01-01 20:00:04.774 I/ExtCamUtils@3.4(  401): loadFromCfg: minStreamSize: 0x0
01-01 20:00:04.774 V/CamPrvdr@2.4-external(  401): Preferred HAL 3 minor version is 4
01-01 20:00:04.774 W/libc    (  301): Unable to set property "ctl.interface_start" to "android.hardware.media.c2@1.0::IComponentStore/default": error code: 0x20
01-01 20:00:04.774 I/hwservicemanager(  301): Tried to start android.hardware.media.c2@1.0::IComponentStore/default as a lazy service, but was unable to. Usually this happens when a service is not installed, but if the service is intended to be used as a lazy service, then it may be configured incorrectly.
01-01 20:00:04.774 W/libc    (  301): Unable to set property "ctl.interface_start" to "android.hardware.media.c2@1.0::IComponentStore/default": error code: 0x20
01-01 20:00:04.775 I/hwservicemanager(  301): Tried to start android.hardware.media.c2@1.0::IComponentStore/default as a lazy service, but was unable to. Usually this happens when a service is not installed, but if the service is intended to be used as a lazy service, then it may be configured incorrectly.
01-01 20:00:04.775 I/HidlServiceManagement(  401): Registered android.hardware.camera.provider@2.4::ICameraProvider/external/0
01-01 20:00:04.775 I/HidlServiceManagement(  401): Removing namespace from process name android.hardware.camera.provider@2.4-external-service to provider@2.4-external-service.
01-01 20:00:04.775 I/LegacySupport(  401): Registration complete for android.hardware.camera.provider@2.4::ICameraProvider/external/0.
01-01 20:00:04.777 I/adbd    (  474): USB event: FUNCTIONFS_BIND
01-01 20:00:04.778 D/CamPrvdr@2.4-external(  401): findDevice called
01-01 20:00:04.778 D/CamPrvdr@2.4-external(  401):  v4l device video32 found
01-01 20:00:04.779 E/CamPrvdr@2.4-external(  401): findDevice open device /dev/video32 successful.
01-01 20:00:04.779 E/CamPrvdr@2.4-external(  401): VIDIOC_QUERYCAP driver=rkisp_v6,rkisp_v6
01-01 20:00:04.779 E/CamPrvdr@2.4-external(  401): VIDIOC_QUERYCAP card=rkisp_selfpath
01-01 20:00:04.779 E/CamPrvdr@2.4-external(  401): VIDIOC_QUERYCAP version=131585
01-01 20:00:04.779 E/CamPrvdr@2.4-external(  401): VIDIOC_QUERYCAP capabilities=0x84201000,0x00000009
01-01 20:00:04.779 E/CamPrvdr@2.4-external(  401): VIDIOC_QUERYCAP device_caps=0x04201000
01-01 20:00:04.779 E/CamPrvdr@2.4-external(  401): isnot hdmirx,VIDIOC_QUERYCAP driver=rkisp_v6
01-01 20:00:04.779 D/CamPrvdr@2.4-external(  401):  v4l device video37 found
01-01 20:00:04.780 E/CamPrvdr@2.4-external(  401): findDevice open device /dev/video37 successful.
01-01 20:00:04.780 E/CamPrvdr@2.4-external(  401): VIDIOC_QUERYCAP driver=rkisp_v6,rkisp_v6
01-01 20:00:04.780 E/CamPrvdr@2.4-external(  401): VIDIOC_QUERYCAP card=rkisp_rawrd1_l
