12-19 10:34:16.707 V/SystemServerTiming(  619): ssm.onStartUser-0_com.android.server.display.DisplayManagerService took to complete: 0ms
12-19 10:34:16.707 D/SystemServerTiming(  619): ssm.onStartUser-0_com.android.server.pm.verify.domain.DomainVerificationService
12-19 10:34:16.707 V/SystemServerTiming(  619): ssm.onStartUser-0_com.android.server.pm.verify.domain.DomainVerificationService took to complete: 0ms
12-19 10:34:16.707 D/SystemServerTiming(  619): ssm.onStartUser-0_com.android.server.pm.PackageInstallerService$Lifecycle
12-19 10:34:16.707 V/SystemServerTiming(  619): ssm.onStartUser-0_com.android.server.pm.PackageInstallerService$Lifecycle took to complete: 0ms
12-19 10:34:16.707 D/SystemServerTiming(  619): ssm.onStartUser-0_com.android.server.pm.UserManagerService$LifeCycle
12-19 10:34:16.707 V/SystemServerTiming(  619): ssm.onStartUser-0_com.android.server.pm.UserManagerService$LifeCycle took to complete: 0ms
12-19 10:34:16.707 D/SystemServerTiming(  619): ssm.onStartUser-0_com.android.server.om.OverlayManagerService
12-19 10:34:16.707 V/SystemServerTiming(  619): ssm.onStartUser-0_com.android.server.om.OverlayManagerService took to complete: 0ms
12-19 10:34:16.707 D/SystemServerTiming(  619): ssm.onStartUser-0_com.android.server.SensorPrivacyService
12-19 10:34:16.707 I/InputReader(  619): Reconfiguring input devices, changes=KEYBOARD_LAYOUTS | 
12-19 10:34:16.707 V/SystemServerTiming(  619): ssm.onStartUser-0_com.android.server.SensorPrivacyService took to complete: 0ms
12-19 10:34:16.707 D/SystemServerTiming(  619): ssm.onStartUser-0_com.android.server.sensors.SensorService
12-19 10:34:16.707 V/SystemServerTiming(  619): ssm.onStartUser-0_com.android.server.sensors.SensorService took to complete: 0ms
12-19 10:34:16.707 D/SystemServerTiming(  619): ssm.onStartUser-0_com.android.server.SystemConfigService
12-19 10:34:16.707 V/SystemServerTiming(  619): ssm.onStartUser-0_com.android.server.SystemConfigService took to complete: 0ms
12-19 10:34:16.707 D/SystemServerTiming(  619): ssm.onStartUser-0_com.android.server.BatteryService
12-19 10:34:16.707 V/SystemServerTiming(  619): ssm.onStartUser-0_com.android.server.BatteryService took to complete: 0ms
12-19 10:34:16.707 D/SystemServerTiming(  619): ssm.onStartUser-0_com.android.server.usage.UsageStatsService
12-19 10:34:16.707 V/SystemServerTiming(  619): ssm.onStartUser-0_com.android.server.usage.UsageStatsService took to complete: 0ms
12-19 10:34:16.707 D/SystemServerTiming(  619): ssm.onStartUser-0_com.android.server.webkit.WebViewUpdateService
12-19 10:34:16.707 V/SystemServerTiming(  619): ssm.onStartUser-0_com.android.server.webkit.WebViewUpdateService took to complete: 0ms
12-19 10:34:16.707 D/SystemServerTiming(  619): ssm.onStartUser-0_com.android.server.CachedDeviceStateService
12-19 10:34:16.707 V/SystemServerTiming(  619): ssm.onStartUser-0_com.android.server.CachedDeviceStateService took to complete: 0ms
12-19 10:34:16.707 D/SystemServerTiming(  619): ssm.onStartUser-0_com.android.server.BinderCallsStatsService$LifeCycle
12-19 10:34:16.707 V/SystemServerTiming(  619): ssm.onStartUser-0_com.android.server.BinderCallsStatsService$LifeCycle took to complete: 0ms
12-19 10:34:16.707 D/SystemServerTiming(  619): ssm.onStartUser-0_com.android.server.LooperStatsService$Lifecycle
12-19 10:34:16.707 V/SystemServerTiming(  619): ssm.onStartUser-0_com.android.server.LooperStatsService$Lifecycle took to complete: 0ms
12-19 10:34:16.707 D/SystemServerTiming(  619): ssm.onStartUser-0_com.android.server.rollback.RollbackManagerService
12-19 10:34:16.707 V/SystemServerTiming(  619): ssm.onStartUser-0_com.android.server.rollback.RollbackManagerService took to complete: 0ms
12-19 10:34:16.707 D/SystemServerTiming(  619): ssm.onStartUser-0_com.android.server.os.NativeTombstoneManagerService
12-19 10:34:16.707 V/SystemServerTiming(  619): ssm.onStartUser-0_com.android.server.os.NativeTombstoneManagerService took to complete: 0ms
12-19 10:34:16.707 D/SystemServerTiming(  619): ssm.onStartUser-0_com.android.server.os.BugreportManagerService
12-19 10:34:16.707 V/SystemServerTiming(  619): ssm.onStartUser-0_com.android.server.os.BugreportManagerService took to complete: 0ms
12-19 10:34:16.707 D/SystemServerTiming(  619): ssm.onStartUser-0_com.android.server.gpu.GpuService
12-19 10:34:16.707 V/SystemServerTiming(  619): ssm.onStartUser-0_com.android.server.gpu.GpuService took to complete: 0ms
12-19 10:34:16.707 D/SystemServerTiming(  619): ssm.onStartUser-0_com.android.server.security.KeyChainSystemService
12-19 10:34:16.707 V/SystemServerTiming(  619): ssm.onStartUser-0_com.android.server.security.KeyChainSystemService took to complete: 0ms
12-19 10:34:16.707 D/SystemServerTiming(  619): ssm.onStartUser-0_com.android.server.telecom.TelecomLoaderService
12-19 10:34:16.708 V/SystemServerTiming(  619): ssm.onStartUser-0_com.android.server.telecom.TelecomLoaderService took to complete: 0ms
12-19 10:34:16.708 D/SystemServerTiming(  619): ssm.onStartUser-0_com.android.server.accounts.AccountManagerService$Lifecycle
12-19 10:34:16.708 V/SystemServerTiming(  619): ssm.onStartUser-0_com.android.server.accounts.AccountManagerService$Lifecycle took to complete: 0ms
12-19 10:34:16.708 D/SystemServerTiming(  619): ssm.onStartUser-0_com.android.server.content.ContentService$Lifecycle
12-19 10:34:16.708 V/SystemServerTiming(  619): ssm.onStartUser-0_com.android.server.content.ContentService$Lifecycle took to complete: 0ms
12-19 10:34:16.708 D/SystemServerTiming(  619): ssm.onStartUser-0_com.android.server.DropBoxManagerService
12-19 10:34:16.708 V/SystemServerTiming(  619): ssm.onStartUser-0_com.android.server.DropBoxManagerService took to complete: 0ms
12-19 10:34:16.708 D/SystemServerTiming(  619): ssm.onStartUser-0_com.android.role.RoleService
12-19 10:34:16.708 V/SystemServerTiming(  619): ssm.onStartUser-0_com.android.role.RoleService took to complete: 0ms
12-19 10:34:16.708 D/SystemServerTiming(  619): ssm.onStartUser-0_com.android.server.vibrator.VibratorManagerService$Lifecycle
12-19 10:34:16.708 V/SystemServerTiming(  619): ssm.onStartUser-0_com.android.server.vibrator.VibratorManagerService$Lifecycle took to complete: 0ms
12-19 10:34:16.709 D/SystemServerTiming(  619): ssm.onStartUser-0_com.android.server.alarm.AlarmManagerService
12-19 10:34:16.709 V/SystemServerTiming(  619): ssm.onStartUser-0_com.android.server.alarm.AlarmManagerService took to complete: 0ms
12-19 10:34:16.709 D/SystemServerTiming(  619): ssm.onStartUser-0_com.android.server.devicestate.DeviceStateManagerService
12-19 10:34:16.709 V/SystemServerTiming(  619): ssm.onStartUser-0_com.android.server.devicestate.DeviceStateManagerService took to complete: 0ms
12-19 10:34:16.709 D/SystemServerTiming(  619): ssm.onStartUser-0_com.android.server.camera.CameraServiceProxy
12-19 10:34:16.709 V/SystemServerTiming(  619): ssm.onStartUser-0_com.android.server.camera.CameraServiceProxy took to complete: 0ms
12-19 10:34:16.709 D/SystemServerTiming(  619): ssm.onStartUser-0_com.android.server.BluetoothService
12-19 10:34:16.709 V/SystemServerTiming(  619): ssm.onStartUser-0_com.android.server.BluetoothService took to complete: 0ms
12-19 10:34:16.709 D/SystemServerTiming(  619): ssm.onStartUser-0_com.android.server.connectivity.IpConnectivityMetrics
12-19 10:34:16.709 V/SystemServerTiming(  619): ssm.onStartUser-0_com.android.server.connectivity.IpConnectivityMetrics took to complete: 0ms
12-19 10:34:16.709 D/SystemServerTiming(  619): ssm.onStartUser-0_com.android.server.net.watchlist.NetworkWatchlistService$Lifecycle
12-19 10:34:16.709 V/SystemServerTiming(  619): ssm.onStartUser-0_com.android.server.net.watchlist.NetworkWatchlistService$Lifecycle took to complete: 0ms
12-19 10:34:16.709 D/SystemServerTiming(  619): ssm.onStartUser-0_com.android.server.PinnerService
12-19 10:34:16.709 V/SystemServerTiming(  619): ssm.onStartUser-0_com.android.server.PinnerService took to complete: 0ms
12-19 10:34:16.709 D/SystemServerTiming(  619): ssm.onStartUser-0_com.google.android.startop.iorap.IorapForwardingService
12-19 10:34:16.709 V/SystemServerTiming(  619): ssm.onStartUser-0_com.google.android.startop.iorap.IorapForwardingService took to complete: 0ms
12-19 10:34:16.709 D/SystemServerTiming(  619): ssm.onStartUser-0_com.android.server.integrity.AppIntegrityManagerService
12-19 10:34:16.709 V/SystemServerTiming(  619): ssm.onStartUser-0_com.android.server.integrity.AppIntegrityManagerService took to complete: 0ms
12-19 10:34:16.709 D/SystemServerTiming(  619): ssm.onStartUser-0_com.android.server.inputmethod.InputMethodManagerService$Lifecycle
12-19 10:34:16.709 V/SystemServerTiming(  619): ssm.onStartUser-0_com.android.server.inputmethod.InputMethodManagerService$Lifecycle took to complete: 0ms
12-19 10:34:16.709 D/SystemServerTiming(  619): ssm.onStartUser-0_com.android.server.accessibility.AccessibilityManagerService$Lifecycle
12-19 10:34:16.709 V/SystemServerTiming(  619): ssm.onStartUser-0_com.android.server.accessibility.AccessibilityManagerService$Lifecycle took to complete: 0ms
12-19 10:34:16.709 D/SystemServerTiming(  619): ssm.onStartUser-0_com.android.server.StorageManagerService$Lifecycle
12-19 10:34:16.709 V/StorageManagerService(  619): Package com.android.cts.priv.ctsshim has legacy storage
12-19 10:34:16.709 V/StorageManagerService(  619): Package com.android.internal.display.cutout.emulation.corner has legacy storage
12-19 10:34:16.710 V/StorageManagerService(  619): Package com.android.internal.display.cutout.emulation.double has legacy storage
12-19 10:34:16.710 V/StorageManagerService(  619): Package com.android.providers.telephony does not have legacy storage
12-19 10:34:16.710 V/StorageManagerService(  619): Package com.android.dynsystem has legacy storage
12-19 10:34:16.710 V/StorageManagerService(  619): Package com.android.providers.calendar does not have legacy storage
12-19 10:34:16.710 V/StorageManagerService(  619): Package com.android.providers.media does not have legacy storage
12-19 10:34:16.710 V/StorageManagerService(  619): Package com.android.internal.systemui.navbar.gestural_wide_back has legacy storage
12-19 10:34:16.710 V/StorageManagerService(  619): Package com.android.wallpapercropper has legacy storage
12-19 10:34:16.710 V/StorageManagerService(  619): Package com.android.documentsui has legacy storage
12-19 10:34:16.710 V/StorageManagerService(  619): Package com.android.externalstorage does not have legacy storage
12-19 10:34:16.710 V/StorageManagerService(  619): Package com.example.partnersupportsampletvinput has legacy storage
12-19 10:34:16.710 V/StorageManagerService(  619): Package com.android.htmlviewer has legacy storage
12-19 10:34:16.710 V/StorageManagerService(  619): Package com.android.companiondevicemanager has legacy storage
12-19 10:34:16.710 V/StorageManagerService(  619): Package com.android.mms.service does not have legacy storage
12-19 10:34:16.710 V/StorageManagerService(  619): Package com.android.providers.downloads does not have legacy storage
12-19 10:34:16.710 V/StorageManagerService(  619): Package com.android.providers.tv has legacy storage
12-19 10:34:16.710 V/StorageManagerService(  619): Package com.msq.android has legacy storage
12-19 10:34:16.710 V/StorageManagerService(  619): Package com.android.networkstack.inprocess has legacy storage
12-19 10:34:16.710 V/StorageManagerService(  619): Package com.android.internal.systemui.onehanded.gestural has legacy storage
12-19 10:34:16.710 V/StorageManagerService(  619): Package com.android.soundrecorder does not have legacy storage
12-19 10:34:16.710 V/StorageManagerService(  619): Package com.android.providers.downloads.ui does not have legacy storage
12-19 10:34:16.710 V/StorageManagerService(  619): Package com.android.pacprocessor has legacy storage
12-19 10:34:16.710 V/StorageManagerService(  619): Package com.android.simappdialog has legacy storage
12-19 10:34:16.710 V/StorageManagerService(  619): Package com.android.connectivity.resources has legacy storage
12-19 10:34:16.710 V/StorageManagerService(  619): Package com.android.internal.display.cutout.emulation.hole has legacy storage
12-19 10:34:16.710 V/StorageManagerService(  619): Package com.android.internal.display.cutout.emulation.tall has legacy storage
12-19 10:34:16.710 V/StorageManagerService(  619): Package com.android.modulemetadata has legacy storage
12-19 10:34:16.710 V/StorageManagerService(  619): Package com.android.certinstaller has legacy storage
12-19 10:34:16.710 V/StorageManagerService(  619): Package com.rockchip.overlay.pinnerservice has legacy storage
12-19 10:34:16.710 V/StorageManagerService(  619): Package com.android.carrierconfig has legacy storage
12-19 10:34:16.710 V/StorageManagerService(  619): Package com.android.internal.systemui.navbar.threebutton has legacy storage
12-19 10:34:16.710 V/StorageManagerService(  619): Package android.rockchip.update.service has legacy storage
12-19 10:34:16.710 V/StorageManagerService(  619): Package android has legacy storage
12-19 10:34:16.710 V/StorageManagerService(  619): Package com.android.camera2 does not have legacy storage
12-19 10:34:16.710 V/StorageManagerService(  619): Package com.ztl.openUnityApp does not have legacy storage
12-19 10:34:16.710 V/StorageManagerService(  619): Package com.android.mtp does not have legacy storage
12-19 10:34:16.710 V/StorageManagerService(  619): Package com.android.launcher3 does not have legacy storage
12-19 10:34:16.710 V/StorageManagerService(  619): Package com.android.backupconfirm has legacy storage
12-19 10:34:16.710 V/StorageManagerService(  619): Package com.android.provision has legacy storage
12-19 10:34:16.710 V/StorageManagerService(  619): Package com.android.statementservice has legacy storage
12-19 10:34:16.710 V/StorageManagerService(  619): Package com.android.rockchip.camera2 has legacy storage
12-19 10:34:16.710 V/StorageManagerService(  619): Package com.android.settings.intelligence has legacy storage
12-19 10:34:16.710 V/StorageManagerService(  619): Package com.android.internal.systemui.navbar.gestural_extra_wide_back has legacy storage
12-19 10:34:16.710 V/StorageManagerService(  619): Package com.android.providers.settings has legacy storage
12-19 10:34:16.711 V/StorageManagerService(  619): Package com.android.sharedstoragebackup does not have legacy storage
12-19 10:34:16.711 V/StorageManagerService(  619): Package com.android.printspooler has legacy storage
12-19 10:34:16.711 V/StorageManagerService(  619): Package com.android.dreams.basic has legacy storage
12-19 10:34:16.711 V/StorageManagerService(  619): Package com.android.webview has legacy storage
12-19 10:34:16.711 V/StorageManagerService(  619): Package com.android.rk has legacy storage
12-19 10:34:16.711 V/StorageManagerService(  619): Package com.android.se has legacy storage
12-19 10:34:16.711 V/StorageManagerService(  619): Package com.android.inputdevices has legacy storage
12-19 10:34:16.711 V/StorageManagerService(  619): Package com.android.bips has legacy storage
12-19 10:34:16.711 V/StorageManagerService(  619): Package com.android.musicfx has legacy storage
12-19 10:34:16.711 V/StorageManagerService(  619): Package android.ext.shared has legacy storage
12-19 10:34:16.711 V/StorageManagerService(  619): Package com.android.onetimeinitializer has legacy storage
12-19 10:34:16.711 V/StorageManagerService(  619): Package com.android.server.telecom has legacy storage
12-19 10:34:16.711 V/StorageManagerService(  619): Package com.android.keychain has legacy storage
12-19 10:34:16.711 V/StorageManagerService(  619): Package com.android.printservice.recommendation has legacy storage
12-19 10:34:16.711 V/StorageManagerService(  619): Package com.android.gallery3d has legacy storage
12-19 10:34:16.711 V/StorageManagerService(  619): Package android.ext.services has legacy storage
12-19 10:34:16.711 V/StorageManagerService(  619): Package com.android.wifi.resources has legacy storage
12-19 10:34:16.711 V/StorageManagerService(  619): Package com.android.cameraextensions has legacy storage
12-19 10:34:16.711 V/StorageManagerService(  619): Package com.android.localtransport has legacy storage
12-19 10:34:16.711 V/StorageManagerService(  619): Package com.android.packageinstaller has legacy storage
12-19 10:34:16.711 V/StorageManagerService(  619): Package com.android.carrierdefaultapp has legacy storage
12-19 10:34:16.711 V/StorageManagerService(  619): Package com.android.theme.font.notoserifsource has legacy storage
12-19 10:34:16.711 V/StorageManagerService(  619): Package com.yian.yiansettings has legacy storage
12-19 10:34:16.711 V/StorageManagerService(  619): Package com.android.proxyhandler has legacy storage
12-19 10:34:16.711 V/StorageManagerService(  619): Package com.android.internal.display.cutout.emulation.waterfall has legacy storage
12-19 10:34:16.711 V/StorageManagerService(  619): Package com.android.inputmethod.latin does not have legacy storage
12-19 10:34:16.711 V/StorageManagerService(  619): Package com.android.managedprovisioning has legacy storage
12-19 10:34:16.711 V/StorageManagerService(  619): Package com.android.soundpicker does not have legacy storage
12-19 10:34:16.711 V/StorageManagerService(  619): Package com.android.dreams.phototable does not have legacy storage
12-19 10:34:16.711 V/StorageManagerService(  619): Package com.android.smspush has legacy storage
12-19 10:34:16.711 V/StorageManagerService(  619): Package com.ztl.muiltDisplayLayout has legacy storage
12-19 10:34:16.711 V/StorageManagerService(  619): Package com.ztl.appservice has legacy storage
12-19 10:34:16.711 V/StorageManagerService(  619): Package com.android.storagemanager does not have legacy storage
12-19 10:34:16.711 V/StorageManagerService(  619): Package com.android.bookmarkprovider has legacy storage
12-19 10:34:16.711 V/StorageManagerService(  619): Package com.android.settings has legacy storage
12-19 10:34:16.711 V/StorageManagerService(  619): Package com.android.networkstack.tethering.inprocess has legacy storage
12-19 10:34:16.711 V/StorageManagerService(  619): Package com.android.networkstack.permissionconfig has legacy storage
12-19 10:34:16.711 V/StorageManagerService(  619): Package com.mmbox.xbrowser has legacy storage
12-19 10:34:16.711 V/StorageManagerService(  619): Package com.android.cts.ctsshim has legacy storage
12-19 10:34:16.711 V/StorageManagerService(  619): Package com.android.remoteprovisioner has legacy storage
12-19 10:34:16.711 V/StorageManagerService(  619): Package com.android.vpndialogs has legacy storage
12-19 10:34:16.711 V/StorageManagerService(  619): Package com.android.music does not have legacy storage
12-19 10:34:16.711 V/StorageManagerService(  619): Package com.android.phone does not have legacy storage
12-19 10:34:16.711 V/StorageManagerService(  619): Package com.android.shell does not have legacy storage
12-19 10:34:16.711 V/StorageManagerService(  619): Package com.android.wallpaperbackup has legacy storage
12-19 10:34:16.711 V/StorageManagerService(  619): Package com.android.providers.blockednumber has legacy storage
12-19 10:34:16.712 V/StorageManagerService(  619): Package com.android.providers.userdictionary has legacy storage
12-19 10:34:16.712 V/StorageManagerService(  619): Package com.android.providers.media.module does not have legacy storage
12-19 10:34:16.712 V/StorageManagerService(  619): Package com.android.hotspot2.osulogin has legacy storage
12-19 10:34:16.712 V/StorageManagerService(  619): Package com.android.internal.systemui.navbar.gestural has legacy storage
12-19 10:34:16.712 V/StorageManagerService(  619): Package com.android.location.fused has legacy storage
12-19 10:34:16.712 V/StorageManagerService(  619): Package com.android.systemui does not have legacy storage
12-19 10:34:16.712 V/StorageManagerService(  619): Package com.android.bluetoothmidiservice has legacy storage
12-19 10:34:16.712 V/StorageManagerService(  619): Package com.android.permissioncontroller has legacy storage
12-19 10:34:16.712 V/StorageManagerService(  619): Package com.android.traceur has legacy storage
12-19 10:34:16.712 V/StorageManagerService(  619): Package com.ztl.helper has legacy storage
12-19 10:34:16.712 V/StorageManagerService(  619): Package com.android.bluetooth does not have legacy storage
12-19 10:34:16.712 V/StorageManagerService(  619): Package com.android.wallpaperpicker has legacy storage
12-19 10:34:16.712 V/StorageManagerService(  619): Package com.android.providers.contacts has legacy storage
12-19 10:34:16.712 V/StorageManagerService(  619): Package com.android.captiveportallogin has legacy storage
12-19 10:34:16.712 V/StorageManagerService(  619): Package android.rk.RockVideoPlayer has legacy storage
12-19 10:34:16.712 V/StorageManagerService(  619): Package com.android.internal.systemui.navbar.gestural_narrow_back has legacy storage
12-19 10:34:16.712 V/StorageManagerService(  619): Package android.auto_generated_rro_vendor__ has legacy storage
12-19 10:34:16.712 V/SystemServerTiming(  619): ssm.onStartUser-0_com.android.server.StorageManagerService$Lifecycle took to complete: 3ms
12-19 10:34:16.712 D/SystemServerTiming(  619): ssm.onStartUser-0_com.android.server.usage.StorageStatsService$Lifecycle
12-19 10:34:16.712 V/SystemServerTiming(  619): ssm.onStartUser-0_com.android.server.usage.StorageStatsService$Lifecycle took to complete: 0ms
12-19 10:34:16.712 D/SystemServerTiming(  619): ssm.onStartUser-0_com.android.server.UiModeManagerService
12-19 10:34:16.712 V/SystemServerTiming(  619): ssm.onStartUser-0_com.android.server.UiModeManagerService took to complete: 0ms
12-19 10:34:16.712 D/SystemServerTiming(  619): ssm.onStartUser-0_com.android.server.locksettings.LockSettingsService$Lifecycle
12-19 10:34:16.712 V/SystemServerTiming(  619): ssm.onStartUser-0_com.android.server.locksettings.LockSettingsService$Lifecycle took to complete: 0ms
12-19 10:34:16.712 D/SystemServerTiming(  619): ssm.onStartUser-0_com.android.server.testharness.TestHarnessModeService
12-19 10:34:16.712 V/SystemServerTiming(  619): ssm.onStartUser-0_com.android.server.testharness.TestHarnessModeService took to complete: 0ms
12-19 10:34:16.712 D/SystemServerTiming(  619): ssm.onStartUser-0_com.android.server.DeviceIdleController
12-19 10:34:16.712 V/SystemServerTiming(  619): ssm.onStartUser-0_com.android.server.DeviceIdleController took to complete: 0ms
12-19 10:34:16.712 D/SystemServerTiming(  619): ssm.onStartUser-0_com.android.server.devicepolicy.DevicePolicyManagerService$Lifecycle
12-19 10:34:16.712 V/SystemServerTiming(  619): ssm.onStartUser-0_com.android.server.devicepolicy.DevicePolicyManagerService$Lifecycle took to complete: 0ms
12-19 10:34:16.712 D/SystemServerTiming(  619): ssm.onStartUser-0_com.android.server.texttospeech.TextToSpeechManagerService
12-19 10:34:16.712 V/SystemServerTiming(  619): ssm.onStartUser-0_com.android.server.texttospeech.TextToSpeechManagerService took to complete: 0ms
12-19 10:34:16.712 D/SystemServerTiming(  619): ssm.onStartUser-0_com.android.server.speech.SpeechRecognitionManagerService
12-19 10:34:16.712 V/SystemServerTiming(  619): ssm.onStartUser-0_com.android.server.speech.SpeechRecognitionManagerService took to complete: 0ms
12-19 10:34:16.712 D/SystemServerTiming(  619): ssm.onStartUser-0_com.android.server.searchui.SearchUiManagerService
12-19 10:34:16.712 V/SystemServerTiming(  619): ssm.onStartUser-0_com.android.server.searchui.SearchUiManagerService took to complete: 0ms
12-19 10:34:16.712 D/SystemServerTiming(  619): ssm.onStartUser-0_com.android.server.smartspace.SmartspaceManagerService
12-19 10:34:16.712 V/SystemServerTiming(  619): ssm.onStartUser-0_com.android.server.smartspace.SmartspaceManagerService took to complete: 0ms
12-19 10:34:16.712 D/SystemServerTiming(  619): ssm.onStartUser-0_com.android.server.graphics.fonts.FontManagerService$Lifecycle
12-19 10:34:16.712 V/SystemServerTiming(  619): ssm.onStartUser-0_com.android.server.graphics.fonts.FontManagerService$Lifecycle took to complete: 0ms
12-19 10:34:16.712 D/SystemServerTiming(  619): ssm.onStartUser-0_com.android.server.textservices.TextServicesManagerService$Lifecycle
12-19 10:34:16.712 V/SystemServerTiming(  619): ssm.onStartUser-0_com.android.server.textservices.TextServicesManagerService$Lifecycle took to complete: 0ms
12-19 10:34:16.712 D/SystemServerTiming(  619): ssm.onStartUser-0_com.android.server.textclassifier.TextClassificationManagerService$Lifecycle
12-19 10:34:16.713 V/SystemServerTiming(  619): ssm.onStartUser-0_com.android.server.textclassifier.TextClassificationManagerService$Lifecycle took to complete: 1ms
12-19 10:34:16.713 D/SystemServerTiming(  619): ssm.onStartUser-0_com.android.server.NetworkScoreService$Lifecycle
12-19 10:34:16.713 V/SystemServerTiming(  619): ssm.onStartUser-0_com.android.server.NetworkScoreService$Lifecycle took to complete: 0ms
12-19 10:34:16.713 D/SystemServerTiming(  619): ssm.onStartUser-0_com.android.server.wifi.WifiService
12-19 10:34:16.713 V/SystemServerTiming(  619): ssm.onStartUser-0_com.android.server.wifi.WifiService took to complete: 0ms
12-19 10:34:16.713 D/SystemServerTiming(  619): ssm.onStartUser-0_com.android.server.wifi.scanner.WifiScanningService
12-19 10:34:16.713 V/SystemServerTiming(  619): ssm.onStartUser-0_com.android.server.wifi.scanner.WifiScanningService took to complete: 0ms
12-19 10:34:16.713 D/SystemServerTiming(  619): ssm.onStartUser-0_com.android.server.wifi.p2p.WifiP2pService
12-19 10:34:16.713 V/SystemServerTiming(  619): ssm.onStartUser-0_com.android.server.wifi.p2p.WifiP2pService took to complete: 0ms
12-19 10:34:16.713 D/SystemServerTiming(  619): ssm.onStartUser-0_com.android.server.ethernet.EthernetService
12-19 10:34:16.713 V/SystemServerTiming(  619): ssm.onStartUser-0_com.android.server.ethernet.EthernetService took to complete: 0ms
12-19 10:34:16.713 D/SystemServerTiming(  619): ssm.onStartUser-0_com.android.server.ConnectivityServiceInitializer
12-19 10:34:16.713 V/SystemServerTiming(  619): ssm.onStartUser-0_com.android.server.ConnectivityServiceInitializer took to complete: 0ms
12-19 10:34:16.713 D/SystemServerTiming(  619): ssm.onStartUser-0_com.android.server.notification.NotificationManagerService
12-19 10:34:16.713 V/SystemServerTiming(  619): ssm.onStartUser-0_com.android.server.notification.NotificationManagerService took to complete: 0ms
12-19 10:34:16.713 D/SystemServerTiming(  619): ssm.onStartUser-0_com.android.server.storage.DeviceStorageMonitorService
12-19 10:34:16.713 V/SystemServerTiming(  619): ssm.onStartUser-0_com.android.server.storage.DeviceStorageMonitorService took to complete: 0ms
12-19 10:34:16.713 D/SystemServerTiming(  619): ssm.onStartUser-0_com.android.server.location.LocationManagerService$Lifecycle
12-19 10:34:16.713 V/SystemServerTiming(  619): ssm.onStartUser-0_com.android.server.location.LocationManagerService$Lifecycle took to complete: 0ms
12-19 10:34:16.713 D/SystemServerTiming(  619): ssm.onStartUser-0_com.android.server.timedetector.TimeDetectorService$Lifecycle
12-19 10:34:16.713 V/SystemServerTiming(  619): ssm.onStartUser-0_com.android.server.timedetector.TimeDetectorService$Lifecycle took to complete: 0ms
12-19 10:34:16.713 D/SystemServerTiming(  619): ssm.onStartUser-0_com.android.server.timezonedetector.TimeZoneDetectorService$Lifecycle
12-19 10:34:16.713 V/SystemServerTiming(  619): ssm.onStartUser-0_com.android.server.timezonedetector.TimeZoneDetectorService$Lifecycle took to complete: 0ms
12-19 10:34:16.713 D/SystemServerTiming(  619): ssm.onStartUser-0_com.android.server.timezonedetector.location.LocationTimeZoneManagerService$Lifecycle
12-19 10:34:16.713 V/SystemServerTiming(  619): ssm.onStartUser-0_com.android.server.timezonedetector.location.LocationTimeZoneManagerService$Lifecycle took to complete: 0ms
12-19 10:34:16.713 D/SystemServerTiming(  619): ssm.onStartUser-0_com.android.server.search.SearchManagerService$Lifecycle
12-19 10:34:16.713 V/SystemServerTiming(  619): ssm.onStartUser-0_com.android.server.search.SearchManagerService$Lifecycle took to complete: 0ms
12-19 10:34:16.713 D/SystemServerTiming(  619): ssm.onStartUser-0_com.android.server.wallpaper.WallpaperManagerService$Lifecycle
12-19 10:34:16.713 V/SystemServerTiming(  619): ssm.onStartUser-0_com.android.server.wallpaper.WallpaperManagerService$Lifecycle took to complete: 0ms
12-19 10:34:16.713 D/SystemServerTiming(  619): ssm.onStartUser-0_com.android.server.audio.AudioService$Lifecycle
12-19 10:34:16.713 V/SystemServerTiming(  619): ssm.onStartUser-0_com.android.server.audio.AudioService$Lifecycle took to complete: 0ms
12-19 10:34:16.713 D/SystemServerTiming(  619): ssm.onStartUser-0_com.android.server.soundtrigger_middleware.SoundTriggerMiddlewareService$Lifecycle
12-19 10:34:16.713 V/SystemServerTiming(  619): ssm.onStartUser-0_com.android.server.soundtrigger_middleware.SoundTriggerMiddlewareService$Lifecycle took to complete: 0ms
12-19 10:34:16.713 D/SystemServerTiming(  619): ssm.onStartUser-0_com.android.server.DockObserver
12-19 10:34:16.713 V/SystemServerTiming(  619): ssm.onStartUser-0_com.android.server.DockObserver took to complete: 0ms
12-19 10:34:16.713 D/SystemServerTiming(  619): ssm.onStartUser-0_com.android.server.adb.AdbService$Lifecycle
12-19 10:34:16.713 V/SystemServerTiming(  619): ssm.onStartUser-0_com.android.server.adb.AdbService$Lifecycle took to complete: 0ms
12-19 10:34:16.713 D/SystemServerTiming(  619): ssm.onStartUser-0_com.android.server.usb.UsbService$Lifecycle
12-19 10:34:16.713 V/SystemServerTiming(  619): ssm.onStartUser-0_com.android.server.usb.UsbService$Lifecycle took to complete: 0ms
12-19 10:34:16.713 D/SystemServerTiming(  619): ssm.onStartUser-0_com.android.server.twilight.TwilightService
12-19 10:34:16.713 V/SystemServerTiming(  619): ssm.onStartUser-0_com.android.server.twilight.TwilightService took to complete: 0ms
12-19 10:34:16.713 D/SystemServerTiming(  619): ssm.onStartUser-0_com.android.server.display.color.ColorDisplayService
12-19 10:34:16.713 V/SystemServerTiming(  619): ssm.onStartUser-0_com.android.server.display.color.ColorDisplayService took to complete: 0ms
12-19 10:34:16.713 D/SystemServerTiming(  619): ssm.onStartUser-0_com.android.server.job.JobSchedulerService
12-19 10:34:16.713 V/SystemServerTiming(  619): ssm.onStartUser-0_com.android.server.job.JobSchedulerService took to complete: 1ms
12-19 10:34:16.714 D/SystemServerTiming(  619): ssm.onStartUser-0_com.android.server.soundtrigger.SoundTriggerService
12-19 10:34:16.714 V/SystemServerTiming(  619): ssm.onStartUser-0_com.android.server.soundtrigger.SoundTriggerService took to complete: 0ms
12-19 10:34:16.714 D/SystemServerTiming(  619): ssm.onStartUser-0_com.android.server.trust.TrustManagerService
12-19 10:34:16.714 V/SystemServerTiming(  619): ssm.onStartUser-0_com.android.server.trust.TrustManagerService took to complete: 0ms
12-19 10:34:16.714 D/SystemServerTiming(  619): ssm.onStartUser-0_com.android.server.backup.BackupManagerService$Lifecycle
12-19 10:34:16.714 V/SystemServerTiming(  619): ssm.onStartUser-0_com.android.server.backup.BackupManagerService$Lifecycle took to complete: 0ms
12-19 10:34:16.714 D/SystemServerTiming(  619): ssm.onStartUser-0_com.android.server.appwidget.AppWidgetService
12-19 10:34:16.714 V/SystemServerTiming(  619): ssm.onStartUser-0_com.android.server.appwidget.AppWidgetService took to complete: 0ms
12-19 10:34:16.714 D/SystemServerTiming(  619): ssm.onStartUser-0_com.android.server.voiceinteraction.VoiceInteractionManagerService
12-19 10:34:16.714 W/VoiceInteractionManager(  619): no available voice recognition services found for user 0
12-19 10:34:16.714 V/SystemServerTiming(  619): ssm.onStartUser-0_com.android.server.voiceinteraction.VoiceInteractionManagerService took to complete: 0ms
12-19 10:34:16.714 D/SystemServerTiming(  619): ssm.onStartUser-0_com.android.server.apphibernation.AppHibernationService
12-19 10:34:16.714 V/SystemServerTiming(  619): ssm.onStartUser-0_com.android.server.apphibernation.AppHibernationService took to complete: 0ms
12-19 10:34:16.714 D/SystemServerTiming(  619): ssm.onStartUser-0_com.android.server.GestureLauncherService
12-19 10:34:16.714 V/SystemServerTiming(  619): ssm.onStartUser-0_com.android.server.GestureLauncherService took to complete: 0ms
12-19 10:34:16.714 D/SystemServerTiming(  619): ssm.onStartUser-0_com.android.server.SensorNotificationService
12-19 10:34:16.714 V/SystemServerTiming(  619): ssm.onStartUser-0_com.android.server.SensorNotificationService took to complete: 0ms
12-19 10:34:16.714 D/SystemServerTiming(  619): ssm.onStartUser-0_com.android.server.emergency.EmergencyAffordanceService
12-19 10:34:16.714 V/SystemServerTiming(  619): ssm.onStartUser-0_com.android.server.emergency.EmergencyAffordanceService took to complete: 0ms
12-19 10:34:16.714 D/SystemServerTiming(  619): ssm.onStartUser-0_com.android.server.blob.BlobStoreManagerService
12-19 10:34:16.714 V/SystemServerTiming(  619): ssm.onStartUser-0_com.android.server.blob.BlobStoreManagerService took to complete: 0ms
12-19 10:34:16.714 D/SystemServerTiming(  619): ssm.onStartUser-0_com.android.server.dreams.DreamManagerService
12-19 10:34:16.714 V/SystemServerTiming(  619): ssm.onStartUser-0_com.android.server.dreams.DreamManagerService took to complete: 0ms
12-19 10:34:16.714 D/SystemServerTiming(  619): ssm.onStartUser-0_com.android.server.print.PrintManagerService
12-19 10:34:16.714 V/SystemServerTiming(  619): ssm.onStartUser-0_com.android.server.print.PrintManagerService took to complete: 0ms
12-19 10:34:16.714 D/SystemServerTiming(  619): ssm.onStartUser-0_com.android.server.companion.CompanionDeviceManagerService
12-19 10:34:16.714 V/SystemServerTiming(  619): ssm.onStartUser-0_com.android.server.companion.CompanionDeviceManagerService took to complete: 0ms
12-19 10:34:16.714 D/SystemServerTiming(  619): ssm.onStartUser-0_com.android.server.restrictions.RestrictionsManagerService
12-19 10:34:16.714 V/SystemServerTiming(  619): ssm.onStartUser-0_com.android.server.restrictions.RestrictionsManagerService took to complete: 0ms
12-19 10:34:16.714 D/SystemServerTiming(  619): ssm.onStartUser-0_com.android.server.media.MediaSessionService
12-19 10:34:16.714 V/SystemServerTiming(  619): ssm.onStartUser-0_com.android.server.media.MediaSessionService took to complete: 0ms
12-19 10:34:16.714 D/SystemServerTiming(  619): ssm.onStartUser-0_com.android.server.tv.TvInputManagerService
12-19 10:34:16.714 V/SystemServerTiming(  619): ssm.onStartUser-0_com.android.server.tv.TvInputManagerService took to complete: 0ms
12-19 10:34:16.714 D/SystemServerTiming(  619): ssm.onStartUser-0_com.android.server.media.MediaResourceMonitorService
12-19 10:34:16.714 V/SystemServerTiming(  619): ssm.onStartUser-0_com.android.server.media.MediaResourceMonitorService took to complete: 0ms
12-19 10:34:16.714 D/SystemServerTiming(  619): ssm.onStartUser-0_com.android.server.biometrics.BiometricService
12-19 10:34:16.714 V/SystemServerTiming(  619): ssm.onStartUser-0_com.android.server.biometrics.BiometricService took to complete: 0ms
12-19 10:34:16.714 D/SystemServerTiming(  619): ssm.onStartUser-0_com.android.server.biometrics.AuthService
12-19 10:34:16.714 V/SystemServerTiming(  619): ssm.onStartUser-0_com.android.server.biometrics.AuthService took to complete: 0ms
12-19 10:34:16.714 D/SystemServerTiming(  619): ssm.onStartUser-0_com.android.server.pm.ShortcutService$Lifecycle
12-19 10:34:16.714 V/SystemServerTiming(  619): ssm.onStartUser-0_com.android.server.pm.ShortcutService$Lifecycle took to complete: 0ms
12-19 10:34:16.714 D/SystemServerTiming(  619): ssm.onStartUser-0_com.android.server.pm.LauncherAppsService
12-19 10:34:16.714 V/SystemServerTiming(  619): ssm.onStartUser-0_com.android.server.pm.LauncherAppsService took to complete: 0ms
12-19 10:34:16.714 D/SystemServerTiming(  619): ssm.onStartUser-0_com.android.server.pm.CrossProfileAppsService
12-19 10:34:16.714 V/SystemServerTiming(  619): ssm.onStartUser-0_com.android.server.pm.CrossProfileAppsService took to complete: 0ms
12-19 10:34:16.714 D/SystemServerTiming(  619): ssm.onStartUser-0_com.android.server.people.PeopleService
12-19 10:34:16.714 V/SystemServerTiming(  619): ssm.onStartUser-0_com.android.server.people.PeopleService took to complete: 0ms
12-19 10:34:16.714 D/SystemServerTiming(  619): ssm.onStartUser-0_com.android.server.media.metrics.MediaMetricsManagerService
12-19 10:34:16.714 V/SystemServerTiming(  619): ssm.onStartUser-0_com.android.server.media.metrics.MediaMetricsManagerService took to complete: 0ms
12-19 10:34:16.714 D/SystemServerTiming(  619): ssm.onStartUser-0_com.android.server.media.projection.MediaProjectionManagerService
12-19 10:34:16.714 V/SystemServerTiming(  619): ssm.onStartUser-0_com.android.server.media.projection.MediaProjectionManagerService took to complete: 0ms
12-19 10:34:16.714 D/SystemServerTiming(  619): ssm.onStartUser-0_com.android.server.slice.SliceManagerService$Lifecycle
12-19 10:34:16.714 V/SystemServerTiming(  619): ssm.onStartUser-0_com.android.server.slice.SliceManagerService$Lifecycle took to complete: 0ms
12-19 10:34:16.714 D/SystemServerTiming(  619): ssm.onStartUser-0_com.android.server.stats.StatsCompanion$Lifecycle
12-19 10:34:16.714 V/SystemServerTiming(  619): ssm.onStartUser-0_com.android.server.stats.StatsCompanion$Lifecycle took to complete: 0ms
12-19 10:34:16.714 D/SystemServerTiming(  619): ssm.onStartUser-0_com.android.server.scheduling.RebootReadinessManagerService$Lifecycle
12-19 10:34:16.714 V/SystemServerTiming(  619): ssm.onStartUser-0_com.android.server.scheduling.RebootReadinessManagerService$Lifecycle took to complete: 0ms
12-19 10:34:16.714 D/SystemServerTiming(  619): ssm.onStartUser-0_com.android.server.stats.pull.StatsPullAtomService
12-19 10:34:16.714 V/SystemServerTiming(  619): ssm.onStartUser-0_com.android.server.stats.pull.StatsPullAtomService took to complete: 0ms
12-19 10:34:16.714 D/SystemServerTiming(  619): ssm.onStartUser-0_com.android.server.incident.IncidentCompanionService
12-19 10:34:16.714 V/SystemServerTiming(  619): ssm.onStartUser-0_com.android.server.incident.IncidentCompanionService took to complete: 0ms
12-19 10:34:16.714 D/SystemServerTiming(  619): ssm.onStartUser-0_com.android.server.MmsServiceBroker
12-19 10:34:16.714 V/SystemServerTiming(  619): ssm.onStartUser-0_com.android.server.MmsServiceBroker took to complete: 0ms
12-19 10:34:16.714 D/SystemServerTiming(  619): ssm.onStartUser-0_com.android.server.autofill.AutofillManagerService
12-19 10:34:16.714 V/SystemServerTiming(  619): ssm.onStartUser-0_com.android.server.autofill.AutofillManagerService took to complete: 0ms
12-19 10:34:16.714 D/SystemServerTiming(  619): ssm.onStartUser-0_com.android.server.clipboard.ClipboardService
12-19 10:34:16.714 V/SystemServerTiming(  619): ssm.onStartUser-0_com.android.server.clipboard.ClipboardService took to complete: 0ms
12-19 10:34:16.714 D/SystemServerTiming(  619): ssm.onStartUser-0_com.android.server.appbinding.AppBindingService$Lifecycle
12-19 10:34:16.715 W/AppBindingService(  619): [Default SMS app] u0 Target package not found
12-19 10:34:16.715 V/SystemServerTiming(  619): ssm.onStartUser-0_com.android.server.appbinding.AppBindingService$Lifecycle took to complete: 0ms
12-19 10:34:16.715 D/SystemServerTiming(  619): ssm.onStartUser-0_com.android.server.tracing.TracingServiceProxy
12-19 10:34:16.715 V/SystemServerTiming(  619): ssm.onStartUser-0_com.android.server.tracing.TracingServiceProxy took to complete: 0ms
12-19 10:34:16.715 D/SystemServerTiming(  619): ssm.onStartUser-0_com.android.server.policy.PermissionPolicyService
12-19 10:34:16.715 V/SystemServerTiming(  619): ssm.onStartUser-0_com.android.server.policy.PermissionPolicyService took to complete: 0ms
12-19 10:34:16.715 D/SystemServerTiming(  619): ssm.onStartUser-0_com.android.server.pm.StagingManager$Lifecycle
12-19 10:34:16.715 V/SystemServerTiming(  619): ssm.onStartUser-0_com.android.server.pm.StagingManager$Lifecycle took to complete: 0ms
12-19 10:34:16.715 D/SystemServerTiming(  619): ssm.onStartUser-0_com.android.server.app.GameManagerService$Lifecycle
12-19 10:34:16.716 D/Zygote  (  391): Forked child process 850
12-19 10:34:16.716 W/ActivityManager(  619): Slow operation: 69ms so far, now at startProcess: returned from zygote!
12-19 10:34:16.716 W/ActivityManager(  619): Slow operation: 69ms so far, now at startProcess: done updating battery stats
12-19 10:34:16.716 W/ActivityManager(  619): Slow operation: 69ms so far, now at startProcess: building log message
12-19 10:34:16.716 I/ActivityManager(  619): Start proc 850:WebViewLoader-armeabi-v7a/1037 [android.webkit.WebViewLibraryLoader$RelroFileCreator] for null
12-19 10:34:16.716 W/ActivityManager(  619): Slow operation: 69ms so far, now at startProcess: starting to update pids map
12-19 10:34:16.716 W/ActivityManager(  619): Slow operation: 69ms so far, now at startProcess: done updating pids map
12-19 10:34:16.716 W/ActivityManager(  619): Slow operation: 68ms so far, now at startProcess: asking zygote to start proc
12-19 10:34:16.717 I/Zygote  (  850): seccomp disabled by setenforce 0
12-19 10:34:16.718 V/GameManagerService(  619): Settings file doesn't exists, skip reading
12-19 10:34:16.719 D/Zygote  (  390): Forked child process 853
12-19 10:34:16.720 W/ActivityManager(  619): Slow operation: 72ms so far, now at startProcess: returned from zygote!
12-19 10:34:16.720 W/ActivityManager(  619): Slow operation: 72ms so far, now at startProcess: done updating battery stats
12-19 10:34:16.720 W/ActivityManager(  619): Slow operation: 72ms so far, now at startProcess: building log message
12-19 10:34:16.720 I/ActivityManager(  619): Start proc 853:WebViewLoader-arm64-v8a/1037 [android.webkit.WebViewLibraryLoader$RelroFileCreator] for null
12-19 10:34:16.720 W/ActivityManager(  619): Slow operation: 72ms so far, now at startProcess: starting to update pids map
12-19 10:34:16.720 W/ActivityManager(  619): Slow operation: 72ms so far, now at startProcess: done updating pids map
12-19 10:34:16.720 I/OMXClient(  489): IOmx service obtained
12-19 10:34:16.720 I/OMXStore(  493): makeComponentInstance(OMX.google.g711.mlaw.decoder) in android.hardwar process
12-19 10:34:16.721 V/SystemServerTiming(  619): ssm.onStartUser-0_com.android.server.app.GameManagerService$Lifecycle took to complete: 6ms
12-19 10:34:16.721 D/SystemServerTiming(  619): ssm.onStartUser-0_com.android.server.appsearch.AppSearchManagerService
12-19 10:34:16.721 V/SystemServerTiming(  619): ssm.onStartUser-0_com.android.server.appsearch.AppSearchManagerService took to complete: 0ms
12-19 10:34:16.721 D/SystemServerTiming(  619): ssm.onStartUser-0_com.android.server.media.MediaCommunicationService
12-19 10:34:16.721 V/SystemServerTiming(  619): ssm.onStartUser-0_com.android.server.media.MediaCommunicationService took to complete: 0ms
12-19 10:34:16.721 D/SystemServerTiming(  619): ssm.onStartUser-0_com.android.server.compat.overrides.AppCompatOverridesService$Lifecycle
12-19 10:34:16.721 V/SystemServerTiming(  619): ssm.onStartUser-0_com.android.server.compat.overrides.AppCompatOverridesService$Lifecycle took to complete: 0ms
12-19 10:34:16.721 V/SystemServerTiming(  619): ssm.StartUser-0 took to complete: 14ms
12-19 10:34:16.721 D/SystemServerTiming(  619): startPersistentApps
12-19 10:34:16.722 E/AppHibernationService(  619): Attempt to call isHibernatingForUser on stopped or nonexistent user 0
12-19 10:34:16.722 D/CompatibilityChangeReporter(  619): Compat change id reported: 135634846; UID 1068; state: DISABLED
12-19 10:34:16.722 E/AppHibernationService(  619): Attempt to call isHibernatingForUser on stopped or nonexistent user 0
12-19 10:34:16.722 I/Zygote  (  853): seccomp disabled by setenforce 0
12-19 10:34:16.722 D/CompatibilityChangeReporter(  619): Compat change id reported: 135634846; UID 1001; state: DISABLED
12-19 10:34:16.722 D/CompatibilityChangeReporter(  619): Compat change id reported: 177438394; UID 1001; state: DISABLED
12-19 10:34:16.723 D/CompatibilityChangeReporter(  619): Compat change id reported: 135772972; UID 1001; state: DISABLED
12-19 10:34:16.723 D/CompatibilityChangeReporter(  619): Compat change id reported: 135754954; UID 1001; state: ENABLED
12-19 10:34:16.723 I/libc    (  853): SetHeapTaggingLevel: tag level set to 0
12-19 10:34:16.723 V/SystemServerTiming(  619): startPersistentApps took to complete: 1ms
12-19 10:34:16.723 D/SystemServerTiming(  619): startHomeOnAllDisplays
12-19 10:34:16.723 E/AppHibernationService(  619): Attempt to call isHibernatingForUser on stopped or nonexistent user 0
12-19 10:34:16.723 I/ActivityTaskManager(  619): START u0 {act=android.intent.action.MAIN cat=[android.intent.category.HOME] flg=0x10000100 cmp=com.android.settings/.FallbackHome (has extras)} from uid 0
12-19 10:34:16.726 I/adbd    (  474): jdwp connection from 850
12-19 10:34:16.726 D/Zygote  (  390): Forked child process 871
12-19 10:34:16.726 I/OMXClient(  489): IOmx service obtained
12-19 10:34:16.726 I/OMXStore(  493): makeComponentInstance(OMX.google.mp3.decoder) in android.hardwar process
12-19 10:34:16.727 D/CompatibilityChangeReporter(  619): Compat change id reported: 174042980; UID 1000; state: DISABLED
12-19 10:34:16.729 I/netd    (  389): trafficSwapActiveStatsMap() <24.50ms>
12-19 10:34:16.729 I/OMXClient(  489): IOmx service obtained
12-19 10:34:16.729 I/OMXStore(  493): makeComponentInstance(OMX.google.opus.decoder) in android.hardwar process
12-19 10:34:16.729 D/CompatibilityChangeReporter(  619): Compat change id reported: 197654537; UID 1000; state: ENABLED
12-19 10:34:16.730 I/netd    (  389): tetherGetStats() -> {[]} <0.84ms>
12-19 10:34:16.730 I/Zygote  (  871): seccomp disabled by setenforce 0
12-19 10:34:16.730 I/adbd    (  474): jdwp connection from 853
12-19 10:34:16.732 W/BestClock(  619): java.time.DateTimeException: Missing NTP fix
12-19 10:34:16.733 E/AppHibernationService(  619): Attempt to call isHibernatingForUser on stopped or nonexistent user 0
12-19 10:34:16.733 V/SystemServerTiming(  619): startHomeOnAllDisplays took to complete: 10ms
12-19 10:34:16.733 D/SystemServerTiming(  619): showSystemReadyErrorDialogs
12-19 10:34:16.733 V/SystemServerTiming(  619): showSystemReadyErrorDialogs took to complete: 0ms
12-19 10:34:16.733 D/SystemServerTiming(  619): sendUserStartBroadcast
12-19 10:34:16.734 I/OMXClient(  489): IOmx service obtained
12-19 10:34:16.734 V/SystemServerTiming(  619): sendUserStartBroadcast took to complete: 0ms
12-19 10:34:16.734 D/SystemServerTiming(  619): resumeTopActivities
12-19 10:34:16.734 W/BestClock(  619): java.time.DateTimeException: Missing NTP fix
12-19 10:34:16.734 I/OMXStore(  493): makeComponentInstance(OMX.google.raw.decoder) in android.hardwar process
12-19 10:34:16.734 V/SystemServerTiming(  619): resumeTopActivities took to complete: 0ms
12-19 10:34:16.734 D/SystemServerTiming(  619): sendUserSwitchBroadcasts
12-19 10:34:16.734 E/AppHibernationService(  619): Attempt to call isHibernatingForUser on stopped or nonexistent user 0
12-19 10:34:16.735 I/OMXClient(  489): IOmx service obtained
12-19 10:34:16.735 I/OMXStore(  493): makeComponentInstance(OMX.google.vorbis.decoder) in android.hardwar process
12-19 10:34:16.736 V/SystemServerTiming(  619): sendUserSwitchBroadcasts took to complete: 2ms
12-19 10:34:16.736 D/SystemServerTiming(  619): setBinderProxies
12-19 10:34:16.737 I/adbd    (  474): jdwp connection from 871
12-19 10:34:16.737 V/SystemServerTiming(  619): setBinderProxies took to complete: 1ms
12-19 10:34:16.737 V/SystemServerTiming(  619): ActivityManagerStartApps took to complete: 30ms
12-19 10:34:16.737 V/SystemServerTiming(  619): PhaseActivityManagerReady took to complete: 175ms
12-19 10:34:16.737 D/SystemServerTiming(  619): StartSystemUI
12-19 10:34:16.738 I/ActivityManager(  619): Start proc 871:com.android.se/1068 for added application com.android.se
12-19 10:34:16.740 V/WebViewLibraryLoader(  850): RelroFileCreator (64bit = false), package: com.android.webview library: libwebviewchromium.so
12-19 10:34:16.740 D/CompatibilityChangeReporter(  619): Compat change id reported: 181136395; UID 1000; state: DISABLED
12-19 10:34:16.741 D/CompatibilityChangeReporter(  619): Compat change id reported: 174042936; UID 1000; state: DISABLED
12-19 10:34:16.741 I/ActivityManager(  619): com.android.settings is exempt from freezer
12-19 10:34:16.741 D/CompatibilityChangeReporter(  619): Compat change id reported: 135634846; UID 1000; state: DISABLED
12-19 10:34:16.741 D/CompatibilityChangeReporter(  619): Compat change id reported: 177438394; UID 1000; state: DISABLED
12-19 10:34:16.741 D/CompatibilityChangeReporter(  619): Compat change id reported: 135772972; UID 1000; state: DISABLED
12-19 10:34:16.741 D/CompatibilityChangeReporter(  619): Compat change id reported: 135754954; UID 1000; state: ENABLED
12-19 10:34:16.742 V/WebViewLibraryLoader(  853): RelroFileCreator (64bit = true), package: com.android.webview library: libwebviewchromium.so
12-19 10:34:16.742 E/AppHibernationService(  619): Attempt to call isHibernatingForUser on stopped or nonexistent user 0
12-19 10:34:16.742 D/Zygote  (  390): Forked child process 909
12-19 10:34:16.743 D/ConnectivityService(  619): Got NetworkProvider Messenger for VpnNetworkProvider:0
12-19 10:34:16.743 V/SystemServerTiming(  619): StartSystemUI took to complete: 5ms
12-19 10:34:16.743 V/SystemServerTiming(  619): startOtherServices took to complete: 1792ms
12-19 10:34:16.743 V/SystemServerTiming(  619): StartServices took to complete: 2754ms
12-19 10:34:16.743 W/TvInputHal(  619): handleMessage in, mEvent.type = 1
12-19 10:34:16.743 W/TvInputHal(  619): onDeviceAvailable 0
12-19 10:34:16.743 E/AppHibernationService(  619): Attempt to call isHibernatingForUser on stopped or nonexistent user 0
12-19 10:34:16.743 W/TvInputHal(  619): handleMessage in, mEvent.type = 3
12-19 10:34:16.743 W/TvInputHal(  619): handleMessage in, mEvent.type = 1
