12-19 10:34:18.681 I/resolv  (  389): resolv_set_nameservers: netId = 100, numservers = 1
12-19 10:34:18.681 D/resolv  (  389): android_getaddrinfofornetcontext: explore_numeric: ai_family=10 ai_socktype=2 ai_protocol=17
12-19 10:34:18.681 W/resolv  (  389): Validating DnsTlsServer 192.168.0.1 with mark 0xf0064
12-19 10:34:18.681 D/resolv  (  389): explore_numeric_scope
12-19 10:34:18.681 D/resolv  (  389): Beginning validation with mark f0064
12-19 10:34:18.681 D/resolv  (  389): android_getaddrinfofornetcontext: explore_numeric: ai_family=2 ai_socktype=2 ai_protocol=17
12-19 10:34:18.681 D/resolv  (  389): explore_numeric_scope
12-19 10:34:18.681 D/resolv  (  389): No socket for query.  Opening socket and sending.
12-19 10:34:18.681 D/resolv  (  389): Constructing new socket
12-19 10:34:18.681 I/netd    (  389): DnsResolverService::setResolverConfiguration(100, [192.168.0.1], [lan], 1800, 25, 8, 64, 0, 0, "", [192.168.0.1]) -> (0) (0.4ms)
12-19 10:34:18.681 D/resolv  (  389): DnsTlsSocket is initialized with { mConnectTimeoutMs: 127000, mAsyncHandshake: 0 }
12-19 10:34:18.681 D/resolv  (  389): 983140 connecting TCP socket
12-19 10:34:18.681 I/netd    (  389): setResolverConfiguration(ResolverParamsParcel{netId: 100, sampleValiditySeconds: 1800, successThreshold: 25, minSamples: 8, maxSamples: 64, baseTimeoutMsec: 0, retryCount: 0, servers: [192.168.0.1], domains: [lan], tlsName: , tlsServers: [192.168.0.1], tlsFingerprints: [], caCertificate: , tlsConnectTimeoutMs: 0, resolverOptions: (null), transportTypes: [3]}) <0.55ms>
12-19 10:34:18.681 D/resolv  (  389): doQuery: (1, 1)
12-19 10:34:18.681 D/resolv  (  389): res_nmkquery: (QUERY, IN, A)
12-19 10:34:18.681 D/resolv  (  389): res_nsend
12-19 10:34:18.681 I/resolv  (  389): resolv_cache_lookup: lookup
12-19 10:34:18.681 I/resolv  (  389): resolv_cache_lookup: NOT IN CACHE
12-19 10:34:18.681 I/resolv  (  389): resolv_populate_res_for_net: netid=100
12-19 10:34:18.682 I/resolv  (  389): res_stats_usable_server: NS stats: S 0 + E 0 + T 0 + I 0 = 0, rtt = -1, min_samples = 8
12-19 10:34:18.682 W/ContextImpl(  619): Calling a method in the system process without a qualified user: android.app.ContextImpl.sendStickyBroadcast:1568 com.android.server.ConnectivityService.sendStickyBroadcast:2821 com.android.server.ConnectivityService.sendGeneralBroadcast:2796 com.android.server.ConnectivityService.sendInetConditionBroadcast:2773 com.android.server.ConnectivityService.updateInetCondition:8543 
12-19 10:34:18.682 D/resolv  (  389): res_nsend: Querying server (# 1) address = 192.168.0.1:53
12-19 10:34:18.682 D/resolv  (  389): send_dg: new DG socket
12-19 10:34:18.682 D/resolv  (  389): No known sessions
12-19 10:34:18.682 D/resolv  (  389): No session available
12-19 10:34:18.682 D/resolv  (  389):  Calling SSL_connect with mark 0xf0064
12-19 10:34:18.682 I/resolv  (  389): get_timeout: using timeout of 5000 msec
12-19 10:34:18.682 I/resolv  (  389): retrying_poll: 58 retrying_poll
12-19 10:34:18.682 D/resolv  (  389):  SSL_connect returned -1 with mark 0xf0064
12-19 10:34:18.683 D/resolv  (  389):  Calling SSL_connect with mark 0xf0064
12-19 10:34:18.683 D/resolv  (  389):  SSL_connect returned -1 with mark 0xf0064
12-19 10:34:18.683 W/resolv  (  389): SSL_connect ssl error =5, mark 0xf0064: Connection refused
12-19 10:34:18.683 W/resolv  (  389): TLS Handshake failed
12-19 10:34:18.683 D/resolv  (  389): Initialization failed.
12-19 10:34:18.683 D/resolv  (  389): Destructor
12-19 10:34:18.683 D/resolv  (  389): Destructor completed
12-19 10:34:18.684 D/resolv  (  389): Failing all pending queries.
12-19 10:34:18.684 W/resolv  (  389): query failed
12-19 10:34:18.684 D/resolv  (  389): Destructor
12-19 10:34:18.684 D/resolv  (  389): Locked destruction procedure
12-19 10:34:18.684 D/resolv  (  389): Destructor completed
12-19 10:34:18.684 W/resolv  (  389): validateDnsTlsServer returned 0 for 192.168.0.1
12-19 10:34:18.684 D/resolv  (  389): Sending validation failure event on netId 100 for 192.168.0.1 with hostname {}
12-19 10:34:18.684 W/resolv  (  389): Validation failed
12-19 10:34:18.689 V/GraphicsEnvironment( 1648): ANGLE Developer option for 'com.android.packageinstaller' set to: 'default'
12-19 10:34:18.690 V/GraphicsEnvironment( 1648): ANGLE GameManagerService for com.android.packageinstaller: false
12-19 10:34:18.690 V/GraphicsEnvironment( 1648): Neither updatable production driver nor prerelease driver is supported.
12-19 10:34:18.690 D/NetworkSecurityConfig( 1648): No Network Security Config specified, using platform default
12-19 10:34:18.690 D/NetworkSecurityConfig( 1648): No Network Security Config specified, using platform default
12-19 10:34:18.691 I/resolv  (  389): retrying_poll: 58 retrying_poll returning 1
12-19 10:34:18.691 I/resolv  (  389): res_nsend: used send_dg 99 terrno: 0
12-19 10:34:18.691 I/resolv  (  389): res_stats_set_sample: rcode = 0, sec = 9
12-19 10:34:18.691 I/resolv  (  389): res_cache_add_stats_sample_locked: adding sample to stats, next = 0, count = 0
12-19 10:34:18.691 D/resolv  (  389): res_nsend: got answer:
12-19 10:34:18.691 I/resolv  (  389): answer_getTTL: TTL = 74
12-19 10:34:18.691 I/resolv  (  389): _cache_add_p: entry 1 added (count=1)
12-19 10:34:18.691 I/resolv  (  389): cache_dump_mru_locked: MRU LIST ( 1):  1
12-19 10:34:18.691 D/resolv  (  389): doQuery: rcode=0, ancount=4
12-19 10:34:18.692 I/ResolverController(  389): No valid NAT64 prefix (100, <unspecified>/0)
12-19 10:34:18.693 W/TemporaryFileManager( 1648): install_results.xml was created before onBoot broadcast was received
12-19 10:34:18.694 D/CompatibilityChangeReporter(  619): Compat change id reported: 168419799; UID 10070; state: DISABLED
12-19 10:34:18.695 E/permission( 1121): zts action===android.intent.action.BOOT_COMPLETED
12-19 10:34:18.699 I/HibernationPolicy( 1121): scheduleHibernationJob with frequency 1296000000ms and threshold 7776000000ms
12-19 10:34:18.700 I/HibernationPolicy( 1121): user 0 is a profileowner. Running hibernation job.
12-19 10:34:18.700 I/HibernationPolicy( 1121): Job already scheduled.
12-19 10:34:18.701 D/CompatibilityChangeReporter(  619): Compat change id reported: 135634846; UID 10028; state: DISABLED
12-19 10:34:18.701 D/CompatibilityChangeReporter(  619): Compat change id reported: 177438394; UID 10028; state: DISABLED
12-19 10:34:18.701 D/CompatibilityChangeReporter(  619): Compat change id reported: 135772972; UID 10028; state: DISABLED
12-19 10:34:18.701 D/CompatibilityChangeReporter(  619): Compat change id reported: 135754954; UID 10028; state: ENABLED
12-19 10:34:18.701 D/CompatibilityChangeReporter(  619): Compat change id reported: 143937733; UID 10028; state: ENABLED
12-19 10:34:18.706 D/Zygote  (  390): Forked child process 1670
12-19 10:34:18.707 I/ActivityManager(  619): Start proc 1670:com.android.providers.calendar/u0a28 for broadcast {com.android.providers.calendar/com.android.providers.calendar.CalendarReceiver}
12-19 10:34:18.708 I/Zygote  ( 1670): seccomp disabled by setenforce 0
12-19 10:34:18.711 I/adbd    (  474): jdwp connection from 1670
12-19 10:34:18.714 D/CompatibilityChangeReporter(  619): Compat change id reported: 168419799; UID 10028; state: DISABLED
12-19 10:34:18.715 D/CompatibilityChangeReporter( 1670): Compat change id reported: 171979766; UID 10028; state: ENABLED
12-19 10:34:18.721 V/GraphicsEnvironment( 1670): ANGLE Developer option for 'com.android.providers.calendar' set to: 'default'
12-19 10:34:18.722 V/GraphicsEnvironment( 1670): ANGLE GameManagerService for com.android.providers.calendar: false
12-19 10:34:18.722 V/GraphicsEnvironment( 1670): Neither updatable production driver nor prerelease driver is supported.
12-19 10:34:18.722 D/NetworkSecurityConfig( 1670): No Network Security Config specified, using platform default
12-19 10:34:18.722 D/NetworkSecurityConfig( 1670): No Network Security Config specified, using platform default
12-19 10:34:18.729 I/CalendarProvider2( 1670): Created com.android.providers.calendar.CalendarAlarmManager@3097ff6(com.android.providers.calendar.CalendarProvider2@e4c9ff7)
12-19 10:34:18.731 D/CompatibilityChangeReporter( 1670): Compat change id reported: 160794467; UID 10028; state: ENABLED
12-19 10:34:18.733 D/CompatibilityChangeReporter(  619): Compat change id reported: 171306433; UID 10028; state: ENABLED
12-19 10:34:18.736 D/CompatibilityChangeReporter(  619): Compat change id reported: 143231523; UID 10028; state: DISABLED
12-19 10:34:18.738 D/CompatibilityChangeReporter(  619): Compat change id reported: 168419799; UID 10071; state: DISABLED
12-19 10:34:18.740 D/CompatibilityChangeReporter(  619): Compat change id reported: 135634846; UID 10018; state: DISABLED
12-19 10:34:18.740 D/CompatibilityChangeReporter(  619): Compat change id reported: 177438394; UID 10018; state: DISABLED
12-19 10:34:18.740 D/CompatibilityChangeReporter(  619): Compat change id reported: 135772972; UID 10018; state: DISABLED
12-19 10:34:18.740 D/CompatibilityChangeReporter(  619): Compat change id reported: 135754954; UID 10018; state: ENABLED
12-19 10:34:18.740 D/CompatibilityChangeReporter(  619): Compat change id reported: 143937733; UID 10018; state: ENABLED
12-19 10:34:18.745 D/Zygote  (  390): Forked child process 1691
12-19 10:34:18.745 I/ActivityManager(  619): Start proc 1691:com.android.providers.tv/u0a18 for broadcast {com.android.providers.tv/com.android.providers.tv.BootCompletedReceiver}
12-19 10:34:18.747 I/Zygote  ( 1691): seccomp disabled by setenforce 0
12-19 10:34:18.749 I/adbd    (  474): jdwp connection from 1691
12-19 10:34:18.752 D/CompatibilityChangeReporter(  619): Compat change id reported: 168419799; UID 10018; state: DISABLED
12-19 10:34:18.756 D/CompatibilityChangeReporter( 1691): Compat change id reported: 171979766; UID 10018; state: ENABLED
12-19 10:34:18.762 V/GraphicsEnvironment( 1691): ANGLE Developer option for 'com.android.providers.tv' set to: 'default'
12-19 10:34:18.762 V/GraphicsEnvironment( 1691): ANGLE GameManagerService for com.android.providers.tv: false
12-19 10:34:18.762 V/GraphicsEnvironment( 1691): Neither updatable production driver nor prerelease driver is supported.
12-19 10:34:18.762 D/NetworkSecurityConfig( 1691): No Network Security Config specified, using platform default
12-19 10:34:18.762 D/NetworkSecurityConfig( 1691): No Network Security Config specified, using platform default
12-19 10:34:18.764 D/CompatibilityChangeReporter( 1691): Compat change id reported: 160794467; UID 10018; state: ENABLED
12-19 10:34:18.828 D/CompatibilityChangeReporter(  619): Compat change id reported: 135634846; UID 10062; state: DISABLED
12-19 10:34:18.829 D/CompatibilityChangeReporter(  619): Compat change id reported: 177438394; UID 10062; state: DISABLED
12-19 10:34:18.829 D/CompatibilityChangeReporter(  619): Compat change id reported: 135772972; UID 10062; state: DISABLED
12-19 10:34:18.829 D/CompatibilityChangeReporter(  619): Compat change id reported: 135754954; UID 10062; state: ENABLED
12-19 10:34:18.829 D/CompatibilityChangeReporter(  619): Compat change id reported: 143937733; UID 10062; state: ENABLED
12-19 10:34:18.836 D/Zygote  (  390): Forked child process 1712
12-19 10:34:18.837 I/ActivityManager(  619): Start proc 1712:com.android.remoteprovisioner/u0a62 for broadcast {com.android.remoteprovisioner/com.android.remoteprovisioner.BootReceiver}
12-19 10:34:18.839 I/Zygote  ( 1712): seccomp disabled by setenforce 0
12-19 10:34:18.845 I/adbd    (  474): jdwp connection from 1712
12-19 10:34:18.849 D/CompatibilityChangeReporter(  619): Compat change id reported: 168419799; UID 10062; state: DISABLED
12-19 10:34:18.854 D/CompatibilityChangeReporter( 1712): Compat change id reported: 171979766; UID 10062; state: ENABLED
12-19 10:34:18.861 V/GraphicsEnvironment( 1712): ANGLE Developer option for 'com.android.remoteprovisioner' set to: 'default'
12-19 10:34:18.862 V/GraphicsEnvironment( 1712): ANGLE GameManagerService for com.android.remoteprovisioner: false
12-19 10:34:18.862 V/GraphicsEnvironment( 1712): Neither updatable production driver nor prerelease driver is supported.
12-19 10:34:18.862 D/NetworkSecurityConfig( 1712): No Network Security Config specified, using platform default
12-19 10:34:18.862 D/NetworkSecurityConfig( 1712): No Network Security Config specified, using platform default
12-19 10:34:18.863 I/RemoteProvisioningBootReceiver( 1712): Caught boot intent, waking up.
12-19 10:34:18.868 D/ConnectivityService(  619): requestNetwork for uid/pid:1000/619 asUid: 10062 activeRequest: null callbackRequest: 27 [NetworkRequest [ REQUEST id=28, [ Capabilities: INTERNET&NOT_RESTRICTED&TRUSTED&NOT_VCN_MANAGED Uid: 10062 RequestorUid: 1000 RequestorPkg: android] ]] callback flags: 0 priority: 2147483647
12-19 10:34:18.869 D/ConnectivityService(  619): NetReassign [28 : null → 100]
12-19 10:34:18.869 D/Ethernet(  619): got request NetworkRequest [ REQUEST id=28, [ Capabilities: INTERNET&NOT_RESTRICTED&TRUSTED&NOT_VCN_MANAGED Uid: 10062 RequestorUid: 1000 RequestorPkg: android] ]
12-19 10:34:18.869 D/EthernetNetworkFactory(  619): acceptRequest, request: NetworkRequest [ REQUEST id=28, [ Capabilities: INTERNET&NOT_RESTRICTED&TRUSTED&NOT_VCN_MANAGED Uid: 10062 RequestorUid: 1000 RequestorPkg: android] ]
12-19 10:34:18.870 I/EthernetNetworkFactory(  619): networkForRequest, request: NetworkRequest [ REQUEST id=28, [ Capabilities: INTERNET&NOT_RESTRICTED&TRUSTED&NOT_VCN_MANAGED Uid: 10062 RequestorUid: 1000 RequestorPkg: android] ], network: NetworkInterfaceState{ refCount: 0, iface: eth0, up: true, hwAddress: 1e:6b:b7:4a:33:62, networkCapabilities: [ Transports: ETHERNET Capabilities: NOT_METERED&INTERNET&NOT_RESTRICTED&TRUSTED&NOT_VPN&NOT_ROAMING&NOT_CONGESTED&NOT_SUSPENDED&NOT_VCN_MANAGED LinkUpBandwidth>=100000Kbps LinkDnBandwidth>=100000Kbps], networkAgent: com.android.server.ethernet.EthernetNetworkFactory$NetworkInterfaceState$1@66bcba2, score: 70, ipClient: android.net.ip.IIpClient$Stub$Proxy@53d4033,linkProperties: {InterfaceName: eth0 LinkAddresses: [ fe80::1c30:95c2:ff6:a0e0/64,192.168.0.73/24 ] DnsAddresses: [ /192.168.0.1 ] Domains: lan MTU: 0 ServerAddress: /192.168.0.1 TcpBufferSizes: 524288,1048576,3145728,524288,1048576,2097152 Routes: [ fe80::/64 -> :: eth0 mtu 0,192.168.0.0/24 -> 0.0.0.0 eth0 mtu 0,0.0.0.0/0 -> 192.168.0.1 eth0 mtu 0 ]}}
12-19 10:34:18.870 I/EthernetNetworkFactory(  619): networkForRequest, request: NetworkRequest [ REQUEST id=28, [ Capabilities: INTERNET&NOT_RESTRICTED&TRUSTED&NOT_VCN_MANAGED Uid: 10062 RequestorUid: 1000 RequestorPkg: android] ], network: NetworkInterfaceState{ refCount: 0, iface: eth0, up: true, hwAddress: 1e:6b:b7:4a:33:62, networkCapabilities: [ Transports: ETHERNET Capabilities: NOT_METERED&INTERNET&NOT_RESTRICTED&TRUSTED&NOT_VPN&NOT_ROAMING&NOT_CONGESTED&NOT_SUSPENDED&NOT_VCN_MANAGED LinkUpBandwidth>=100000Kbps LinkDnBandwidth>=100000Kbps], networkAgent: com.android.server.ethernet.EthernetNetworkFactory$NetworkInterfaceState$1@66bcba2, score: 70, ipClient: android.net.ip.IIpClient$Stub$Proxy@53d4033,linkProperties: {InterfaceName: eth0 LinkAddresses: [ fe80::1c30:95c2:ff6:a0e0/64,192.168.0.73/24 ] DnsAddresses: [ /192.168.0.1 ] Domains: lan MTU: 0 ServerAddress: /192.168.0.1 TcpBufferSizes: 524288,1048576,3145728,524288,1048576,2097152 Routes: [ fe80::/64 -> :: eth0 mtu 0,192.168.0.0/24 -> 0.0.0.0 eth0 mtu 0,0.0.0.0/0 -> 192.168.0.1 eth0 mtu 0 ]}}
12-19 10:34:18.870 W/EthernetNetworkFactory(  619): rockchip: needNetworkFor, network.refCount = 1
12-19 10:34:18.870 D/UntrustedWifiNetworkFactory(  619): got request NetworkRequest [ REQUEST id=28, [ Capabilities: INTERNET&NOT_RESTRICTED&TRUSTED&NOT_VCN_MANAGED Uid: 10062 RequestorUid: 1000 RequestorPkg: android] ]
12-19 10:34:18.870 D/OemPaidWifiNetworkFactory(  619): got request NetworkRequest [ REQUEST id=28, [ Capabilities: INTERNET&NOT_RESTRICTED&TRUSTED&NOT_VCN_MANAGED Uid: 10062 RequestorUid: 1000 RequestorPkg: android] ]
12-19 10:34:18.873 D/CompatibilityChangeReporter(  619): Compat change id reported: 168419799; UID 1000; state: DISABLED
12-19 10:34:18.874 I/RemoteProvisioningService( 1712): Starting provisioning job
12-19 10:34:18.875 I/RemoteProvisioningService( 1712): Connection is metered: false
12-19 10:34:18.876 I/RemoteProvisioningService( 1712): Pool status.
12-19 10:34:18.876 I/RemoteProvisioningService( 1712): Total: 6
12-19 10:34:18.876 I/RemoteProvisioningService( 1712): Attested: 0
12-19 10:34:18.876 I/RemoteProvisioningService( 1712): Unassigned: 0
12-19 10:34:18.876 I/RemoteProvisioningService( 1712): Expiring: 0
12-19 10:34:18.876 I/RemoteProvisioningService( 1712): Need to generate 0 keys.
12-19 10:34:18.876 I/RemoteProvisioningService( 1712): Generated 0 keys. 6 keys were also available for signing previous to generation.
12-19 10:34:18.877 D/CompatibilityChangeReporter(  912): Compat change id reported: 160794467; UID 1000; state: ENABLED
12-19 10:34:18.881 D/resolv  (  389): GetAddrInfoHandler::run: {100 100 100 983140 10062 0}
12-19 10:34:18.881 D/resolv  (  389): resolv_getaddrinfo: explore_fqdn(): ai_family=0 ai_socktype=1 ai_protocol=6
12-19 10:34:18.882 D/resolv  (  389): doQuery: (1, 1)
12-19 10:34:18.882 D/resolv  (  389): res_nmkquery: (QUERY, IN, A)
12-19 10:34:18.882 D/resolv  (  389): res_nsend
12-19 10:34:18.882 I/resolv  (  389): resolv_cache_lookup: lookup
12-19 10:34:18.882 I/resolv  (  389): resolv_cache_lookup: NOT IN CACHE
12-19 10:34:18.882 I/ActivityManager(  619): com.android.shell is exempt from freezer
12-19 10:34:18.882 I/resolv  (  389): resolv_populate_res_for_net: netid=100
12-19 10:34:18.882 I/resolv  (  389): res_stats_usable_server: NS stats: S 1 + E 0 + T 0 + I 0 = 1, rtt = 9, min_samples = 8
12-19 10:34:18.882 D/resolv  (  389): res_nsend: Querying server (# 1) address = 192.168.0.1:53
12-19 10:34:18.882 D/CompatibilityChangeReporter(  619): Compat change id reported: 135634846; UID 2000; state: DISABLED
12-19 10:34:18.882 D/CompatibilityChangeReporter(  619): Compat change id reported: 177438394; UID 2000; state: DISABLED
12-19 10:34:18.883 D/resolv  (  389): send_dg: new DG socket
12-19 10:34:18.883 D/CompatibilityChangeReporter(  619): Compat change id reported: 135772972; UID 2000; state: DISABLED
12-19 10:34:18.883 D/CompatibilityChangeReporter(  619): Compat change id reported: 135754954; UID 2000; state: ENABLED
12-19 10:34:18.883 I/resolv  (  389): get_timeout: using timeout of 5000 msec
12-19 10:34:18.883 I/resolv  (  389): retrying_poll: 55 retrying_poll
12-19 10:34:18.890 D/Zygote  (  390): Forked child process 1734
12-19 10:34:18.891 I/ActivityManager(  619): Start proc 1734:com.android.shell/2000 for broadcast {com.android.shell/com.android.shell.HeapDumpReceiver}
12-19 10:34:18.892 I/Zygote  ( 1734): seccomp disabled by setenforce 0
12-19 10:34:18.893 I/resolv  (  389): retrying_poll: 55 retrying_poll returning 1
12-19 10:34:18.893 I/resolv  (  389): res_nsend: used send_dg 179 terrno: 0
12-19 10:34:18.893 I/resolv  (  389): res_stats_set_sample: rcode = 0, sec = 10
12-19 10:34:18.893 I/resolv  (  389): res_cache_add_stats_sample_locked: adding sample to stats, next = 1, count = 1
12-19 10:34:18.893 D/resolv  (  389): res_nsend: got answer:
12-19 10:34:18.893 I/resolv  (  389): answer_getTTL: TTL = 125
12-19 10:34:18.893 I/resolv  (  389): _cache_add_p: entry 2 added (count=2)
12-19 10:34:18.893 I/resolv  (  389): cache_dump_mru_locked: MRU LIST ( 2):  2 1
12-19 10:34:18.893 D/resolv  (  389): doQuery: rcode=0, ancount=8
12-19 10:34:18.894 I/ResolverController(  389): No valid NAT64 prefix (100, <unspecified>/0)
12-19 10:34:18.898 I/adbd    (  474): jdwp connection from 1734
12-19 10:34:18.902 I/DropBoxManagerService(  619): add tag=system_app_strictmode isTagEnabled=true flags=0x2
12-19 10:34:18.903 D/CompatibilityChangeReporter(  619): Compat change id reported: 168419799; UID 2000; state: DISABLED
12-19 10:34:18.905 D/CompatibilityChangeReporter( 1734): Compat change id reported: 171979766; UID 2000; state: ENABLED
12-19 10:34:18.913 V/GraphicsEnvironment( 1734): ANGLE Developer option for 'com.android.shell' set to: 'default'
12-19 10:34:18.913 V/GraphicsEnvironment( 1734): ANGLE GameManagerService for com.android.shell: false
12-19 10:34:18.913 V/GraphicsEnvironment( 1734): Neither updatable production driver nor prerelease driver is supported.
12-19 10:34:18.913 D/NetworkSecurityConfig( 1734): No Network Security Config specified, using platform default
12-19 10:34:18.914 D/NetworkSecurityConfig( 1734): No Network Security Config specified, using platform default
12-19 10:34:18.916 D/HeapDumpReceiver( 1734): onReceive(): Intent { act=android.intent.action.BOOT_COMPLETED flg=0x89000030 cmp=com.android.shell/.HeapDumpReceiver (has extras) }
12-19 10:34:18.917 D/HeapDumpReceiver( 1734): Deleting from /data/user_de/0/com.android.shell/files/heapdumps
12-19 10:34:18.917 D/CompatibilityChangeReporter(  619): Compat change id reported: 135634846; UID 10029; state: DISABLED
12-19 10:34:18.917 D/CompatibilityChangeReporter(  619): Compat change id reported: 177438394; UID 10029; state: DISABLED
12-19 10:34:18.917 D/CompatibilityChangeReporter(  619): Compat change id reported: 135772972; UID 10029; state: DISABLED
12-19 10:34:18.917 D/CompatibilityChangeReporter(  619): Compat change id reported: 135754954; UID 10029; state: DISABLED
12-19 10:34:18.917 D/CompatibilityChangeReporter(  619): Compat change id reported: 143937733; UID 10029; state: DISABLED
12-19 10:34:18.923 D/Zygote  (  390): Forked child process 1753
12-19 10:34:18.923 I/ActivityManager(  619): Start proc 1753:com.android.statementservice/u0a29 for broadcast {com.android.statementservice/com.android.statementservice.domain.BootCompletedReceiver}
12-19 10:34:18.925 I/Zygote  ( 1753): seccomp disabled by setenforce 0
12-19 10:34:18.925 I/libc    ( 1753): SetHeapTaggingLevel: tag level set to 0
12-19 10:34:18.928 I/adbd    (  474): jdwp connection from 1753
12-19 10:34:18.931 D/CompatibilityChangeReporter(  619): Compat change id reported: 168419799; UID 10029; state: DISABLED
12-19 10:34:18.933 D/CompatibilityChangeReporter( 1753): Compat change id reported: 171979766; UID 10029; state: DISABLED
12-19 10:34:18.935 D/ApplicationLoaders( 1753): Returning zygote-cached class loader: /system/framework/android.test.base.jar
12-19 10:34:18.944 V/GraphicsEnvironment( 1753): ANGLE Developer option for 'com.android.statementservice' set to: 'default'
12-19 10:34:18.945 V/GraphicsEnvironment( 1753): ANGLE GameManagerService for com.android.statementservice: false
12-19 10:34:18.945 V/GraphicsEnvironment( 1753): Neither updatable production driver nor prerelease driver is supported.
12-19 10:34:18.945 D/NetworkSecurityConfig( 1753): No Network Security Config specified, using platform default
12-19 10:34:18.945 D/NetworkSecurityConfig( 1753): No Network Security Config specified, using platform default
12-19 10:34:18.964 D/CompatibilityChangeReporter( 1753): Compat change id reported: 160794467; UID 10029; state: DISABLED
12-19 10:34:18.965 D/CompatibilityChangeReporter(  619): Compat change id reported: 171306433; UID 10029; state: DISABLED
12-19 10:34:18.971 D/ConnectivityService(  619): requestNetwork for uid/pid:1000/619 asUid: 10029 activeRequest: null callbackRequest: 29 [NetworkRequest [ REQUEST id=30, [ Capabilities: INTERNET&NOT_RESTRICTED&TRUSTED&NOT_VCN_MANAGED Uid: 10029 RequestorUid: 1000 RequestorPkg: android] ]] callback flags: 0 priority: 2147483647
12-19 10:34:18.971 D/ConnectivityService(  619): NetReassign [30 : null → 100]
12-19 10:34:18.972 D/Ethernet(  619): got request NetworkRequest [ REQUEST id=30, [ Capabilities: INTERNET&NOT_RESTRICTED&TRUSTED&NOT_VCN_MANAGED Uid: 10029 RequestorUid: 1000 RequestorPkg: android] ]
12-19 10:34:18.973 D/EthernetNetworkFactory(  619): acceptRequest, request: NetworkRequest [ REQUEST id=30, [ Capabilities: INTERNET&NOT_RESTRICTED&TRUSTED&NOT_VCN_MANAGED Uid: 10029 RequestorUid: 1000 RequestorPkg: android] ]
12-19 10:34:18.973 D/UntrustedWifiNetworkFactory(  619): got request NetworkRequest [ REQUEST id=30, [ Capabilities: INTERNET&NOT_RESTRICTED&TRUSTED&NOT_VCN_MANAGED Uid: 10029 RequestorUid: 1000 RequestorPkg: android] ]
12-19 10:34:18.973 D/OemPaidWifiNetworkFactory(  619): got request NetworkRequest [ REQUEST id=30, [ Capabilities: INTERNET&NOT_RESTRICTED&TRUSTED&NOT_VCN_MANAGED Uid: 10029 RequestorUid: 1000 RequestorPkg: android] ]
12-19 10:34:18.973 I/EthernetNetworkFactory(  619): networkForRequest, request: NetworkRequest [ REQUEST id=30, [ Capabilities: INTERNET&NOT_RESTRICTED&TRUSTED&NOT_VCN_MANAGED Uid: 10029 RequestorUid: 1000 RequestorPkg: android] ], network: NetworkInterfaceState{ refCount: 1, iface: eth0, up: true, hwAddress: 1e:6b:b7:4a:33:62, networkCapabilities: [ Transports: ETHERNET Capabilities: NOT_METERED&INTERNET&NOT_RESTRICTED&TRUSTED&NOT_VPN&NOT_ROAMING&NOT_CONGESTED&NOT_SUSPENDED&NOT_VCN_MANAGED LinkUpBandwidth>=100000Kbps LinkDnBandwidth>=100000Kbps], networkAgent: com.android.server.ethernet.EthernetNetworkFactory$NetworkInterfaceState$1@66bcba2, score: 70, ipClient: android.net.ip.IIpClient$Stub$Proxy@53d4033,linkProperties: {InterfaceName: eth0 LinkAddresses: [ fe80::1c30:95c2:ff6:a0e0/64,192.168.0.73/24 ] DnsAddresses: [ /192.168.0.1 ] Domains: lan MTU: 0 ServerAddress: /192.168.0.1 TcpBufferSizes: 524288,1048576,3145728,524288,1048576,2097152 Routes: [ fe80::/64 -> :: eth0 mtu 0,192.168.0.0/24 -> 0.0.0.0 eth0 mtu 0,0.0.0.0/0 -> 192.168.0.1 eth0 mtu 0 ]}}
12-19 10:34:18.973 I/EthernetNetworkFactory(  619): networkForRequest, request: NetworkRequest [ REQUEST id=30, [ Capabilities: INTERNET&NOT_RESTRICTED&TRUSTED&NOT_VCN_MANAGED Uid: 10029 RequestorUid: 1000 RequestorPkg: android] ], network: NetworkInterfaceState{ refCount: 1, iface: eth0, up: true, hwAddress: 1e:6b:b7:4a:33:62, networkCapabilities: [ Transports: ETHERNET Capabilities: NOT_METERED&INTERNET&NOT_RESTRICTED&TRUSTED&NOT_VPN&NOT_ROAMING&NOT_CONGESTED&NOT_SUSPENDED&NOT_VCN_MANAGED LinkUpBandwidth>=100000Kbps LinkDnBandwidth>=100000Kbps], networkAgent: com.android.server.ethernet.EthernetNetworkFactory$NetworkInterfaceState$1@66bcba2, score: 70, ipClient: android.net.ip.IIpClient$Stub$Proxy@53d4033,linkProperties: {InterfaceName: eth0 LinkAddresses: [ fe80::1c30:95c2:ff6:a0e0/64,192.168.0.73/24 ] DnsAddresses: [ /192.168.0.1 ] Domains: lan MTU: 0 ServerAddress: /192.168.0.1 TcpBufferSizes: 524288,1048576,3145728,524288,1048576,2097152 Routes: [ fe80::/64 -> :: eth0 mtu 0,192.168.0.0/24 -> 0.0.0.0 eth0 mtu 0,0.0.0.0/0 -> 192.168.0.1 eth0 mtu 0 ]}}
12-19 10:34:18.973 W/EthernetNetworkFactory(  619): rockchip: needNetworkFor, network.refCount = 2
12-19 10:34:18.974 I/ActivityManager(  619): com.ztl.helper is exempt from freezer
12-19 10:34:18.974 D/CompatibilityChangeReporter(  619): Compat change id reported: 135634846; UID 1000; state: DISABLED
12-19 10:34:18.974 D/CompatibilityChangeReporter(  619): Compat change id reported: 177438394; UID 1000; state: DISABLED
12-19 10:34:18.974 D/CompatibilityChangeReporter(  619): Compat change id reported: 135772972; UID 1000; state: DISABLED
12-19 10:34:18.974 D/CompatibilityChangeReporter(  619): Compat change id reported: 135754954; UID 1000; state: DISABLED
12-19 10:34:18.981 D/Zygote  (  390): Forked child process 1774
12-19 10:34:18.982 I/ActivityManager(  619): Start proc 1774:com.ztl.helper:watch/1000 for broadcast {com.ztl.helper/com.xdandroid.hellodaemon.WakeUpReceiver$WakeUpAutoStartReceiver}
12-19 10:34:18.983 I/Zygote  ( 1774): seccomp disabled by setenforce 0
12-19 10:34:18.983 I/libc    ( 1774): SetHeapTaggingLevel: tag level set to 0
12-19 10:34:18.987 I/adbd    (  474): jdwp connection from 1774
12-19 10:34:18.991 D/CompatibilityChangeReporter( 1774): Compat change id reported: 171979766; UID 1000; state: DISABLED
12-19 10:34:18.993 D/ApplicationLoaders( 1774): Returning zygote-cached class loader: /system/framework/android.test.base.jar
12-19 10:34:18.999 V/GraphicsEnvironment( 1774): ANGLE Developer option for 'com.ztl.helper' set to: 'default'
12-19 10:34:18.999 V/GraphicsEnvironment( 1774): ANGLE GameManagerService for com.ztl.helper: false
12-19 10:34:18.999 V/GraphicsEnvironment( 1774): Neither updatable production driver nor prerelease driver is supported.
12-19 10:34:19.000 D/NetworkSecurityConfig( 1774): No Network Security Config specified, using platform default
12-19 10:34:19.000 D/NetworkSecurityConfig( 1774): No Network Security Config specified, using platform default
12-19 10:34:19.000 I/ActivityManager(  619): Finished processing BOOT_COMPLETED for u0
12-19 10:34:19.001 W/BroadcastQueue(  619): Target SDK mismatch: receiver ActivityInfo{2f28049 android.rockchip.update.service.RKUpdateReceiver} targets 27 but delivery restricted to [0, 23] broadcasting Intent { act=android.net.conn.CONNECTIVITY_CHANGE flg=0x4200010 (has extras) } from android (pid=619, uid=1000) to android.rockchip.update.service/.RKUpdateReceiver
12-19 10:34:19.001 W/BroadcastQueue(  619): Target SDK mismatch: receiver ActivityInfo{5cd0d4e com.xdandroid.hellodaemon.WakeUpReceiver$WakeUpAutoStartReceiver} targets 26 but delivery restricted to [0, 23] broadcasting Intent { act=android.net.conn.CONNECTIVITY_CHANGE flg=0x4200010 (has extras) } from android (pid=619, uid=1000) to com.ztl.helper/com.xdandroid.hellodaemon.WakeUpReceiver$WakeUpAutoStartReceiver
12-19 10:34:19.005 D/ConnectivityService(  619): requestNetwork for uid/pid:10029/1753 activeRequest: null callbackRequest: 31 [NetworkRequest [ REQUEST id=32, [ Capabilities: INTERNET&NOT_RESTRICTED&TRUSTED&NOT_VCN_MANAGED Uid: 10029 RequestorUid: 10029 RequestorPkg: com.android.statementservice] ]] callback flags: 0 priority: 2147483647
12-19 10:34:19.005 D/ConnectivityService(  619): NetReassign [32 : null → 100]
12-19 10:34:19.005 D/Ethernet(  619): got request NetworkRequest [ REQUEST id=32, [ Capabilities: INTERNET&NOT_RESTRICTED&TRUSTED&NOT_VCN_MANAGED Uid: 10029 RequestorUid: 10029 RequestorPkg: com.android.statementservice] ]
12-19 10:34:19.005 D/SntpClient(  619): round trip: 312ms, clock offset: 343672115ms
12-19 10:34:19.005 D/EthernetNetworkFactory(  619): acceptRequest, request: NetworkRequest [ REQUEST id=32, [ Capabilities: INTERNET&NOT_RESTRICTED&TRUSTED&NOT_VCN_MANAGED Uid: 10029 RequestorUid: 10029 RequestorPkg: com.android.statementservice] ]
12-19 10:34:19.006 I/EthernetNetworkFactory(  619): networkForRequest, request: NetworkRequest [ REQUEST id=32, [ Capabilities: INTERNET&NOT_RESTRICTED&TRUSTED&NOT_VCN_MANAGED Uid: 10029 RequestorUid: 10029 RequestorPkg: com.android.statementservice] ], network: NetworkInterfaceState{ refCount: 2, iface: eth0, up: true, hwAddress: 1e:6b:b7:4a:33:62, networkCapabilities: [ Transports: ETHERNET Capabilities: NOT_METERED&INTERNET&NOT_RESTRICTED&TRUSTED&NOT_VPN&NOT_ROAMING&NOT_CONGESTED&NOT_SUSPENDED&NOT_VCN_MANAGED LinkUpBandwidth>=100000Kbps LinkDnBandwidth>=100000Kbps], networkAgent: com.android.server.ethernet.EthernetNetworkFactory$NetworkInterfaceState$1@66bcba2, score: 70, ipClient: android.net.ip.IIpClient$Stub$Proxy@53d4033,linkProperties: {InterfaceName: eth0 LinkAddresses: [ fe80::1c30:95c2:ff6:a0e0/64,192.168.0.73/24 ] DnsAddresses: [ /192.168.0.1 ] Domains: lan MTU: 0 ServerAddress: /192.168.0.1 TcpBufferSizes: 524288,1048576,3145728,524288,1048576,2097152 Routes: [ fe80::/64 -> :: eth0 mtu 0,192.168.0.0/24 -> 0.0.0.0 eth0 mtu 0,0.0.0.0/0 -> 192.168.0.1 eth0 mtu 0 ]}}
12-19 10:34:19.006 D/UntrustedWifiNetworkFactory(  619): got request NetworkRequest [ REQUEST id=32, [ Capabilities: INTERNET&NOT_RESTRICTED&TRUSTED&NOT_VCN_MANAGED Uid: 10029 RequestorUid: 10029 RequestorPkg: com.android.statementservice] ]
12-19 10:34:19.006 D/OemPaidWifiNetworkFactory(  619): got request NetworkRequest [ REQUEST id=32, [ Capabilities: INTERNET&NOT_RESTRICTED&TRUSTED&NOT_VCN_MANAGED Uid: 10029 RequestorUid: 10029 RequestorPkg: com.android.statementservice] ]
12-19 10:34:19.006 I/EthernetNetworkFactory(  619): networkForRequest, request: NetworkRequest [ REQUEST id=32, [ Capabilities: INTERNET&NOT_RESTRICTED&TRUSTED&NOT_VCN_MANAGED Uid: 10029 RequestorUid: 10029 RequestorPkg: com.android.statementservice] ], network: NetworkInterfaceState{ refCount: 2, iface: eth0, up: true, hwAddress: 1e:6b:b7:4a:33:62, networkCapabilities: [ Transports: ETHERNET Capabilities: NOT_METERED&INTERNET&NOT_RESTRICTED&TRUSTED&NOT_VPN&NOT_ROAMING&NOT_CONGESTED&NOT_SUSPENDED&NOT_VCN_MANAGED LinkUpBandwidth>=100000Kbps LinkDnBandwidth>=100000Kbps], networkAgent: com.android.server.ethernet.EthernetNetworkFactory$NetworkInterfaceState$1@66bcba2, score: 70, ipClient: android.net.ip.IIpClient$Stub$Proxy@53d4033,linkProperties: {InterfaceName: eth0 LinkAddresses: [ fe80::1c30:95c2:ff6:a0e0/64,192.168.0.73/24 ] DnsAddresses: [ /192.168.0.1 ] Domains: lan MTU: 0 ServerAddress: /192.168.0.1 TcpBufferSizes: 524288,1048576,3145728,524288,1048576,2097152 Routes: [ fe80::/64 -> :: eth0 mtu 0,192.168.0.0/24 -> 0.0.0.0 eth0 mtu 0,0.0.0.0/0 -> 192.168.0.1 eth0 mtu 0 ]}}
12-19 10:34:19.006 W/EthernetNetworkFactory(  619): rockchip: needNetworkFor, network.refCount = 3
12-19 10:34:19.006 D/AlarmManagerService(  619): Setting time of day to sec=1766455331
12-23 10:02:11.122 E/LazyAlarmStore(  619): Removed TIME_TICK alarm
12-23 10:02:11.123 D/CompatibilityChangeReporter(  619): Compat change id reported: 171306433; UID 1000; state: ENABLED
12-23 10:02:11.124 D/DevicePolicyManager(  619): updateSystemUpdateFreezePeriodsRecord
12-23 10:02:11.124 I/JobScheduler(  619): RTC now valid; recalculating persisted job windows
12-23 10:02:11.124 W/SyncManager(  619): Clock is valid now.
12-23 10:02:11.124 D/ConditionProviders.SCP(  619): onReceive android.intent.action.TIME_SET
12-23 10:02:11.125 D/ConditionProviders.SCP(  619): evaluateSubscriptionLocked cal=ScheduleCalendar[mDays={1, 2, 3, 4, 5, 6, 7}, mSchedule=ScheduleInfo{days=[1, 2, 3, 4, 5, 6, 7], startHour=22, startMinute=0, endHour=7, endMinute=0, exitAtAlarm=true, nextAlarm=Thu Jan 01 08:00:00 GMT+08:00 1970 (0)}], now=Tue Dec 23 10:02:11 GMT+08:00 2025 (1766455331124), nextUserAlarmTime=Thu Jan 01 08:00:00 GMT+08:00 1970 (0)
12-23 10:02:11.125 D/ConditionProviders.SCP(  619): notifyCondition condition://android/schedule?days=1.2.3.4.5.6.7&start=22.0&end=7.0&exitAtAlarm=true STATE_FALSE reason=!meetsSchedule
01-01 20:00:13.563 W/ztl hym8563_rtc_alarm_irq_enable(  196): 163 , enabled 0  clean AF TF
01-01 20:00:13.564 W/        (  196): ztl hym8563_rtc_alarm_irq_enable end(197):ret 0
12-23 10:02:11.143 D/ConditionProviders.SCP(  619): Scheduling evaluate for Tue Dec 23 22:00:00 GMT+08:00 2025 (1766498400000), in +11h57m48s876ms, now=Tue Dec 23 10:02:11 GMT+08:00 2025 (1766455331124)
12-23 10:02:11.148 D/CompatibilityChangeReporter(  619): Compat change id reported: 168419799; UID 1000; state: DISABLED
12-23 10:02:11.149 D/CompatibilityChangeReporter(  619): Compat change id reported: 143231523; UID 1000; state: DISABLED
12-23 10:02:11.149 D/NetworkSecurityConfig(  619): No Network Security Config specified, using platform default
12-23 10:02:11.149 W/nsconfig(  619): system: New config does not match the previously set config.
12-23 10:02:11.162 I/UsageStatsService(  619): User[0] Time changed in by 343672 seconds
12-23 10:02:11.162 I/UsageStatsService(  619): User[0] Flushing usage stats to disk
12-23 10:02:11.171 I/WM-WorkerWrapper( 1753): Worker result SUCCESS for Work [ id=f502d5ac-dd84-4ff0-89c2-02a2c16ac3ce, tags={ com.android.statementservice.domain.worker.RetryRequestWorker } ]
12-23 10:02:11.174 I/EthernetNetworkFactory(  619): networkForRequest, request: NetworkRequest [ REQUEST id=32, [ Capabilities: INTERNET&NOT_RESTRICTED&TRUSTED&NOT_VCN_MANAGED Uid: 10029 RequestorUid: 10029 RequestorPkg: com.android.statementservice] ], network: NetworkInterfaceState{ refCount: 3, iface: eth0, up: true, hwAddress: 1e:6b:b7:4a:33:62, networkCapabilities: [ Transports: ETHERNET Capabilities: NOT_METERED&INTERNET&NOT_RESTRICTED&TRUSTED&NOT_VPN&NOT_ROAMING&NOT_CONGESTED&NOT_SUSPENDED&NOT_VCN_MANAGED LinkUpBandwidth>=100000Kbps LinkDnBandwidth>=100000Kbps], networkAgent: com.android.server.ethernet.EthernetNetworkFactory$NetworkInterfaceState$1@66bcba2, score: 70, ipClient: android.net.ip.IIpClient$Stub$Proxy@53d4033,linkProperties: {InterfaceName: eth0 LinkAddresses: [ fe80::1c30:95c2:ff6:a0e0/64,192.168.0.73/24 ] DnsAddresses: [ /192.168.0.1 ] Domains: lan MTU: 0 ServerAddress: /192.168.0.1 TcpBufferSizes: 524288,1048576,3145728,524288,1048576,2097152 Routes: [ fe80::/64 -> :: eth0 mtu 0,192.168.0.0/24 -> 0.0.0.0 eth0 mtu 0,0.0.0.0/0 -> 192.168.0.1 eth0 mtu 0 ]}}
12-23 10:02:11.174 W/EthernetNetworkFactory(  619): rockchip: releaseNetworkFor, network.refCount = 2
12-23 10:02:11.210 I/UsageStatsDatabase(  619): Time changed by +3d23h27m52s114ms. files deleted: 0 files moved: 4
12-23 10:02:11.218 I/UsageStatsService(  619): User[0] Rollover scheduled @ 2025-12-24 10:02:10(1766541730130)
12-23 10:02:11.334 I/vold    (  307): Bind mounting //data/media/0/Android/data on /mnt/user/0/emulated/0/Android/data
12-23 10:02:11.334 I/vold    (  307): Bind mounted //data/media/0/Android/data on /mnt/user/0/emulated/0/Android/data
12-23 10:02:11.334 I/vold    (  307): Bind mounting //data/media/0/Android/obb on /mnt/user/0/emulated/0/Android/obb
12-23 10:02:11.335 I/vold    (  307): Bind mounted //data/media/0/Android/obb on /mnt/user/0/emulated/0/Android/obb
12-23 10:02:11.335 I/vold    (  307): Configuring read_ahead of /mnt/user/0/emulated fuse filesystem to 256kb
12-23 10:02:11.335 I/vold    (  307): Writing 256 to /sys/class/bdi/0:67/read_ahead_kb
12-23 10:02:11.335 I/vold    (  307): Configuring max_ratio of /mnt/user/0/emulated fuse filesystem to 40
12-23 10:02:11.335 I/vold    (  307): Writing 40 to /sys/class/bdi/0:67/max_ratio
12-23 10:02:11.336 I/StorageManagerService(  619): Mounted volume VolumeInfo{emulated;0}:
12-23 10:02:11.336 I/StorageManagerService(  619):     type=EMULATED diskId=null partGuid= mountFlags=PRIMARY|VISIBLE 
12-23 10:02:11.336 I/StorageManagerService(  619):     mountUserId=0 state=MOUNTED 
12-23 10:02:11.336 I/StorageManagerService(  619):     fsType=null fsUuid=null fsLabel=null 
12-23 10:02:11.336 I/StorageManagerService(  619):     path=/storage/emulated internalPath=/data/media 
12-23 10:02:11.336 I/StorageSessionController(  619): Notifying volume state changed for session with id: emulated;0
12-23 10:02:11.338 V/MediaStore( 1330): Examining volume emulated;0 with name external_primary and state mounted
12-23 10:02:11.340 I/StorageSessionController(  619): Notifying volume state changed for session with id: emulated;0
12-23 10:02:11.340 I/ExternalStorageServiceImpl( 1330): Ignoring volume state for vol:external_primary. State: checking
12-23 10:02:11.341 V/MediaStore( 1330): Examining volume emulated;0 with name external_primary and state mounted
12-23 10:02:11.342 I/StorageSessionController(  619): Notifying volume state changed for session with id: emulated;0
12-23 10:02:11.343 V/MediaStore( 1330): Examining volume emulated;0 with name external_primary and state mounted
12-23 10:02:11.346 V/MediaStore( 1330): Examining volume emulated;0 with name external_primary and state mounted
12-23 10:02:11.347 I/MediaProvider( 1330): Begin Intent { act=com.android.providers.media.action.SCAN_VOLUME (has extras) }
12-23 10:02:11.348 D/StorageManagerService(  619): Volume emulated;0 broadcasting mounted to UserHandle{0}
12-23 10:02:11.348 D/CompatibilityChangeReporter(  619): Compat change id reported: 135634846; UID 10026; state: DISABLED
12-23 10:02:11.348 D/CompatibilityChangeReporter(  619): Compat change id reported: 177438394; UID 10026; state: DISABLED
12-23 10:02:11.348 D/CompatibilityChangeReporter(  619): Compat change id reported: 135772972; UID 10026; state: DISABLED
12-23 10:02:11.348 D/CompatibilityChangeReporter(  619): Compat change id reported: 135754954; UID 10026; state: ENABLED
12-23 10:02:11.348 D/installd(  486): Found quota mount /dev/block/by-name/userdata at /data
12-23 10:02:11.348 D/CompatibilityChangeReporter(  619): Compat change id reported: 143937733; UID 10026; state: ENABLED
12-23 10:02:11.348 D/installd(  486): Found quota mount /dev/block/by-name/userdata at /data/user/0
12-23 10:02:11.348 D/installd(  486): Found quota mount /dev/block/by-name/userdata at /mnt/pass_through/0/emulated
12-23 10:02:11.348 D/installd(  486): Found quota mount /dev/block/by-name/userdata at /mnt/user/0/emulated/0/Android/data
12-23 10:02:11.348 D/installd(  486): Found quota mount /dev/block/by-name/userdata at /storage/emulated/0/Android/data
12-23 10:02:11.348 D/installd(  486): Found quota mount /dev/block/by-name/userdata at /mnt/androidwritable/0/emulated/0/Android/data
12-23 10:02:11.348 D/installd(  486): Found quota mount /dev/block/by-name/userdata at /mnt/installer/0/emulated/0/Android/data
12-23 10:02:11.348 D/installd(  486): Found quota mount /dev/block/by-name/userdata at /mnt/user/0/emulated/0/Android/obb
12-23 10:02:11.348 D/installd(  486): Found quota mount /dev/block/by-name/userdata at /storage/emulated/0/Android/obb
12-23 10:02:11.348 D/installd(  486): Found quota mount /dev/block/by-name/userdata at /mnt/androidwritable/0/emulated/0/Android/obb
12-23 10:02:11.348 D/installd(  486): Found quota mount /dev/block/by-name/userdata at /mnt/installer/0/emulated/0/Android/obb
12-23 10:02:11.349 D/installd(  486): Found storage mount /dev/block/by-name/userdata at /mnt/pass_through/0/emulated
12-23 10:02:11.351 D/StorageManagerService(  619): Volume emulated;0 broadcasting mounted to UserHandle{0}
12-23 10:02:11.353 V/MediaStore( 1330): Examining volume emulated;0 with name external_primary and state mounted
12-23 10:02:11.354 V/MediaStore( 1330): Examining volume emulated;0 with name external_primary and state mounted
12-23 10:02:11.355 V/MediaProvider( 1330): onConfigure() for internal.db
12-23 10:02:11.355 D/Zygote  (  390): Forked child process 1801
12-23 10:02:11.356 I/ActivityManager(  619): Start proc 1801:com.android.externalstorage/u0a26 for broadcast {com.android.externalstorage/com.android.externalstorage.MountReceiver}
12-23 10:02:11.357 V/MediaProvider( 1330): onOpen() for internal.db
12-23 10:02:11.357 V/MediaProvider( 1330): onOpen() finished for internal.db
12-23 10:02:11.358 I/Zygote  ( 1801): seccomp disabled by setenforce 0
12-23 10:02:11.360 W/ModernMediaScanner( 1330): Failed to visit /system/media: java.nio.file.NoSuchFileException: /system/media
12-23 10:02:11.362 D/CompatibilityChangeReporter(  619): Compat change id reported: 149924527; UID 10071; state: ENABLED
12-23 10:02:11.362 D/CompatibilityChangeReporter(  619): Compat change id reported: 132649864; UID 10071; state: DISABLED
12-23 10:02:11.362 D/CompatibilityChangeReporter(  619): Compat change id reported: 182734110; UID 10071; state: ENABLED
12-23 10:02:11.362 I/adbd    (  474): jdwp connection from 1801
12-23 10:02:11.366 D/CompatibilityChangeReporter(  619): Compat change id reported: 168419799; UID 10026; state: DISABLED
12-23 10:02:11.366 I/MediaProvider( 1330): Scanned internal due to REASON_MOUNTED, found 0 items in 8ms, 0 inserts 0 updates 0 deletes
12-23 10:02:11.368 W/ModernMediaScanner( 1330): Failed to visit /oem/media: java.nio.file.NoSuchFileException: /oem/media
12-23 10:02:11.368 D/CompatibilityChangeReporter( 1801): Compat change id reported: 171979766; UID 10026; state: ENABLED
12-23 10:02:11.368 I/MediaProvider( 1330): Scanned internal due to REASON_MOUNTED, found 0 items in 1ms, 0 inserts 0 updates 0 deletes
12-23 10:02:11.375 V/GraphicsEnvironment( 1801): ANGLE Developer option for 'com.android.externalstorage' set to: 'default'
12-23 10:02:11.376 V/GraphicsEnvironment( 1801): ANGLE GameManagerService for com.android.externalstorage: false
12-23 10:02:11.376 V/GraphicsEnvironment( 1801): Neither updatable production driver nor prerelease driver is supported.
12-23 10:02:11.376 D/NetworkSecurityConfig( 1801): No Network Security Config specified, using platform default
12-23 10:02:11.376 D/NetworkSecurityConfig( 1801): No Network Security Config specified, using platform default
12-23 10:02:11.379 D/ExternalStorage( 1801): After updating volumes, found 1 active roots
12-23 10:02:11.380 D/ExternalStorage( 1801): After updating volumes, found 1 active roots
12-23 10:02:11.381 D/zts     ( 1308): zts steve lwl22 test android.intent.action.MEDIA_MOUNTED
12-23 10:02:11.381 D/CompatibilityChangeReporter(  619): Compat change id reported: 135634846; UID 10045; state: DISABLED
12-23 10:02:11.381 D/CompatibilityChangeReporter(  619): Compat change id reported: 177438394; UID 10045; state: DISABLED
12-23 10:02:11.381 D/CompatibilityChangeReporter(  619): Compat change id reported: 135772972; UID 10045; state: DISABLED
12-23 10:02:11.381 D/CompatibilityChangeReporter(  619): Compat change id reported: 135754954; UID 10045; state: ENABLED
12-23 10:02:11.382 D/CompatibilityChangeReporter(  619): Compat change id reported: 143937733; UID 10045; state: ENABLED
12-23 10:02:11.387 D/Zygote  (  390): Forked child process 1817
12-23 10:02:11.387 I/ActivityManager(  619): Start proc 1817:com.ztl.openUnityApp/u0a45 for broadcast {com.ztl.openUnityApp/com.ztl.openUnityApp.SDCARDBroadcast}
12-23 10:02:11.388 I/Zygote  ( 1817): seccomp disabled by setenforce 0
12-23 10:02:11.391 I/adbd    (  474): jdwp connection from 1817
12-23 10:02:11.394 D/CompatibilityChangeReporter(  619): Compat change id reported: 168419799; UID 10045; state: DISABLED
12-23 10:02:11.395 D/CompatibilityChangeReporter( 1817): Compat change id reported: 171979766; UID 10045; state: DISABLED
12-23 10:02:11.415 V/GraphicsEnvironment( 1817): ANGLE Developer option for 'com.ztl.openUnityApp' set to: 'default'
12-23 10:02:11.416 V/GraphicsEnvironment( 1817): ANGLE GameManagerService for com.ztl.openUnityApp: false
12-23 10:02:11.416 V/GraphicsEnvironment( 1817): Neither updatable production driver nor prerelease driver is supported.
12-23 10:02:11.416 D/NetworkSecurityConfig( 1817): No Network Security Config specified, using platform default
12-23 10:02:11.416 D/NetworkSecurityConfig( 1817): No Network Security Config specified, using platform default
12-23 10:02:11.419 I/ztlhelper( 1511): *****BootBroadcastReceiver******android.intent.action.MEDIA_MOUNTED
12-23 10:02:11.419 I/ztlhelper33333( 1511): *****BootBroadcastReceiver******android.intent.action.MEDIA_MOUNTED
12-23 10:02:11.419 I/ztlhelper2222222( 1511): *****BootBroadcastReceiver******android.intent.action.MEDIA_MOUNTED
12-23 10:02:11.420 D/BootBroadcastReceiver( 1511): android.intent.action.MEDIA_MOUNTED U盘. android.intent.action.MEDIA_MOUNTED
12-23 10:02:11.420 W/ContextImpl( 1511): Calling a method in the system process without a qualified user: android.app.ContextImpl.startService:1825 android.content.ContextWrapper.startService:776 android.content.ContextWrapper.startService:776 com.ztl.helper.BootBroadcastReceiver$a.run:316 java.lang.Thread.run:920 
12-23 10:02:11.420 D/RKUpdateReceiver( 1535): action = android.intent.action.MEDIA_MOUNTED
12-23 10:02:11.420 W/ContextImpl( 1535): Calling a method in the system process without a qualified user: android.app.ContextImpl.startService:1825 android.content.ContextWrapper.startService:776 android.content.ContextWrapper.startService:776 android.rockchip.update.service.RKUpdateReceiver.onReceive:75 android.app.ActivityThread.handleReceiver:4375 
12-23 10:02:11.421 D/RKUpdateReceiver( 1535): media is mounted to '/storage/emulated/0'. To check local update.
12-23 10:02:11.421 D/RKUpdateService( 1535): onStartCommand.......
12-23 10:02:11.421 D/RKUpdateService( 1535): command = 1 delaytime = 5000
12-23 10:02:11.423 I/ZTLHelperService( 1511): onCreate() is called:rk3588_s-userdebug 12 SQ3A.220705.003.A1 eng.lwl.20251219.103329-nf658bf75 release-keys
12-23 10:02:11.423 I/ZTLHelperService( 1511): onCreate() is called:20251015
12-23 10:02:11.424 I/ZTLHelperService( 1511): onCreate() is called MY_BUILD_TIME:1760515174072
12-23 10:02:11.428 D/ExternalStorage( 1801): After updating volumes, found 1 active roots
12-23 10:02:11.429 D/zts     ( 1308): zts steve lwl22 test android.intent.action.MEDIA_MOUNTED
12-23 10:02:11.427 I/com.ztl.helper( 1511): type=1400 audit(0.0:187): avc: denied { map } for path="/ztloem/app/ztl_layout.apk" dev="mmcblk1p15" ino=32 scontext=u:r:system_app:s0 tcontext=u:object_r:unlabeled:s0 tclass=file permissive=1
12-23 10:02:11.484 I/System.out( 1511): 27----------------------------->>>>>>>>>>>>>>>>>>>>>>>>>>>11
12-23 10:02:11.485 I/System.out( 1511): com.android.traceur----系统跟踪
12-23 10:02:11.489 I/System.out( 1511): android----Android 系统
12-23 10:02:11.490 I/System.out( 1511): com.yian.yiansettings----测试仪警告
12-23 10:02:11.491 I/System.out( 1511): com.ztl.appservice----AppService
12-23 10:02:11.492 I/System.out( 1511): com.ztl.helper----其他设置
12-23 10:02:11.493 I/System.out( 1511): android.rockchip.update.service----系统升级
12-23 10:02:11.493 I/System.out( 1511): com.android.camera2----相机
12-23 10:02:11.494 I/System.out( 1511): com.android.dynsystem----Dynamic System Updates
12-23 10:02:11.495 I/System.out( 1511): com.android.inputmethod.latin----Android 键盘 (AOSP)
12-23 10:02:11.496 I/System.out( 1511): com.android.managedprovisioning----工作设置
12-23 10:02:11.496 I/System.out( 1511): com.android.mtp----MTP 主机
12-23 10:02:11.497 I/System.out( 1511): com.android.onetimeinitializer----One Time Init
12-23 10:02:11.497 I/System.out( 1511): com.android.packageinstaller----软件包安装程序
12-23 10:02:11.499 I/System.out( 1511): com.android.permissioncontroller----权限控制器
12-23 10:02:11.499 I/System.out( 1511): com.android.permissioncontroller----权限控制器
12-23 10:02:11.499 I/System.out( 1511): com.android.permissioncontroller----权限控制器
12-23 10:02:11.499 I/System.out( 1511): com.android.providers.calendar----日历存储
12-23 10:02:11.500 I/System.out( 1511): com.android.providers.downloads----内容下载管理器
12-23 10:02:11.500 I/System.out( 1511): com.android.providers.media.module----媒体存储设备
