12-19 10:34:17.290 V/C2Store (  503): in ~ComponentModule
12-19 10:34:17.290 V/C2Store (  503): unloading dll
12-19 10:34:17.290 V/C2Store (  503): in init
12-19 10:34:17.290 V/C2Store (  503): loading dll
12-19 10:34:17.290 D/NavigationModeController(  807): getCurrentUserContext: contextUser=0 currentUser=0
12-19 10:34:17.291 D/NavigationModeController(  807): getCurrentInteractionMode: mode=0 contextUser=0
12-19 10:34:17.296 I/WebViewZygoteInit( 1109): Beginning application preload for com.android.webview
12-19 10:34:17.293 I/webview_zygote( 1109): type=1400 audit(0.0:121): avc: denied { search } for name="/" dev="mmcblk1p15" ino=2 scontext=u:r:webview_zygote:s0 tcontext=u:object_r:unlabeled:s0 tclass=dir permissive=1
12-19 10:34:17.298 D/nativeloader( 1109): classloader namespace configured for unbundled product apk. library_path=/product/app/webview/lib/arm:/product/app/webview/webview.apk!/lib/armeabi-v7a:/ztloem/lib/:/system/lib/:/product/lib:/system/product/lib
12-19 10:34:17.293 I/webview_zygote( 1109): type=1400 audit(0.0:122): avc: denied { getattr } for path="/ztloem/lib" dev="mmcblk1p15" ino=2053 scontext=u:r:webview_zygote:s0 tcontext=u:object_r:unlabeled:s0 tclass=dir permissive=1
12-19 10:34:17.301 D/StatusBar(  807): Received new disable state. Old: enaihbcrso.qingr | New: enaihbcrso.qingr
12-19 10:34:17.303 D/BluetoothManagerService(  619): BluetoothServiceConnection: com.android.bluetooth.btservice.AdapterService
12-19 10:34:17.303 D/BluetoothManagerService(  619): MESSAGE_BLUETOOTH_SERVICE_CONNECTED: 1
12-19 10:34:17.303 D/BluetoothManagerService(  619): MESSAGE_GET_NAME_AND_ADDRESS
12-19 10:34:17.303 I/ConnectivityModuleConnector(  619): Networking module service connected
12-19 10:34:17.303 I/ConnectivityModuleConnector(  619): Networking module service connected
12-19 10:34:17.303 I/NetworkStackClient(  619): Network stack service connected
12-19 10:34:17.305 I/ConnectivityModuleConnector(  619): Networking module service connected
12-19 10:34:17.305 I/ConnectivityModuleConnector(  619): Networking module service connected
12-19 10:34:17.306 D/WiredAccessoryManager(  619): hdmi_0 plug
12-19 10:34:17.306 D/BluetoothManagerService(  619): unbindAndFinish(): android.bluetooth.IBluetooth$Stub$Proxy@59e0bd4 mBinding = false mUnbinding = false
12-19 10:34:17.306 D/RkAudioSettingManager(  619): load XML file(/data/system/rt_audio_config.xml)
12-19 10:34:17.307 D/BluetoothAdapterService(  790): onUnbind() - calling cleanup
12-19 10:34:17.307 D/BluetoothAdapterService(  790): cleanup()
12-19 10:34:17.308 W/BluetoothSdpJni(  790): Cleaning up Bluetooth SDP Interface...
12-19 10:34:17.308 W/BluetoothSdpJni(  790): Cleaning up Bluetooth SDP object
12-19 10:34:17.308 D/BluetoothKeystoreService(  790): cleanup
12-19 10:34:17.308 D/BluetoothKeystoreService(  790): setBluetoothKeystoreService(): set to: null
12-19 10:34:17.308 D/BluetoothAdapterService(  790): cleanup() - Cleaning up adapter native
12-19 10:34:17.308 I/bt_stack_manager(  790): system/bt/btif/src/stack_manager.cc:404 event_clean_up_stack: event_clean_up_stack is cleaning up the stack
12-19 10:34:17.308 I/bt_btif_core(  790): system/bt/btif/src/btif_core.cc:326 btif_cleanup_bluetooth: btif_cleanup_bluetooth entered
12-19 10:34:17.308 I/bt_btif_queue(  790): system/bt/btif/src/btif_profile_queue.cc:216 btif_queue_release: btif_queue_release
12-19 10:34:17.308 I/droid.bluetoot(  790): [1219/103417.308905:INFO:message_loop_thread.cc(245)] Run: message loop finished for thread bt_jni_thread
12-19 10:34:17.309 V/C2Store (  503): in ~ComponentModule
12-19 10:34:17.309 V/C2Store (  503): unloading dll
12-19 10:34:17.309 V/C2Store (  503): in init
12-19 10:34:17.309 V/C2Store (  503): loading dll
12-19 10:34:17.309 I/bt_btif_core(  790): system/bt/btif/src/btif_core.cc:334 btif_cleanup_bluetooth: btif_cleanup_bluetooth finished
12-19 10:34:17.309 I/bt_core_module(  790): system/bt/btcore/src/module.cc:122 module_clean_up: module_clean_up Cleaning up module "stack_config_module"
12-19 10:34:17.309 I/bt_core_module(  790): system/bt/btcore/src/module.cc:127 module_clean_up: module_clean_up Cleanup of module "stack_config_module" completed
12-19 10:34:17.309 D/RKAudioSetting(  619): device = 1
12-19 10:34:17.309 I/bt_core_module(  790): system/bt/btcore/src/module.cc:122 module_clean_up: module_clean_up Cleaning up module "interop_module"
12-19 10:34:17.309 I/bt_core_module(  790): system/bt/btcore/src/module.cc:127 module_clean_up: module_clean_up Cleanup of module "interop_module" completed
12-19 10:34:17.309 D/RkAudioXmlParser(  619): checkFormatSupport: query device = 1 not equal the setting device = 0
12-19 10:34:17.309 E/RkAudioSettingManager(  619): getFormat: name = AC4 not support
12-19 10:34:17.309 D/RkAudioXmlParser(  619): checkFormatSupport: query device = 1 not equal the setting device = 0
12-19 10:34:17.309 E/RkAudioSettingManager(  619): getFormat: name = EAC3-JOC not support
12-19 10:34:17.309 I/bt_core_module(  790): system/bt/btcore/src/module.cc:122 module_clean_up: module_clean_up Cleaning up module "btif_config_module"
12-19 10:34:17.309 D/RkAudioXmlParser(  619): checkFormatSupport: query device = 1 not equal the setting device = 0
12-19 10:34:17.309 D/RkAudioXmlParser(  619): checkFormatSupport: query device = 1 not equal the setting device = 0
12-19 10:34:17.309 D/RkAudioXmlParser(  619): checkFormatSupport: query device = 1 not equal the setting device = 0
12-19 10:34:17.309 E/RkAudioSettingManager(  619): getFormat: name = unknown not support
12-19 10:34:17.309 D/RKAudioSetting(  619): max channels = 2
12-19 10:34:17.309 D/RKAudioSetting(  619): broadcast ACTION_HDMI_AUDIO_PLUG
12-19 10:34:17.309 W/ContextImpl(  619): Calling a method in the system process without a qualified user: android.app.ContextImpl.sendStickyBroadcast:1529 com.android.server.audio.RkAudioSetting.broadcastSupportFormats:194 com.android.server.audio.RkAudioSetting.updataFormatForEdid:109 com.android.server.audio.AudioService.updataFormatForEdid:6356 com.android.server.audio.AudioService.setWiredDeviceConnectionState:6345 
12-19 10:34:17.310 I/AS.AudioDeviceInventory(  619): not sending NOISY: state=1
12-19 10:34:17.310 D/modules.primary.audio_hal(  399): adev_set_parameters: kvpairs = connect=1024
12-19 10:34:17.310 D/modules.primary.audio_hal(  399): adev_set_parameters:bt_wb_speech_enabled = 0, sco reroute=0
12-19 10:34:17.310 D/modules.hdmi.audio_hal(  399): adev_set_parameters: kvpairs = connect=1024
12-19 10:34:17.310 D/modules.hdmi.audio_hal(  399): adev_set_parameters:bt_wb_speech_enabled = 0, sco reroute=0
12-19 10:34:17.311 D/modules.hdmi_1.audio_hal(  399): adev_set_parameters: kvpairs = connect=1024
12-19 10:34:17.311 D/modules.hdmi_1.audio_hal(  399): adev_set_parameters:bt_wb_speech_enabled = 0, sco reroute=0
12-19 10:34:17.311 D/modules.spdif.audio_hal(  399): adev_set_parameters: kvpairs = connect=1024
12-19 10:34:17.311 D/modules.spdif.audio_hal(  399): adev_set_parameters:bt_wb_speech_enabled = 0, sco reroute=0
12-19 10:34:17.311 D/modules.spdif_1.audio_hal(  399): adev_set_parameters: kvpairs = connect=1024
12-19 10:34:17.311 D/modules.spdif_1.audio_hal(  399): adev_set_parameters:bt_wb_speech_enabled = 0, sco reroute=0
12-19 10:34:17.311 W/DeviceHAL(  399): Error from HAL Device in function get_audio_port: Invalid argument
12-19 10:34:17.311 I/AudioFlinger(  428): openOutput() this 0xb4000075afb536b0, module 18 Device type:0x400,@:, SamplingRate 48000, Format 0x000001, Channels 0x3, flags 0
12-19 10:34:17.311 D/modules.hdmi.audio_hal(  399): audio hal adev_open_output_stream devices = 0x400, flags = 0, samplerate = 48000,format = 0x1
12-19 10:34:17.311 D/modules.hdmi.audio_hal(  399): get_hdmi_support_channels_masks: HDMI Support 2 channels pcm
12-19 10:34:17.311 D/modules.hdmi.audio_hal(  399): out->config.rate = 48000, out->config.channels = 2 out->config.format = 0
12-19 10:34:17.312 D/StatusBar(  807): mUserSetupObserver - DeviceProvisionedListener called for current user
12-19 10:34:17.312 D/StatusBar(  807): updateQsExpansionEnabled - QS Expand enabled: true
12-19 10:34:17.312 I/AudioFlinger(  428): HAL output buffer size 480 frames, normal sink buffer size 960 frames
12-19 10:34:17.312 D/OpenGLRenderer(  807): profile bars disabled
12-19 10:34:17.312 D/OpenGLRenderer(  807): ambientRatio = 1.50
12-19 10:34:17.312 D/AudioFlinger(  428): Failed to add event callback
12-19 10:34:17.312 I/AudioFlinger(  428): AudioFlinger's thread 0xb400007740412a60 tid=1144 ready to run
12-19 10:34:17.313 D/AudioFlinger(  428): ro.audio.silent is ignored since no output device is set
12-19 10:34:17.313 D/modules.hdmi.audio_hal(  399): do_out_standby,out = 0xebc435b0,device = 0x400, standby = 1
12-19 10:34:17.313 V/C2Store (  503): in ~ComponentModule
12-19 10:34:17.313 V/C2Store (  503): unloading dll
12-19 10:34:17.313 V/C2Store (  503): in init
12-19 10:34:17.313 V/C2Store (  503): loading dll
12-19 10:34:17.313 D/AudioFlinger(  428): ro.audio.silent is ignored since no output device is set
12-19 10:34:17.315 I/AudioFlinger(  428): HAL output buffer size 480 frames, normal sink buffer size 480 frames
12-19 10:34:17.315 D/AF::TrackHandle(  428): OpPlayAudio: not muting track:55 usage:0 for service UID 1041
12-19 10:34:17.316 D/AF::TrackHandle(  428): OpPlayAudio: not muting track:56 usage:0 for service UID 1041
12-19 10:34:17.316 D/AudioFlinger(  428): Failed to add event callback
12-19 10:34:17.316 I/AudioFlinger(  428): AudioFlinger's thread 0xb40000773d012a00 tid=1146 ready to run
12-19 10:34:17.316 D/AudioFlinger(  428): ro.audio.silent is ignored since no output device is set
12-19 10:34:17.316 D/AudioFlinger(  428): ro.audio.silent is ignored since no output device is set
12-19 10:34:17.317 V/C2Store (  503): in ~ComponentModule
12-19 10:34:17.317 V/C2Store (  503): unloading dll
12-19 10:34:17.317 V/C2Store (  503): in init
12-19 10:34:17.317 V/C2Store (  503): loading dll
12-19 10:34:17.317 V/GraphicsEnvironment( 1121): ANGLE Developer option for 'com.android.permissioncontroller' set to: 'default'
12-19 10:34:17.318 V/GraphicsEnvironment( 1121): ANGLE GameManagerService for com.android.permissioncontroller: false
12-19 10:34:17.318 V/GraphicsEnvironment( 1121): Neither updatable production driver nor prerelease driver is supported.
12-19 10:34:17.318 I/AudioFlinger(  428): openOutput() this 0xb4000075afb536b0, module 18 Device type:0x400,@:, SamplingRate 32000, Format 0xd000000, Channels 0x3, flags 0x1
12-19 10:34:17.318 D/modules.hdmi.audio_hal(  399): audio hal adev_open_output_stream devices = 0x400, flags = 1025, samplerate = 32000,format = 0xd000000
12-19 10:34:17.318 D/modules.hdmi.audio_hal(  399): get_hdmi_support_channels_masks: HDMI Support 2 channels pcm
12-19 10:34:17.318 D/modules.hdmi.audio_hal(  399): adev_open_output_stream:out = 0xebc433a0 HDMI Bitstream
12-19 10:34:17.318 D/modules.hdmi.audio_hal(  399): out->config.rate = 32000, out->config.channels = 2 out->config.format = 18
12-19 10:34:17.318 D/NetworkSecurityConfig( 1121): No Network Security Config specified, using platform default
12-19 10:34:17.318 D/NetworkSecurityConfig( 1121): No Network Security Config specified, using platform default
12-19 10:34:17.319 I/AudioFlinger(  428): HAL output buffer size 320 frames, normal sink buffer size 320 frames
12-19 10:34:17.319 D/AudioFlinger(  428): Failed to add event callback
12-19 10:34:17.319 I/AudioFlinger(  428): AudioFlinger's thread 0xb40000765fb5c840 tid=1147 ready to run
12-19 10:34:17.320 D/AudioFlinger(  428): ro.audio.silent is ignored since no output device is set
12-19 10:34:17.320 W/StreamHAL(  399): Error from HAL stream in function get_presentation_position: Operation not permitted
12-19 10:34:17.320 D/modules.hdmi.audio_hal(  399): do_out_standby,out = 0xebc433a0,device = 0x400, standby = 1
12-19 10:34:17.320 D/AudioFlinger(  428): ro.audio.silent is ignored since no output device is set
12-19 10:34:17.321 D/modules.primary.audio_hal(  399): adev_get_parameters: keys = routing=1024;supEncapsulationMetadataTypes;supEncapsulationModes
12-19 10:34:17.321 D/modules.hdmi.audio_hal(  399): adev_get_parameters: keys = routing=1024;supEncapsulationMetadataTypes;supEncapsulationModes
12-19 10:34:17.322 D/modules.hdmi_1.audio_hal(  399): adev_get_parameters: keys = routing=1024;supEncapsulationMetadataTypes;supEncapsulationModes
12-19 10:34:17.322 D/modules.spdif.audio_hal(  399): adev_get_parameters: keys = routing=1024;supEncapsulationMetadataTypes;supEncapsulationModes
12-19 10:34:17.322 D/modules.spdif_1.audio_hal(  399): adev_get_parameters: keys = routing=1024;supEncapsulationMetadataTypes;supEncapsulationModes
12-19 10:34:17.322 I/hash_map_utils(  428): system/bt/osi/src/hash_map_utils.cc:81 hash_map_utils_dump_string_keys_string_values: key: 'supEncapsulationModes' value: ''
12-19 10:34:17.322 I/hash_map_utils(  428): system/bt/osi/src/hash_map_utils.cc:81 hash_map_utils_dump_string_keys_string_values: key: 'supEncapsulationMetadataTypes' value: ''
12-19 10:34:17.322 I/hash_map_utils(  428): system/bt/osi/src/hash_map_utils.cc:81 hash_map_utils_dump_string_keys_string_values: key: 'routing' value: '1024'
12-19 10:34:17.322 D/modules.primary.audio_hal(  399): adev_set_parameters: kvpairs = plugin=
12-19 10:34:17.322 D/modules.primary.audio_hal(  399): adev_set_parameters:bt_wb_speech_enabled = 0, sco reroute=0
12-19 10:34:17.322 D/modules.hdmi.audio_hal(  399): adev_set_parameters: kvpairs = plugin=
12-19 10:34:17.322 D/modules.hdmi.audio_hal(  399): adev_set_parameters:bt_wb_speech_enabled = 0, sco reroute=0
12-19 10:34:17.322 D/modules.hdmi_1.audio_hal(  399): adev_set_parameters: kvpairs = plugin=
12-19 10:34:17.322 D/modules.hdmi_1.audio_hal(  399): adev_set_parameters:bt_wb_speech_enabled = 0, sco reroute=0
12-19 10:34:17.322 D/modules.spdif.audio_hal(  399): adev_set_parameters: kvpairs = plugin=
12-19 10:34:17.322 D/modules.spdif.audio_hal(  399): adev_set_parameters:bt_wb_speech_enabled = 0, sco reroute=0
12-19 10:34:17.322 D/modules.spdif_1.audio_hal(  399): adev_set_parameters: kvpairs = plugin=
12-19 10:34:17.322 D/modules.spdif_1.audio_hal(  399): adev_set_parameters:bt_wb_speech_enabled = 0, sco reroute=0
12-19 10:34:17.323 D/modules.hdmi.audio_hal(  399): out_set_parameters: kvpairs = closing=true
12-19 10:34:17.323 D/modules.hdmi.audio_hal(  399): out_set_parameters: kvpairs = exiting=1
12-19 10:34:17.323 D/modules.hdmi.audio_hal(  399): adev_close_output_stream!
12-19 10:34:17.323 D/modules.hdmi.audio_hal(  399): do_out_standby,out = 0xebc433a0,device = 0x400, standby = 1
12-19 10:34:17.324 I/AS.AudioDeviceInventory(  619): not sending NOISY: state=1
12-19 10:34:17.325 D/BluetoothActiveDeviceManager(  790): onAudioDevicesAdded
12-19 10:34:17.325 D/BluetoothActiveDeviceManager(  790): Audio device added: rk3588_s type: 9
12-19 10:34:17.325 D/AutofillManagerService(  619): Restriction did not change for user 0
12-19 10:34:17.325 I/bt_core_module(  790): system/bt/btcore/src/module.cc:127 module_clean_up: module_clean_up Cleanup of module "btif_config_module" completed
12-19 10:34:17.325 I/bt_core_module(  790): system/bt/btcore/src/module.cc:122 module_clean_up: module_clean_up Cleaning up module "bt_utils_module"
12-19 10:34:17.325 I/bt_core_module(  790): system/bt/btcore/src/module.cc:127 module_clean_up: module_clean_up Cleanup of module "bt_utils_module" completed
12-19 10:34:17.325 V/NotificationAssistants(  619): 0 notification assistant service connected: ComponentInfo{android.ext.services/android.ext.services.notification.Assistant}
12-19 10:34:17.325 I/bt_core_module(  790): system/bt/btcore/src/module.cc:122 module_clean_up: module_clean_up Cleaning up module "osi_module"
12-19 10:34:17.325 I/bt_osi_alarm(  790): system/bt/osi/src/alarm.cc:662 callback_dispatch: callback_dispatch Callback thread exited
12-19 10:34:17.325 W/bt_osi_thread(  790): system/bt/osi/src/thread.cc:239 run_thread: run_thread: thread id 987, thread name alarm_dispatcher exited
12-19 10:34:17.326 W/bt_osi_thread(  790): system/bt/osi/src/thread.cc:239 run_thread: run_thread: thread id 986, thread name alarm_default_ca exited
12-19 10:34:17.326 I/bt_core_module(  790): system/bt/btcore/src/module.cc:127 module_clean_up: module_clean_up Cleanup of module "osi_module" completed
12-19 10:34:17.326 I/bt_stack_manager(  790): system/bt/btif/src/stack_manager.cc:417 event_clean_up_stack: event_clean_up_stack finished
12-19 10:34:17.326 D/modules.primary.audio_hal(  399): adev_set_parameters: kvpairs = connect=8
12-19 10:34:17.326 D/modules.primary.audio_hal(  399): adev_set_parameters:bt_wb_speech_enabled = 0, sco reroute=0
12-19 10:34:17.326 I/droid.bluetoot(  790): [1219/103417.326424:INFO:message_loop_thread.cc(245)] Run: message loop finished for thread bt_stack_manager_thread
12-19 10:34:17.326 D/modules.hdmi.audio_hal(  399): adev_set_parameters: kvpairs = connect=8
12-19 10:34:17.326 D/modules.hdmi.audio_hal(  399): adev_set_parameters:bt_wb_speech_enabled = 0, sco reroute=0
12-19 10:34:17.326 D/modules.hdmi_1.audio_hal(  399): adev_set_parameters: kvpairs = connect=8
12-19 10:34:17.326 D/modules.hdmi_1.audio_hal(  399): adev_set_parameters:bt_wb_speech_enabled = 0, sco reroute=0
12-19 10:34:17.326 D/modules.spdif.audio_hal(  399): adev_set_parameters: kvpairs = connect=8
12-19 10:34:17.326 D/modules.spdif.audio_hal(  399): adev_set_parameters:bt_wb_speech_enabled = 0, sco reroute=0
12-19 10:34:17.326 I/BluetoothServiceJni(  790): cleanupNative: return from cleanup
12-19 10:34:17.326 D/modules.spdif_1.audio_hal(  399): adev_set_parameters: kvpairs = connect=8
12-19 10:34:17.326 D/modules.spdif_1.audio_hal(  399): adev_set_parameters:bt_wb_speech_enabled = 0, sco reroute=0
12-19 10:34:17.326 W/DeviceHAL(  399): Error from HAL Device in function get_audio_port: Invalid argument
12-19 10:34:17.327 D/modules.primary.audio_hal(  399): adev_get_parameters: keys = routing=8;supEncapsulationMetadataTypes;supEncapsulationModes
12-19 10:34:17.327 D/modules.hdmi.audio_hal(  399): adev_get_parameters: keys = routing=8;supEncapsulationMetadataTypes;supEncapsulationModes
12-19 10:34:17.327 D/modules.hdmi_1.audio_hal(  399): adev_get_parameters: keys = routing=8;supEncapsulationMetadataTypes;supEncapsulationModes
12-19 10:34:17.327 D/modules.spdif.audio_hal(  399): adev_get_parameters: keys = routing=8;supEncapsulationMetadataTypes;supEncapsulationModes
12-19 10:34:17.327 D/modules.spdif_1.audio_hal(  399): adev_get_parameters: keys = routing=8;supEncapsulationMetadataTypes;supEncapsulationModes
12-19 10:34:17.327 I/hash_map_utils(  428): system/bt/osi/src/hash_map_utils.cc:81 hash_map_utils_dump_string_keys_string_values: key: 'supEncapsulationModes' value: ''
12-19 10:34:17.327 I/hash_map_utils(  428): system/bt/osi/src/hash_map_utils.cc:81 hash_map_utils_dump_string_keys_string_values: key: 'supEncapsulationMetadataTypes' value: ''
12-19 10:34:17.327 I/hash_map_utils(  428): system/bt/osi/src/hash_map_utils.cc:81 hash_map_utils_dump_string_keys_string_values: key: 'routing' value: '8'
12-19 10:34:17.327 D/NotifPipeline(  807): Notif pipeline initialized
12-19 10:34:17.327 D/modules.primary.audio_hal(  399): adev_set_parameters: kvpairs = plugin=
12-19 10:34:17.327 D/modules.primary.audio_hal(  399): adev_set_parameters:bt_wb_speech_enabled = 0, sco reroute=0
12-19 10:34:17.327 D/modules.hdmi.audio_hal(  399): adev_set_parameters: kvpairs = plugin=
12-19 10:34:17.327 D/modules.hdmi.audio_hal(  399): adev_set_parameters:bt_wb_speech_enabled = 0, sco reroute=0
12-19 10:34:17.327 D/modules.hdmi_1.audio_hal(  399): adev_set_parameters: kvpairs = plugin=
12-19 10:34:17.327 D/modules.hdmi_1.audio_hal(  399): adev_set_parameters:bt_wb_speech_enabled = 0, sco reroute=0
12-19 10:34:17.327 D/modules.spdif.audio_hal(  399): adev_set_parameters: kvpairs = plugin=
12-19 10:34:17.327 D/modules.spdif.audio_hal(  399): adev_set_parameters:bt_wb_speech_enabled = 0, sco reroute=0
12-19 10:34:17.327 D/modules.spdif_1.audio_hal(  399): adev_set_parameters: kvpairs = plugin=
12-19 10:34:17.327 D/modules.spdif_1.audio_hal(  399): adev_set_parameters:bt_wb_speech_enabled = 0, sco reroute=0
12-19 10:34:17.327 D/BluetoothActiveDeviceManager(  790): cleanup()
12-19 10:34:17.328 D/BluetoothAdapterService(  790): onDestroy()
12-19 10:34:17.328 I/BluetoothAdapterService(  790): Force exit to cleanup internal state in Bluetooth stack
12-19 10:34:17.328 I/droid.bluetoot(  790): System.exit called, status: 0
12-19 10:34:17.328 I/AndroidRuntime(  790): VM exiting with result code 0, cleanup skipped.
12-19 10:34:17.331 V/C2Store (  503): in ~ComponentModule
12-19 10:34:17.331 V/C2Store (  503): unloading dll
12-19 10:34:17.331 V/C2Store (  503): in init
12-19 10:34:17.331 V/C2Store (  503): loading dll
12-19 10:34:17.332 V/WifiManager(  807): registerSoftApCallback: callback=com.android.systemui.statusbar.policy.HotspotControllerImpl@43fb77d, executor=android.os.HandlerExecutor@b76672
12-19 10:34:17.332 V/WifiManager(  807): SoftApCallbackProxy: send InfoChanged, newInfo: SoftApInfo{bandwidth= 0, frequency= 0, wifiStandard= 0, mApInstanceIdentifier= null, mIdleShutdownTimeoutMillis= 0}
12-19 10:34:17.332 V/WifiManager(  807): SoftApCallbackProxy: send InfoChanged, changedInfoList: []
12-19 10:34:17.332 V/WifiManager(  807): SoftApCallbackProxy: send onConnectedClientsChanged(clients): []
12-19 10:34:17.334 I/ActivityManager(  619): Process com.android.bluetooth (pid 790) has died: fg  SVC 
12-19 10:34:17.334 I/libprocessgroup(  619): Successfully killed process cgroup uid 1002 pid 790 in 0ms
12-19 10:34:17.334 I/Zygote  (  390): Process 790 exited cleanly (0)
12-19 10:34:17.335 D/NavigationModeController(  807): getCurrentInteractionMode: mode=0 contextUser=0
01-01 20:00:11.887 I/binder  (  188): undelivered transaction 24651, process died.
12-19 10:34:17.336 I/C2SoftVp8Enc(  503): setting temporal layering 0 + 0
12-19 10:34:17.336 V/C2Store (  503): in ~ComponentModule
12-19 10:34:17.336 V/C2Store (  503): unloading dll
12-19 10:34:17.336 V/C2Store (  503): in init
12-19 10:34:17.336 V/C2Store (  503): loading dll
12-19 10:34:17.337 W/ActivityThread(  807): Failed to find provider info for com.android.contacts (user not unlocked)
12-19 10:34:17.338 V/SystemUIBootTiming(  807): StartServicescom.android.systemui.statusbar.phone.StatusBar took to complete: 301ms
12-19 10:34:17.339 V/C2Store (  503): in ~ComponentModule
12-19 10:34:17.339 V/C2Store (  503): unloading dll
12-19 10:34:17.339 V/C2Store (  503): in init
12-19 10:34:17.339 V/C2Store (  503): loading dll
12-19 10:34:17.340 I/C2SoftVp9Enc(  503): setting temporal layering 0 + 0
12-19 10:34:17.340 V/C2Store (  503): in ~ComponentModule
12-19 10:34:17.340 V/C2Store (  503): unloading dll
12-19 10:34:17.341 D/MediaCodecsXmlParser(  489): parsing /apex/com.android.media.swcodec/etc/media_codecs.xml...
12-19 10:34:17.341 D/StorageNotification(  807): Notifying about private volume: VolumeInfo{private}:
12-19 10:34:17.341 D/StorageNotification(  807):     type=PRIVATE diskId=null partGuid=null mountFlags=0 mountUserId=-10000 
12-19 10:34:17.341 D/StorageNotification(  807):     state=MOUNTED 
12-19 10:34:17.341 D/StorageNotification(  807):     fsType=null fsUuid=null fsLabel=null 
12-19 10:34:17.341 D/StorageNotification(  807):     path=/data internalPath=null 
12-19 10:34:17.342 E/permission( 1121): zts action===ztl.update.defaultapp
12-19 10:34:17.342 D/MediaCodecsXmlParser(  489): disabling c2.android.gsm.decoder
12-19 10:34:17.342 V/SystemUIBootTiming(  807): StartServicescom.android.systemui.usb.StorageNotification took to complete: 4ms
12-19 10:34:17.342 D/MediaCodecsXmlParser(  489): disabling c2.android.mpeg2.decoder
12-19 10:34:17.343 I/MediaCodecsXmlParser(  489): Did not find media_codecs_performance.xml in search path
12-19 10:34:17.343 D/MediaCodecsXmlParser(  489): parsing /vendor/etc/media_codecs_c2.xml...
12-19 10:34:17.343 D/MediaCodecsXmlParser(  489): parsing /vendor/etc/media_codecs_c2_base.xml...
12-19 10:34:17.345 D/MediaCodecsXmlParser(  489): parsing /vendor/etc/media_codecs_google_c2.xml...
12-19 10:34:17.345 I/WebViewZygoteInit( 1109): Application preload done
12-19 10:34:17.346 D/MediaCodecsXmlParser(  489): disabling c2.android.av1.decoder
12-19 10:34:17.346 D/MediaCodecsXmlParser(  489): disabling c2.android.hevc.encoder
12-19 10:34:17.346 D/MediaCodecsXmlParser(  489): disabling c2.android.vp9.encoder
12-19 10:34:17.346 I/MediaCodecsXmlParser(  489): Did not find media_codecs_performance_c2.xml in search path
12-19 10:34:17.346 D/MediaCodecsXmlParser(  489): parsing /vendor/etc/media_codecs.xml...
12-19 10:34:17.346 D/MediaCodecsXmlParser(  489): parsing /vendor/etc/media_codecs_google_audio.xml...
12-19 10:34:17.346 D/MediaCodecsXmlParser(  489): parsing /vendor/etc/media_codecs_google_video.xml...
12-19 10:34:17.347 D/MediaCodecsXmlParser(  489): parsing /vendor/etc/media_codecs_performance.xml...
12-19 10:34:17.347 I/MediaCodecsXmlParser(  489): Did not find media_codecs_shaping.xml in search path
12-19 10:34:17.347 I/MediaCodecsXmlParser(  489): Did not find media_codecs_shaping.xml in search path
12-19 10:34:17.347 I/C2RKComponentFactory(  413): in version: git-7d45eaab18-kernel update rtl8852be driver build-time: 2025-05-07 17:11:36 running on rk3588_s
12-19 10:34:17.348 I/Telecom (  619): WiredHeadsetManager: ACTION_HEADSET_PLUG event, plugged in: true, : WHC.oADA@AAM
12-19 10:34:17.348 I/Telecom (  619): CallAudioRouteStateMachine: Message received: CONNECT_WIRED_HEADSET=1, arg1=0: WHC.oADA->CARSM.pM_CONNECT_WIRED_HEADSET@AAM
12-19 10:34:17.348 I/Telecom (  619): QuiescentSpeakerRoute: Processing message CONNECT_WIRED_HEADSET: WHC.oADA->CARSM.pM_CONNECT_WIRED_HEADSET@AAM
12-19 10:34:17.348 I/Telecom (  619): Logging.Events: Non-call EVENT: AUDIO_ROUTE, Wired headset connected: WHC.oADA->CARSM.pM_CONNECT_WIRED_HEADSET@AAM
12-19 10:34:17.348 I/Telecom (  619): BluetoothRouteManager: getBluetoothAudioConnectedDevice: no service available.: WHC.oADA->CARSM.pM_CONNECT_WIRED_HEADSET@AAM
12-19 10:34:17.348 I/Telecom (  619): CallAudioRouteStateMachine: Message received: SWITCH_HEADSET=1003, arg1=0: WHC.oADA->CARSM.pM_CONNECT_WIRED_HEADSET->CARSM.pM_SWITCH_HEADSET@AAM
12-19 10:34:17.348 E/Codec2-FilterWrapper(  413): plugin not OK: -19
12-19 10:34:17.348 I/Telecom (  619): QuiescentSpeakerRoute: Processing message SWITCH_HEADSET: WHC.oADA->CARSM.pM_CONNECT_WIRED_HEADSET->CARSM.pM_SWITCH_HEADSET@AAM
12-19 10:34:17.348 I/Telecom (  619): Logging.Events: Non-call EVENT: AUDIO_ROUTE, Leaving state QuiescentSpeakerRoute: WHC.oADA->CARSM.pM_CONNECT_WIRED_HEADSET->CARSM.pM_SWITCH_HEADSET@AAM
12-19 10:34:17.348 I/Telecom (  619): Logging.Events: Non-call EVENT: AUDIO_ROUTE, Entering state QuiescentHeadsetRoute: WHC.oADA->CARSM.pM_CONNECT_WIRED_HEADSET->CARSM.pM_SWITCH_HEADSET@AAM
12-19 10:34:17.348 I/Telecom (  619): BluetoothRouteManager: getBluetoothAudioConnectedDevice: no service available.: WHC.oADA->CARSM.pM_CONNECT_WIRED_HEADSET->CARSM.pM_SWITCH_HEADSET@AAM
12-19 10:34:17.348 I/Codec2InfoBuilder(  489): adding type 'video/avc'
12-19 10:34:17.348 D/MediaSessionService(  619): Global priority session is changed from null to com.android.server.telecom/HeadsetMediaButton (userId=0)
12-19 10:34:17.348 I/PackageWatchdog(  619): Syncing health check requests for packages: {}
12-19 10:34:17.348 D/ExplicitHealthCheckController(  619): Getting health check supported packages
12-19 10:34:17.349 I/Telecom (  619): WiredHeadsetManager: ACTION_HEADSET_PLUG event, plugged in: true, : WHC.oADA@AAQ
12-19 10:34:17.349 V/MediaRouter(  619): Audio routes updated: AudioRoutesInfo{ type=HDMI }, a2dp=false
12-19 10:34:17.349 V/MediaRouter(  619): Selecting route: RouteInfo{ name=HDMI, description=null, status=null, category=RouteCategory{ name=系统 types=ROUTE_TYPE_LIVE_AUDIO ROUTE_TYPE_LIVE_VIDEO  groupable=false }, supportedTypes=ROUTE_TYPE_LIVE_AUDIO ROUTE_TYPE_LIVE_VIDEO , presentationDisplay=Display id 2: DisplayInfo{"HDMI 屏幕", displayId 2", displayGroupId 0, FLAG_SECURE, FLAG_SUPPORTS_PROTECTED_BUFFERS, FLAG_PRESENTATION, FLAG_TRUSTED, real 1920 x 1080, largest app 1920 x 1920, smallest app 1080 x 1080, appVsyncOff 1000000, presDeadline 16666666, mode 2, defaultMode 2, modes [{id=2, width=1920, height=1080, fps=60.000004, alternativeRefreshRates=[]}], hdrCapabilities HdrCapabilities{mSupportedHdrTypes=[], mMaxLuminance=500.0, mMaxAverageLuminance=500.0, mMinLuminance=0.0}, userDisabledHdrTypes [], minimalPostProcessingSupported false, rotation 0, state ON, type EXTERNAL, uniqueId "local:1", app 1920 x 1080, density 240 (101.6 x 105.507) dpi, layerStack 2, colorMode 0, supportedColorModes [0], address {port=1}, deviceProductInfo null, removeMode 0, refreshRateOverride 0.0, brightnessMinimum 0.0, brightnessMaximum 1.0, brightnessDefault 0.5}, DisplayMetrics{density=1.5, width=1920, height=1080, scaledDensity=1.5, xdpi=101.6, ydpi=105.507}, isValid=true }
12-19 10:34:17.349 V/MediaRouter(  619): Audio routes updated: AudioRoutesInfo{ type=HEADPHONES }, a2dp=false
12-19 10:34:17.349 V/MediaRouter(  619): Selecting route: RouteInfo{ name=耳机, description=null, status=null, category=RouteCategory{ name=系统 types=ROUTE_TYPE_LIVE_AUDIO ROUTE_TYPE_LIVE_VIDEO  groupable=false }, supportedTypes=ROUTE_TYPE_LIVE_AUDIO ROUTE_TYPE_LIVE_VIDEO , presentationDisplay=Display id 2: DisplayInfo{"HDMI 屏幕", displayId 2", displayGroupId 0, FLAG_SECURE, FLAG_SUPPORTS_PROTECTED_BUFFERS, FLAG_PRESENTATION, FLAG_TRUSTED, real 1920 x 1080, largest app 1920 x 1920, smallest app 1080 x 1080, appVsyncOff 1000000, presDeadline 16666666, mode 2, defaultMode 2, modes [{id=2, width=1920, height=1080, fps=60.000004, alternativeRefreshRates=[]}], hdrCapabilities HdrCapabilities{mSupportedHdrTypes=[], mMaxLuminance=500.0, mMaxAverageLuminance=500.0, mMinLuminance=0.0}, userDisabledHdrTypes [], minimalPostProcessingSupported false, rotation 0, state ON, type EXTERNAL, uniqueId "local:1", app 1920 x 1080, density 240 (101.6 x 105.507) dpi, layerStack 2, colorMode 0, supportedColorModes [0], address {port=1}, deviceProductInfo null, removeMode 0, refreshRateOverride 0.0, brightnessMinimum 0.0, brightnessMaximum 1.0, brightnessDefault 0.5}, DisplayMetrics{density=1.5, width=1920, height=1080, scaledDensity=1.5, xdpi=101.6, ydpi=105.507}, isValid=true }
12-19 10:34:17.349 I/Telecom (  619): WiredHeadsetManager: ACTION_HEADSET_PLUG event, plugged in: true, : WHC.oADA@AAU
12-19 10:34:17.349 W/Looper  (  619): Drained
12-19 10:34:17.349 I/ExplicitHealthCheckController(  619): Explicit health check supported packages []
12-19 10:34:17.349 D/PackageWatchdog(  619): Received supported packages []
12-19 10:34:17.349 D/ExplicitHealthCheckController(  619): Getting health check requested packages
12-19 10:34:17.350 I/ExplicitHealthCheckController(  619): Explicit health check requested packages []
12-19 10:34:17.350 I/ExplicitHealthCheckController(  619): No more health check requests, unbinding...
12-19 10:34:17.350 I/ExplicitHealthCheckController(  619): Explicit health check service is unbound
12-19 10:34:17.350 V/SystemUIBootTiming(  807): StartServicescom.android.systemui.power.PowerUI took to complete: 8ms
12-19 10:34:17.351 I/C2RKComponentFactory(  413): DestroyRKCodec2Factory enter
12-19 10:34:17.351 I/C2RKComponentFactory(  413): in version: git-7d45eaab18-kernel update rtl8852be driver build-time: 2025-05-07 17:11:36 running on rk3588_s
12-19 10:34:17.351 V/SystemUIBootTiming(  807): StartServicescom.android.systemui.media.RingtonePlayer took to complete: 1ms
12-19 10:34:17.351 I/Codec2InfoBuilder(  489): adding type 'video/hevc'
12-19 10:34:17.352 V/SystemUIBootTiming(  807): StartServicescom.android.systemui.keyboard.KeyboardUI took to complete: 1ms
12-19 10:34:17.352 I/C2RKComponentFactory(  413): in version: git-7d45eaab18-kernel update rtl8852be driver build-time: 2025-05-07 17:11:36 running on rk3588_s
12-19 10:34:17.353 I/C2RKComponentFactory(  413): DestroyRKCodec2Factory enter
12-19 10:34:17.353 I/Codec2InfoBuilder(  489): adding type 'video/x-vnd.on2.vp9'
12-19 10:34:17.353 V/SystemUIBootTiming(  807): StartServicescom.android.systemui.shortcut.ShortcutKeyDispatcher took to complete: 1ms
12-19 10:34:17.353 V/SystemUIBootTiming(  807): StartServicescom.android.systemui.VendorServices took to complete: 0ms
12-19 10:34:17.353 I/C2RKComponentFactory(  413): DestroyRKCodec2Factory enter
12-19 10:34:17.354 I/C2RKComponentFactory(  413): in version: git-7d45eaab18-kernel update rtl8852be driver build-time: 2025-05-07 17:11:36 running on rk3588_s
12-19 10:34:17.354 V/SystemUIBootTiming(  807): StartServicescom.android.systemui.util.leak.GarbageMonitor$Service took to complete: 1ms
12-19 10:34:17.354 V/SystemUIBootTiming(  807): StartServicescom.android.systemui.LatencyTester took to complete: 0ms
12-19 10:34:17.354 I/Codec2InfoBuilder(  489): adding type 'video/av01'
12-19 10:34:17.354 V/SystemUIBootTiming(  807): StartServicescom.android.systemui.globalactions.GlobalActionsComponent took to complete: 0ms
12-19 10:34:17.355 I/C2RKComponentFactory(  413): DestroyRKCodec2Factory enter
12-19 10:34:17.355 V/SystemUIBootTiming(  807): StartServicescom.android.systemui.ScreenDecorations took to complete: 0ms
12-19 10:34:17.355 I/C2RKComponentFactory(  413): in version: git-7d45eaab18-kernel update rtl8852be driver build-time: 2025-05-07 17:11:36 running on rk3588_s
12-19 10:34:17.356 V/SystemUIBootTiming(  807): StartServicescom.android.systemui.biometrics.AuthController took to complete: 1ms
12-19 10:34:17.356 V/SystemUIBootTiming(  807): StartServicescom.android.systemui.SliceBroadcastRelayHandler took to complete: 0ms
12-19 10:34:17.356 I/Codec2InfoBuilder(  489): adding type 'video/avc'
12-19 10:34:17.357 V/SystemUIBootTiming(  807): StartServicescom.android.systemui.statusbar.notification.InstantAppNotifier took to complete: 1ms
12-19 10:34:17.358 D/ThemeOverlayController(  807): Start
12-19 10:34:17.358 V/SystemUIBootTiming(  807): StartServicescom.android.systemui.theme.ThemeOverlayController took to complete: 1ms
12-19 10:34:17.359 V/SystemUIBootTiming(  807): StartServicescom.android.systemui.accessibility.WindowMagnification took to complete: 1ms
12-19 10:34:17.359 I/C2RKComponentFactory(  413): DestroyRKCodec2Factory enter
12-19 10:34:17.359 I/C2RKComponentFactory(  413): in version: git-7d45eaab18-kernel update rtl8852be driver build-time: 2025-05-07 17:11:36 running on rk3588_s
12-19 10:34:17.360 D/Codec2InfoBuilder(  489): component 'c2.rk.avc.decoder.secure' not found in xml
12-19 10:34:17.360 I/C2RKComponentFactory(  413): DestroyRKCodec2Factory enter
12-19 10:34:17.360 I/C2RKComponentFactory(  413): in version: git-7d45eaab18-kernel update rtl8852be driver build-time: 2025-05-07 17:11:36 running on rk3588_s
12-19 10:34:17.360 I/C2RKMpiEnc(  413): createInterface enter
12-19 10:34:17.360 I/android.hardware.media.c2@1.1-service(  413): missing struct descriptor #Param::CoreIndex(--004) for field values of struct #Param::CoreIndex(F-12004)
12-19 10:34:17.360 I/C2RKMpiEnc(  413): GopSetter enter
12-19 10:34:17.360 I/android.hardware.media.c2@1.1-service(  413): missing struct descriptor #Param::CoreIndex(--1812) for field values of struct #Param::CoreIndex(F-11812)
12-19 10:34:17.360 I/C2RKMpiEnc(  413): PictureQuantizationSetter enter
12-19 10:34:17.360 I/C2RKMpiEnc(  413): InputDelaySetter enter
12-19 10:34:17.360 I/C2RKMpiEnc(  413): LayeringSetter enter
12-19 10:34:17.360 I/C2RKMpiEnc(  413): PrependHeaderModeSetter enter
12-19 10:34:17.360 I/C2RKMpiEnc(  413): MProfileLevelSetter enter
12-19 10:34:17.360 I/C2RKMpiEnc(  413): MSliceSpaceSetter enter
12-19 10:34:17.360 I/C2RKMpiEnc(  413): MNumLTRFrmsSetter enter
12-19 10:34:17.360 I/C2RKMpiEnc(  413): MSarSizeSetter enter
12-19 10:34:17.360 I/C2RKMpiEnc(  413): MInputQueueCtlSetter enter
12-19 10:34:17.360 I/C2RKMpiEnc(  413): MLtrMarkFrmSetter enter
12-19 10:34:17.360 I/C2RKMpiEnc(  413): MLtrUseFrmSetter enter
12-19 10:34:17.360 I/C2RKMpiEnc(  413): MTriggerTimeSetter enter
12-19 10:34:17.360 I/C2RKMpiEnc(  413): createInterface enter
12-19 10:34:17.361 I/android.hardware.media.c2@1.1-service(  413): missing struct descriptor #Param::CoreIndex(--004) for field values of struct #Param::CoreIndex(F-12004)
12-19 10:34:17.361 I/C2RKMpiEnc(  413): GopSetter enter
12-19 10:34:17.361 I/android.hardware.media.c2@1.1-service(  413): missing struct descriptor #Param::CoreIndex(--1812) for field values of struct #Param::CoreIndex(F-11812)
12-19 10:34:17.361 I/C2RKMpiEnc(  413): PictureQuantizationSetter enter
12-19 10:34:17.361 I/C2RKMpiEnc(  413): InputDelaySetter enter
12-19 10:34:17.361 I/C2RKMpiEnc(  413): LayeringSetter enter
12-19 10:34:17.361 I/C2RKMpiEnc(  413): PrependHeaderModeSetter enter
12-19 10:34:17.361 I/C2RKMpiEnc(  413): MProfileLevelSetter enter
12-19 10:34:17.361 I/C2RKMpiEnc(  413): MSliceSpaceSetter enter
12-19 10:34:17.361 I/C2RKMpiEnc(  413): MNumLTRFrmsSetter enter
12-19 10:34:17.361 I/C2RKMpiEnc(  413): MSarSizeSetter enter
12-19 10:34:17.361 I/C2RKMpiEnc(  413): MInputQueueCtlSetter enter
12-19 10:34:17.361 I/C2RKMpiEnc(  413): MLtrMarkFrmSetter enter
12-19 10:34:17.361 I/C2RKMpiEnc(  413): MLtrUseFrmSetter enter
12-19 10:34:17.361 I/C2RKMpiEnc(  413): MTriggerTimeSetter enter
12-19 10:34:17.361 V/SystemUIBootTiming(  807): StartServicescom.android.systemui.accessibility.SystemActions took to complete: 2ms
12-19 10:34:17.361 I/Codec2InfoBuilder(  489): adding type 'video/avc'
12-19 10:34:17.361 V/SystemUIBootTiming(  807): StartServicescom.android.systemui.toast.ToastUI took to complete: 0ms
12-19 10:34:17.362 I/C2RKComponentFactory(  413): DestroyRKCodec2Factory enter
12-19 10:34:17.362 I/C2RKComponentFactory(  413): in version: git-7d45eaab18-kernel update rtl8852be driver build-time: 2025-05-07 17:11:36 running on rk3588_s
12-19 10:34:17.362 V/SystemUIBootTiming(  807): StartServicescom.android.systemui.wmshell.WMShell took to complete: 1ms
12-19 10:34:17.362 I/Codec2InfoBuilder(  489): adding type 'video/3gpp'
12-19 10:34:17.363 I/C2RKComponentFactory(  413): DestroyRKCodec2Factory enter
12-19 10:34:17.363 I/C2RKComponentFactory(  413): in version: git-7d45eaab18-kernel update rtl8852be driver build-time: 2025-05-07 17:11:36 running on rk3588_s
12-19 10:34:17.363 I/Codec2InfoBuilder(  489): adding type 'video/hevc'
12-19 10:34:17.364 I/C2RKComponentFactory(  413): DestroyRKCodec2Factory enter
12-19 10:34:17.364 I/C2RKComponentFactory(  413): in version: git-7d45eaab18-kernel update rtl8852be driver build-time: 2025-05-07 17:11:36 running on rk3588_s
12-19 10:34:17.365 D/Codec2InfoBuilder(  489): component 'c2.rk.hevc.decoder.secure' not found in xml
12-19 10:34:17.365 I/C2RKComponentFactory(  413): DestroyRKCodec2Factory enter
12-19 10:34:17.365 I/C2RKComponentFactory(  413): in version: git-7d45eaab18-kernel update rtl8852be driver build-time: 2025-05-07 17:11:36 running on rk3588_s
12-19 10:34:17.365 I/C2RKMpiEnc(  413): createInterface enter
12-19 10:34:17.365 I/android.hardware.media.c2@1.1-service(  413): missing struct descriptor #Param::CoreIndex(--004) for field values of struct #Param::CoreIndex(F-12004)
12-19 10:34:17.365 I/C2RKMpiEnc(  413): GopSetter enter
12-19 10:34:17.365 I/android.hardware.media.c2@1.1-service(  413): missing struct descriptor #Param::CoreIndex(--1812) for field values of struct #Param::CoreIndex(F-11812)
12-19 10:34:17.365 I/C2RKMpiEnc(  413): PictureQuantizationSetter enter
12-19 10:34:17.365 I/C2RKMpiEnc(  413): InputDelaySetter enter
12-19 10:34:17.365 I/C2RKMpiEnc(  413): LayeringSetter enter
12-19 10:34:17.365 I/C2RKMpiEnc(  413): PrependHeaderModeSetter enter
12-19 10:34:17.365 I/C2RKMpiEnc(  413): MProfileLevelSetter enter
12-19 10:34:17.365 I/C2RKMpiEnc(  413): MSliceSpaceSetter enter
12-19 10:34:17.365 I/C2RKMpiEnc(  413): MNumLTRFrmsSetter enter
12-19 10:34:17.365 I/C2RKMpiEnc(  413): MSarSizeSetter enter
12-19 10:34:17.365 I/C2RKMpiEnc(  413): MInputQueueCtlSetter enter
12-19 10:34:17.365 I/C2RKMpiEnc(  413): MLtrMarkFrmSetter enter
12-19 10:34:17.365 I/C2RKMpiEnc(  413): MLtrUseFrmSetter enter
12-19 10:34:17.365 I/C2RKMpiEnc(  413): MTriggerTimeSetter enter
12-19 10:34:17.365 I/C2RKMpiEnc(  413): createInterface enter
12-19 10:34:17.365 I/android.hardware.media.c2@1.1-service(  413): missing struct descriptor #Param::CoreIndex(--004) for field values of struct #Param::CoreIndex(F-12004)
12-19 10:34:17.365 I/C2RKMpiEnc(  413): GopSetter enter
12-19 10:34:17.365 I/android.hardware.media.c2@1.1-service(  413): missing struct descriptor #Param::CoreIndex(--1812) for field values of struct #Param::CoreIndex(F-11812)
12-19 10:34:17.365 I/C2RKMpiEnc(  413): PictureQuantizationSetter enter
12-19 10:34:17.365 I/C2RKMpiEnc(  413): InputDelaySetter enter
12-19 10:34:17.366 I/C2RKMpiEnc(  413): LayeringSetter enter
12-19 10:34:17.366 I/C2RKMpiEnc(  413): PrependHeaderModeSetter enter
12-19 10:34:17.366 I/C2RKMpiEnc(  413): MProfileLevelSetter enter
12-19 10:34:17.366 I/C2RKMpiEnc(  413): MSliceSpaceSetter enter
12-19 10:34:17.366 I/C2RKMpiEnc(  413): MNumLTRFrmsSetter enter
12-19 10:34:17.366 I/C2RKMpiEnc(  413): MSarSizeSetter enter
12-19 10:34:17.366 I/C2RKMpiEnc(  413): MInputQueueCtlSetter enter
12-19 10:34:17.366 I/C2RKMpiEnc(  413): MLtrMarkFrmSetter enter
12-19 10:34:17.366 I/C2RKMpiEnc(  413): MLtrUseFrmSetter enter
12-19 10:34:17.366 I/C2RKMpiEnc(  413): MTriggerTimeSetter enter
12-19 10:34:17.366 I/Codec2InfoBuilder(  489): adding type 'video/hevc'
12-19 10:34:17.366 I/C2RKComponentFactory(  413): DestroyRKCodec2Factory enter
12-19 10:34:17.366 I/C2RKComponentFactory(  413): in version: git-7d45eaab18-kernel update rtl8852be driver build-time: 2025-05-07 17:11:36 running on rk3588_s
12-19 10:34:17.367 I/Codec2InfoBuilder(  489): adding type 'video/mp4v-es'
12-19 10:34:17.367 I/C2RKComponentFactory(  413): DestroyRKCodec2Factory enter
12-19 10:34:17.367 I/C2RKComponentFactory(  413): in version: git-7d45eaab18-kernel update rtl8852be driver build-time: 2025-05-07 17:11:36 running on rk3588_s
12-19 10:34:17.368 D/StatusBar(  807): Received new disable state. Old: enaihbcrso.qingr | New: enaihbcrso.qingr
12-19 10:34:17.368 V/SystemUIBootTiming(  807): StartServices took to complete: 447ms
12-19 10:34:17.368 D/Codec2InfoBuilder(  489): component 'c2.rk.m4v.decoder.secure' not found in xml
12-19 10:34:17.368 I/C2RKComponentFactory(  413): DestroyRKCodec2Factory enter
12-19 10:34:17.368 I/C2RKComponentFactory(  413): in version: git-7d45eaab18-kernel update rtl8852be driver build-time: 2025-05-07 17:11:36 running on rk3588_s
12-19 10:34:17.369 I/Codec2InfoBuilder(  489): adding type 'video/mpeg2'
12-19 10:34:17.369 I/System.out(  807):  DC-uart  clear rubish  /dev/ttyS9
12-19 10:34:17.369 I/C2RKComponentFactory(  413): DestroyRKCodec2Factory enter
12-19 10:34:17.369 I/C2RKComponentFactory(  413): in version: git-7d45eaab18-kernel update rtl8852be driver build-time: 2025-05-07 17:11:36 running on rk3588_s
12-19 10:34:17.370 E/AppHibernationService(  619): Attempt to call isHibernatingForUser on stopped or nonexistent user 0
12-19 10:34:17.370 D/Codec2InfoBuilder(  489): component 'c2.rk.mpeg2.decoder.secure' not found in xml
12-19 10:34:17.370 I/C2RKComponentFactory(  413): DestroyRKCodec2Factory enter
12-19 10:34:17.370 I/C2RKComponentFactory(  413): in version: git-7d45eaab18-kernel update rtl8852be driver build-time: 2025-05-07 17:11:36 running on rk3588_s
12-19 10:34:17.371 I/Codec2InfoBuilder(  489): adding type 'video/x-vnd.on2.vp8'
12-19 10:34:17.371 I/C2RKComponentFactory(  413): DestroyRKCodec2Factory enter
12-19 10:34:17.371 I/C2RKComponentFactory(  413): in version: git-7d45eaab18-kernel update rtl8852be driver build-time: 2025-05-07 17:11:36 running on rk3588_s
12-19 10:34:17.372 D/Codec2InfoBuilder(  489): component 'c2.rk.vp8.decoder.secure' not found in xml
12-19 10:34:17.372 I/C2RKComponentFactory(  413): DestroyRKCodec2Factory enter
12-19 10:34:17.372 I/C2RKComponentFactory(  413): in version: git-7d45eaab18-kernel update rtl8852be driver build-time: 2025-05-07 17:11:36 running on rk3588_s
12-19 10:34:17.372 I/Codec2InfoBuilder(  489): adding type 'video/x-vnd.on2.vp9'
12-19 10:34:17.373 I/C2RKComponentFactory(  413): DestroyRKCodec2Factory enter
12-19 10:34:17.373 I/C2RKComponentFactory(  413): in version: git-7d45eaab18-kernel update rtl8852be driver build-time: 2025-05-07 17:11:36 running on rk3588_s
12-19 10:34:17.373 D/Codec2InfoBuilder(  489): component 'c2.rk.vp9.decoder.secure' not found in xml
12-19 10:34:17.373 I/C2RKComponentFactory(  413): DestroyRKCodec2Factory enter
12-19 10:34:17.373 V/C2Store (  503): in init
12-19 10:34:17.373 V/C2Store (  503): loading dll
12-19 10:34:17.374 I/Codec2InfoBuilder(  489): adding type 'audio/mp4a-latm'
12-19 10:34:17.375 V/C2Store (  503): in init
12-19 10:34:17.375 V/C2Store (  503): in ~ComponentModule
12-19 10:34:17.375 V/C2Store (  503): loading dll
12-19 10:34:17.375 V/C2Store (  503): unloading dll
12-19 10:34:17.370 I/testsu  ( 1165): type=1400 audit(0.0:123): avc: denied { search } for name="/" dev="mmcblk1p15" ino=2 scontext=u:r:platform_app:s0:c512,c768 tcontext=u:object_r:unlabeled:s0 tclass=dir permissive=1
12-19 10:34:17.370 I/testsu  ( 1165): type=1400 audit(0.0:124): avc: denied { setgid } for capability=6 scontext=u:r:platform_app:s0:c512,c768 tcontext=u:r:platform_app:s0:c512,c768 tclass=capability permissive=1
12-19 10:34:17.370 I/testsu  ( 1165): type=1400 audit(0.0:125): avc: denied { setuid } for capability=7 scontext=u:r:platform_app:s0:c512,c768 tcontext=u:r:platform_app:s0:c512,c768 tclass=capability permissive=1
12-19 10:34:17.375 I/Codec2InfoBuilder(  489): adding type 'audio/mp4a-latm'
12-19 10:34:17.376 V/C2Store (  503): in ~ComponentModule
12-19 10:34:17.376 V/C2Store (  503): unloading dll
12-19 10:34:17.376 V/C2Store (  503): in init
12-19 10:34:17.376 V/C2Store (  503): loading dll
12-19 10:34:17.376 I/Codec2InfoBuilder(  489): adding type 'audio/3gpp'
12-19 10:34:17.376 V/C2Store (  503): in ~ComponentModule
12-19 10:34:17.376 V/C2Store (  503): unloading dll
12-19 10:34:17.376 V/C2Store (  503): in init
12-19 10:34:17.377 V/C2Store (  503): loading dll
12-19 10:34:17.377 I/Codec2InfoBuilder(  489): adding type 'audio/3gpp'
12-19 10:34:17.377 V/C2Store (  503): in ~ComponentModule
12-19 10:34:17.377 V/C2Store (  503): unloading dll
12-19 10:34:17.377 V/C2Store (  503): in init
12-19 10:34:17.377 V/C2Store (  503): loading dll
12-19 10:34:17.377 I/Codec2InfoBuilder(  489): adding type 'audio/amr-wb'
12-19 10:34:17.378 V/C2Store (  503): in ~ComponentModule
12-19 10:34:17.378 V/C2Store (  503): unloading dll
12-19 10:34:17.378 V/C2Store (  503): in init
12-19 10:34:17.378 V/C2Store (  503): loading dll
12-19 10:34:17.378 I/Codec2InfoBuilder(  489): adding type 'audio/amr-wb'
12-19 10:34:17.378 V/C2Store (  503): in ~ComponentModule
12-19 10:34:17.378 V/C2Store (  503): unloading dll
12-19 10:34:17.378 V/C2Store (  503): in init
12-19 10:34:17.378 V/C2Store (  503): loading dll
12-19 10:34:17.379 D/Codec2InfoBuilder(  489): codec entry for 'c2.android.av1.decoder' is disabled
12-19 10:34:17.379 V/C2Store (  503): in ~ComponentModule
12-19 10:34:17.379 V/C2Store (  503): unloading dll
12-19 10:34:17.379 V/C2Store (  503): in init
12-19 10:34:17.379 V/C2Store (  503): loading dll
12-19 10:34:17.380 I/Codec2InfoBuilder(  489): adding type 'video/avc'
12-19 10:34:17.380 V/C2Store (  503): in init
12-19 10:34:17.380 V/C2Store (  503): loading dll
12-19 10:34:17.380 V/C2Store (  503): in ~ComponentModule
12-19 10:34:17.380 V/C2Store (  503): unloading dll
12-19 10:34:17.380 I/mediaswcodec(  503): missing struct descriptor #Param::CoreIndex(--004) for field values of struct #Param::CoreIndex(F-12004)
12-19 10:34:17.380 I/mediaswcodec(  503): missing struct descriptor #Param::CoreIndex(--1812) for field values of struct #Param::CoreIndex(F-11812)
12-19 10:34:17.381 I/mediaswcodec(  503): missing struct descriptor #Param::CoreIndex(--004) for field values of struct #Param::CoreIndex(F-12004)
12-19 10:34:17.381 I/mediaswcodec(  503): missing struct descriptor #Param::CoreIndex(--1812) for field values of struct #Param::CoreIndex(F-11812)
12-19 10:34:17.381 I/Codec2InfoBuilder(  489): adding type 'video/avc'
12-19 10:34:17.381 V/C2Store (  503): in init
12-19 10:34:17.381 V/C2Store (  503): loading dll
12-19 10:34:17.381 V/C2Store (  503): in ~ComponentModule
12-19 10:34:17.381 V/C2Store (  503): unloading dll
12-19 10:34:17.382 I/Codec2InfoBuilder(  489): adding type 'audio/flac'
12-19 10:34:17.382 V/C2Store (  503): in ~ComponentModule
12-19 10:34:17.382 V/C2Store (  503): unloading dll
12-19 10:34:17.382 V/C2Store (  503): in init
12-19 10:34:17.382 V/C2Store (  503): loading dll
12-19 10:34:17.376 I/rm      ( 1167): type=1400 audit(0.0:126): avc: denied { write } for name="/" dev="tmpfs" ino=1 scontext=u:r:platform_app:s0:c512,c768 tcontext=u:object_r:device:s0 tclass=dir permissive=1
12-19 10:34:17.380 I/rm      ( 1167): type=1400 audit(0.0:127): avc: denied { remove_name } for name="ttyS9" dev="tmpfs" ino=622 scontext=u:r:platform_app:s0:c512,c768 tcontext=u:object_r:device:s0 tclass=dir permissive=1
12-19 10:34:17.380 I/rm      ( 1167): type=1400 audit(0.0:128): avc: denied { unlink } for name="ttyS9" dev="tmpfs" ino=622 scontext=u:r:platform_app:s0:c512,c768 tcontext=u:object_r:serial_device:s0 tclass=lnk_file permissive=1
12-19 10:34:17.382 I/Codec2InfoBuilder(  489): adding type 'audio/flac'
12-19 10:34:17.382 V/C2Store (  503): in init
12-19 10:34:17.382 V/C2Store (  503): in ~ComponentModule
12-19 10:34:17.382 V/C2Store (  503): unloading dll
12-19 10:34:17.382 V/C2Store (  503): loading dll
12-19 10:34:17.383 I/System.out(  807): 0 DC-uart  is  :-1
12-19 10:34:17.383 I/System.out(  807): 1 DC-uart  is  :-1
12-19 10:34:17.383 I/System.out(  807): 2 DC-uart  is  :-1
12-19 10:34:17.383 I/System.out(  807): 3 DC-uart  is  :-1
12-19 10:34:17.383 I/Codec2InfoBuilder(  489): adding type 'audio/g711-alaw'
