12-19 10:34:16.651 V/GraphicsEnvironment(  790): Neither updatable production driver nor prerelease driver is supported.
12-19 10:34:16.651 D/NetworkSecurityConfig(  790): No Network Security Config specified, using platform default
12-19 10:34:16.652 D/NetworkSecurityConfig(  790): No Network Security Config specified, using platform default
12-19 10:34:16.656 I/OMXClient(  489): IOmx service obtained
12-19 10:34:16.656 I/OMXStore(  493): makeComponentInstance(OMX.google.amrnb.decoder) in android.hardwar process
12-19 10:34:16.672 I/netd    (  389): trafficSwapActiveStatsMap() <20.92ms>
12-19 10:34:16.672 W/NetworkPolicy(  619): setRestrictBackgroundUL: already false
12-19 10:34:16.673 I/netd    (  389): tetherGetStats() -> {[]} <0.64ms>
12-19 10:34:16.675 I/netd    (  389): bandwidthSetGlobalAlert(2097152) <0.88ms>
12-19 10:34:16.675 I/netd    (  389): firewallReplaceUidChain(fw_standby, false, []) -> {true} <0.04ms>
12-19 10:34:16.675 V/SystemServerTiming(  619): MakeNetworkStatsServiceReady took to complete: 27ms
12-19 10:34:16.675 D/SystemServerTiming(  619): MakeConnectivityServiceReady
12-19 10:34:16.675 D/PermissionMonitor(  619): Monitoring
12-19 10:34:16.678 D/PermissionMonitor(  619): Users: 1, Apps: 10
12-19 10:34:16.678 I/netd    (  389): networkSetPermissionForUser(1, [1002, 10063]) <0.01ms>
12-19 10:34:16.678 I/netd    (  389): networkSetPermissionForUser(2, [2000, 10049, 10034, 10019, 10052, 1000, 1001, 10047]) <0.00ms>
12-19 10:34:16.678 I/netd    (  389): trafficSetNetPermForUids(12, [1000, 1001, 1002, 1013, 2000, 10019]) <0.03ms>
12-19 10:34:16.678 I/netd    (  389): trafficSetNetPermForUids(4, [10015, 10021, 10023, 10028, 10029, 10033, 10034, 10035, 10043, 10047, 10048, 10049, 10054, 10055, 10057, 10062, 10068, 10073]) <0.11ms>
12-19 10:34:16.678 I/netd    (  389): trafficSetNetPermForUids(8, [1041, 1047, 10071]) <0.01ms>
12-19 10:34:16.678 I/netd    (  389): trafficSetNetPermForUids(0, [1068, 1073, 10000, 10001, 10002, 10003, 10004, 10005, 10006, 10007, 10008, 10009, 10010, 10011, 10012, 10013, 10014, 10016, 10017, 10018, 10020, 10022, 10024, 10025, 10026, 10027, 10030, 10031, 10032, 10036, 10037, 10038, 10039, 10040, 10041, 10042, 10044, 10045, 10046, 10050, 10051, 10052, 10053, 10056, 10058, 10059, 10060, 10061, 10063, 10064, 10065, 10066, 10067, 10069, 10070, 10072, 10074, 10075]) <0.04ms>
12-19 10:34:16.679 I/netd    (  389): registerUnsolicitedEventListener() <0.47ms>
12-19 10:34:16.680 V/SystemServerTiming(  619): MakeConnectivityServiceReady took to complete: 5ms
12-19 10:34:16.680 D/SystemServerTiming(  619): MakeVpnManagerServiceReady
12-19 10:34:16.680 D/ConnectivityService(  619): NetReassign [no changes]
12-19 10:34:16.680 W/BestClock(  619): java.time.DateTimeException: Missing NTP fix
12-19 10:34:16.682 D/ConnectivityService(  619): NetReassign [no changes]
12-19 10:34:16.682 I/netd    (  389): firewallReplaceUidChain(fw_standby, false, []) -> {true} <0.04ms>
12-19 10:34:16.682 V/SystemServerTiming(  619): MakeVpnManagerServiceReady took to complete: 2ms
12-19 10:34:16.682 D/SystemServerTiming(  619): MakeVcnManagementServiceReady
12-19 10:34:16.682 D/ConnectivityService(  619): Got NetworkProvider Messenger for VcnNetworkProvider
12-19 10:34:16.682 I/OMXClient(  489): IOmx service obtained
12-19 10:34:16.682 I/OMXStore(  493): makeComponentInstance(OMX.google.amrwb.decoder) in android.hardwar process
12-19 10:34:16.682 D/ConnectivityService(  619): NetReassign [no changes]
12-19 10:34:16.683 I/netd    (  389): firewallEnableChildChain(2, true) <0.02ms>
12-19 10:34:16.683 V/SystemServerTiming(  619): MakeVcnManagementServiceReady took to complete: 1ms
12-19 10:34:16.683 D/SystemServerTiming(  619): MakeNetworkPolicyServiceReady
12-19 10:34:16.683 I/OMXClient(  489): IOmx service obtained
12-19 10:34:16.683 I/OMXStore(  493): makeComponentInstance(OMX.google.flac.decoder) in android.hardwar process
12-19 10:34:16.684 I/netd    (  389): socketDestroy([], []) <0.77ms>
12-19 10:34:16.684 D/ConnectivityService(  619): NetReassign [no changes]
12-19 10:34:16.684 V/SystemServerTiming(  619): MakeNetworkPolicyServiceReady took to complete: 1ms
12-19 10:34:16.684 D/SystemServerTiming(  619): PhaseThirdPartyAppsCanStart
12-19 10:34:16.684 I/SystemServiceManager(  619): Starting phase 600
12-19 10:34:16.684 D/SystemServerTiming(  619): OnBootPhase_600
12-19 10:34:16.685 D/SystemServerTiming(  619): OnBootPhase_600_com.android.server.security.FileIntegrityService
12-19 10:34:16.685 V/SystemServerTiming(  619): OnBootPhase_600_com.android.server.security.FileIntegrityService took to complete: 0ms
12-19 10:34:16.685 D/SystemServerTiming(  619): OnBootPhase_600_com.android.server.pm.Installer
12-19 10:34:16.685 V/SystemServerTiming(  619): OnBootPhase_600_com.android.server.pm.Installer took to complete: 0ms
12-19 10:34:16.685 D/SystemServerTiming(  619): OnBootPhase_600_com.android.server.os.DeviceIdentifiersPolicyService
12-19 10:34:16.685 V/SystemServerTiming(  619): OnBootPhase_600_com.android.server.os.DeviceIdentifiersPolicyService took to complete: 0ms
12-19 10:34:16.685 D/SystemServerTiming(  619): OnBootPhase_600_com.android.server.uri.UriGrantsManagerService$Lifecycle
12-19 10:34:16.685 V/SystemServerTiming(  619): OnBootPhase_600_com.android.server.uri.UriGrantsManagerService$Lifecycle took to complete: 0ms
12-19 10:34:16.685 D/SystemServerTiming(  619): OnBootPhase_600_com.android.server.powerstats.PowerStatsService
12-19 10:34:16.685 V/SystemServerTiming(  619): OnBootPhase_600_com.android.server.powerstats.PowerStatsService took to complete: 0ms
12-19 10:34:16.685 D/SystemServerTiming(  619): OnBootPhase_600_com.android.server.wm.ActivityTaskManagerService$Lifecycle
12-19 10:34:16.685 V/SystemServerTiming(  619): OnBootPhase_600_com.android.server.wm.ActivityTaskManagerService$Lifecycle took to complete: 0ms
12-19 10:34:16.685 D/SystemServerTiming(  619): OnBootPhase_600_com.android.server.am.ActivityManagerService$Lifecycle
12-19 10:34:16.685 I/ExplicitHealthCheckController(  619): Explicit health checks enabled.
12-19 10:34:16.685 I/PackageWatchdog(  619): Syncing state, reason: health check state enabled
12-19 10:34:16.685 I/PackageWatchdog(  619): Not pruning observers, elapsed time: 0ms
12-19 10:34:16.685 I/PackageWatchdog(  619): Cancelling state sync, nothing to sync
12-19 10:34:16.685 I/PackageWatchdog(  619): Saving observer state to file
12-19 10:34:16.685 V/SystemServerTiming(  619): OnBootPhase_600_com.android.server.am.ActivityManagerService$Lifecycle took to complete: 0ms
12-19 10:34:16.685 D/SystemServerTiming(  619): OnBootPhase_600_com.android.server.pm.DataLoaderManagerService
12-19 10:34:16.685 V/SystemServerTiming(  619): OnBootPhase_600_com.android.server.pm.DataLoaderManagerService took to complete: 0ms
12-19 10:34:16.685 D/SystemServerTiming(  619): OnBootPhase_600_com.android.server.power.PowerManagerService
12-19 10:34:16.685 V/SystemServerTiming(  619): OnBootPhase_600_com.android.server.power.PowerManagerService took to complete: 0ms
12-19 10:34:16.685 D/SystemServerTiming(  619): OnBootPhase_600_com.android.server.power.ThermalManagerService
12-19 10:34:16.685 V/SystemServerTiming(  619): OnBootPhase_600_com.android.server.power.ThermalManagerService took to complete: 0ms
12-19 10:34:16.685 D/SystemServerTiming(  619): OnBootPhase_600_com.android.server.power.hint.HintManagerService
12-19 10:34:16.685 V/SystemServerTiming(  619): OnBootPhase_600_com.android.server.power.hint.HintManagerService took to complete: 0ms
12-19 10:34:16.685 D/SystemServerTiming(  619): OnBootPhase_600_com.android.server.recoverysystem.RecoverySystemService$Lifecycle
12-19 10:34:16.685 V/SystemServerTiming(  619): OnBootPhase_600_com.android.server.recoverysystem.RecoverySystemService$Lifecycle took to complete: 0ms
12-19 10:34:16.685 D/SystemServerTiming(  619): OnBootPhase_600_com.android.server.lights.LightsService
12-19 10:34:16.685 V/SystemServerTiming(  619): OnBootPhase_600_com.android.server.lights.LightsService took to complete: 0ms
12-19 10:34:16.685 D/SystemServerTiming(  619): OnBootPhase_600_com.android.server.display.DisplayManagerService
12-19 10:34:16.685 V/SystemServerTiming(  619): OnBootPhase_600_com.android.server.display.DisplayManagerService took to complete: 0ms
12-19 10:34:16.685 D/SystemServerTiming(  619): OnBootPhase_600_com.android.server.pm.verify.domain.DomainVerificationService
12-19 10:34:16.685 V/SystemServerTiming(  619): OnBootPhase_600_com.android.server.pm.verify.domain.DomainVerificationService took to complete: 0ms
12-19 10:34:16.685 D/SystemServerTiming(  619): OnBootPhase_600_com.android.server.pm.PackageInstallerService$Lifecycle
12-19 10:34:16.685 V/SystemServerTiming(  619): OnBootPhase_600_com.android.server.pm.PackageInstallerService$Lifecycle took to complete: 0ms
12-19 10:34:16.685 D/SystemServerTiming(  619): OnBootPhase_600_com.android.server.pm.UserManagerService$LifeCycle
12-19 10:34:16.685 V/SystemServerTiming(  619): OnBootPhase_600_com.android.server.pm.UserManagerService$LifeCycle took to complete: 0ms
12-19 10:34:16.685 D/SystemServerTiming(  619): OnBootPhase_600_com.android.server.om.OverlayManagerService
12-19 10:34:16.685 V/SystemServerTiming(  619): OnBootPhase_600_com.android.server.om.OverlayManagerService took to complete: 0ms
12-19 10:34:16.685 D/SystemServerTiming(  619): OnBootPhase_600_com.android.server.SensorPrivacyService
12-19 10:34:16.685 V/SystemServerTiming(  619): OnBootPhase_600_com.android.server.SensorPrivacyService took to complete: 0ms
12-19 10:34:16.685 D/SystemServerTiming(  619): OnBootPhase_600_com.android.server.sensors.SensorService
12-19 10:34:16.685 V/SystemServerTiming(  619): OnBootPhase_600_com.android.server.sensors.SensorService took to complete: 0ms
12-19 10:34:16.685 D/SystemServerTiming(  619): OnBootPhase_600_com.android.server.SystemConfigService
12-19 10:34:16.685 V/SystemServerTiming(  619): OnBootPhase_600_com.android.server.SystemConfigService took to complete: 0ms
12-19 10:34:16.685 D/SystemServerTiming(  619): OnBootPhase_600_com.android.server.BatteryService
12-19 10:34:16.685 V/SystemServerTiming(  619): OnBootPhase_600_com.android.server.BatteryService took to complete: 0ms
12-19 10:34:16.685 D/SystemServerTiming(  619): OnBootPhase_600_com.android.server.usage.UsageStatsService
12-19 10:34:16.685 V/SystemServerTiming(  619): OnBootPhase_600_com.android.server.usage.UsageStatsService took to complete: 0ms
12-19 10:34:16.685 D/SystemServerTiming(  619): OnBootPhase_600_com.android.server.webkit.WebViewUpdateService
12-19 10:34:16.686 V/SystemServerTiming(  619): OnBootPhase_600_com.android.server.webkit.WebViewUpdateService took to complete: 0ms
12-19 10:34:16.686 D/SystemServerTiming(  619): OnBootPhase_600_com.android.server.CachedDeviceStateService
12-19 10:34:16.686 V/SystemServerTiming(  619): OnBootPhase_600_com.android.server.CachedDeviceStateService took to complete: 0ms
12-19 10:34:16.686 D/SystemServerTiming(  619): OnBootPhase_600_com.android.server.BinderCallsStatsService$LifeCycle
12-19 10:34:16.686 V/SystemServerTiming(  619): OnBootPhase_600_com.android.server.BinderCallsStatsService$LifeCycle took to complete: 0ms
12-19 10:34:16.686 D/SystemServerTiming(  619): OnBootPhase_600_com.android.server.LooperStatsService$Lifecycle
12-19 10:34:16.686 V/SystemServerTiming(  619): OnBootPhase_600_com.android.server.LooperStatsService$Lifecycle took to complete: 0ms
12-19 10:34:16.686 D/SystemServerTiming(  619): OnBootPhase_600_com.android.server.rollback.RollbackManagerService
12-19 10:34:16.686 V/SystemServerTiming(  619): OnBootPhase_600_com.android.server.rollback.RollbackManagerService took to complete: 0ms
12-19 10:34:16.686 D/SystemServerTiming(  619): OnBootPhase_600_com.android.server.os.NativeTombstoneManagerService
12-19 10:34:16.686 V/SystemServerTiming(  619): OnBootPhase_600_com.android.server.os.NativeTombstoneManagerService took to complete: 0ms
12-19 10:34:16.686 D/SystemServerTiming(  619): OnBootPhase_600_com.android.server.os.BugreportManagerService
12-19 10:34:16.686 V/SystemServerTiming(  619): OnBootPhase_600_com.android.server.os.BugreportManagerService took to complete: 0ms
12-19 10:34:16.686 D/SystemServerTiming(  619): OnBootPhase_600_com.android.server.gpu.GpuService
12-19 10:34:16.686 V/SystemServerTiming(  619): OnBootPhase_600_com.android.server.gpu.GpuService took to complete: 0ms
12-19 10:34:16.686 D/SystemServerTiming(  619): OnBootPhase_600_com.android.server.security.KeyChainSystemService
12-19 10:34:16.686 V/SystemServerTiming(  619): OnBootPhase_600_com.android.server.security.KeyChainSystemService took to complete: 0ms
12-19 10:34:16.686 D/SystemServerTiming(  619): OnBootPhase_600_com.android.server.telecom.TelecomLoaderService
12-19 10:34:16.686 V/SystemServerTiming(  619): OnBootPhase_600_com.android.server.telecom.TelecomLoaderService took to complete: 0ms
12-19 10:34:16.686 D/SystemServerTiming(  619): OnBootPhase_600_com.android.server.accounts.AccountManagerService$Lifecycle
12-19 10:34:16.686 V/SystemServerTiming(  619): OnBootPhase_600_com.android.server.accounts.AccountManagerService$Lifecycle took to complete: 0ms
12-19 10:34:16.686 D/SystemServerTiming(  619): OnBootPhase_600_com.android.server.content.ContentService$Lifecycle
12-19 10:34:16.686 V/SystemServerTiming(  619): OnBootPhase_600_com.android.server.content.ContentService$Lifecycle took to complete: 0ms
12-19 10:34:16.686 D/SystemServerTiming(  619): OnBootPhase_600_com.android.server.DropBoxManagerService
12-19 10:34:16.686 V/SystemServerTiming(  619): OnBootPhase_600_com.android.server.DropBoxManagerService took to complete: 0ms
12-19 10:34:16.686 D/SystemServerTiming(  619): OnBootPhase_600_com.android.role.RoleService
12-19 10:34:16.686 V/SystemServerTiming(  619): OnBootPhase_600_com.android.role.RoleService took to complete: 0ms
12-19 10:34:16.686 D/SystemServerTiming(  619): OnBootPhase_600_com.android.server.vibrator.VibratorManagerService$Lifecycle
12-19 10:34:16.686 V/SystemServerTiming(  619): OnBootPhase_600_com.android.server.vibrator.VibratorManagerService$Lifecycle took to complete: 0ms
12-19 10:34:16.686 D/SystemServerTiming(  619): OnBootPhase_600_com.android.server.alarm.AlarmManagerService
12-19 10:34:16.686 V/SystemServerTiming(  619): OnBootPhase_600_com.android.server.alarm.AlarmManagerService took to complete: 0ms
12-19 10:34:16.686 D/SystemServerTiming(  619): OnBootPhase_600_com.android.server.devicestate.DeviceStateManagerService
12-19 10:34:16.686 V/SystemServerTiming(  619): OnBootPhase_600_com.android.server.devicestate.DeviceStateManagerService took to complete: 0ms
12-19 10:34:16.686 D/SystemServerTiming(  619): OnBootPhase_600_com.android.server.camera.CameraServiceProxy
12-19 10:34:16.686 V/SystemServerTiming(  619): OnBootPhase_600_com.android.server.camera.CameraServiceProxy took to complete: 0ms
12-19 10:34:16.686 D/SystemServerTiming(  619): OnBootPhase_600_com.android.server.BluetoothService
12-19 10:34:16.686 V/SystemServerTiming(  619): OnBootPhase_600_com.android.server.BluetoothService took to complete: 0ms
12-19 10:34:16.686 D/SystemServerTiming(  619): OnBootPhase_600_com.android.server.connectivity.IpConnectivityMetrics
12-19 10:34:16.686 V/SystemServerTiming(  619): OnBootPhase_600_com.android.server.connectivity.IpConnectivityMetrics took to complete: 0ms
12-19 10:34:16.686 D/SystemServerTiming(  619): OnBootPhase_600_com.android.server.net.watchlist.NetworkWatchlistService$Lifecycle
12-19 10:34:16.686 V/SystemServerTiming(  619): OnBootPhase_600_com.android.server.net.watchlist.NetworkWatchlistService$Lifecycle took to complete: 0ms
12-19 10:34:16.686 D/SystemServerTiming(  619): OnBootPhase_600_com.android.server.PinnerService
12-19 10:34:16.686 V/SystemServerTiming(  619): OnBootPhase_600_com.android.server.PinnerService took to complete: 0ms
12-19 10:34:16.686 D/SystemServerTiming(  619): OnBootPhase_600_com.google.android.startop.iorap.IorapForwardingService
12-19 10:34:16.686 V/SystemServerTiming(  619): OnBootPhase_600_com.google.android.startop.iorap.IorapForwardingService took to complete: 0ms
12-19 10:34:16.686 D/SystemServerTiming(  619): OnBootPhase_600_com.android.server.integrity.AppIntegrityManagerService
12-19 10:34:16.686 V/SystemServerTiming(  619): OnBootPhase_600_com.android.server.integrity.AppIntegrityManagerService took to complete: 0ms
12-19 10:34:16.686 D/SystemServerTiming(  619): OnBootPhase_600_com.android.server.inputmethod.InputMethodManagerService$Lifecycle
12-19 10:34:16.686 V/SystemServerTiming(  619): OnBootPhase_600_com.android.server.inputmethod.InputMethodManagerService$Lifecycle took to complete: 0ms
12-19 10:34:16.686 D/SystemServerTiming(  619): OnBootPhase_600_com.android.server.accessibility.AccessibilityManagerService$Lifecycle
12-19 10:34:16.686 V/SystemServerTiming(  619): OnBootPhase_600_com.android.server.accessibility.AccessibilityManagerService$Lifecycle took to complete: 0ms
12-19 10:34:16.686 D/SystemServerTiming(  619): OnBootPhase_600_com.android.server.StorageManagerService$Lifecycle
12-19 10:34:16.686 V/SystemServerTiming(  619): OnBootPhase_600_com.android.server.StorageManagerService$Lifecycle took to complete: 0ms
12-19 10:34:16.686 D/SystemServerTiming(  619): OnBootPhase_600_com.android.server.usage.StorageStatsService$Lifecycle
12-19 10:34:16.686 V/SystemServerTiming(  619): OnBootPhase_600_com.android.server.usage.StorageStatsService$Lifecycle took to complete: 0ms
12-19 10:34:16.686 D/SystemServerTiming(  619): OnBootPhase_600_com.android.server.UiModeManagerService
12-19 10:34:16.686 V/SystemServerTiming(  619): OnBootPhase_600_com.android.server.UiModeManagerService took to complete: 0ms
12-19 10:34:16.686 D/SystemServerTiming(  619): OnBootPhase_600_com.android.server.locksettings.LockSettingsService$Lifecycle
12-19 10:34:16.686 V/SystemServerTiming(  619): OnBootPhase_600_com.android.server.locksettings.LockSettingsService$Lifecycle took to complete: 0ms
12-19 10:34:16.686 D/SystemServerTiming(  619): OnBootPhase_600_com.android.server.testharness.TestHarnessModeService
12-19 10:34:16.686 V/SystemServerTiming(  619): OnBootPhase_600_com.android.server.testharness.TestHarnessModeService took to complete: 0ms
12-19 10:34:16.686 D/SystemServerTiming(  619): OnBootPhase_600_com.android.server.DeviceIdleController
12-19 10:34:16.686 V/SystemServerTiming(  619): OnBootPhase_600_com.android.server.DeviceIdleController took to complete: 0ms
12-19 10:34:16.686 D/SystemServerTiming(  619): OnBootPhase_600_com.android.server.devicepolicy.DevicePolicyManagerService$Lifecycle
12-19 10:34:16.686 V/SystemServerTiming(  619): OnBootPhase_600_com.android.server.devicepolicy.DevicePolicyManagerService$Lifecycle took to complete: 0ms
12-19 10:34:16.686 D/SystemServerTiming(  619): OnBootPhase_600_com.android.server.texttospeech.TextToSpeechManagerService
12-19 10:34:16.686 V/SystemServerTiming(  619): OnBootPhase_600_com.android.server.texttospeech.TextToSpeechManagerService took to complete: 0ms
12-19 10:34:16.686 D/SystemServerTiming(  619): OnBootPhase_600_com.android.server.speech.SpeechRecognitionManagerService
12-19 10:34:16.686 V/SystemServerTiming(  619): OnBootPhase_600_com.android.server.speech.SpeechRecognitionManagerService took to complete: 0ms
12-19 10:34:16.686 D/SystemServerTiming(  619): OnBootPhase_600_com.android.server.searchui.SearchUiManagerService
12-19 10:34:16.686 V/SystemServerTiming(  619): OnBootPhase_600_com.android.server.searchui.SearchUiManagerService took to complete: 0ms
12-19 10:34:16.686 D/SystemServerTiming(  619): OnBootPhase_600_com.android.server.smartspace.SmartspaceManagerService
12-19 10:34:16.686 V/SystemServerTiming(  619): OnBootPhase_600_com.android.server.smartspace.SmartspaceManagerService took to complete: 0ms
12-19 10:34:16.686 D/SystemServerTiming(  619): OnBootPhase_600_com.android.server.graphics.fonts.FontManagerService$Lifecycle
12-19 10:34:16.686 V/SystemServerTiming(  619): OnBootPhase_600_com.android.server.graphics.fonts.FontManagerService$Lifecycle took to complete: 0ms
12-19 10:34:16.686 D/SystemServerTiming(  619): OnBootPhase_600_com.android.server.textservices.TextServicesManagerService$Lifecycle
12-19 10:34:16.686 V/SystemServerTiming(  619): OnBootPhase_600_com.android.server.textservices.TextServicesManagerService$Lifecycle took to complete: 0ms
12-19 10:34:16.686 D/SystemServerTiming(  619): OnBootPhase_600_com.android.server.textclassifier.TextClassificationManagerService$Lifecycle
12-19 10:34:16.686 V/SystemServerTiming(  619): OnBootPhase_600_com.android.server.textclassifier.TextClassificationManagerService$Lifecycle took to complete: 0ms
12-19 10:34:16.686 D/SystemServerTiming(  619): OnBootPhase_600_com.android.server.NetworkScoreService$Lifecycle
12-19 10:34:16.686 V/SystemServerTiming(  619): OnBootPhase_600_com.android.server.NetworkScoreService$Lifecycle took to complete: 0ms
12-19 10:34:16.687 D/SystemServerTiming(  619): OnBootPhase_600_com.android.server.wifi.WifiService
12-19 10:34:16.687 V/SystemServerTiming(  619): OnBootPhase_600_com.android.server.wifi.WifiService took to complete: 0ms
12-19 10:34:16.687 D/SystemServerTiming(  619): OnBootPhase_600_com.android.server.wifi.scanner.WifiScanningService
12-19 10:34:16.687 V/SystemServerTiming(  619): OnBootPhase_600_com.android.server.wifi.scanner.WifiScanningService took to complete: 0ms
12-19 10:34:16.687 D/SystemServerTiming(  619): OnBootPhase_600_com.android.server.wifi.p2p.WifiP2pService
12-19 10:34:16.687 V/SystemServerTiming(  619): OnBootPhase_600_com.android.server.wifi.p2p.WifiP2pService took to complete: 0ms
12-19 10:34:16.687 D/SystemServerTiming(  619): OnBootPhase_600_com.android.server.ethernet.EthernetService
12-19 10:34:16.687 V/SystemServerTiming(  619): OnBootPhase_600_com.android.server.ethernet.EthernetService took to complete: 0ms
12-19 10:34:16.687 D/SystemServerTiming(  619): OnBootPhase_600_com.android.server.ConnectivityServiceInitializer
12-19 10:34:16.687 V/SystemServerTiming(  619): OnBootPhase_600_com.android.server.ConnectivityServiceInitializer took to complete: 0ms
12-19 10:34:16.687 D/SystemServerTiming(  619): OnBootPhase_600_com.android.server.notification.NotificationManagerService
12-19 10:34:16.687 V/SystemServerTiming(  619): OnBootPhase_600_com.android.server.notification.NotificationManagerService took to complete: 0ms
12-19 10:34:16.687 D/SystemServerTiming(  619): OnBootPhase_600_com.android.server.storage.DeviceStorageMonitorService
12-19 10:34:16.687 V/SystemServerTiming(  619): OnBootPhase_600_com.android.server.storage.DeviceStorageMonitorService took to complete: 0ms
12-19 10:34:16.687 D/SystemServerTiming(  619): OnBootPhase_600_com.android.server.location.LocationManagerService$Lifecycle
12-19 10:34:16.688 W/LocationManagerService(  619): no network location provider found
12-19 10:34:16.688 I/ServiceWatcher(  619): [fused] chose new implementation 1000/com.android.location.fused/.FusedLocationService@0
12-19 10:34:16.689 E/AppHibernationService(  619): Attempt to call isHibernatingForUser on stopped or nonexistent user 0
12-19 10:34:16.689 E/servicemanager(  300): Could not find android.hardware.gnss.IGnss/default in the VINTF manifest.
12-19 10:34:16.689 D/GnssLocationProviderJni(  619): Trying IGnss_V2_1::getService()
12-19 10:34:16.689 I/hwservicemanager(  301): getTransport: Cannot find entry android.hardware.gnss@2.1::IGnss/default in either framework or device VINTF manifest.
12-19 10:34:16.689 D/GnssLocationProviderJni(  619): gnssHal 2.1 was null, trying 2.0
12-19 10:34:16.690 I/hwservicemanager(  301): getTransport: Cannot find entry android.hardware.gnss@2.0::IGnss/default in either framework or device VINTF manifest.
12-19 10:34:16.690 D/GnssLocationProviderJni(  619): gnssHal 2.0 was null, trying 1.1
12-19 10:34:16.690 I/hwservicemanager(  301): getTransport: Cannot find entry android.hardware.gnss@1.1::IGnss/default in either framework or device VINTF manifest.
12-19 10:34:16.690 D/GnssLocationProviderJni(  619): gnssHal 1.1 was null, trying 1.0
12-19 10:34:16.690 I/hwservicemanager(  301): getTransport: Cannot find entry android.hardware.gnss@1.0::IGnss/default in either framework or device VINTF manifest.
12-19 10:34:16.690 E/LocationManagerService(  619): no geocoder provider found
12-19 10:34:16.690 E/ActivityRecognitionHardware(  619): activity_recognition HAL is deprecated. is_supported is effectively a no-op
12-19 10:34:16.690 E/LocationManagerService(  619): unable to bind ActivityRecognitionProxy
12-19 10:34:16.690 V/SystemServerTiming(  619): OnBootPhase_600_com.android.server.location.LocationManagerService$Lifecycle took to complete: 4ms
12-19 10:34:16.690 D/SystemServerTiming(  619): OnBootPhase_600_com.android.server.timedetector.TimeDetectorService$Lifecycle
12-19 10:34:16.691 V/SystemServerTiming(  619): OnBootPhase_600_com.android.server.timedetector.TimeDetectorService$Lifecycle took to complete: 0ms
12-19 10:34:16.691 D/SystemServerTiming(  619): OnBootPhase_600_com.android.server.timezonedetector.TimeZoneDetectorService$Lifecycle
12-19 10:34:16.691 V/SystemServerTiming(  619): OnBootPhase_600_com.android.server.timezonedetector.TimeZoneDetectorService$Lifecycle took to complete: 0ms
12-19 10:34:16.691 D/SystemServerTiming(  619): OnBootPhase_600_com.android.server.timezonedetector.location.LocationTimeZoneManagerService$Lifecycle
12-19 10:34:16.691 V/SystemServerTiming(  619): OnBootPhase_600_com.android.server.timezonedetector.location.LocationTimeZoneManagerService$Lifecycle took to complete: 0ms
12-19 10:34:16.691 D/SystemServerTiming(  619): OnBootPhase_600_com.android.server.search.SearchManagerService$Lifecycle
12-19 10:34:16.691 V/SystemServerTiming(  619): OnBootPhase_600_com.android.server.search.SearchManagerService$Lifecycle took to complete: 0ms
12-19 10:34:16.691 D/SystemServerTiming(  619): OnBootPhase_600_com.android.server.wallpaper.WallpaperManagerService$Lifecycle
12-19 10:34:16.691 D/WallpaperManagerService(  619): switch-user-0
12-19 10:34:16.691 V/WallpaperManagerService(  619): bindWallpaperComponentLocked: componentName=ComponentInfo{com.android.systemui/com.android.systemui.ImageWallpaper}
12-19 10:34:16.692 V/WallpaperManagerService(  619): switch-user-0 took to complete: 1ms
12-19 10:34:16.692 V/SystemServerTiming(  619): OnBootPhase_600_com.android.server.wallpaper.WallpaperManagerService$Lifecycle took to complete: 1ms
12-19 10:34:16.692 D/SystemServerTiming(  619): OnBootPhase_600_com.android.server.audio.AudioService$Lifecycle
12-19 10:34:16.692 V/SystemServerTiming(  619): OnBootPhase_600_com.android.server.audio.AudioService$Lifecycle took to complete: 0ms
12-19 10:34:16.692 D/SystemServerTiming(  619): OnBootPhase_600_com.android.server.soundtrigger_middleware.SoundTriggerMiddlewareService$Lifecycle
12-19 10:34:16.692 V/SystemServerTiming(  619): OnBootPhase_600_com.android.server.soundtrigger_middleware.SoundTriggerMiddlewareService$Lifecycle took to complete: 0ms
12-19 10:34:16.692 D/SystemServerTiming(  619): OnBootPhase_600_com.android.server.DockObserver
12-19 10:34:16.692 V/SystemServerTiming(  619): OnBootPhase_600_com.android.server.DockObserver took to complete: 0ms
12-19 10:34:16.692 D/SystemServerTiming(  619): OnBootPhase_600_com.android.server.adb.AdbService$Lifecycle
12-19 10:34:16.692 V/SystemServerTiming(  619): OnBootPhase_600_com.android.server.adb.AdbService$Lifecycle took to complete: 0ms
12-19 10:34:16.692 D/SystemServerTiming(  619): OnBootPhase_600_com.android.server.usb.UsbService$Lifecycle
12-19 10:34:16.692 V/SystemServerTiming(  619): OnBootPhase_600_com.android.server.usb.UsbService$Lifecycle took to complete: 0ms
12-19 10:34:16.692 D/SystemServerTiming(  619): OnBootPhase_600_com.android.server.twilight.TwilightService
12-19 10:34:16.692 V/SystemServerTiming(  619): OnBootPhase_600_com.android.server.twilight.TwilightService took to complete: 0ms
12-19 10:34:16.692 D/SystemServerTiming(  619): OnBootPhase_600_com.android.server.display.color.ColorDisplayService
12-19 10:34:16.692 V/SystemServerTiming(  619): OnBootPhase_600_com.android.server.display.color.ColorDisplayService took to complete: 0ms
12-19 10:34:16.692 D/SystemServerTiming(  619): OnBootPhase_600_com.android.server.job.JobSchedulerService
12-19 10:34:16.692 V/GraphicsEnvironment(  807): ANGLE Developer option for 'com.android.systemui' set to: 'default'
12-19 10:34:16.692 V/GraphicsEnvironment(  807): ANGLE GameManagerService for com.android.systemui: false
12-19 10:34:16.692 V/GraphicsEnvironment(  807): Neither updatable production driver nor prerelease driver is supported.
12-19 10:34:16.692 V/SystemServerTiming(  619): OnBootPhase_600_com.android.server.job.JobSchedulerService took to complete: 0ms
12-19 10:34:16.692 D/SystemServerTiming(  619): OnBootPhase_600_com.android.server.soundtrigger.SoundTriggerService
12-19 10:34:16.692 D/SoundTriggerService(  619): onBootPhase: 600 : false
12-19 10:34:16.692 V/SystemServerTiming(  619): OnBootPhase_600_com.android.server.soundtrigger.SoundTriggerService took to complete: 0ms
12-19 10:34:16.692 D/SystemServerTiming(  619): OnBootPhase_600_com.android.server.trust.TrustManagerService
12-19 10:34:16.692 D/NetworkSecurityConfig(  807): No Network Security Config specified, using platform default
12-19 10:34:16.692 D/NetworkSecurityConfig(  807): No Network Security Config specified, using platform default
12-19 10:34:16.693 I/keystore2(  336): keystore2::authorization: on_lock_screen_event(LockScreenEvent(0), user_id=0, password.is_some()=false, unlocking_sids=Some([]))
12-19 10:34:16.693 V/SystemServerTiming(  619): OnBootPhase_600_com.android.server.trust.TrustManagerService took to complete: 1ms
12-19 10:34:16.693 D/SystemServerTiming(  619): OnBootPhase_600_com.android.server.backup.BackupManagerService$Lifecycle
12-19 10:34:16.693 V/SystemServerTiming(  619): OnBootPhase_600_com.android.server.backup.BackupManagerService$Lifecycle took to complete: 0ms
12-19 10:34:16.693 D/SystemServerTiming(  619): OnBootPhase_600_com.android.server.appwidget.AppWidgetService
12-19 10:34:16.693 V/SystemServerTiming(  619): OnBootPhase_600_com.android.server.appwidget.AppWidgetService took to complete: 0ms
12-19 10:34:16.693 D/SystemServerTiming(  619): OnBootPhase_600_com.android.server.voiceinteraction.VoiceInteractionManagerService
12-19 10:34:16.694 V/SystemServerTiming(  619): OnBootPhase_600_com.android.server.voiceinteraction.VoiceInteractionManagerService took to complete: 1ms
12-19 10:34:16.694 D/SystemServerTiming(  619): OnBootPhase_600_com.android.server.apphibernation.AppHibernationService
12-19 10:34:16.694 V/SystemServerTiming(  619): OnBootPhase_600_com.android.server.apphibernation.AppHibernationService took to complete: 0ms
12-19 10:34:16.694 D/SystemServerTiming(  619): OnBootPhase_600_com.android.server.GestureLauncherService
12-19 10:34:16.694 V/SystemServerTiming(  619): OnBootPhase_600_com.android.server.GestureLauncherService took to complete: 0ms
12-19 10:34:16.694 D/SystemServerTiming(  619): OnBootPhase_600_com.android.server.SensorNotificationService
12-19 10:34:16.695 V/SystemServerTiming(  619): OnBootPhase_600_com.android.server.SensorNotificationService took to complete: 1ms
12-19 10:34:16.695 D/SystemServerTiming(  619): OnBootPhase_600_com.android.server.emergency.EmergencyAffordanceService
12-19 10:34:16.695 V/SystemServerTiming(  619): OnBootPhase_600_com.android.server.emergency.EmergencyAffordanceService took to complete: 0ms
12-19 10:34:16.695 D/SystemServerTiming(  619): OnBootPhase_600_com.android.server.blob.BlobStoreManagerService
12-19 10:34:16.695 V/AdapterServiceConfig(  790): Adding A2dpService
12-19 10:34:16.695 V/AdapterServiceConfig(  790): Adding HidHostService
12-19 10:34:16.695 V/AdapterServiceConfig(  790): Adding PanService
12-19 10:34:16.695 V/AdapterServiceConfig(  790): Adding GattService
12-19 10:34:16.695 V/AdapterServiceConfig(  790): Adding AvrcpTargetService
12-19 10:34:16.695 V/AdapterServiceConfig(  790): Adding HidDeviceService
12-19 10:34:16.695 V/AdapterServiceConfig(  790): Adding BluetoothOppService
12-19 10:34:16.695 V/SystemServerTiming(  619): OnBootPhase_600_com.android.server.blob.BlobStoreManagerService took to complete: 0ms
12-19 10:34:16.695 D/SystemServerTiming(  619): OnBootPhase_600_com.android.server.dreams.DreamManagerService
12-19 10:34:16.695 V/SystemServerTiming(  619): OnBootPhase_600_com.android.server.dreams.DreamManagerService took to complete: 0ms
12-19 10:34:16.695 D/SystemServerTiming(  619): OnBootPhase_600_com.android.server.print.PrintManagerService
12-19 10:34:16.695 V/SystemServerTiming(  619): OnBootPhase_600_com.android.server.print.PrintManagerService took to complete: 0ms
12-19 10:34:16.695 D/SystemServerTiming(  619): OnBootPhase_600_com.android.server.companion.CompanionDeviceManagerService
12-19 10:34:16.696 V/SystemServerTiming(  619): OnBootPhase_600_com.android.server.companion.CompanionDeviceManagerService took to complete: 0ms
12-19 10:34:16.696 D/SystemServerTiming(  619): OnBootPhase_600_com.android.server.restrictions.RestrictionsManagerService
12-19 10:34:16.696 V/SystemServerTiming(  619): OnBootPhase_600_com.android.server.restrictions.RestrictionsManagerService took to complete: 0ms
12-19 10:34:16.696 D/SystemServerTiming(  619): OnBootPhase_600_com.android.server.media.MediaSessionService
12-19 10:34:16.696 V/SystemServerTiming(  619): OnBootPhase_600_com.android.server.media.MediaSessionService took to complete: 0ms
12-19 10:34:16.696 D/SystemServerTiming(  619): OnBootPhase_600_com.android.server.tv.TvInputManagerService
12-19 10:34:16.696 D/TvInputManagerService(  619): buildTvInputList
12-19 10:34:16.696 V/SystemServerTiming(  619): OnBootPhase_600_com.android.server.tv.TvInputManagerService took to complete: 0ms
12-19 10:34:16.696 D/SystemServerTiming(  619): OnBootPhase_600_com.android.server.media.MediaResourceMonitorService
12-19 10:34:16.696 V/SystemServerTiming(  619): OnBootPhase_600_com.android.server.media.MediaResourceMonitorService took to complete: 0ms
12-19 10:34:16.696 D/SystemServerTiming(  619): OnBootPhase_600_com.android.server.biometrics.BiometricService
12-19 10:34:16.696 V/SystemServerTiming(  619): OnBootPhase_600_com.android.server.biometrics.BiometricService took to complete: 0ms
12-19 10:34:16.696 D/SystemServerTiming(  619): OnBootPhase_600_com.android.server.biometrics.AuthService
12-19 10:34:16.696 V/SystemServerTiming(  619): OnBootPhase_600_com.android.server.biometrics.AuthService took to complete: 0ms
12-19 10:34:16.696 D/SystemServerTiming(  619): OnBootPhase_600_com.android.server.pm.ShortcutService$Lifecycle
12-19 10:34:16.696 V/SystemServerTiming(  619): OnBootPhase_600_com.android.server.pm.ShortcutService$Lifecycle took to complete: 0ms
12-19 10:34:16.696 D/SystemServerTiming(  619): OnBootPhase_600_com.android.server.pm.LauncherAppsService
12-19 10:34:16.696 V/SystemServerTiming(  619): OnBootPhase_600_com.android.server.pm.LauncherAppsService took to complete: 0ms
12-19 10:34:16.696 D/SystemServerTiming(  619): OnBootPhase_600_com.android.server.pm.CrossProfileAppsService
12-19 10:34:16.696 V/SystemServerTiming(  619): OnBootPhase_600_com.android.server.pm.CrossProfileAppsService took to complete: 0ms
12-19 10:34:16.696 D/SystemServerTiming(  619): OnBootPhase_600_com.android.server.people.PeopleService
12-19 10:34:16.696 V/SystemServerTiming(  619): OnBootPhase_600_com.android.server.people.PeopleService took to complete: 0ms
12-19 10:34:16.696 D/SystemServerTiming(  619): OnBootPhase_600_com.android.server.media.metrics.MediaMetricsManagerService
12-19 10:34:16.696 V/SystemServerTiming(  619): OnBootPhase_600_com.android.server.media.metrics.MediaMetricsManagerService took to complete: 0ms
12-19 10:34:16.696 D/SystemServerTiming(  619): OnBootPhase_600_com.android.server.media.projection.MediaProjectionManagerService
12-19 10:34:16.696 V/SystemServerTiming(  619): OnBootPhase_600_com.android.server.media.projection.MediaProjectionManagerService took to complete: 0ms
12-19 10:34:16.696 D/SystemServerTiming(  619): OnBootPhase_600_com.android.server.slice.SliceManagerService$Lifecycle
12-19 10:34:16.696 V/SystemServerTiming(  619): OnBootPhase_600_com.android.server.slice.SliceManagerService$Lifecycle took to complete: 0ms
12-19 10:34:16.696 D/SystemServerTiming(  619): OnBootPhase_600_com.android.server.stats.StatsCompanion$Lifecycle
12-19 10:34:16.696 W/AlarmManager(  619): Unrecognized alarm listener com.android.server.stats.StatsCompanionService$AnomalyAlarmListener@c243d31
12-19 10:34:16.696 W/AlarmManager(  619): Unrecognized alarm listener com.android.server.stats.StatsCompanionService$PullingAlarmListener@af92c16
12-19 10:34:16.696 W/AlarmManager(  619): Unrecognized alarm listener com.android.server.stats.StatsCompanionService$PeriodicAlarmListener@68aa997
12-19 10:34:16.699 V/SystemUIService(  807): SystemUIApplication constructed.
12-19 10:34:16.699 I/StatsCompanionService(  619): Told statsd that StatsCompanionService is alive.
12-19 10:34:16.699 V/SystemServerTiming(  619): OnBootPhase_600_com.android.server.stats.StatsCompanion$Lifecycle took to complete: 3ms
12-19 10:34:16.699 D/SystemServerTiming(  619): OnBootPhase_600_com.android.server.scheduling.RebootReadinessManagerService$Lifecycle
12-19 10:34:16.699 V/SystemServerTiming(  619): OnBootPhase_600_com.android.server.scheduling.RebootReadinessManagerService$Lifecycle took to complete: 0ms
12-19 10:34:16.699 D/SystemServerTiming(  619): OnBootPhase_600_com.android.server.stats.pull.StatsPullAtomService
12-19 10:34:16.699 V/SystemServerTiming(  619): OnBootPhase_600_com.android.server.stats.pull.StatsPullAtomService took to complete: 0ms
12-19 10:34:16.699 D/SystemServerTiming(  619): OnBootPhase_600_com.android.server.incident.IncidentCompanionService
12-19 10:34:16.699 V/SystemServerTiming(  619): OnBootPhase_600_com.android.server.incident.IncidentCompanionService took to complete: 0ms
12-19 10:34:16.699 D/SystemServerTiming(  619): OnBootPhase_600_com.android.server.MmsServiceBroker
12-19 10:34:16.699 V/SystemServerTiming(  619): OnBootPhase_600_com.android.server.MmsServiceBroker took to complete: 0ms
12-19 10:34:16.699 D/SystemServerTiming(  619): OnBootPhase_600_com.android.server.autofill.AutofillManagerService
12-19 10:34:16.700 D/StatsPullAtomService(  619): Registering NetworkStats pullers with statsd
12-19 10:34:16.700 V/SystemServerTiming(  619): OnBootPhase_600_com.android.server.autofill.AutofillManagerService took to complete: 0ms
12-19 10:34:16.700 D/SystemServerTiming(  619): OnBootPhase_600_com.android.server.clipboard.ClipboardService
12-19 10:34:16.700 V/SystemServerTiming(  619): OnBootPhase_600_com.android.server.clipboard.ClipboardService took to complete: 0ms
12-19 10:34:16.700 D/SystemServerTiming(  619): OnBootPhase_600_com.android.server.appbinding.AppBindingService$Lifecycle
12-19 10:34:16.700 V/SystemServerTiming(  619): OnBootPhase_600_com.android.server.appbinding.AppBindingService$Lifecycle took to complete: 0ms
12-19 10:34:16.700 D/SystemServerTiming(  619): OnBootPhase_600_com.android.server.tracing.TracingServiceProxy
12-19 10:34:16.700 V/SystemServerTiming(  619): OnBootPhase_600_com.android.server.tracing.TracingServiceProxy took to complete: 0ms
12-19 10:34:16.700 D/SystemServerTiming(  619): OnBootPhase_600_com.android.server.policy.PermissionPolicyService
12-19 10:34:16.700 V/SystemServerTiming(  619): OnBootPhase_600_com.android.server.policy.PermissionPolicyService took to complete: 0ms
12-19 10:34:16.700 D/SystemServerTiming(  619): OnBootPhase_600_com.android.server.pm.StagingManager$Lifecycle
12-19 10:34:16.700 V/SystemServerTiming(  619): OnBootPhase_600_com.android.server.pm.StagingManager$Lifecycle took to complete: 0ms
12-19 10:34:16.700 D/SystemServerTiming(  619): OnBootPhase_600_com.android.server.app.GameManagerService$Lifecycle
12-19 10:34:16.700 V/SystemServerTiming(  619): OnBootPhase_600_com.android.server.app.GameManagerService$Lifecycle took to complete: 0ms
12-19 10:34:16.700 D/SystemServerTiming(  619): OnBootPhase_600_com.android.server.appsearch.AppSearchManagerService
12-19 10:34:16.700 V/SystemServerTiming(  619): OnBootPhase_600_com.android.server.appsearch.AppSearchManagerService took to complete: 0ms
12-19 10:34:16.700 D/SystemServerTiming(  619): OnBootPhase_600_com.android.server.media.MediaCommunicationService
12-19 10:34:16.700 V/SystemServerTiming(  619): OnBootPhase_600_com.android.server.media.MediaCommunicationService took to complete: 0ms
12-19 10:34:16.700 D/SystemServerTiming(  619): OnBootPhase_600_com.android.server.compat.overrides.AppCompatOverridesService$Lifecycle
12-19 10:34:16.700 V/SystemServerTiming(  619): OnBootPhase_600_com.android.server.compat.overrides.AppCompatOverridesService$Lifecycle took to complete: 0ms
12-19 10:34:16.700 V/SystemServerTiming(  619): OnBootPhase_600 took to complete: 15ms
12-19 10:34:16.700 V/SystemServerTiming(  619): PhaseThirdPartyAppsCanStart took to complete: 15ms
12-19 10:34:16.700 D/SystemServerTiming(  619): StartNetworkStack
12-19 10:34:16.700 D/ConnectivityModuleConnector(  619): Starting networking module android.net.INetworkStackConnector
12-19 10:34:16.700 D/ConnectivityModuleConnector(  619): Starting networking module in system_server process
12-19 10:34:16.701 E/AppHibernationService(  619): Attempt to call isHibernatingForUser on stopped or nonexistent user 0
12-19 10:34:16.702 D/ConnectivityModuleConnector(  619): Networking module service start requested
12-19 10:34:16.702 V/SystemServerTiming(  619): StartNetworkStack took to complete: 2ms
12-19 10:34:16.702 D/SystemServerTiming(  619): StartTethering
12-19 10:34:16.702 D/ConnectivityModuleConnector(  619): Starting networking module android.net.ITetheringConnector
12-19 10:34:16.702 D/ConnectivityModuleConnector(  619): Starting networking module in system_server process
12-19 10:34:16.702 E/AppHibernationService(  619): Attempt to call isHibernatingForUser on stopped or nonexistent user 0
12-19 10:34:16.702 D/ConnectivityModuleConnector(  619): Networking module service start requested
12-19 10:34:16.702 V/SystemServerTiming(  619): StartTethering took to complete: 0ms
12-19 10:34:16.702 D/SystemServerTiming(  619): MakeCountryDetectionServiceReady
12-19 10:34:16.703 V/SystemServerTiming(  619): MakeCountryDetectionServiceReady took to complete: 1ms
12-19 10:34:16.703 D/SystemServerTiming(  619): MakeNetworkTimeUpdateReady
12-19 10:34:16.703 I/OMXClient(  489): IOmx service obtained
12-19 10:34:16.703 I/OMXStore(  493): makeComponentInstance(OMX.google.g711.alaw.decoder) in android.hardwar process
12-19 10:34:16.703 W/StorageManagerService(  619): No primary storage defined yet; hacking together a stub
12-19 10:34:16.703 D/ConnectivityService(  619): requestNetwork for uid/pid:1000/619 activeRequest: null callbackRequest: 13 [NetworkRequest [ REQUEST id=14, [ Capabilities: INTERNET&NOT_RESTRICTED&TRUSTED&NOT_VCN_MANAGED Uid: 1000 RequestorUid: 1000 RequestorPkg: android] ]] callback flags: 0 priority: 2147483647
12-19 10:34:16.704 V/SystemServerTiming(  619): MakeNetworkTimeUpdateReady took to complete: 1ms
12-19 10:34:16.704 D/ConnectivityService(  619): NetReassign [no changes]
12-19 10:34:16.704 D/SystemServerTiming(  619): MakeInputManagerServiceReady
12-19 10:34:16.704 D/Ethernet(  619): got request NetworkRequest [ REQUEST id=14, [ Capabilities: INTERNET&NOT_RESTRICTED&TRUSTED&NOT_VCN_MANAGED Uid: 1000 RequestorUid: 1000 RequestorPkg: android] ]
12-19 10:34:16.704 D/EthernetNetworkFactory(  619): acceptRequest, request: NetworkRequest [ REQUEST id=14, [ Capabilities: INTERNET&NOT_RESTRICTED&TRUSTED&NOT_VCN_MANAGED Uid: 1000 RequestorUid: 1000 RequestorPkg: android] ]
12-19 10:34:16.704 I/EthernetNetworkFactory(  619): networkForRequest, request: NetworkRequest [ REQUEST id=14, [ Capabilities: INTERNET&NOT_RESTRICTED&TRUSTED&NOT_VCN_MANAGED Uid: 1000 RequestorUid: 1000 RequestorPkg: android] ], network: null
12-19 10:34:16.704 W/BestClock(  619): java.time.DateTimeException: Missing NTP fix
12-19 10:34:16.700 I/system_server(  619): type=1400 audit(0.0:104): avc: denied { write } for name="delay_on" dev="sysfs" ino=44249 scontext=u:r:system_server:s0 tcontext=u:object_r:sysfs:s0 tclass=file permissive=1
12-19 10:34:16.700 I/system_server(  619): type=1400 audit(0.0:105): avc: denied { open } for path="/sys/devices/platform/leds/leds/work/delay_on" dev="sysfs" ino=44249 scontext=u:r:system_server:s0 tcontext=u:object_r:sysfs:s0 tclass=file permissive=1
12-19 10:34:16.700 I/system_server(  619): type=1400 audit(0.0:106): avc: denied { getattr } for path="/sys/devices/platform/leds/leds/work/delay_on" dev="sysfs" ino=44249 scontext=u:r:system_server:s0 tcontext=u:object_r:sysfs:s0 tclass=file permissive=1
12-19 10:34:16.705 D/LogicalDisplay(  619): configureDisplayLocked  rotated:false main:true
12-19 10:34:16.705 D/LogicalDisplay(  619): configureDisplayLocked  rotated:false main:false
12-19 10:34:16.706 I/InputReader(  619): Reconfiguring input devices, changes=DEVICE_ALIAS | 
12-19 10:34:16.706 V/SystemServerTiming(  619): MakeInputManagerServiceReady took to complete: 2ms
12-19 10:34:16.706 D/SystemServerTiming(  619): MakeTelephonyRegistryReady
12-19 10:34:16.706 V/SystemServerTiming(  619): MakeTelephonyRegistryReady took to complete: 0ms
12-19 10:34:16.706 D/SystemServerTiming(  619): MakeMediaRouterServiceReady
12-19 10:34:16.706 V/SystemServerTiming(  619): MakeMediaRouterServiceReady took to complete: 0ms
12-19 10:34:16.706 D/SystemServerTiming(  619): MakeMmsServiceReady
12-19 10:34:16.706 I/MmsServiceBroker(  619): Delay connecting to MmsService until an API is called
12-19 10:34:16.706 V/SystemServerTiming(  619): MakeMmsServiceReady took to complete: 0ms
12-19 10:34:16.706 D/SystemServerTiming(  619): IncidentDaemonReady
12-19 10:34:16.707 V/SystemServerTiming(  619): IncidentDaemonReady took to complete: 1ms
12-19 10:34:16.707 D/SystemServerTiming(  619): MakeIncrementalServiceReady
12-19 10:34:16.707 V/SystemServerTiming(  619): MakeIncrementalServiceReady took to complete: 0ms
12-19 10:34:16.707 D/SystemServerTiming(  619): getCurrentUser
12-19 10:34:16.707 I/ActivityManager(  619): Current user:0
12-19 10:34:16.707 V/SystemServerTiming(  619): getCurrentUser took to complete: 0ms
12-19 10:34:16.707 D/SystemServerTiming(  619): ActivityManagerStartApps
12-19 10:34:16.707 D/SystemServerTiming(  619): ssm.StartUser-0
12-19 10:34:16.707 I/SystemServiceManager(  619): Calling onStartUser 0
12-19 10:34:16.707 D/SystemServerTiming(  619): ssm.onStartUser-0_com.android.server.security.FileIntegrityService
12-19 10:34:16.707 V/SystemServerTiming(  619): ssm.onStartUser-0_com.android.server.security.FileIntegrityService took to complete: 0ms
12-19 10:34:16.707 D/SystemServerTiming(  619): ssm.onStartUser-0_com.android.server.pm.Installer
12-19 10:34:16.707 V/SystemServerTiming(  619): ssm.onStartUser-0_com.android.server.pm.Installer took to complete: 0ms
12-19 10:34:16.707 D/SystemServerTiming(  619): ssm.onStartUser-0_com.android.server.os.DeviceIdentifiersPolicyService
12-19 10:34:16.707 V/SystemServerTiming(  619): ssm.onStartUser-0_com.android.server.os.DeviceIdentifiersPolicyService took to complete: 0ms
12-19 10:34:16.707 D/SystemServerTiming(  619): ssm.onStartUser-0_com.android.server.uri.UriGrantsManagerService$Lifecycle
12-19 10:34:16.707 V/SystemServerTiming(  619): ssm.onStartUser-0_com.android.server.uri.UriGrantsManagerService$Lifecycle took to complete: 0ms
12-19 10:34:16.707 D/SystemServerTiming(  619): ssm.onStartUser-0_com.android.server.powerstats.PowerStatsService
12-19 10:34:16.707 V/SystemServerTiming(  619): ssm.onStartUser-0_com.android.server.powerstats.PowerStatsService took to complete: 0ms
12-19 10:34:16.707 D/SystemServerTiming(  619): ssm.onStartUser-0_com.android.server.wm.ActivityTaskManagerService$Lifecycle
12-19 10:34:16.707 V/SystemServerTiming(  619): ssm.onStartUser-0_com.android.server.wm.ActivityTaskManagerService$Lifecycle took to complete: 0ms
12-19 10:34:16.707 D/SystemServerTiming(  619): ssm.onStartUser-0_com.android.server.am.ActivityManagerService$Lifecycle
12-19 10:34:16.707 V/SystemServerTiming(  619): ssm.onStartUser-0_com.android.server.am.ActivityManagerService$Lifecycle took to complete: 0ms
12-19 10:34:16.707 D/SystemServerTiming(  619): ssm.onStartUser-0_com.android.server.pm.DataLoaderManagerService
12-19 10:34:16.707 V/SystemServerTiming(  619): ssm.onStartUser-0_com.android.server.pm.DataLoaderManagerService took to complete: 0ms
12-19 10:34:16.707 D/SystemServerTiming(  619): ssm.onStartUser-0_com.android.server.power.PowerManagerService
12-19 10:34:16.707 V/SystemServerTiming(  619): ssm.onStartUser-0_com.android.server.power.PowerManagerService took to complete: 0ms
12-19 10:34:16.707 D/SystemServerTiming(  619): ssm.onStartUser-0_com.android.server.power.ThermalManagerService
12-19 10:34:16.707 V/SystemServerTiming(  619): ssm.onStartUser-0_com.android.server.power.ThermalManagerService took to complete: 0ms
12-19 10:34:16.707 D/SystemServerTiming(  619): ssm.onStartUser-0_com.android.server.power.hint.HintManagerService
12-19 10:34:16.707 V/SystemServerTiming(  619): ssm.onStartUser-0_com.android.server.power.hint.HintManagerService took to complete: 0ms
12-19 10:34:16.707 D/SystemServerTiming(  619): ssm.onStartUser-0_com.android.server.recoverysystem.RecoverySystemService$Lifecycle
12-19 10:34:16.707 V/SystemServerTiming(  619): ssm.onStartUser-0_com.android.server.recoverysystem.RecoverySystemService$Lifecycle took to complete: 0ms
12-19 10:34:16.707 D/SystemServerTiming(  619): ssm.onStartUser-0_com.android.server.lights.LightsService
12-19 10:34:16.707 V/SystemServerTiming(  619): ssm.onStartUser-0_com.android.server.lights.LightsService took to complete: 0ms
12-19 10:34:16.707 D/SystemServerTiming(  619): ssm.onStartUser-0_com.android.server.display.DisplayManagerService
