12-19 10:34:18.300 D/TISBindHelper( 1020): TIS service connected
12-19 10:34:18.302 I/android.hardware.graphics.allocator@4.0-service(  407): alloc_format: FMT:0x1,MOD:0
12-19 10:34:18.302 I/android.hardware.graphics.allocator@4.0-service(  407): mali_gralloc_adjust_dimensions: alloc_format=FMT:0x1,MOD:0 usage=0x100 alloc_width=60, alloc_height=60
12-19 10:34:18.302 V/WindowManager(  619): getPackagePerformanceMode -- ComponentInfo{com.android.launcher3/com.android.launcher3.uioverrides.QuickstepLauncher} -- com.android.launcher3 -- mode=0
12-19 10:34:18.302 D/android.hardware.graphics.allocator@4.0-service(  407): got new private_handle_t instance for buffer 'AHardwareBuffer pid [1020]'. share_fd : 8, share_attr_fd : 9, width : 60, height : 60, req_format : 0x1, producer_usage : 0x100, consumer_usage : 0x100, , stride : 0, alloc_format : 1, size : 15360, layer_count : 1
12-19 10:34:18.302 D/android.hardware.graphics.allocator@4.0-service(  407): plane_info[0]: offset : 0, byte_stride : 256, alloc_width : 60, alloc_height : 60
01-01 20:00:12.855 E/rockchip-usb2phy fd5d0000.syscon( 1487): usb2-phy@0: Error mode! Input 'otg' or 'host' or 'peripheral'
12-19 10:34:18.302 D/android.hardware.graphics.allocator@4.0-service(  407): plane_info[1]: offset : 0, byte_stride : 0, alloc_width : 0, alloc_height : 0
12-19 10:34:18.303 I/System.out( 1308): zts : usb mode echo otg > /dev/otg_mode && echo device > /sys/kernel/debug/usb/fc000000.usb/mode
12-19 10:34:18.306 I/ActivityTaskManager(  619): Displayed com.android.launcher3/.uioverrides.QuickstepLauncher: +267ms
12-19 10:34:18.306 I/adbd    (  474): jdwp connection from 1486
12-19 10:34:18.307 D/LoaderTask( 1020): loadWorkspace
12-19 10:34:18.308 W/InputManager-JNI(  619): Input channel object '15d9715 com.android.settings/com.android.settings.FallbackHome (client)' was disposed without first being removed with the input manager!
12-19 10:34:18.310 D/CompatibilityChangeReporter(  619): Compat change id reported: 168419799; UID 10019; state: DISABLED
12-19 10:34:18.310 D/LoaderTask( 1020): sanitizeData
12-19 10:34:18.311 I/netd    (  389): bandwidthAddNiceApp(10019) <0.04ms>
12-19 10:34:18.311 D/LoaderTask( 1020): bindWorkspace
12-19 10:34:18.312 D/CompatibilityChangeReporter( 1486): Compat change id reported: 171979766; UID 10019; state: ENABLED
12-19 10:34:18.312 D/LoaderTask( 1020): sendFirstScreenActiveInstallsBroadcast
12-19 10:34:18.317 I/System.out( 1308): zts : zts usb end
12-19 10:34:18.317 I/System.out( 1308): zts not first time 2......
01-01 20:00:12.870 W/rockchip-usb2phy fd5d0000.syscon( 1495): usb2-phy@0: Same as current mode
12-19 10:34:18.322 E/libprocessgroup( 1020): set_timerslack_ns write failed: Operation not permitted
12-19 10:34:18.323 D/b/223498680( 1020): Launcher onInitialBindComplete toAlpha=1
12-19 10:34:18.323 D/b/223498680( 1020): Launcher onInitialBindComplete onStart
12-19 10:34:18.324 V/GraphicsEnvironment( 1486): ANGLE Developer option for 'com.android.providers.downloads' set to: 'default'
12-19 10:34:18.325 V/GraphicsEnvironment( 1486): ANGLE GameManagerService for com.android.providers.downloads: false
12-19 10:34:18.325 V/GraphicsEnvironment( 1486): Neither updatable production driver nor prerelease driver is supported.
12-19 10:34:18.325 D/NetworkSecurityConfig( 1486): No Network Security Config specified, using platform default
12-19 10:34:18.325 D/NetworkSecurityConfig( 1486): No Network Security Config specified, using platform default
12-19 10:34:18.327 I/ContactLocale( 1389): AddressBook Labels [[zh_CN]]: […, A, B, C, D, E, F, G, H, I, J, K, L, M, N, O, P, Q, R, S, T, U, V, W, X, Y, Z, Α, Β, Γ, Δ, Ε, Ζ, Η, Θ, Ι, Κ, Λ, Μ, Ν, Ξ, Ο, Π, Ρ, Σ, Τ, Υ, Φ, Χ, Ψ, Ω, …, А, Б, В, Г, Д, Ђ, Е, Є, Ж, З, И, І, Й, Ј, К, Л, Љ, М, Н, Њ, О, П, Р, С, Т, Ћ, У, Ф, Х, Ц, Ч, Џ, Ш, Щ, Ю, Я, …, א, ב, ג, ד, ה, ו, ז, ח, ט, י, כ, ל, מ, נ, ס, ע, פ, צ, ק, ר, ש, ת, …, ا, ب, ت, ث, ج, ح, خ, د, ذ, ر, ز, س, ش, ص, ض, ط, ظ, ع, غ, ف, ق, ك, ل, م, ن, ه, و, ي, …, ก, ข, ฃ, ค, ฅ, ฆ, ง, จ, ฉ, ช, ซ, ฌ, ญ, ฎ, ฏ, ฐ, ฑ, ฒ, ณ, ด, ต, ถ, ท, ธ, น, บ, ป, ผ, ฝ, พ, ฟ, ภ, ม, ย, ร, ฤ, ล, ฦ, ว, ศ, ษ, ส, ห, ฬ, อ, ฮ, …, ㄱ, ㄴ, ㄷ, ㄹ, ㅁ, ㅂ, ㅅ, ㅇ, ㅈ, ㅊ, ㅋ, ㅌ, ㅍ, ㅎ, …, あ, か, さ, た, な, は, ま, や, ら, わ, #, …]
12-19 10:34:18.328 D/LoaderTask( 1020): step 1 complete
12-19 10:34:18.330 I/BootBroadcastReceiver( 1313): 广播启动appservice.
12-19 10:34:18.331 W/ContextImpl( 1313): Calling a method in the system process without a qualified user: android.app.ContextImpl.startService:1825 android.content.ContextWrapper.startService:776 android.content.ContextWrapper.startService:776 com.ztl.appservice.BootBroadcastReceiver.onReceive:36 android.app.ActivityThread.handleReceiver:4375 
12-19 10:34:18.332 I/com.ztl.appservice.BasicService( 1313): 服务已启动.appservice版本20230519
12-19 10:34:18.332 I/ActivityManager(  619): com.ztl.helper is exempt from freezer
12-19 10:34:18.332 D/CompatibilityChangeReporter(  619): Compat change id reported: 135634846; UID 1000; state: DISABLED
12-19 10:34:18.332 D/CompatibilityChangeReporter(  619): Compat change id reported: 177438394; UID 1000; state: DISABLED
12-19 10:34:18.332 D/CompatibilityChangeReporter(  619): Compat change id reported: 135772972; UID 1000; state: DISABLED
12-19 10:34:18.332 D/CompatibilityChangeReporter(  619): Compat change id reported: 135754954; UID 1000; state: DISABLED
12-19 10:34:18.336 I/android.hardware.graphics.allocator@4.0-service(  407): alloc_format: FMT:0x1,MOD:0
12-19 10:34:18.336 I/android.hardware.graphics.allocator@4.0-service(  407): mali_gralloc_adjust_dimensions: alloc_format=FMT:0x1,MOD:0 usage=0x100 alloc_width=60, alloc_height=60
12-19 10:34:18.336 D/android.hardware.graphics.allocator@4.0-service(  407): got new private_handle_t instance for buffer 'AHardwareBuffer pid [1020]'. share_fd : 8, share_attr_fd : 9, width : 60, height : 60, req_format : 0x1, producer_usage : 0x100, consumer_usage : 0x100, , stride : 0, alloc_format : 1, size : 15360, layer_count : 1
12-19 10:34:18.336 D/android.hardware.graphics.allocator@4.0-service(  407): plane_info[0]: offset : 0, byte_stride : 256, alloc_width : 60, alloc_height : 60
12-19 10:34:18.336 D/android.hardware.graphics.allocator@4.0-service(  407): plane_info[1]: offset : 0, byte_stride : 0, alloc_width : 0, alloc_height : 0
12-19 10:34:18.337 D/ContactsDatabaseHelper( 1389): WAL enabled for profile.db: false
12-19 10:34:18.338 D/Zygote  (  390): Forked child process 1511
12-19 10:34:18.339 I/ActivityManager(  619): Start proc 1511:com.ztl.helper/1000 for broadcast {com.ztl.helper/com.ztl.helper.BootBroadcastReceiver}
12-19 10:34:18.341 I/com.ztl.appservice.BasicService( 1313): Service onStartCommand() is called
12-19 10:34:18.342 I/Zygote  ( 1511): seccomp disabled by setenforce 0
12-19 10:34:18.342 I/libc    ( 1511): SetHeapTaggingLevel: tag level set to 0
12-19 10:34:18.345 I/android.hardware.graphics.allocator@4.0-service(  407): alloc_format: FMT:0x1,MOD:0
12-19 10:34:18.345 I/android.hardware.graphics.allocator@4.0-service(  407): mali_gralloc_adjust_dimensions: alloc_format=FMT:0x1,MOD:0 usage=0x100 alloc_width=60, alloc_height=60
12-19 10:34:18.346 D/android.hardware.graphics.allocator@4.0-service(  407): got new private_handle_t instance for buffer 'AHardwareBuffer pid [1020]'. share_fd : 8, share_attr_fd : 9, width : 60, height : 60, req_format : 0x1, producer_usage : 0x100, consumer_usage : 0x100, , stride : 0, alloc_format : 1, size : 15360, layer_count : 1
12-19 10:34:18.346 D/android.hardware.graphics.allocator@4.0-service(  407): plane_info[0]: offset : 0, byte_stride : 256, alloc_width : 60, alloc_height : 60
12-19 10:34:18.346 D/android.hardware.graphics.allocator@4.0-service(  407): plane_info[1]: offset : 0, byte_stride : 0, alloc_width : 0, alloc_height : 0
12-19 10:34:18.346 I/adbd    (  474): jdwp connection from 1511
12-19 10:34:18.350 D/CompatibilityChangeReporter( 1511): Compat change id reported: 171979766; UID 1000; state: DISABLED
12-19 10:34:18.351 I/android.hardware.graphics.allocator@4.0-service(  407): alloc_format: FMT:0x1,MOD:0
12-19 10:34:18.351 I/android.hardware.graphics.allocator@4.0-service(  407): mali_gralloc_adjust_dimensions: alloc_format=FMT:0x1,MOD:0 usage=0x100 alloc_width=60, alloc_height=60
12-19 10:34:18.351 D/android.hardware.graphics.allocator@4.0-service(  407): got new private_handle_t instance for buffer 'AHardwareBuffer pid [1020]'. share_fd : 8, share_attr_fd : 9, width : 60, height : 60, req_format : 0x1, producer_usage : 0x100, consumer_usage : 0x100, , stride : 0, alloc_format : 1, size : 15360, layer_count : 1
12-19 10:34:18.351 D/android.hardware.graphics.allocator@4.0-service(  407): plane_info[0]: offset : 0, byte_stride : 256, alloc_width : 60, alloc_height : 60
12-19 10:34:18.351 D/android.hardware.graphics.allocator@4.0-service(  407): plane_info[1]: offset : 0, byte_stride : 0, alloc_width : 0, alloc_height : 0
12-19 10:34:18.353 I/android.hardware.graphics.allocator@4.0-service(  407): alloc_format: FMT:0x1,MOD:0
12-19 10:34:18.353 I/android.hardware.graphics.allocator@4.0-service(  407): mali_gralloc_adjust_dimensions: alloc_format=FMT:0x1,MOD:0 usage=0x100 alloc_width=60, alloc_height=60
12-19 10:34:18.353 D/android.hardware.graphics.allocator@4.0-service(  407): got new private_handle_t instance for buffer 'AHardwareBuffer pid [1020]'. share_fd : 8, share_attr_fd : 9, width : 60, height : 60, req_format : 0x1, producer_usage : 0x100, consumer_usage : 0x100, , stride : 0, alloc_format : 1, size : 15360, layer_count : 1
12-19 10:34:18.353 D/android.hardware.graphics.allocator@4.0-service(  407): plane_info[0]: offset : 0, byte_stride : 256, alloc_width : 60, alloc_height : 60
12-19 10:34:18.353 D/android.hardware.graphics.allocator@4.0-service(  407): plane_info[1]: offset : 0, byte_stride : 0, alloc_width : 0, alloc_height : 0
12-19 10:34:18.354 D/ApplicationLoaders( 1511): Returning zygote-cached class loader: /system/framework/android.test.base.jar
12-19 10:34:18.362 I/android.hardware.graphics.allocator@4.0-service(  407): alloc_format: FMT:0x1,MOD:0
12-19 10:34:18.362 I/android.hardware.graphics.allocator@4.0-service(  407): mali_gralloc_adjust_dimensions: alloc_format=FMT:0x1,MOD:0 usage=0x100 alloc_width=60, alloc_height=60
12-19 10:34:18.362 D/android.hardware.graphics.allocator@4.0-service(  407): got new private_handle_t instance for buffer 'AHardwareBuffer pid [1020]'. share_fd : 8, share_attr_fd : 9, width : 60, height : 60, req_format : 0x1, producer_usage : 0x100, consumer_usage : 0x100, , stride : 0, alloc_format : 1, size : 15360, layer_count : 1
12-19 10:34:18.362 D/android.hardware.graphics.allocator@4.0-service(  407): plane_info[0]: offset : 0, byte_stride : 256, alloc_width : 60, alloc_height : 60
12-19 10:34:18.362 D/android.hardware.graphics.allocator@4.0-service(  407): plane_info[1]: offset : 0, byte_stride : 0, alloc_width : 0, alloc_height : 0
12-19 10:34:18.384 V/GraphicsEnvironment( 1511): ANGLE Developer option for 'com.ztl.helper' set to: 'default'
12-19 10:34:18.385 V/GraphicsEnvironment( 1511): ANGLE GameManagerService for com.ztl.helper: false
12-19 10:34:18.385 V/GraphicsEnvironment( 1511): Neither updatable production driver nor prerelease driver is supported.
12-19 10:34:18.385 D/NetworkSecurityConfig( 1511): No Network Security Config specified, using platform default
12-19 10:34:18.386 D/NetworkSecurityConfig( 1511): No Network Security Config specified, using platform default
12-19 10:34:18.388 W/StorageManagerService(  619): Reporting emulated;0 unmounted due to system locked
12-19 10:34:18.391 I/ztlhelper( 1511): *****BootBroadcastReceiver******android.intent.action.BOOT_COMPLETED
12-19 10:34:18.391 I/ztlhelper33333( 1511): *****BootBroadcastReceiver******android.intent.action.BOOT_COMPLETED
12-19 10:34:18.391 I/ztlhelper2222222( 1511): *****BootBroadcastReceiver******android.intent.action.BOOT_COMPLETED
12-19 10:34:18.392 D/WifiSleepController(  619): onReceive, action=android.intent.action.BOOT_COMPLETED
12-19 10:34:18.392 D/WifiSleepController(  619): mWifiSleepFlag is false
12-19 10:34:18.392 D/WifiSleepController(  619): mBtSleepFlag is false
12-19 10:34:18.393 I/Telecom (  619): DefaultDialerCache: Refreshing default dialer for user 0: now null: DDC.oR@AA0
12-19 10:34:18.393 I/Telecom (  619): MissedCallNotifierImpl: reloadAfterBootComplete: user=0: TSBCR.oR@AA4
12-19 10:34:18.393 I/Telecom (  619): MissedCallNotifierImpl: reloadAfterBootComplete: user=0: TSBCR.oR@AA4
12-19 10:34:18.394 I/ActivityManager(  619): android.rockchip.update.service is exempt from freezer
12-19 10:34:18.394 D/CompatibilityChangeReporter(  619): Compat change id reported: 135634846; UID 1000; state: DISABLED
12-19 10:34:18.394 D/CompatibilityChangeReporter(  619): Compat change id reported: 177438394; UID 1000; state: DISABLED
12-19 10:34:18.394 D/CompatibilityChangeReporter(  619): Compat change id reported: 135772972; UID 1000; state: DISABLED
12-19 10:34:18.394 D/CompatibilityChangeReporter(  619): Compat change id reported: 135754954; UID 1000; state: DISABLED
12-19 10:34:18.396 D/db addr ( 1511): /data/user/0/com.ztl.helper/files/config.db
12-19 10:34:18.400 D/Zygote  (  390): Forked child process 1535
12-19 10:34:18.400 I/ActivityManager(  619): Start proc 1535:android.rockchip.update.service/1000 for broadcast {android.rockchip.update.service/android.rockchip.update.service.RKUpdateReceiver}
12-19 10:34:18.401 I/android.hardware.graphics.allocator@4.0-service(  407): alloc_format: FMT:0x1,MOD:0
12-19 10:34:18.401 I/android.hardware.graphics.allocator@4.0-service(  407): mali_gralloc_adjust_dimensions: alloc_format=FMT:0x1,MOD:0 usage=0x100 alloc_width=60, alloc_height=60
12-19 10:34:18.401 D/android.hardware.graphics.allocator@4.0-service(  407): got new private_handle_t instance for buffer 'AHardwareBuffer pid [1020]'. share_fd : 8, share_attr_fd : 9, width : 60, height : 60, req_format : 0x1, producer_usage : 0x100, consumer_usage : 0x100, , stride : 0, alloc_format : 1, size : 15360, layer_count : 1
12-19 10:34:18.401 D/android.hardware.graphics.allocator@4.0-service(  407): plane_info[0]: offset : 0, byte_stride : 256, alloc_width : 60, alloc_height : 60
12-19 10:34:18.401 D/android.hardware.graphics.allocator@4.0-service(  407): plane_info[1]: offset : 0, byte_stride : 0, alloc_width : 0, alloc_height : 0
12-19 10:34:18.402 I/Zygote  ( 1535): seccomp disabled by setenforce 0
12-19 10:34:18.403 I/libc    ( 1535): SetHeapTaggingLevel: tag level set to 0
12-19 10:34:18.404 I/android.hardware.graphics.allocator@4.0-service(  407): alloc_format: FMT:0x1,MOD:0
12-19 10:34:18.405 I/android.hardware.graphics.allocator@4.0-service(  407): mali_gralloc_adjust_dimensions: alloc_format=FMT:0x1,MOD:0 usage=0x100 alloc_width=60, alloc_height=60
12-19 10:34:18.405 D/android.hardware.graphics.allocator@4.0-service(  407): got new private_handle_t instance for buffer 'AHardwareBuffer pid [1020]'. share_fd : 8, share_attr_fd : 9, width : 60, height : 60, req_format : 0x1, producer_usage : 0x100, consumer_usage : 0x100, , stride : 0, alloc_format : 1, size : 15360, layer_count : 1
12-19 10:34:18.405 D/android.hardware.graphics.allocator@4.0-service(  407): plane_info[0]: offset : 0, byte_stride : 256, alloc_width : 60, alloc_height : 60
12-19 10:34:18.405 D/android.hardware.graphics.allocator@4.0-service(  407): plane_info[1]: offset : 0, byte_stride : 0, alloc_width : 0, alloc_height : 0
12-19 10:34:18.406 I/System.out( 1020): ztl hide 2 :com.ztl.openUnityApp
12-19 10:34:18.406 D/LoaderTask( 1020): loadAllApps
12-19 10:34:18.406 D/LoaderTask( 1020): bindAllApps
12-19 10:34:18.407 I/adbd    (  474): jdwp connection from 1535
12-19 10:34:18.410 I/ztlhelper4444( 1511): *****BootBroadcastReceiver******android.intent.action.BOOT_COMPLETED
12-19 10:34:18.410 D/CompatibilityChangeReporter(  619): Compat change id reported: 168419799; UID 1000; state: DISABLED
12-19 10:34:18.411 D/LoaderTask( 1020): update icon cache
12-19 10:34:18.411 D/LoaderTask( 1020): save shortcuts in icon cache
12-19 10:34:18.411 D/LoaderTask( 1020): step 2 complete
12-19 10:34:18.411 D/LoaderTask( 1020): loadDeepShortcuts
12-19 10:34:18.411 D/LoaderTask( 1020): bindDeepShortcuts
12-19 10:34:18.411 D/CompatibilityChangeReporter( 1535): Compat change id reported: 171979766; UID 1000; state: DISABLED
12-19 10:34:18.411 D/LoaderTask( 1020): save deep shortcuts in icon cache
12-19 10:34:18.412 D/LoaderTask( 1020): step 3 complete
12-19 10:34:18.413 D/ApplicationLoaders( 1535): Returning zygote-cached class loader: /system/framework/android.test.base.jar
12-19 10:34:18.413 D/ApplicationLoaders( 1535): Returning zygote-cached class loader: /system/framework/android.hidl.manager-V1.0-java.jar
12-19 10:34:18.413 D/ApplicationLoaders( 1535): Returning zygote-cached class loader: /system/framework/android.hidl.base-V1.0-java.jar
12-19 10:34:18.421 D/LoaderTask( 1020): load widgets
01-01 20:00:12.975 I/[    C0] nf_conntrack(    0): default automatic helper assignment has been turned off for security reasons and CT-based  firewall rule not found. Use the iptables CT target to attach helpers instead.
12-19 10:34:18.426 D/LoaderTask( 1020): bindWidgets
12-19 10:34:18.426 D/LoaderTask( 1020): save widgets in icon cache
12-19 10:34:18.437 V/GraphicsEnvironment( 1535): ANGLE Developer option for 'android.rockchip.update.service' set to: 'default'
12-19 10:34:18.438 V/GraphicsEnvironment( 1535): ANGLE GameManagerService for android.rockchip.update.service: false
12-19 10:34:18.439 V/GraphicsEnvironment( 1535): Neither updatable production driver nor prerelease driver is supported.
12-19 10:34:18.440 D/NetworkSecurityConfig( 1535): No Network Security Config specified, using platform default
12-19 10:34:18.440 D/NetworkSecurityConfig( 1535): No Network Security Config specified, using platform default
12-19 10:34:18.441 D/RKUpdateReceiver( 1535): action = android.intent.action.BOOT_COMPLETED
12-19 10:34:18.441 D/RKUpdateReceiver( 1535): RKUpdateReceiver recv ACTION_BOOT_COMPLETED.
12-19 10:34:18.442 W/ContextImpl( 1535): Calling a method in the system process without a qualified user: android.app.ContextImpl.startService:1825 android.content.ContextWrapper.startService:776 android.content.ContextWrapper.startService:776 android.rockchip.update.service.RKUpdateReceiver.onReceive:60 android.app.ActivityThread.handleReceiver:4375 
12-19 10:34:18.443 W/ContextImpl( 1535): Calling a method in the system process without a qualified user: android.app.ContextImpl.startService:1825 android.content.ContextWrapper.startService:776 android.content.ContextWrapper.startService:776 android.rockchip.update.service.RKUpdateReceiver.onReceive:66 android.app.ActivityThread.handleReceiver:4375 
12-19 10:34:18.443 D/LoaderTask( 1020): finish icon update
12-19 10:34:18.443 D/CompatibilityChangeReporter(  619): Compat change id reported: 135634846; UID 10048; state: DISABLED
12-19 10:34:18.443 D/CompatibilityChangeReporter(  619): Compat change id reported: 177438394; UID 10048; state: DISABLED
12-19 10:34:18.443 D/CompatibilityChangeReporter(  619): Compat change id reported: 135772972; UID 10048; state: DISABLED
12-19 10:34:18.443 D/CompatibilityChangeReporter(  619): Compat change id reported: 135754954; UID 10048; state: ENABLED
12-19 10:34:18.444 D/CompatibilityChangeReporter(  619): Compat change id reported: 143937733; UID 10048; state: ENABLED
12-19 10:34:18.444 D/QuickstepModelDelegate( 1020): Successfully registered for launcher snapshot logging!
12-19 10:34:18.444 I/LatinIME:LogUtils( 1258): Dictionary info: dictionary = main:en ; version = 54 ; date = 1414726273
12-19 10:34:18.444 W/Binder  (  619): Caught a RuntimeException from the binder stub implementation.
12-19 10:34:18.444 W/Binder  (  619): java.lang.SecurityException: Need REGISTER_STATS_PULL_ATOM permission.: Neither user 10061 nor current process has android.permission.REGISTER_STATS_PULL_ATOM.
12-19 10:34:18.444 W/Binder  (  619): 	at android.app.ContextImpl.enforce(ContextImpl.java:2195)
12-19 10:34:18.444 W/Binder  (  619): 	at android.app.ContextImpl.enforceCallingOrSelfPermission(ContextImpl.java:2223)
12-19 10:34:18.444 W/Binder  (  619): 	at com.android.server.stats.StatsManagerService.enforceRegisterStatsPullAtomPermission(StatsManagerService.java:520)
12-19 10:34:18.444 W/Binder  (  619): 	at com.android.server.stats.StatsManagerService.registerPullAtomCallback(StatsManagerService.java:175)
12-19 10:34:18.444 W/Binder  (  619): 	at android.os.IStatsManagerService$Stub.onTransact(IStatsManagerService.java:337)
12-19 10:34:18.444 W/Binder  (  619): 	at android.os.Binder.execTransactInternal(Binder.java:1184)
12-19 10:34:18.444 W/Binder  (  619): 	at android.os.Binder.execTransact(Binder.java:1143)
12-19 10:34:18.445 I/android_rockchip_update_UpdateService.cpp( 1535): JNI_OnLoad
12-19 10:34:18.445 W/StorageManagerService(  619): Reporting emulated;0 unmounted due to system locked
12-19 10:34:18.447 D/RKUpdateService( 1535): Starting RKUpdateService, version is 1.8.9
12-19 10:34:18.447 D/RKUpdateService( 1535): remote uri is http://192.168.1.1:8888/OtaUpdater/android?product=rk3588_s&version=1.0.0&sn=abbf5513ddfb6653&country=CN&language=zh
12-19 10:34:18.447 D/RKUpdateService( 1535): remote uri backup is http://172.16.14.202:2300/OtaUpdater/android?product=rk3588_s&version=1.0.0&sn=abbf5513ddfb6653&country=CN&language=zh
12-19 10:34:18.448 D/RKUpdateService( 1535): first startup!!!
12-19 10:34:18.448 D/Zygote  (  390): Forked child process 1554
12-19 10:34:18.449 I/ActivityManager(  619): Start proc 1554:com.android.camera2/u0a48 for broadcast {com.android.camera2/com.android.camera.SetActivitiesCameraReceiver}
12-19 10:34:18.449 D/RKUpdateService( 1535): onStartCommand.......
12-19 10:34:18.449 D/RKUpdateService( 1535): command = 1 delaytime = 20000
12-19 10:34:18.449 D/RKUpdateService( 1535): onStartCommand.......
12-19 10:34:18.449 D/RKUpdateService( 1535): command = 2 delaytime = 25000
12-19 10:34:18.453 I/Zygote  ( 1554): seccomp disabled by setenforce 0
12-19 10:34:18.461 I/adbd    (  474): jdwp connection from 1554
12-19 10:34:18.465 D/CompatibilityChangeReporter(  619): Compat change id reported: 168419799; UID 10048; state: DISABLED
12-19 10:34:18.468 D/CompatibilityChangeReporter( 1554): Compat change id reported: 171979766; UID 10048; state: ENABLED
12-19 10:34:18.502 I/EthernetTracker(  619): interfaceLinkStateChanged, iface: eth0, up: true
01-01 20:00:13.053 I/        (   15): rk_gmac-dwmac fe1b0000.ethernet eth0: Link is Up - 100Mbps/Full - flow control rx/tx
12-19 10:34:18.502 D/EthernetNetworkFactory(  619): updateInterfaceLinkState, iface: eth0, up: true
01-01 20:00:13.053 I/IPv6    (   15): ADDRCONF(NETDEV_CHANGE): eth0: link becomes ready
12-19 10:34:18.503 D/EthernetNetworkFactory(  619): Starting Ethernet IpClient(eth0)
12-19 10:34:18.516 I/netd    (  389): interfaceSetEnableIPv6(eth0, false) <0.31ms>
12-19 10:34:18.516 I/netd    (  389): interfaceClearAddrs(eth0) <0.14ms>
12-19 10:34:18.517 E/IpClient.eth0(  619): Failed to set accept_ra to 2
12-19 10:34:18.520 V/GraphicsEnvironment( 1554): ANGLE Developer option for 'com.android.camera2' set to: 'default'
12-19 10:34:18.520 V/GraphicsEnvironment( 1554): ANGLE GameManagerService for com.android.camera2: false
12-19 10:34:18.520 V/GraphicsEnvironment( 1554): Neither updatable production driver nor prerelease driver is supported.
12-19 10:34:18.521 D/NetworkSecurityConfig( 1554): No Network Security Config specified, using platform default
12-19 10:34:18.522 D/NetworkSecurityConfig( 1554): No Network Security Config specified, using platform default
12-19 10:34:18.522 I/netd    (  389): interfaceSetIPv6PrivacyExtensions(eth0, true) <0.09ms>
12-19 10:34:18.523 I/netd    (  389): setIPv6AddrGenMode(eth0, 2) <0.10ms>
12-19 10:34:18.523 I/netd    (  389): interfaceSetEnableIPv6(eth0, true) <0.13ms>
12-19 10:34:18.525 I/netd    (  389): setProcSysNet(4, 2, eth0, retrans_time_ms, 750) <0.06ms>
12-19 10:34:18.525 I/netd    (  389): setProcSysNet(4, 2, eth0, ucast_solicit, 5) <0.03ms>
12-19 10:34:18.525 I/netd    (  389): setProcSysNet(6, 2, eth0, retrans_time_ms, 750) <0.05ms>
12-19 10:34:18.525 I/netd    (  389): setProcSysNet(6, 2, eth0, ucast_solicit, 5) <0.04ms>
12-19 10:34:18.525 I/netd    (  389): setProcSysNet(4, 2, eth0, retrans_time_ms, 750) <0.02ms>
12-19 10:34:18.526 I/netd    (  389): setProcSysNet(4, 2, eth0, ucast_solicit, 10) <0.02ms>
12-19 10:34:18.526 I/netd    (  389): setProcSysNet(6, 2, eth0, retrans_time_ms, 750) <0.03ms>
12-19 10:34:18.526 I/netd    (  389): setProcSysNet(6, 2, eth0, ucast_solicit, 10) <0.02ms>
12-19 10:34:18.536 E/DhcpClient(  619): Error retrieving network attributes: ILLEGAL ARGUMENT
12-19 10:34:18.536 D/DhcpClient(  619): Broadcasting DHCPDISCOVER
12-19 10:34:18.537 D/CompatibilityChangeReporter(  619): Compat change id reported: 171306433; UID 1000; state: ENABLED
12-19 10:34:18.542 V/CAM_Profiler( 1554): [  0.000ms][ui] GUARD: CameraApp onCreate() - START
12-19 10:34:18.543 V/CAM_Profiler( 1554): [  0.000ms][ui] GUARD: FirstRunDetector getTimeOfFirstRun - START
12-19 10:34:18.543 V/CAM_Profiler( 1554): [  0.774ms][ui] GUARD: FirstRunDetector getTimeOfFirstRun - [ 0.774ms] PreferenceManager.getDefaultSharedPreferences
12-19 10:34:18.545 V/CAM_Profiler( 1554): [  2.660ms][ui] GUARD: FirstRunDetector getTimeOfFirstRun - [ 1.887ms] preferences.getLong
12-19 10:34:18.546 V/CAM_Profiler( 1554): [  3.047ms][ui] GUARD: FirstRunDetector getTimeOfFirstRun - STOP
12-19 10:34:18.546 V/CAM_Profiler( 1554): [ 13.179ms][ui] GUARD: CameraApp onCreate() - [13.179ms] initializeTimeOfFirstRun
12-19 10:34:18.546 V/CAM_Profiler( 1554): [ 13.641ms][ui] GUARD: CameraApp onCreate() - [ 0.461ms] UsageStatistics.initialize
12-19 10:34:18.547 V/CAM_Profiler( 1554): [ 13.986ms][ui] GUARD: CameraApp onCreate() - [ 0.346ms] clearNotifications
12-19 10:34:18.547 V/CAM_Profiler( 1554): [ 13.986ms][ui] GUARD: CameraApp onCreate() - STOP
12-19 10:34:18.547 W/CAM_Log ( 1554): Tag SetActivitiesCameraReceiver is 8 chars longer than limit.
12-19 10:34:18.548 I/ActivityManager(  619): com.android.dynsystem is exempt from freezer
12-19 10:34:18.548 D/CompatibilityChangeReporter(  619): Compat change id reported: 135634846; UID 1000; state: DISABLED
12-19 10:34:18.548 D/CompatibilityChangeReporter(  619): Compat change id reported: 177438394; UID 1000; state: DISABLED
12-19 10:34:18.548 D/CompatibilityChangeReporter(  619): Compat change id reported: 135772972; UID 1000; state: DISABLED
12-19 10:34:18.548 D/CompatibilityChangeReporter(  619): Compat change id reported: 135754954; UID 1000; state: ENABLED
12-19 10:34:18.557 D/Zygote  (  390): Forked child process 1575
12-19 10:34:18.557 I/ActivityManager(  619): Start proc 1575:com.android.dynsystem/1000 for broadcast {com.android.dynsystem/com.android.dynsystem.BootCompletedReceiver}
12-19 10:34:18.558 I/Zygote  ( 1575): seccomp disabled by setenforce 0
12-19 10:34:18.563 I/adbd    (  474): jdwp connection from 1575
12-19 10:34:18.565 D/DhcpClient(  619): Received packet: 1e:6b:b7:4a:33:62 OFFER, ip /192.168.0.73, mask /255.255.255.0, DNS servers: /192.168.0.1 , gateways [/192.168.0.1], lease time 1800, domain lan
12-19 10:34:18.566 D/CompatibilityChangeReporter(  619): Compat change id reported: 168419799; UID 1000; state: DISABLED
12-19 10:34:18.566 D/DhcpClient(  619): Got pending lease: android.net.networkstack.DhcpResults@3850401 DHCP server /192.168.0.1 Vendor info null lease 1800 seconds Servername 
12-19 10:34:18.567 D/DhcpClient(  619): Broadcasting DHCPREQUEST ciaddr=0.0.0.0 request=192.168.0.73 serverid=192.168.0.1
12-19 10:34:18.568 D/CompatibilityChangeReporter( 1575): Compat change id reported: 171979766; UID 1000; state: ENABLED
12-19 10:34:18.575 V/GraphicsEnvironment( 1575): ANGLE Developer option for 'com.android.dynsystem' set to: 'default'
12-19 10:34:18.576 V/GraphicsEnvironment( 1575): ANGLE GameManagerService for com.android.dynsystem: false
12-19 10:34:18.576 V/GraphicsEnvironment( 1575): Neither updatable production driver nor prerelease driver is supported.
12-19 10:34:18.576 D/NetworkSecurityConfig( 1575): No Network Security Config specified, using platform default
12-19 10:34:18.576 D/NetworkSecurityConfig( 1575): No Network Security Config specified, using platform default
12-19 10:34:18.577 I/ActivityManager(  619): com.android.dynsystem is exempt from freezer
12-19 10:34:18.577 D/CompatibilityChangeReporter(  619): Compat change id reported: 135634846; UID 1000; state: DISABLED
12-19 10:34:18.577 D/CompatibilityChangeReporter(  619): Compat change id reported: 177438394; UID 1000; state: DISABLED
12-19 10:34:18.577 D/CompatibilityChangeReporter(  619): Compat change id reported: 135772972; UID 1000; state: DISABLED
12-19 10:34:18.577 D/CompatibilityChangeReporter(  619): Compat change id reported: 135754954; UID 1000; state: ENABLED
12-19 10:34:18.578 D/CompatibilityChangeReporter(  619): Compat change id reported: 168419799; UID 10058; state: DISABLED
12-19 10:34:18.579 I/SystemBroadcastReceiver( 1258): Boot has been completed
12-19 10:34:18.579 I/SystemBroadcastReceiver( 1258): toggleAppIcon() : FLAG_SYSTEM = true
12-19 10:34:18.581 I/ActivityManager(  619): com.android.managedprovisioning is exempt from freezer
12-19 10:34:18.581 D/CompatibilityChangeReporter(  619): Compat change id reported: 135634846; UID 10023; state: DISABLED
12-19 10:34:18.581 D/CompatibilityChangeReporter(  619): Compat change id reported: 177438394; UID 10023; state: DISABLED
12-19 10:34:18.581 D/CompatibilityChangeReporter(  619): Compat change id reported: 135772972; UID 10023; state: DISABLED
12-19 10:34:18.581 D/CompatibilityChangeReporter(  619): Compat change id reported: 135754954; UID 10023; state: ENABLED
12-19 10:34:18.582 D/Zygote  (  390): Forked child process 1591
12-19 10:34:18.582 I/ActivityManager(  619): Start proc 1591:com.android.dynsystem:dynsystem/1000 for service {com.android.dynsystem/com.android.dynsystem.DynamicSystemInstallationService}
12-19 10:34:18.583 D/CompatibilityChangeReporter(  619): Compat change id reported: 143937733; UID 10023; state: ENABLED
12-19 10:34:18.584 I/Zygote  ( 1591): seccomp disabled by setenforce 0
12-19 10:34:18.587 D/DhcpClient(  619): Received packet: 1e:6b:b7:4a:33:62 ACK: your new IP /192.168.0.73, netmask /255.255.255.0, gateways [/192.168.0.1] DNS servers: /192.168.0.1 , lease time 1800
12-19 10:34:18.587 I/adbd    (  474): jdwp connection from 1591
12-19 10:34:18.587 D/DhcpClient(  619): Confirmed lease: android.net.networkstack.DhcpResults@6b85883 DHCP server /192.168.0.1 Vendor info null lease 1800 seconds Servername 
12-19 10:34:18.589 D/Zygote  (  390): Forked child process 1606
12-19 10:34:18.589 I/ActivityManager(  619): Start proc 1606:com.android.managedprovisioning/u0a23 for broadcast {com.android.managedprovisioning/com.android.managedprovisioning.BootReminder}
12-19 10:34:18.590 I/netd    (  389): interfaceSetCfg(InterfaceConfigurationParcel{ifName: eth0, hwAddr: , ipv4Addr: 192.168.0.73, prefixLength: 24, flags: []}) <0.33ms>
12-19 10:34:18.591 I/Zygote  ( 1606): seccomp disabled by setenforce 0
12-19 10:34:18.592 D/DhcpClient(  619): Scheduling renewal in 899s
12-19 10:34:18.592 D/DhcpClient(  619): Scheduling rebind in 1574s
12-19 10:34:18.592 D/DhcpClient(  619): Scheduling expiry in 1799s
12-19 10:34:18.593 D/CompatibilityChangeReporter( 1591): Compat change id reported: 171979766; UID 1000; state: ENABLED
12-19 10:34:18.594 D/ConnectivityService(  619): registerNetworkAgent NetworkAgentInfo{network{100}  handle{432902426637}  ni{Ethernet CONNECTING extra: 1e:6b:b7:4a:33:62} Score(70 ; KeepConnected : 0 ; Policies : IS_UNMETERED)   lp{{InterfaceName: eth0 LinkAddresses: [ fe80::1c30:95c2:ff6:a0e0/64,192.168.0.73/24 ] DnsAddresses: [ /192.168.0.1 ] Domains: lan MTU: 0 ServerAddress: /192.168.0.1 TcpBufferSizes: 524288,1048576,3145728,524288,1048576,2097152 Routes: [ fe80::/64 -> :: eth0 mtu 0,192.168.0.0/24 -> 0.0.0.0 eth0 mtu 0,0.0.0.0/0 -> 192.168.0.1 eth0 mtu 0 ]}}  nc{[ Transports: ETHERNET Capabilities: NOT_METERED&INTERNET&NOT_RESTRICTED&TRUSTED&NOT_VPN&NOT_ROAMING&FOREGROUND&NOT_CONGESTED&NOT_SUSPENDED&NOT_VCN_MANAGED LinkUpBandwidth>=100000Kbps LinkDnBandwidth>=100000Kbps]}}
12-19 10:34:18.596 I/adbd    (  474): jdwp connection from 1606
12-19 10:34:18.596 I/netd    (  389): getFwmarkForNetwork(100) -> {MarkMaskParcel{mark: 100, mask: 65535}} <0.00ms>
12-19 10:34:18.599 D/CompatibilityChangeReporter(  619): Compat change id reported: 168419799; UID 10023; state: DISABLED
12-19 10:34:18.600 D/ConnectivityService(  619): [100 ETHERNET] EVENT_NETWORK_INFO_CHANGED, going from CONNECTING to CONNECTING
12-19 10:34:18.600 D/ConnectivityService(  619): [100 ETHERNET] EVENT_NETWORK_INFO_CHANGED, going from CONNECTING to CONNECTED
12-19 10:34:18.600 V/GraphicsEnvironment( 1591): ANGLE Developer option for 'com.android.dynsystem' set to: 'default'
12-19 10:34:18.600 D/TcpSocketMonitor(  389): resuming tcpinfo polling (interval=30000ms)
12-19 10:34:18.601 I/netd    (  389): networkCreate(NativeNetworkConfig{netId: 100, networkType: PHYSICAL, permission: 0, secure: false, vpnType: -1}) <0.12ms>
12-19 10:34:18.601 V/GraphicsEnvironment( 1591): ANGLE GameManagerService for com.android.dynsystem: false
12-19 10:34:18.601 V/GraphicsEnvironment( 1591): Neither updatable production driver nor prerelease driver is supported.
12-19 10:34:18.601 I/netd    (  389): createNetworkCache(100) <0.16ms>
12-19 10:34:18.601 D/CompatibilityChangeReporter( 1606): Compat change id reported: 171979766; UID 10023; state: ENABLED
12-19 10:34:18.601 D/NetworkSecurityConfig( 1591): No Network Security Config specified, using platform default
12-19 10:34:18.601 D/NetworkSecurityConfig( 1591): No Network Security Config specified, using platform default
12-19 10:34:18.602 W/DnsManager(  619): updatePrivateDns(100, PrivateDnsConfig{true:/[]})
12-19 10:34:18.602 D/ConnectivityService(  619): Setting DNS servers for network 100 to [/192.168.0.1]
12-19 10:34:18.602 D/DnsManager(  619): sendDnsConfigurationForNetwork(100, [192.168.0.1], [lan], 1800, 25, 8, 64, 0, 0, , [192.168.0.1])
12-19 10:34:18.602 D/resolv  (  389): PrivateDnsConfiguration::set(100, 0xf0064, 1, )
12-19 10:34:18.603 I/resolv  (  389): resolv_set_nameservers: netId = 100, numservers = 1
12-19 10:34:18.603 W/resolv  (  389): Validating DnsTlsServer 192.168.0.1 with mark 0xf0064
12-19 10:34:18.603 D/resolv  (  389): Beginning validation with mark f0064
12-19 10:34:18.603 D/resolv  (  389): android_getaddrinfofornetcontext: explore_numeric: ai_family=10 ai_socktype=2 ai_protocol=17
12-19 10:34:18.603 D/resolv  (  389): No socket for query.  Opening socket and sending.
12-19 10:34:18.603 D/resolv  (  389): Constructing new socket
12-19 10:34:18.603 D/resolv  (  389): explore_numeric_scope
12-19 10:34:18.603 D/resolv  (  389): android_getaddrinfofornetcontext: explore_numeric: ai_family=2 ai_socktype=2 ai_protocol=17
12-19 10:34:18.603 D/resolv  (  389): explore_numeric_scope
12-19 10:34:18.603 D/resolv  (  389): DnsTlsSocket is initialized with { mConnectTimeoutMs: 127000, mAsyncHandshake: 0 }
12-19 10:34:18.603 D/resolv  (  389): 983140 connecting TCP socket
12-19 10:34:18.603 I/resolv  (  389): resolv_set_nameservers: netid = 100, addr = 192.168.0.1
12-19 10:34:18.603 W/resolv  (  389): Socket failed to connect: Network is unreachable
12-19 10:34:18.603 I/netd    (  389): DnsResolverService::setResolverConfiguration(100, [192.168.0.1], [lan], 1800, 25, 8, 64, 0, 0, "", [192.168.0.1]) -> (0) (1ms)
12-19 10:34:18.603 W/resolv  (  389): TCP Handshake failed: 101
12-19 10:34:18.603 D/resolv  (  389): Initialization failed.
12-19 10:34:18.603 D/resolv  (  389): Destructor
12-19 10:34:18.603 D/resolv  (  389): Destructor completed
12-19 10:34:18.603 D/resolv  (  389): Failing all pending queries.
12-19 10:34:18.603 I/netd    (  389): setResolverConfiguration(ResolverParamsParcel{netId: 100, sampleValiditySeconds: 1800, successThreshold: 25, minSamples: 8, maxSamples: 64, baseTimeoutMsec: 0, retryCount: 0, servers: [192.168.0.1], domains: [lan], tlsName: , tlsServers: [192.168.0.1], tlsFingerprints: [], caCertificate: , tlsConnectTimeoutMs: 0, resolverOptions: (null), transportTypes: [3]}) <1.17ms>
12-19 10:34:18.603 W/resolv  (  389): query failed
12-19 10:34:18.603 D/resolv  (  389): Destructor
12-19 10:34:18.603 D/resolv  (  389): Locked destruction procedure
12-19 10:34:18.603 D/resolv  (  389): Destructor completed
12-19 10:34:18.603 W/resolv  (  389): validateDnsTlsServer returned 0 for 192.168.0.1
12-19 10:34:18.603 D/resolv  (  389): Sending validation failure event on netId 100 for 192.168.0.1 with hostname {}
12-19 10:34:18.604 W/resolv  (  389): Validation failed
12-19 10:34:18.604 D/ConnectivityService(  619): Adding iface eth0 to network 100
12-19 10:34:18.604 D/DynamicSystemInstallationService( 1591): onStartCommand(): action=android.os.image.action.NOTIFY_IF_IN_USE
12-19 10:34:18.605 I/DynamicSystemService(  619): isInstalled(): false
12-19 10:34:18.607 I/netd    (  389): networkAddInterface(100, eth0) <3.37ms>
12-19 10:34:18.608 I/netd    (  389): networkAddRouteParcel(100, RouteInfoParcel{destination: fe80::/64, ifName: eth0, nextHop: , mtu: 0}) <0.22ms>
12-19 10:34:18.608 I/netd    (  389): networkAddRouteParcel(100, RouteInfoParcel{destination: 192.168.0.0/24, ifName: eth0, nextHop: , mtu: 0}) <0.14ms>
12-19 10:34:18.609 I/netd    (  389): networkAddRouteParcel(100, RouteInfoParcel{destination: 0.0.0.0/0, ifName: eth0, nextHop: 192.168.0.1, mtu: 0}) <0.14ms>
12-19 10:34:18.609 D/ConnectivityService(  619): Setting DNS servers for network 100 to [/192.168.0.1]
12-19 10:34:18.609 D/DnsManager(  619): sendDnsConfigurationForNetwork(100, [192.168.0.1], [lan], 1800, 25, 8, 64, 0, 0, , [192.168.0.1])
12-19 10:34:18.609 D/resolv  (  389): PrivateDnsConfiguration::set(100, 0xf0064, 1, )
12-19 10:34:18.609 I/resolv  (  389): resolv_set_nameservers: netId = 100, numservers = 1
12-19 10:34:18.609 D/resolv  (  389): android_getaddrinfofornetcontext: explore_numeric: ai_family=10 ai_socktype=2 ai_protocol=17
12-19 10:34:18.609 W/resolv  (  389): Validating DnsTlsServer 192.168.0.1 with mark 0xf0064
12-19 10:34:18.609 D/resolv  (  389): explore_numeric_scope
12-19 10:34:18.609 D/resolv  (  389): Beginning validation with mark f0064
12-19 10:34:18.609 D/resolv  (  389): android_getaddrinfofornetcontext: explore_numeric: ai_family=2 ai_socktype=2 ai_protocol=17
12-19 10:34:18.609 D/resolv  (  389): No socket for query.  Opening socket and sending.
12-19 10:34:18.609 D/resolv  (  389): explore_numeric_scope
12-19 10:34:18.609 D/resolv  (  389): Constructing new socket
12-19 10:34:18.609 I/netd    (  389): DnsResolverService::setResolverConfiguration(100, [192.168.0.1], [lan], 1800, 25, 8, 64, 0, 0, "", [192.168.0.1]) -> (0) (0.4ms)
12-19 10:34:18.609 D/resolv  (  389): DnsTlsSocket is initialized with { mConnectTimeoutMs: 127000, mAsyncHandshake: 0 }
12-19 10:34:18.609 D/resolv  (  389): 983140 connecting TCP socket
12-19 10:34:18.610 I/netd    (  389): setResolverConfiguration(ResolverParamsParcel{netId: 100, sampleValiditySeconds: 1800, successThreshold: 25, minSamples: 8, maxSamples: 64, baseTimeoutMsec: 0, retryCount: 0, servers: [192.168.0.1], domains: [lan], tlsName: , tlsServers: [192.168.0.1], tlsFingerprints: [], caCertificate: , tlsConnectTimeoutMs: 0, resolverOptions: (null), transportTypes: [3]}) <0.48ms>
12-19 10:34:18.611 W/BestClock(  619): java.time.DateTimeException: Missing NTP fix
12-19 10:34:18.611 D/resolv  (  389): No known sessions
12-19 10:34:18.611 D/resolv  (  389): No session available
12-19 10:34:18.611 D/resolv  (  389):  Calling SSL_connect with mark 0xf0064
12-19 10:34:18.612 D/resolv  (  389):  SSL_connect returned -1 with mark 0xf0064
12-19 10:34:18.614 I/netd    (  389): setProcSysNet(4, 2, eth0, retrans_time_ms, 750) <0.07ms>
12-19 10:34:18.614 I/netd    (  389): setProcSysNet(4, 2, eth0, ucast_solicit, 10) <0.01ms>
12-19 10:34:18.614 I/netd    (  389): setProcSysNet(6, 2, eth0, retrans_time_ms, 750) <0.02ms>
12-19 10:34:18.614 I/netd    (  389): setProcSysNet(6, 2, eth0, ucast_solicit, 10) <0.01ms>
12-19 10:34:18.614 V/GraphicsEnvironment( 1606): ANGLE Developer option for 'com.android.managedprovisioning' set to: 'default'
12-19 10:34:18.614 V/GraphicsEnvironment( 1606): ANGLE GameManagerService for com.android.managedprovisioning: false
12-19 10:34:18.614 V/GraphicsEnvironment( 1606): Neither updatable production driver nor prerelease driver is supported.
12-19 10:34:18.615 D/NetworkSecurityConfig( 1606): No Network Security Config specified, using platform default
12-19 10:34:18.615 D/NetworkSecurityConfig( 1606): No Network Security Config specified, using platform default
12-19 10:34:18.615 D/resolv  (  389):  Calling SSL_connect with mark 0xf0064
12-19 10:34:18.615 D/resolv  (  389):  SSL_connect returned -1 with mark 0xf0064
12-19 10:34:18.615 W/resolv  (  389): SSL_connect ssl error =5, mark 0xf0064: Connection refused
12-19 10:34:18.615 W/resolv  (  389): TLS Handshake failed
12-19 10:34:18.615 D/resolv  (  389): Initialization failed.
12-19 10:34:18.615 D/resolv  (  389): Destructor
12-19 10:34:18.615 D/resolv  (  389): Destructor completed
12-19 10:34:18.615 D/resolv  (  389): Failing all pending queries.
12-19 10:34:18.615 W/resolv  (  389): query failed
12-19 10:34:18.615 D/resolv  (  389): Destructor
12-19 10:34:18.615 D/resolv  (  389): Locked destruction procedure
12-19 10:34:18.615 D/resolv  (  389): Destructor completed
12-19 10:34:18.615 W/resolv  (  389): validateDnsTlsServer returned 0 for 192.168.0.1
12-19 10:34:18.615 D/resolv  (  389): Sending validation failure event on netId 100 for 192.168.0.1 with hostname {}
12-19 10:34:18.616 W/resolv  (  389): Validation failed
12-19 10:34:18.618 D/b/223498680( 1020): Launcher onInitialBindComplete onEnd
12-19 10:34:18.623 D/CompatibilityChangeReporter(  619): Compat change id reported: 168419799; UID 10019; state: DISABLED
12-19 10:34:18.624 D/NetworkSecurityConfig( 1486): No Network Security Config specified, using platform default
12-19 10:34:18.624 E/libprocessgroup( 1020): set_timerslack_ns write failed: Operation not permitted
12-19 10:34:18.625 D/CompatibilityChangeReporter(  619): Compat change id reported: 135634846; UID 10050; state: DISABLED
12-19 10:34:18.625 D/CompatibilityChangeReporter(  619): Compat change id reported: 177438394; UID 10050; state: DISABLED
12-19 10:34:18.625 D/CompatibilityChangeReporter(  619): Compat change id reported: 135772972; UID 10050; state: DISABLED
12-19 10:34:18.625 D/CompatibilityChangeReporter(  619): Compat change id reported: 135754954; UID 10050; state: ENABLED
12-19 10:34:18.625 D/CompatibilityChangeReporter(  619): Compat change id reported: 143937733; UID 10050; state: ENABLED
12-19 10:34:18.630 D/Zygote  (  390): Forked child process 1629
12-19 10:34:18.630 I/ActivityManager(  619): Start proc 1629:com.android.onetimeinitializer/u0a50 for broadcast {com.android.onetimeinitializer/com.android.onetimeinitializer.OneTimeInitializerReceiver}
12-19 10:34:18.632 I/Zygote  ( 1629): seccomp disabled by setenforce 0
12-19 10:34:18.636 I/adbd    (  474): jdwp connection from 1629
12-19 10:34:18.641 D/CompatibilityChangeReporter(  619): Compat change id reported: 168419799; UID 10050; state: DISABLED
12-19 10:34:18.643 D/CompatibilityChangeReporter( 1629): Compat change id reported: 171979766; UID 10050; state: ENABLED
12-19 10:34:18.645 I/netd    (  389): trafficSwapActiveStatsMap() <34.44ms>
12-19 10:34:18.647 I/netd    (  389): tetherGetStats() -> {[]} <0.79ms>
12-19 10:34:18.647 W/BestClock(  619): java.time.DateTimeException: Missing NTP fix
12-19 10:34:18.648 W/BestClock(  619): java.time.DateTimeException: Missing NTP fix
12-19 10:34:18.648 W/BestClock(  619): java.time.DateTimeException: Missing NTP fix
12-19 10:34:18.648 D/ConnectivityService(  619): NetReassign [7 : null → 100, 1 : null → 100, 26 : null → 100, 14 : null → 100, 24 : null → 100, 19 : null → 100, 22 : null → 100, 17 : null → 100]
12-19 10:34:18.648 D/ConnectivityService(  619): Switching to new default network for: uid/pid:1000/619 activeRequest: 1 callbackRequest: 1 [NetworkRequest [ REQUEST id=1, [ Capabilities: INTERNET&NOT_RESTRICTED&TRUSTED&NOT_VPN&NOT_VCN_MANAGED RequestorUid: 1000 RequestorPkg: android] ]] callback flags: 1 priority: 2147483647 using NetworkAgentInfo{network{100}  handle{432902426637}  ni{Ethernet CONNECTED extra: 1e:6b:b7:4a:33:62} Score(70 ; KeepConnected : 0 ; Policies : IS_UNMETERED)   lp{{InterfaceName: eth0 LinkAddresses: [ fe80::1c30:95c2:ff6:a0e0/64,192.168.0.73/24 ] DnsAddresses: [ /192.168.0.1 ] Domains: lan MTU: 0 ServerAddress: /192.168.0.1 TcpBufferSizes: 524288,1048576,3145728,524288,1048576,2097152 Routes: [ fe80::/64 -> :: eth0 mtu 0,192.168.0.0/24 -> 0.0.0.0 eth0 mtu 0,0.0.0.0/0 -> 192.168.0.1 eth0 mtu 0 ]}}  nc{[ Transports: ETHERNET Capabilities: NOT_METERED&INTERNET&NOT_RESTRICTED&TRUSTED&NOT_VPN&NOT_ROAMING&FOREGROUND&NOT_CONGESTED&NOT_SUSPENDED&NOT_VCN_MANAGED LinkUpBandwidth>=100000Kbps LinkDnBandwidth>=100000Kbps]}}
12-19 10:34:18.649 D/nativeloader( 1629): classloader namespace configured for unbundled product apk. library_path=/product/priv-app/OneTimeInitializer/lib/arm64:/product/lib64:/system/product/lib64
12-19 10:34:18.649 I/netd    (  389): networkSetDefault(100) <0.18ms>
12-19 10:34:18.649 D/NetworkMonitor/100(  619): Validation disabled.
12-19 10:34:18.649 I/netd    (  389): setTcpRWmemorySize(524288 1048576 3145728, 524288 1048576 2097152) <0.19ms>
12-19 10:34:18.650 W/BestClock(  619): java.time.DateTimeException: Missing NTP fix
12-19 10:34:18.651 V/GraphicsEnvironment( 1629): ANGLE Developer option for 'com.android.onetimeinitializer' set to: 'default'
12-19 10:34:18.651 V/GraphicsEnvironment( 1629): ANGLE GameManagerService for com.android.onetimeinitializer: false
12-19 10:34:18.651 V/GraphicsEnvironment( 1629): Neither updatable production driver nor prerelease driver is supported.
12-19 10:34:18.652 D/NetworkSecurityConfig( 1629): No Network Security Config specified, using platform default
12-19 10:34:18.652 D/NetworkSecurityConfig( 1629): No Network Security Config specified, using platform default
12-19 10:34:18.652 V/OneTimeInitializerReceiver( 1629): OneTimeInitializerReceiver.onReceive
12-19 10:34:18.654 W/UnsafeUtil(  619): platform method missing - proto runtime falling back to safer methods: java.lang.NoSuchMethodException: sun.misc.Unsafe.copyMemory [class java.lang.Object, long, class java.lang.Object, long, long]
12-19 10:34:18.657 I/ActivityManager(  619): com.android.packageinstaller is exempt from freezer
12-19 10:34:18.657 D/CompatibilityChangeReporter(  619): Compat change id reported: 135634846; UID 10022; state: DISABLED
12-19 10:34:18.657 D/CompatibilityChangeReporter(  619): Compat change id reported: 177438394; UID 10022; state: DISABLED
12-19 10:34:18.657 D/CompatibilityChangeReporter(  619): Compat change id reported: 135772972; UID 10022; state: DISABLED
12-19 10:34:18.657 D/CompatibilityChangeReporter(  619): Compat change id reported: 135754954; UID 10022; state: ENABLED
12-19 10:34:18.657 D/CompatibilityChangeReporter(  619): Compat change id reported: 143937733; UID 10022; state: ENABLED
12-19 10:34:18.663 D/Zygote  (  390): Forked child process 1648
12-19 10:34:18.663 I/ActivityManager(  619): Start proc 1648:com.android.packageinstaller/u0a22 for broadcast {com.android.packageinstaller/com.android.packageinstaller.TemporaryFileManager}
12-19 10:34:18.665 I/Zygote  ( 1648): seccomp disabled by setenforce 0
12-19 10:34:18.668 I/adbd    (  474): jdwp connection from 1648
12-19 10:34:18.671 D/CompatibilityChangeReporter(  619): Compat change id reported: 168419799; UID 10022; state: DISABLED
12-19 10:34:18.673 D/CompatibilityChangeReporter( 1648): Compat change id reported: 171979766; UID 10022; state: ENABLED
12-19 10:34:18.675 I/netd    (  389): trafficSwapActiveStatsMap() <25.26ms>
12-19 10:34:18.676 I/netd    (  389): tetherGetStats() -> {[]} <0.77ms>
12-19 10:34:18.677 W/BestClock(  619): java.time.DateTimeException: Missing NTP fix
12-19 10:34:18.678 W/BestClock(  619): java.time.DateTimeException: Missing NTP fix
12-19 10:34:18.678 D/NetworkTimeUpdateService(  619): New default network 100; checking time.
12-19 10:34:18.678 D/UpstreamNetworkMonitor(  619): New default Internet network: 100
12-19 10:34:18.678 D/ConnectivityService(  619): Sending CONNECTED broadcast for type 9 [100 ETHERNET] isDefaultNetwork=true
12-19 10:34:18.679 W/ContextImpl(  619): Calling a method in the system process without a qualified user: android.app.ContextImpl.sendStickyBroadcast:1568 com.android.server.ConnectivityService.sendStickyBroadcast:2821 com.android.server.ConnectivityService.sendGeneralBroadcast:2796 com.android.server.ConnectivityService.sendConnectedBroadcast:2769 com.android.server.ConnectivityService.ztlSendLegacyNetworkBroadcast:8804 
12-19 10:34:18.679 W/BestClock(  619): java.time.DateTimeException: Missing NTP fix
12-19 10:34:18.679 D/ConnectivityService(  619): [100 ETHERNET] validation passed
12-19 10:34:18.680 D/ConnectivityService(  619): NetReassign [no changes]
12-19 10:34:18.680 W/BestClock(  619): java.time.DateTimeException: Missing NTP fix
12-19 10:34:18.680 D/resolv  (  389): GetAddrInfoHandler::run: {100 983140 100 983140 1000 1}
12-19 10:34:18.680 D/ConnectivityService(  619): Setting DNS servers for network 100 to [/192.168.0.1]
12-19 10:34:18.680 D/resolv  (  389): resolv_getaddrinfo: explore_fqdn(): ai_family=0 ai_socktype=1 ai_protocol=6
12-19 10:34:18.681 D/DnsManager(  619): sendDnsConfigurationForNetwork(100, [192.168.0.1], [lan], 1800, 25, 8, 64, 0, 0, , [192.168.0.1])
12-19 10:34:18.681 W/BestClock(  619): java.time.DateTimeException: Missing NTP fix
12-19 10:34:18.681 D/resolv  (  389): PrivateDnsConfiguration::set(100, 0xf0064, 1, )
12-19 10:34:18.681 W/BestClock(  619): java.time.DateTimeException: Missing NTP fix
