01-01 20:00:07.116 I/BootAnimation(  341): type=1400 audit(0.0:86): avc: denied { map } for path="/dev/__properties__/u:object_r:vendor_default_prop:s0" dev="tmpfs" ino=280 scontext=u:r:bootanim:s0 tcontext=u:object_r:vendor_default_prop:s0 tclass=file permissive=1
01-01 20:00:07.116 I/BootAnimation(  341): type=1400 audit(0.0:87): avc: denied { search } for name="data" dev="mmcblk1p16" ino=311297 scontext=u:r:bootanim:s0 tcontext=u:object_r:system_data_file:s0:c512,c768 tclass=dir permissive=1
01-01 20:00:07.121 I/mali_so (  341): [File] : hardware/arm/maliT760/driver/product/base/src/mali_base_kbase.c; [Line] : 1392; [Func] : base_context_deal_with_version_affairs_rk_ext;
01-01 20:00:07.121 I/mali_so (  341): arm_release_ver of this mali_so is 'g18p0-01eac0', rk_so_ver is '2 '.
01-01 20:00:07.121 I/mali_so (  341): [File] : hardware/arm/maliT760/driver/product/base/src/mali_base_kbase.c; [Line] : 1408; [Func] : base_context_deal_with_version_affairs_rk_ext;
01-01 20:00:07.121 I/mali_so (  341): arm_release_vers are match. to set the full mali_ver 'g18p0-01eac0-2' as value of 'sys.gmali.version'.
01-01 20:00:07.120 I//system/bin/init(    1): type=1107 audit(0.0:88): uid=0 auid=4294967295 ses=4294967295 subj=u:r:init:s0 msg='avc: denied { set } for property=sys.gmali.version pid=341 uid=1003 gid=1003 scontext=u:r:bootanim:s0 tcontext=u:object_r:system_prop:s0 tclass=property_service permissive=1'
01-01 20:00:07.124 I/hwservicemanager(  301): getTransport: Cannot find entry android.hardware.configstore@1.0::ISurfaceFlingerConfigs/default in either framework or device VINTF manifest.
01-01 20:00:07.142 D/BootAnimation(  341): checkVideoFile()-->bootvideo.enable=false, showtime=-1
01-01 20:00:07.142 D/BootAnimation(  341): bootvideo:No boot video animation,EXIT_VIDEO_NAME:false,bootvideo.showtime:-1
01-01 20:00:07.142 D/BootAnimation(  341): BootAnimationShownTiming start time: 7320ms
01-01 20:00:07.143 W/android.permission.PermissionManager(  619): Missing ActivityManager; assuming 1000 holds android.permission.SET_PREFERRED_APPLICATIONS
01-01 20:00:07.143 W/android.permission.PermissionManager(  619): Missing ActivityManager; assuming 1000 holds android.permission.SET_PREFERRED_APPLICATIONS
01-01 20:00:07.143 W/android.permission.PermissionManager(  619): Missing ActivityManager; assuming 1000 holds android.permission.SET_PREFERRED_APPLICATIONS
01-01 20:00:07.143 W/android.permission.PermissionManager(  619): Missing ActivityManager; assuming 1000 holds android.permission.SET_PREFERRED_APPLICATIONS
01-01 20:00:07.143 W/android.permission.PermissionManager(  619): Missing ActivityManager; assuming 1000 holds android.permission.SET_PREFERRED_APPLICATIONS
01-01 20:00:07.144 W/android.permission.PermissionManager(  619): Missing ActivityManager; assuming 1000 holds android.permission.SET_PREFERRED_APPLICATIONS
01-01 20:00:07.144 W/android.permission.PermissionManager(  619): Missing ActivityManager; assuming 1000 holds android.permission.SET_PREFERRED_APPLICATIONS
01-01 20:00:07.144 W/android.permission.PermissionManager(  619): Missing ActivityManager; assuming 1000 holds android.permission.SET_PREFERRED_APPLICATIONS
01-01 20:00:07.144 W/android.permission.PermissionManager(  619): Missing ActivityManager; assuming 1000 holds android.permission.SET_PREFERRED_APPLICATIONS
01-01 20:00:07.144 W/android.permission.PermissionManager(  619): Missing ActivityManager; assuming 1000 holds android.permission.SET_PREFERRED_APPLICATIONS
01-01 20:00:07.144 W/android.permission.PermissionManager(  619): Missing ActivityManager; assuming 1000 holds android.permission.SET_PREFERRED_APPLICATIONS
01-01 20:00:07.144 W/android.permission.PermissionManager(  619): Missing ActivityManager; assuming 1000 holds android.permission.SET_PREFERRED_APPLICATIONS
01-01 20:00:07.144 W/android.permission.PermissionManager(  619): Missing ActivityManager; assuming 1000 holds android.permission.SET_PREFERRED_APPLICATIONS
01-01 20:00:07.145 W/android.permission.PermissionManager(  619): Missing ActivityManager; assuming 1000 holds android.permission.SET_PREFERRED_APPLICATIONS
01-01 20:00:07.145 W/android.permission.PermissionManager(  619): Missing ActivityManager; assuming 1000 holds android.permission.SET_PREFERRED_APPLICATIONS
01-01 20:00:07.145 W/android.permission.PermissionManager(  619): Missing ActivityManager; assuming 1000 holds android.permission.SET_PREFERRED_APPLICATIONS
01-01 20:00:07.145 W/android.permission.PermissionManager(  619): Missing ActivityManager; assuming 1000 holds android.permission.SET_PREFERRED_APPLICATIONS
01-01 20:00:07.145 W/android.permission.PermissionManager(  619): Missing ActivityManager; assuming 1000 holds android.permission.SET_PREFERRED_APPLICATIONS
01-01 20:00:07.145 W/android.permission.PermissionManager(  619): Missing ActivityManager; assuming 1000 holds android.permission.SET_PREFERRED_APPLICATIONS
01-01 20:00:07.145 W/android.permission.PermissionManager(  619): Missing ActivityManager; assuming 1000 holds android.permission.SET_PREFERRED_APPLICATIONS
01-01 20:00:07.145 W/android.permission.PermissionManager(  619): Missing ActivityManager; assuming 1000 holds android.permission.SET_PREFERRED_APPLICATIONS
01-01 20:00:07.145 W/android.permission.PermissionManager(  619): Missing ActivityManager; assuming 1000 holds android.permission.SET_PREFERRED_APPLICATIONS
01-01 20:00:07.146 W/android.permission.PermissionManager(  619): Missing ActivityManager; assuming 1000 holds android.permission.SET_PREFERRED_APPLICATIONS
01-01 20:00:07.146 W/android.permission.PermissionManager(  619): Missing ActivityManager; assuming 1000 holds android.permission.SET_PREFERRED_APPLICATIONS
01-01 20:00:07.146 W/android.permission.PermissionManager(  619): Missing ActivityManager; assuming 1000 holds android.permission.SET_PREFERRED_APPLICATIONS
01-01 20:00:07.146 W/android.permission.PermissionManager(  619): Missing ActivityManager; assuming 1000 holds android.permission.SET_PREFERRED_APPLICATIONS
01-01 20:00:07.146 W/android.permission.PermissionManager(  619): Missing ActivityManager; assuming 1000 holds android.permission.SET_PREFERRED_APPLICATIONS
01-01 20:00:07.146 W/android.permission.PermissionManager(  619): Missing ActivityManager; assuming 1000 holds android.permission.SET_PREFERRED_APPLICATIONS
01-01 20:00:07.146 W/android.permission.PermissionManager(  619): Missing ActivityManager; assuming 1000 holds android.permission.SET_PREFERRED_APPLICATIONS
01-01 20:00:07.146 W/android.permission.PermissionManager(  619): Missing ActivityManager; assuming 1000 holds android.permission.SET_PREFERRED_APPLICATIONS
01-01 20:00:07.146 W/android.permission.PermissionManager(  619): Missing ActivityManager; assuming 1000 holds android.permission.SET_PREFERRED_APPLICATIONS
01-01 20:00:07.146 W/android.permission.PermissionManager(  619): Missing ActivityManager; assuming 1000 holds android.permission.SET_PREFERRED_APPLICATIONS
01-01 20:00:07.147 W/android.permission.PermissionManager(  619): Missing ActivityManager; assuming 1000 holds android.permission.SET_PREFERRED_APPLICATIONS
01-01 20:00:07.147 W/android.permission.PermissionManager(  619): Missing ActivityManager; assuming 1000 holds android.permission.SET_PREFERRED_APPLICATIONS
01-01 20:00:07.147 W/android.permission.PermissionManager(  619): Missing ActivityManager; assuming 1000 holds android.permission.SET_PREFERRED_APPLICATIONS
01-01 20:00:07.147 W/android.permission.PermissionManager(  619): Missing ActivityManager; assuming 1000 holds android.permission.SET_PREFERRED_APPLICATIONS
01-01 20:00:07.147 W/android.permission.PermissionManager(  619): Missing ActivityManager; assuming 1000 holds android.permission.SET_PREFERRED_APPLICATIONS
01-01 20:00:07.147 W/android.permission.PermissionManager(  619): Missing ActivityManager; assuming 1000 holds android.permission.SET_PREFERRED_APPLICATIONS
01-01 20:00:07.147 W/android.permission.PermissionManager(  619): Missing ActivityManager; assuming 1000 holds android.permission.SET_PREFERRED_APPLICATIONS
01-01 20:00:07.147 W/android.permission.PermissionManager(  619): Missing ActivityManager; assuming 1000 holds android.permission.SET_PREFERRED_APPLICATIONS
01-01 20:00:07.147 W/android.permission.PermissionManager(  619): Missing ActivityManager; assuming 1000 holds android.permission.SET_PREFERRED_APPLICATIONS
01-01 20:00:07.148 W/android.permission.PermissionManager(  619): Missing ActivityManager; assuming 1000 holds android.permission.SET_PREFERRED_APPLICATIONS
01-01 20:00:07.148 W/android.permission.PermissionManager(  619): Missing ActivityManager; assuming 1000 holds android.permission.SET_PREFERRED_APPLICATIONS
01-01 20:00:07.148 W/android.permission.PermissionManager(  619): Missing ActivityManager; assuming 1000 holds android.permission.SET_PREFERRED_APPLICATIONS
01-01 20:00:07.148 W/android.permission.PermissionManager(  619): Missing ActivityManager; assuming 1000 holds android.permission.SET_PREFERRED_APPLICATIONS
01-01 20:00:07.148 W/android.permission.PermissionManager(  619): Missing ActivityManager; assuming 1000 holds android.permission.SET_PREFERRED_APPLICATIONS
01-01 20:00:07.148 W/android.permission.PermissionManager(  619): Missing ActivityManager; assuming 1000 holds android.permission.SET_PREFERRED_APPLICATIONS
01-01 20:00:07.148 W/android.permission.PermissionManager(  619): Missing ActivityManager; assuming 1000 holds android.permission.SET_PREFERRED_APPLICATIONS
01-01 20:00:07.148 W/android.permission.PermissionManager(  619): Missing ActivityManager; assuming 1000 holds android.permission.SET_PREFERRED_APPLICATIONS
01-01 20:00:07.148 W/android.permission.PermissionManager(  619): Missing ActivityManager; assuming 1000 holds android.permission.SET_PREFERRED_APPLICATIONS
01-01 20:00:07.148 W/android.permission.PermissionManager(  619): Missing ActivityManager; assuming 1000 holds android.permission.SET_PREFERRED_APPLICATIONS
01-01 20:00:07.149 W/android.permission.PermissionManager(  619): Missing ActivityManager; assuming 1000 holds android.permission.SET_PREFERRED_APPLICATIONS
01-01 20:00:07.149 W/android.permission.PermissionManager(  619): Missing ActivityManager; assuming 1000 holds android.permission.SET_PREFERRED_APPLICATIONS
01-01 20:00:07.149 W/android.permission.PermissionManager(  619): Missing ActivityManager; assuming 1000 holds android.permission.SET_PREFERRED_APPLICATIONS
01-01 20:00:07.149 W/android.permission.PermissionManager(  619): Missing ActivityManager; assuming 1000 holds android.permission.SET_PREFERRED_APPLICATIONS
01-01 20:00:07.149 W/android.permission.PermissionManager(  619): Missing ActivityManager; assuming 1000 holds android.permission.SET_PREFERRED_APPLICATIONS
01-01 20:00:07.149 W/android.permission.PermissionManager(  619): Missing ActivityManager; assuming 1000 holds android.permission.SET_PREFERRED_APPLICATIONS
01-01 20:00:07.149 W/android.permission.PermissionManager(  619): Missing ActivityManager; assuming 1000 holds android.permission.SET_PREFERRED_APPLICATIONS
01-01 20:00:07.149 W/android.permission.PermissionManager(  619): Missing ActivityManager; assuming 1000 holds android.permission.SET_PREFERRED_APPLICATIONS
01-01 20:00:07.149 W/android.permission.PermissionManager(  619): Missing ActivityManager; assuming 1000 holds android.permission.SET_PREFERRED_APPLICATIONS
01-01 20:00:07.149 W/android.permission.PermissionManager(  619): Missing ActivityManager; assuming 1000 holds android.permission.SET_PREFERRED_APPLICATIONS
01-01 20:00:07.150 W/android.permission.PermissionManager(  619): Missing ActivityManager; assuming 1000 holds android.permission.SET_PREFERRED_APPLICATIONS
01-01 20:00:07.150 W/android.permission.PermissionManager(  619): Missing ActivityManager; assuming 1000 holds android.permission.SET_PREFERRED_APPLICATIONS
01-01 20:00:07.150 W/android.permission.PermissionManager(  619): Missing ActivityManager; assuming 1000 holds android.permission.SET_PREFERRED_APPLICATIONS
01-01 20:00:07.150 W/android.permission.PermissionManager(  619): Missing ActivityManager; assuming 1000 holds android.permission.SET_PREFERRED_APPLICATIONS
01-01 20:00:07.150 W/android.permission.PermissionManager(  619): Missing ActivityManager; assuming 1000 holds android.permission.SET_PREFERRED_APPLICATIONS
01-01 20:00:07.150 W/android.permission.PermissionManager(  619): Missing ActivityManager; assuming 1000 holds android.permission.SET_PREFERRED_APPLICATIONS
01-01 20:00:07.150 W/android.permission.PermissionManager(  619): Missing ActivityManager; assuming 1000 holds android.permission.SET_PREFERRED_APPLICATIONS
01-01 20:00:07.150 W/android.permission.PermissionManager(  619): Missing ActivityManager; assuming 1000 holds android.permission.SET_PREFERRED_APPLICATIONS
01-01 20:00:07.150 W/android.permission.PermissionManager(  619): Missing ActivityManager; assuming 1000 holds android.permission.SET_PREFERRED_APPLICATIONS
01-01 20:00:07.151 W/android.permission.PermissionManager(  619): Missing ActivityManager; assuming 1000 holds android.permission.SET_PREFERRED_APPLICATIONS
01-01 20:00:07.151 W/android.permission.PermissionManager(  619): Missing ActivityManager; assuming 1000 holds android.permission.SET_PREFERRED_APPLICATIONS
01-01 20:00:07.151 W/android.permission.PermissionManager(  619): Missing ActivityManager; assuming 1000 holds android.permission.SET_PREFERRED_APPLICATIONS
01-01 20:00:07.151 W/android.permission.PermissionManager(  619): Missing ActivityManager; assuming 1000 holds android.permission.SET_PREFERRED_APPLICATIONS
01-01 20:00:07.151 W/android.permission.PermissionManager(  619): Missing ActivityManager; assuming 1000 holds android.permission.SET_PREFERRED_APPLICATIONS
01-01 20:00:07.151 W/android.permission.PermissionManager(  619): Missing ActivityManager; assuming 1000 holds android.permission.SET_PREFERRED_APPLICATIONS
01-01 20:00:07.151 W/android.permission.PermissionManager(  619): Missing ActivityManager; assuming 1000 holds android.permission.SET_PREFERRED_APPLICATIONS
01-01 20:00:07.151 W/android.permission.PermissionManager(  619): Missing ActivityManager; assuming 1000 holds android.permission.SET_PREFERRED_APPLICATIONS
01-01 20:00:07.151 W/android.permission.PermissionManager(  619): Missing ActivityManager; assuming 1000 holds android.permission.SET_PREFERRED_APPLICATIONS
01-01 20:00:07.151 W/android.permission.PermissionManager(  619): Missing ActivityManager; assuming 1000 holds android.permission.SET_PREFERRED_APPLICATIONS
01-01 20:00:07.152 W/android.permission.PermissionManager(  619): Missing ActivityManager; assuming 1000 holds android.permission.SET_PREFERRED_APPLICATIONS
01-01 20:00:07.152 W/android.permission.PermissionManager(  619): Missing ActivityManager; assuming 1000 holds android.permission.SET_PREFERRED_APPLICATIONS
01-01 20:00:07.152 W/android.permission.PermissionManager(  619): Missing ActivityManager; assuming 1000 holds android.permission.SET_PREFERRED_APPLICATIONS
01-01 20:00:07.152 W/android.permission.PermissionManager(  619): Missing ActivityManager; assuming 1000 holds android.permission.SET_PREFERRED_APPLICATIONS
01-01 20:00:07.152 W/android.permission.PermissionManager(  619): Missing ActivityManager; assuming 1000 holds android.permission.SET_PREFERRED_APPLICATIONS
01-01 20:00:07.152 W/android.permission.PermissionManager(  619): Missing ActivityManager; assuming 1000 holds android.permission.SET_PREFERRED_APPLICATIONS
01-01 20:00:07.152 W/android.permission.PermissionManager(  619): Missing ActivityManager; assuming 1000 holds android.permission.SET_PREFERRED_APPLICATIONS
01-01 20:00:07.152 W/android.permission.PermissionManager(  619): Missing ActivityManager; assuming 1000 holds android.permission.SET_PREFERRED_APPLICATIONS
01-01 20:00:07.152 W/android.permission.PermissionManager(  619): Missing ActivityManager; assuming 1000 holds android.permission.SET_PREFERRED_APPLICATIONS
01-01 20:00:07.153 W/android.permission.PermissionManager(  619): Missing ActivityManager; assuming 1000 holds android.permission.SET_PREFERRED_APPLICATIONS
01-01 20:00:07.153 W/android.permission.PermissionManager(  619): Missing ActivityManager; assuming 1000 holds android.permission.SET_PREFERRED_APPLICATIONS
01-01 20:00:07.153 W/android.permission.PermissionManager(  619): Missing ActivityManager; assuming 1000 holds android.permission.SET_PREFERRED_APPLICATIONS
01-01 20:00:07.153 W/android.permission.PermissionManager(  619): Missing ActivityManager; assuming 1000 holds android.permission.SET_PREFERRED_APPLICATIONS
01-01 20:00:07.153 W/android.permission.PermissionManager(  619): Missing ActivityManager; assuming 1000 holds android.permission.SET_PREFERRED_APPLICATIONS
01-01 20:00:07.153 W/android.permission.PermissionManager(  619): Missing ActivityManager; assuming 1000 holds android.permission.SET_PREFERRED_APPLICATIONS
01-01 20:00:07.153 W/android.permission.PermissionManager(  619): Missing ActivityManager; assuming 1000 holds android.permission.SET_PREFERRED_APPLICATIONS
01-01 20:00:07.153 W/android.permission.PermissionManager(  619): Missing ActivityManager; assuming 1000 holds android.permission.SET_PREFERRED_APPLICATIONS
01-01 20:00:07.153 W/android.permission.PermissionManager(  619): Missing ActivityManager; assuming 1000 holds android.permission.SET_PREFERRED_APPLICATIONS
01-01 20:00:07.153 W/android.permission.PermissionManager(  619): Missing ActivityManager; assuming 1000 holds android.permission.SET_PREFERRED_APPLICATIONS
01-01 20:00:07.154 W/android.permission.PermissionManager(  619): Missing ActivityManager; assuming 1000 holds android.permission.SET_PREFERRED_APPLICATIONS
01-01 20:00:07.154 W/android.permission.PermissionManager(  619): Missing ActivityManager; assuming 1000 holds android.permission.SET_PREFERRED_APPLICATIONS
01-01 20:00:07.154 W/android.permission.PermissionManager(  619): Missing ActivityManager; assuming 1000 holds android.permission.SET_PREFERRED_APPLICATIONS
01-01 20:00:07.154 W/android.permission.PermissionManager(  619): Missing ActivityManager; assuming 1000 holds android.permission.SET_PREFERRED_APPLICATIONS
01-01 20:00:07.154 W/android.permission.PermissionManager(  619): Missing ActivityManager; assuming 1000 holds android.permission.SET_PREFERRED_APPLICATIONS
01-01 20:00:07.154 W/android.permission.PermissionManager(  619): Missing ActivityManager; assuming 1000 holds android.permission.SET_PREFERRED_APPLICATIONS
01-01 20:00:07.154 W/android.permission.PermissionManager(  619): Missing ActivityManager; assuming 1000 holds android.permission.SET_PREFERRED_APPLICATIONS
01-01 20:00:07.154 W/android.permission.PermissionManager(  619): Missing ActivityManager; assuming 1000 holds android.permission.SET_PREFERRED_APPLICATIONS
01-01 20:00:07.154 W/android.permission.PermissionManager(  619): Missing ActivityManager; assuming 1000 holds android.permission.SET_PREFERRED_APPLICATIONS
01-01 20:00:07.160 W/PackageSettings(  619): Missing permission state for package: com.android.cts.priv.ctsshim
01-01 20:00:07.160 W/PackageSettings(  619): Missing permission state for package: com.android.internal.display.cutout.emulation.corner
01-01 20:00:07.160 W/PackageSettings(  619): Missing permission state for package: com.android.internal.display.cutout.emulation.double
01-01 20:00:07.160 W/PackageSettings(  619): Missing permission state for package: com.android.internal.systemui.navbar.gestural_wide_back
01-01 20:00:07.160 W/PackageSettings(  619): Missing permission state for package: com.android.htmlviewer
01-01 20:00:07.160 W/PackageSettings(  619): Missing permission state for package: com.android.internal.systemui.onehanded.gestural
01-01 20:00:07.160 W/PackageSettings(  619): Missing permission state for package: com.android.simappdialog
01-01 20:00:07.160 W/PackageSettings(  619): Missing permission state for package: com.android.connectivity.resources
01-01 20:00:07.160 W/PackageSettings(  619): Missing permission state for package: com.android.internal.display.cutout.emulation.hole
01-01 20:00:07.160 W/PackageSettings(  619): Missing permission state for package: com.android.internal.display.cutout.emulation.tall
01-01 20:00:07.160 W/PackageSettings(  619): Missing permission state for package: com.android.modulemetadata
01-01 20:00:07.160 W/PackageSettings(  619): Missing permission state for package: com.rockchip.overlay.pinnerservice
01-01 20:00:07.160 W/PackageSettings(  619): Missing permission state for package: com.android.internal.systemui.navbar.threebutton
01-01 20:00:07.161 W/PackageSettings(  619): Missing permission state for package: com.android.internal.systemui.navbar.gestural_extra_wide_back
01-01 20:00:07.161 W/PackageSettings(  619): Missing permission state for package: com.android.dreams.basic
01-01 20:00:07.161 W/PackageSettings(  619): Missing permission state for package: android.ext.shared
01-01 20:00:07.161 W/PackageSettings(  619): Missing permission state for package: com.android.wifi.resources
01-01 20:00:07.161 W/PackageSettings(  619): Missing permission state for package: com.android.cameraextensions
01-01 20:00:07.161 W/PackageSettings(  619): Missing permission state for package: com.android.theme.font.notoserifsource
01-01 20:00:07.161 W/PackageSettings(  619): Missing permission state for package: com.android.internal.display.cutout.emulation.waterfall
01-01 20:00:07.161 W/PackageSettings(  619): Missing permission state for package: com.android.bookmarkprovider
01-01 20:00:07.161 W/PackageSettings(  619): Missing permission state for package: com.android.cts.ctsshim
01-01 20:00:07.161 W/PackageSettings(  619): Missing permission state for package: com.android.internal.systemui.navbar.gestural
01-01 20:00:07.161 W/PackageSettings(  619): Missing permission state for package: com.android.internal.systemui.navbar.gestural_narrow_back
01-01 20:00:07.161 W/PackageSettings(  619): Missing permission state for package: android.auto_generated_rro_vendor__
01-01 20:00:07.161 W/PackageSettings(  619): Missing permission state for shared user: android.uid.log
01-01 20:00:07.161 W/PackageSettings(  619): Missing permission state for shared user: android.uid.nfc
01-01 20:00:07.161 W/PackageSettings(  619): Missing permission state for shared user: android.uid.uwb
01-01 20:00:07.162 V/PackageManagerTiming(  619): read user settings took to complete: 43ms
01-01 20:00:07.163 I/android.hardware.graphics.allocator@4.0-service(  407): alloc_format: FMT:0x2b,MOD:0x10000
01-01 20:00:07.163 I/android.hardware.graphics.allocator@4.0-service(  407): mali_gralloc_adjust_dimensions: alloc_format=FMT:0x2b,MOD:0x10000 usage=0xb00 alloc_width=1920, alloc_height=1088
01-01 20:00:07.164 D/android.hardware.graphics.allocator@4.0-service(  407): got new private_handle_t instance for buffer 'bbq-adapter#0(BLAST Consumer)0'. share_fd : 8, share_attr_fd : 9, width : 1920, height : 1080, req_format : 0x2b, producer_usage : 0xb00, consumer_usage : 0xb00, , stride : 0, alloc_format : 43, size : 8486912, layer_count : 1
01-01 20:00:07.164 D/android.hardware.graphics.allocator@4.0-service(  407): plane_info[0]: offset : 0, byte_stride : 7680, alloc_width : 1920, alloc_height : 1088
01-01 20:00:07.164 D/android.hardware.graphics.allocator@4.0-service(  407): plane_info[1]: offset : 0, byte_stride : 0, alloc_width : 0, alloc_height : 0
01-01 20:00:07.166 I/android.hardware.graphics.allocator@4.0-service(  407): alloc_format: FMT:0x2b,MOD:0x10000
01-01 20:00:07.166 I/android.hardware.graphics.allocator@4.0-service(  407): mali_gralloc_adjust_dimensions: alloc_format=FMT:0x2b,MOD:0x10000 usage=0xb00 alloc_width=1920, alloc_height=1088
01-01 20:00:07.167 D/android.hardware.graphics.allocator@4.0-service(  407): got new private_handle_t instance for buffer 'bbq-adapter#0(BLAST Consumer)0'. share_fd : 8, share_attr_fd : 9, width : 1920, height : 1080, req_format : 0x2b, producer_usage : 0xb00, consumer_usage : 0xb00, , stride : 0, alloc_format : 43, size : 8486912, layer_count : 1
01-01 20:00:07.167 D/android.hardware.graphics.allocator@4.0-service(  407): plane_info[0]: offset : 0, byte_stride : 7680, alloc_width : 1920, alloc_height : 1088
01-01 20:00:07.167 D/android.hardware.graphics.allocator@4.0-service(  407): plane_info[1]: offset : 0, byte_stride : 0, alloc_width : 0, alloc_height : 0
01-01 20:00:07.168 D/PackageManager(  619): Keeping known cache 0a9726dfd3aff435c0df0f77b27b0e4354c55676
01-01 20:00:07.168 W/PackageManager(  619): Wiping cache directory because the system partition changed.
01-01 20:00:07.170 I/SurfaceFlinger(  340): Enter boot animation
01-01 20:00:07.171 D/PackageManager(  619): No files in app dir /system_ext/overlay
01-01 20:00:07.173 I/hwc-drm-connector(  411): UpdateBCSH,line=880, DSI-0 can't find suitable BCSH Property, try to use Baseparameter.
01-01 20:00:07.173 I/hwc-drm-connector(  411): UpdateBCSH,line=896, DSI-0 BCSH=[50,50,50,50]
01-01 20:00:07.173 W/hwc-drm-utils(  411): SetDisplayFrame new iUserOffset 0 iUserScale 1 
01-01 20:00:07.174 I/PackageBackwardCompatibility(  619): Loaded android.content.pm.AndroidTestBaseUpdater
01-01 20:00:07.174 D/CompatibilityChangeReporter(  619): Compat change id reported: 143539591; UID -1; state: ENABLED
01-01 20:00:07.200 D/PackageManager(  619): No files in app dir /oem/overlay
01-01 20:00:07.200 D/PackageManager(  619): No files in app dir /odm/overlay
01-01 20:00:07.202 W/PackageManager(  619): Failed to parse /system/framework/arm64: Missing base APK in /system/framework/arm64
01-01 20:00:07.202 W/PackageManager(  619): Failed to parse /system/framework/oat: Missing base APK in /system/framework/oat
01-01 20:00:07.202 W/PackageManager(  619): Failed to parse /system/framework/arm: Missing base APK in /system/framework/arm
01-01 20:00:07.296 D/CompatibilityChangeReporter(  619): Compat change id reported: 143539591; UID -1; state: DISABLED
01-01 20:00:07.296 D/CompatibilityChangeReporter(  619): Compat change id reported: 168782947; UID -1; state: DISABLED
01-01 20:00:07.327 D/CompatibilityChangeReporter(  619): Compat change id reported: 168782947; UID -1; state: ENABLED
01-01 20:00:07.420 W/PackageParsing(  619): 2.Ignoring duplicate uses-permissions/uses-permissions-sdk-m: android.permission.CHANGE_CONFIGURATION in package: com.yian.yiansettings at: Binary XML file line #72
01-01 20:00:07.420 W/PackageParsing(  619): 2.Ignoring duplicate uses-permissions/uses-permissions-sdk-m: android.permission.WRITE_SETTINGS in package: com.yian.yiansettings at: Binary XML file line #74
01-01 20:00:07.420 W/PackageParsing(  619): 2.Ignoring duplicate uses-permissions/uses-permissions-sdk-m: android.permission.WRITE_MEDIA_STORAGE in package: com.yian.yiansettings at: Binary XML file line #84
01-01 20:00:07.420 W/PackageParsing(  619): 2.Ignoring duplicate uses-permissions/uses-permissions-sdk-m: android.permission.WRITE_EXTERNAL_STORAGE in package: com.yian.yiansettings at: Binary XML file line #86
01-01 20:00:07.420 W/PackageParsing(  619): 2.Ignoring duplicate uses-permissions/uses-permissions-sdk-m: android.permission.READ_EXTERNAL_STORAGE in package: com.yian.yiansettings at: Binary XML file line #87
01-01 20:00:07.420 W/PackageParsing(  619): 2.Ignoring duplicate uses-permissions/uses-permissions-sdk-m: android.permission.WRITE_SETTINGS in package: com.yian.yiansettings at: Binary XML file line #88
01-01 20:00:07.420 W/PackageParsing(  619): 2.Ignoring duplicate uses-permissions/uses-permissions-sdk-m: android.permission.WRITE_SECURE_SETTINGS in package: com.yian.yiansettings at: Binary XML file line #89
01-01 20:00:07.420 W/PackageParsing(  619): 2.Ignoring duplicate uses-permissions/uses-permissions-sdk-m: android.permission.CHANGE_CONFIGURATION in package: com.yian.yiansettings at: Binary XML file line #90
01-01 20:00:07.420 W/PackageParsing(  619): 2.Ignoring duplicate uses-permissions/uses-permissions-sdk-m: android.permission.CHANGE_WIFI_STATE in package: com.yian.yiansettings at: Binary XML file line #92
01-01 20:00:07.420 W/PackageParsing(  619): 2.Ignoring duplicate uses-permissions/uses-permissions-sdk-m: android.permission.WRITE_SYNC_SETTINGS in package: com.yian.yiansettings at: Binary XML file line #93
01-01 20:00:07.420 W/PackageParsing(  619): No actions in intent-filter at /system/app/LocationProvider/LocationProvider.apk Binary XML file line #98
01-01 20:00:07.429 W/PackageParsing(  619): 2.Ignoring duplicate uses-permissions/uses-permissions-sdk-m: android.permission.WRITE_EXTERNAL_STORAGE in package: com.ztl.openUnityApp at: Binary XML file line #15
01-01 20:00:07.434 W/PackageParsing(  619): No actions in intent-filter at /system/app/CarrierDefaultApp/CarrierDefaultApp.apk Binary XML file line #43
01-01 20:00:07.459 D/PackageManager(  619): No files in app dir /vendor/priv-app
01-01 20:00:07.465 W/PackageParsing(  619): 2.Ignoring duplicate uses-permissions/uses-permissions-sdk-m: android.permission.DEVICE_POWER in package: android.rk.RockVideoPlayer at: Binary XML file line #22
01-01 20:00:07.466 D/PackageManager(  619): No files in app dir /odm/priv-app
01-01 20:00:07.466 D/PackageManager(  619): No files in app dir /odm/app
01-01 20:00:07.466 D/PackageManager(  619): No files in app dir /oem/app
01-01 20:00:07.523 W/ServiceManager(  490): Waited one second for package_native (is service started? are binder threads started and available?)
01-01 20:00:07.524 I/servicemanager(  300): Since 'package_native' could not be found, trying to start it as a lazy AIDL service
01-01 20:00:09.075 E/init    (    1): Control message: Could not find 'aidl/package_native' for ctl.interface_start from pid: 300 (/system/bin/servicemanager)
01-01 20:00:07.524 W/libc    (  300): Unable to set property "ctl.interface_start" to "aidl/package_native": error code: 0x20
01-01 20:00:07.525 I/servicemanager(  300): Tried to start aidl service package_native as a lazy service, but was unable to. Usually this happens when a service is not installed, but if the service is intended to be used as a lazy service, then it may be configured incorrectly.
01-01 20:00:07.599 W/PackageParsing(  619): 2.Ignoring duplicate uses-permissions/uses-permissions-sdk-m: android.permission.CONFIGURE_WIFI_DISPLAY in package: com.android.systemui at: Binary XML file line #161
01-01 20:00:07.727 I/PackageParsing(  619): Parse times for '/system_ext/priv-app/Settings': parse=202ms, update_cache=2 ms
01-01 20:00:07.740 D/PackageManager(  619): No files in app dir /apex/com.android.vndk.v32/priv-app
01-01 20:00:07.740 D/PackageManager(  619): No files in app dir /apex/com.android.vndk.v32/app
01-01 20:00:07.740 D/PackageManager(  619): No files in app dir /apex/com.android.tzdata/priv-app
01-01 20:00:07.740 D/PackageManager(  619): No files in app dir /apex/com.android.tzdata/app
01-01 20:00:07.747 D/PackageManager(  619): No files in app dir /apex/com.android.tethering/app
01-01 20:00:07.747 D/PackageManager(  619): No files in app dir /apex/com.android.sdkext/priv-app
01-01 20:00:07.747 D/PackageManager(  619): No files in app dir /apex/com.android.sdkext/app
01-01 20:00:07.747 D/PackageManager(  619): No files in app dir /apex/com.android.scheduling/priv-app
01-01 20:00:07.747 D/PackageManager(  619): No files in app dir /apex/com.android.scheduling/app
01-01 20:00:07.747 D/PackageManager(  619): No files in app dir /apex/com.android.runtime/priv-app
01-01 20:00:07.747 D/PackageManager(  619): No files in app dir /apex/com.android.runtime/app
01-01 20:00:07.748 D/PackageManager(  619): No files in app dir /apex/com.android.resolv/priv-app
01-01 20:00:07.748 D/PackageManager(  619): No files in app dir /apex/com.android.resolv/app
01-01 20:00:09.315 W/zts thread_function(  270): 6
01-01 20:00:07.773 D/PackageManager(  619): No files in app dir /apex/com.android.permission/app
01-01 20:00:07.773 D/PackageManager(  619): No files in app dir /apex/com.android.os.statsd/priv-app
01-01 20:00:07.773 D/PackageManager(  619): No files in app dir /apex/com.android.os.statsd/app
01-01 20:00:07.773 D/PackageManager(  619): No files in app dir /apex/com.android.neuralnetworks/priv-app
01-01 20:00:07.773 D/PackageManager(  619): No files in app dir /apex/com.android.neuralnetworks/app
01-01 20:00:07.782 D/PackageManager(  619): No files in app dir /apex/com.android.mediaprovider/app
01-01 20:00:07.782 D/PackageManager(  619): No files in app dir /apex/com.android.media.swcodec/priv-app
01-01 20:00:07.782 D/PackageManager(  619): No files in app dir /apex/com.android.media.swcodec/app
01-01 20:00:07.782 D/PackageManager(  619): No files in app dir /apex/com.android.media/priv-app
01-01 20:00:07.782 D/PackageManager(  619): No files in app dir /apex/com.android.media/app
01-01 20:00:07.782 D/PackageManager(  619): No files in app dir /apex/com.android.ipsec/priv-app
01-01 20:00:07.782 D/PackageManager(  619): No files in app dir /apex/com.android.ipsec/app
01-01 20:00:07.782 D/PackageManager(  619): No files in app dir /apex/com.android.i18n/priv-app
01-01 20:00:07.782 D/PackageManager(  619): No files in app dir /apex/com.android.i18n/app
01-01 20:00:07.790 D/PackageManager(  619): No files in app dir /apex/com.android.extservices/app
01-01 20:00:07.790 D/PackageManager(  619): No files in app dir /apex/com.android.conscrypt/priv-app
01-01 20:00:07.790 D/PackageManager(  619): No files in app dir /apex/com.android.conscrypt/app
01-01 20:00:07.790 D/PackageManager(  619): No files in app dir /apex/com.android.art/priv-app
01-01 20:00:07.790 D/PackageManager(  619): No files in app dir /apex/com.android.art/app
01-01 20:00:07.790 D/PackageManager(  619): No files in app dir /apex/com.android.appsearch/priv-app
01-01 20:00:07.790 D/PackageManager(  619): No files in app dir /apex/com.android.appsearch/app
01-01 20:00:07.790 D/PackageManager(  619): No files in app dir /apex/com.android.adbd/priv-app
01-01 20:00:07.790 D/PackageManager(  619): No files in app dir /apex/com.android.adbd/app
01-01 20:00:07.790 D/PackageManager(  619): No files in app dir /odm/bundled_persist-app
01-01 20:00:07.797 W/PackageParsing(  619): No actions in intent-filter at /ztloem/app/xbrowser.apk Binary XML file line #120
01-01 20:00:07.798 W/PackageManager(  619): Unrecognized code path /ztloem/app/ztl_layout.apk - using /ztloem
01-01 20:00:07.798 W/PackageManager(  619): Unrecognized code path /ztloem/app/xbrowser.apk - using /ztloem
01-01 20:00:07.799 D/PackageManager(  619): No files in app dir /odm/bundled_uninstall_back-app
01-01 20:00:07.806 W/PackageParsing(  619): 2.Ignoring duplicate uses-permissions/uses-permissions-sdk-m: android.permission.SET_TIME_ZONE in package: com.ztl.helper at: Binary XML file line #52
01-01 20:00:07.808 D/CompatibilityChangeReporter(  619): Compat change id reported: 133396946; UID -1; state: DISABLED
01-01 20:00:07.810 W/PackageParser(  619): Ignoring duplicate uses-permissions/uses-permissions-sdk-m: android.permission.SET_TIME_ZONE in package: com.ztl.helper at: Binary XML file line #52
01-01 20:00:07.811 D/PackageManager(  619): No files in app dir /odm/bundled_uninstall_gone-app
01-01 20:00:07.813 I/PackageManager(  619): Finished scanning system apps. Time: 645 ms, packageCount: 107 , timePerPackage: 6 , cached: 0
01-01 20:00:07.816 D/CompatibilityChangeReporter(  619): Compat change id reported: 133396946; UID -1; state: ENABLED
01-01 20:00:07.816 I/PackageManager(  619): Finished scanning non-system apps. Time: 4 ms, packageCount: 1 , timePerPackage: 4 , cached: 0
01-01 20:00:07.817 I/PackageManager(  619): Time to scan packages: 0.65 seconds
01-01 20:00:07.818 I/PackageManager(  619): Permission ownership changed. Updating all permissions.
01-01 20:00:07.823 V/PackageManager(  619): reconcileAppsData for null u0 0x3 migrateAppData=true
01-01 20:00:07.827 I/SELinux (  486): SELinux: Loaded file_contexts
01-01 20:00:07.879 V/PackageManager(  619): reconcileAppsData finished 19 packages
01-01 20:00:07.879 D/PackageManagerTiming(  619): write settings
01-01 20:00:07.879 D/SystemServerTimingAsync(  619): InitThreadPoolExec:prepareAppData
01-01 20:00:07.879 D/SystemServerInitThreadPool(  619): Started executing prepareAppData
01-01 20:00:07.884 W/installd(  486): Ignoring /data/data/com.ztl.muiltDisplayLayout/lib with unexpected GID 0 instead of 10074
01-01 20:00:07.900 I/SELinux (  619): SELinux: Loaded file_contexts
01-01 20:00:07.913 V/PackageManagerTiming(  619): write settings took to complete: 34ms
01-01 20:00:07.913 W/PackageManager(  619): There should probably be a verifier, but, none were found
01-01 20:00:07.913 W/PackageManager(  619): Domain verification agent not found
01-01 20:00:07.914 D/PackageManager(  619): Ephemeral resolver NOT found; no matching intent filters
01-01 20:00:07.914 D/PackageManager(  619): Instant App installer not found with android.intent.action.INSTALL_INSTANT_APP_PACKAGE
01-01 20:00:07.914 D/PackageManager(  619): Clear ephemeral installer activity
01-01 20:00:07.915 D/PackageManagerTiming(  619): GC
01-01 20:00:07.915 V/PackageManagerTiming(  619): GC took to complete: 0ms
01-01 20:00:07.915 I/PackageManager(  619): Fix for b/169414761 is applied
01-01 20:00:07.915 I/PackageManager(  619): ztl mAllPerformance:false
01-01 20:00:07.915 V/PackageManagerTiming(  619): create package manager took to complete: 808ms
01-01 20:00:07.915 V/UserManagerService(  619): Checking that all system packages are whitelisted.
01-01 20:00:07.916 W/installd(  486): Ignoring /data/data/com.android.webview/lib with unexpected GID 0 instead of 10057
01-01 20:00:07.916 W/UserManagerService(  619): checkWhitelistedSystemPackages(mode=ENFORCE|IMPLICIT_WHITELIST|IMPLICIT_WHITELIST_SYSTEM) has 51 warnings:
01-01 20:00:07.916 W/UserManagerService(  619): com.android.theme.color.amethyst is allowlisted but not present.
01-01 20:00:07.916 W/UserManagerService(  619): com.android.theme.icon.pebble is allowlisted but not present.
01-01 20:00:07.916 W/UserManagerService(  619): com.android.theme.color.sand is allowlisted but not present.
01-01 20:00:07.916 W/UserManagerService(  619): com.android.theme.icon.vessel is allowlisted but not present.
01-01 20:00:07.916 W/UserManagerService(  619): com.android.theme.color.cinnamon is allowlisted but not present.
01-01 20:00:07.916 W/UserManagerService(  619): com.android.theme.icon_pack.victor.settings is allowlisted but not present.
01-01 20:00:07.916 W/UserManagerService(  619): com.android.theme.icon_pack.rounded.systemui is allowlisted but not present.
01-01 20:00:07.916 W/UserManagerService(  619): com.android.theme.icon.taperedrect is allowlisted but not present.
01-01 20:00:07.916 W/UserManagerService(  619): com.android.theme.icon_pack.rounded.android is allowlisted but not present.
01-01 20:00:07.916 W/UserManagerService(  619): com.android.theme.icon_pack.victor.systemui is allowlisted but not present.
01-01 20:00:07.916 W/UserManagerService(  619): com.android.theme.icon_pack.circular.themepicker is allowlisted but not present.
01-01 20:00:07.916 W/UserManagerService(  619): com.android.theme.color.tangerine is allowlisted but not present.
01-01 20:00:07.916 W/UserManagerService(  619): com.android.theme.color.aquamarine is allowlisted but not present.
01-01 20:00:07.916 W/UserManagerService(  619): com.android.theme.color.black is allowlisted but not present.
01-01 20:00:07.916 W/UserManagerService(  619): com.android.theme.color.green is allowlisted but not present.
01-01 20:00:07.916 W/UserManagerService(  619): com.android.theme.color.ocean is allowlisted but not present.
01-01 20:00:07.916 W/UserManagerService(  619): com.android.theme.color.space is allowlisted but not present.
01-01 20:00:07.916 W/UserManagerService(  619): com.android.theme.icon_pack.rounded.launcher is allowlisted but not present.
01-01 20:00:07.916 W/UserManagerService(  619): com.android.theme.icon_pack.kai.settings is allowlisted but not present.
01-01 20:00:07.916 W/UserManagerService(  619): com.android.internal.systemui.navbar.twobutton is allowlisted but not present.
01-01 20:00:07.916 W/UserManagerService(  619): com.android.theme.icon_pack.sam.settings is allowlisted but not present.
01-01 20:00:07.916 W/UserManagerService(  619): com.android.theme.icon_pack.kai.themepicker is allowlisted but not present.
01-01 20:00:07.916 W/UserManagerService(  619): com.android.theme.icon_pack.victor.launcher is allowlisted but not present.
01-01 20:00:07.916 W/UserManagerService(  619): com.android.theme.icon_pack.filled.settings is allowlisted but not present.
01-01 20:00:07.916 W/UserManagerService(  619): com.android.theme.icon_pack.kai.systemui is allowlisted but not present.
01-01 20:00:07.916 W/UserManagerService(  619): com.android.theme.icon_pack.circular.settings is allowlisted but not present.
01-01 20:00:07.916 W/UserManagerService(  619): com.android.theme.icon_pack.sam.systemui is allowlisted but not present.
01-01 20:00:07.916 W/UserManagerService(  619): com.android.theme.icon.teardrop is allowlisted but not present.
01-01 20:00:07.916 W/UserManagerService(  619): com.android.theme.icon_pack.rounded.themepicker is allowlisted but not present.
01-01 20:00:07.916 W/UserManagerService(  619): com.android.theme.icon_pack.filled.systemui is allowlisted but not present.
01-01 20:00:07.916 W/UserManagerService(  619): com.android.theme.icon_pack.sam.android is allowlisted but not present.
01-01 20:00:07.916 W/UserManagerService(  619): com.android.theme.icon_pack.filled.android is allowlisted but not present.
01-01 20:00:07.916 W/UserManagerService(  619): com.android.theme.icon_pack.circular.systemui is allowlisted but not present.
01-01 20:00:07.916 W/UserManagerService(  619): com.android.theme.icon_pack.kai.android is allowlisted but not present.
01-01 20:00:07.916 W/UserManagerService(  619): com.android.theme.icon_pack.kai.launcher is allowlisted but not present.
01-01 20:00:07.916 W/UserManagerService(  619): com.android.wallpaper.livepicker is allowlisted but not present.
01-01 20:00:07.916 W/UserManagerService(  619): com.android.theme.icon_pack.sam.launcher is allowlisted but not present.
01-01 20:00:07.916 W/UserManagerService(  619): com.android.theme.icon.squircle is allowlisted but not present.
01-01 20:00:07.916 W/UserManagerService(  619): com.android.theme.icon_pack.victor.android is allowlisted but not present.
01-01 20:00:07.916 W/UserManagerService(  619): com.android.theme.color.palette is allowlisted but not present.
01-01 20:00:07.916 W/UserManagerService(  619): com.android.theme.icon_pack.filled.launcher is allowlisted but not present.
01-01 20:00:07.916 W/UserManagerService(  619): com.android.theme.color.carbon is allowlisted but not present.
01-01 20:00:07.916 W/UserManagerService(  619): com.android.theme.icon_pack.circular.launcher is allowlisted but not present.
01-01 20:00:07.916 W/UserManagerService(  619): com.android.theme.icon_pack.filled.themepicker is allowlisted but not present.
01-01 20:00:07.916 W/UserManagerService(  619): com.android.theme.icon_pack.victor.themepicker is allowlisted but not present.
01-01 20:00:07.916 W/UserManagerService(  619): com.android.theme.color.orchid is allowlisted but not present.
01-01 20:00:07.916 W/UserManagerService(  619): com.android.theme.color.purple is allowlisted but not present.
01-01 20:00:07.916 W/UserManagerService(  619): com.android.theme.icon_pack.sam.themepicker is allowlisted but not present.
01-01 20:00:07.916 W/UserManagerService(  619): com.android.theme.icon.roundedrect is allowlisted but not present.
01-01 20:00:07.916 W/UserManagerService(  619): com.android.theme.icon_pack.rounded.settings is allowlisted but not present.
01-01 20:00:07.916 W/UserManagerService(  619): com.android.theme.icon_pack.circular.android is allowlisted but not present.
01-01 20:00:07.917 I/Watchdog(  619): Resuming HandlerChecker: main thread for reason: packagemanagermain. Pause count: 0
01-01 20:00:07.917 I/SystemServerDexLoadReporter(  619): Configuring system server dex reporter
01-01 20:00:07.919 V/SystemServerTiming(  619): StartPackageManagerService took to complete: 811ms
01-01 20:00:07.919 D/SystemServerTiming(  619): StartOtaDexOptService
01-01 20:00:07.919 I/Watchdog(  619): Pausing HandlerChecker: main thread for reason: moveab. Pause count: 1
01-01 20:00:07.919 D/OTADexopt(  619): No upgrade, skipping A/B artifacts check.
01-01 20:00:07.919 I/Watchdog(  619): Resuming HandlerChecker: main thread for reason: moveab. Pause count: 0
01-01 20:00:07.919 V/SystemServerTiming(  619): StartOtaDexOptService took to complete: 0ms
01-01 20:00:07.919 D/SystemServerTiming(  619): StartUserManagerService
01-01 20:00:07.920 I/SystemServiceManager(  619): Starting com.android.server.pm.UserManagerService$LifeCycle
01-01 20:00:07.920 V/SystemServerTiming(  619): StartUserManagerService took to complete: 0ms
01-01 20:00:07.920 D/SystemServerTiming(  619): InitAttributerCache
01-01 20:00:07.920 V/SystemServerTiming(  619): InitAttributerCache took to complete: 0ms
01-01 20:00:07.920 D/SystemServerTiming(  619): SetSystemProcess
01-01 20:00:07.924 I/ActivityManager(  619): Connection with lmkd established
01-01 20:00:07.924 I/lowmemorykiller(  299): lmkd data connection established
01-01 20:00:07.924 I/ServiceManager(  488): Waiting for service 'package_native' on '/dev/binder' successful after waiting 3211ms
01-01 20:00:07.924 W/AudioAnalytics(  488): (key=audio.flinger) Audioflinger constructor event detected
01-01 20:00:07.925 V/SystemServerTiming(  619): SetSystemProcess took to complete: 5ms
01-01 20:00:07.925 D/SystemServerTiming(  619): InitWatchdog
01-01 20:00:07.925 V/SystemServerTiming(  619): InitWatchdog took to complete: 0ms
01-01 20:00:07.925 D/SystemServerTiming(  619): StartOverlayManagerService
01-01 20:00:07.926 V/HistoricalRegistry(  619): Interaction before persistence initialized
01-01 20:00:07.926 I/audioserver(  428): Waiting for sensor privacy service
01-01 20:00:09.477 I/init    (    1): Control message: Processed ctl.start for 'idmap2d' from pid: 619 (system_server)
01-01 20:00:07.935 W/idmap2d (  481): active ffro iterator was not previously released
01-01 20:00:07.942 V/SystemServerTiming(  619): StartOverlayManagerService took to complete: 18ms
01-01 20:00:07.942 D/SystemServerTiming(  619): StartSensorPrivacyService
01-01 20:00:07.943 V/SystemServerTiming(  619): StartSensorPrivacyService took to complete: 1ms
01-01 20:00:07.944 D/SystemServerTiming(  619): StartSensorService
01-01 20:00:07.944 I/SystemServiceManager(  619): Starting com.android.server.sensors.SensorService
01-01 20:00:07.944 W/ActivityTaskManager(  619): Skip updateConfiguration because mWindowManager isn't set
01-01 20:00:07.944 V/SystemServerTiming(  619): StartSensorService took to complete: 0ms
01-01 20:00:07.944 V/SystemServerTiming(  619): startBootstrapServices took to complete: 952ms
01-01 20:00:07.944 D/SystemServerTiming(  619): startCoreServices
01-01 20:00:07.944 D/SystemServerTiming(  619): StartSystemConfigService
01-01 20:00:07.944 I/SystemServiceManager(  619): Starting com.android.server.SystemConfigService
01-01 20:00:07.944 D/SystemServerTimingAsync(  619): InitThreadPoolExec:StartNativeSensorService
01-01 20:00:07.944 D/SystemServerInitThreadPool(  619): Started executing StartNativeSensorService
01-01 20:00:07.944 D/SystemServerTimingAsync(  619): StartNativeSensorService
01-01 20:00:07.944 D/SensorService(  619): nuSensorService starting...
01-01 20:00:07.944 V/SystemServerTiming(  619): StartSystemConfigService took to complete: 1ms
01-01 20:00:07.944 D/SystemServerTiming(  619): StartBatteryService
01-01 20:00:07.944 I/SystemServiceManager(  619): Starting com.android.server.BatteryService
01-01 20:00:07.945 I/hwservicemanager(  301): getTransport: Cannot find entry android.hardware.sensors@2.1::ISensors/default in either framework or device VINTF manifest.
01-01 20:00:07.945 I/hwservicemanager(  301): getTransport: Cannot find entry android.hardware.sensors@2.0::ISensors/default in either framework or device VINTF manifest.
01-01 20:00:07.945 I/android_os_HwBinder(  619): HwBinder: Starting thread pool for getting: android.hardware.health@2.0::IHealth/default
01-01 20:00:07.946 V/HistoricalRegistry(  619): Interaction before persistence initialized
01-01 20:00:07.946 I/SensorsHal(  416): set active: handle = 0, enable = 0
01-01 20:00:07.946 I/SensorsHal(  416): set active: handle = 1, enable = 0
01-01 20:00:07.946 I/SensorsHal(  416): set active: handle = 5, enable = 0
01-01 20:00:07.946 I/SensorsHal(  416): set active: handle = 3, enable = 0
01-01 20:00:07.947 I/SensorsHal(  416): set active: handle = 4, enable = 0
01-01 20:00:07.947 I/android_os_HwBinder(  619): HwBinder: Starting thread pool for getting: android.hidl.manager@1.0::IServiceManager/default
01-01 20:00:07.947 I/HealthServiceWrapper(  619): health: HealthServiceWrapper listening to instance default
01-01 20:00:07.947 I/BatteryService(  619): health: Waited 0ms and received the update.
01-01 20:00:07.947 V/SystemServerTiming(  619): StartBatteryService took to complete: 3ms
01-01 20:00:07.947 D/SystemServerTiming(  619): StartUsageService
01-01 20:00:07.948 I/SystemServiceManager(  619): Starting com.android.server.usage.UsageStatsService
01-01 20:00:07.948 I/android_os_HwBinder(  619): HwBinder: Starting thread pool for getting: android.hardware.health@2.0::IHealth/default
01-01 20:00:09.496 W/healthd (  412): battery l=50 v=3 t=2.6 h=2 st=3 c=-1600 fc=100 chg=au
01-01 20:00:07.948 I/HidlServiceManagement(  479): Registered android.frameworks.cameraservice.service@2.2::ICameraService/default
01-01 20:00:07.948 I/CameraService(  479): CameraService pinged cameraservice proxy
01-01 20:00:07.948 I/cameraserver(  479): ServiceManager: 0xb40000734840bb50 done instantiate
01-01 20:00:07.950 V/SystemServerTiming(  619): StartUsageService took to complete: 2ms
01-01 20:00:07.950 D/SystemServerTiming(  619): StartWebViewUpdateService
01-01 20:00:07.950 I/SystemServiceManager(  619): Starting com.android.server.webkit.WebViewUpdateService
