12-19 10:34:16.743 W/TvInputHal(  619): onDeviceAvailable 3
12-19 10:34:16.743 W/TvInputHal(  619): handleMessage in, mEvent.type = 3
12-19 10:34:16.744 W/Looper  (  619): Slow delivery took 2584ms main h=android.app.PropertyInvalidatedCache$AutoCorker$1 c=null m=0
12-19 10:34:16.744 D/CompatibilityChangeReporter(  619): Compat change id reported: 168419799; UID 1068; state: DISABLED
12-19 10:34:16.744 W/BestClock(  619): java.time.DateTimeException: Missing NTP fix
12-19 10:34:16.744 I/Watchdog(  619): Interesting Java process com.android.phone started. Pid 909
12-19 10:34:16.744 I/ActivityManager(  619): Start proc 909:com.android.phone/1001 for added application com.android.phone
12-19 10:34:16.745 I/InputManager(  619): Enabling motion classifier because user switched: feature enabled, long press timeout = 400
12-19 10:34:16.745 I/InputClassifier(  619): Enabling motion classifier
12-19 10:34:16.746 D/LocalDisplayAdapter(  619): mPhysicalDisplayId:persist.ztl.extend.rotation 1 set rotation 0
12-19 10:34:16.746 W/BestClock(  619): java.time.DateTimeException: Missing NTP fix
12-19 10:34:16.747 I/OMXClient(  489): IOmx service obtained
12-19 10:34:16.747 I/OMXStore(  493): makeComponentInstance(OMX.google.aac.encoder) in android.hardwar process
12-19 10:34:16.743 I/re-initialized>(  850): type=1400 audit(0.0:107): avc: denied { search } for name="/" dev="mmcblk1p15" ino=2 scontext=u:r:shared_relro:s0:c13,c260,c512,c768 tcontext=u:object_r:unlabeled:s0 tclass=dir permissive=1
12-19 10:34:16.747 D/CompatibilityChangeReporter(  871): Compat change id reported: 171979766; UID 1068; state: ENABLED
12-19 10:34:16.748 D/nativeloader(  850): classloader namespace configured for unbundled product apk. library_path=/product/app/webview/lib/arm:/product/app/webview/webview.apk!/lib/armeabi-v7a:/ztloem/lib/:/system/lib/:/product/lib:/system/product/lib
12-19 10:34:16.743 I/re-initialized>(  850): type=1400 audit(0.0:108): avc: denied { getattr } for path="/ztloem/lib" dev="mmcblk1p15" ino=2053 scontext=u:r:shared_relro:s0:c13,c260,c512,c768 tcontext=u:object_r:unlabeled:s0 tclass=dir permissive=1
12-19 10:34:16.748 I/hwservicemanager(  301): getTransport: Cannot find entry android.hardware.input.classifier@1.0::IInputClassifier/default in either framework or device VINTF manifest.
12-19 10:34:16.748 I/InputClassifier(  619): Could not obtain InputClassifier HAL
12-19 10:34:16.749 W/PackageManager(  619): Loading a package that does not exist for the calling user. package=null, user=0
12-19 10:34:16.750 I/Zygote  (  909): seccomp disabled by setenforce 0
12-19 10:34:16.750 D/HdmiReceiver(  619): action =android.intent.action.HDMI_PLUGGED
12-19 10:34:16.750 D/HdmiReceiver(  619): onReceive mTaskVector.size() = 0
12-19 10:34:16.750 I/Zygote  (  912): seccomp disabled by setenforce 0
12-19 10:34:16.750 D/ConditionProviders.SCP(  619): onConnected
12-19 10:34:16.751 D/ConditionProviders(  619): Subscribing to condition://android/event?userId=-10000&calendar=&reply=1 with ComponentInfo{android/com.android.server.notification.EventConditionProvider}
12-19 10:34:16.751 D/ConditionProviders(  619): Subscribing to condition://android/schedule?days=1.2.3.4.5.6.7&start=22.0&end=7.0&exitAtAlarm=true with ComponentInfo{android/com.android.server.notification.ScheduleConditionProvider}
12-19 10:34:16.752 D/CompatibilityChangeReporter(  619): Compat change id reported: 150939131; UID 1000; state: ENABLED
12-19 10:34:16.748 D/Zygote  (  390): Forked child process 912
12-19 10:34:16.753 I/ActivityManager(  619): Start proc 912:com.android.settings/1000 for top-activity {com.android.settings/com.android.settings.FallbackHome}
12-19 10:34:16.750 I/re-initialized>(  853): type=1400 audit(0.0:109): avc: denied { search } for name="/" dev="mmcblk1p15" ino=2 scontext=u:r:shared_relro:s0:c13,c260,c512,c768 tcontext=u:object_r:unlabeled:s0 tclass=dir permissive=1
12-19 10:34:16.754 D/nativeloader(  853): classloader namespace configured for unbundled product apk. library_path=/product/app/webview/lib/arm64:/product/app/webview/webview.apk!/lib/arm64-v8a:/ztloem/lib64/:/system/lib64/:/product/lib64:/system/product/lib64
12-19 10:34:16.750 I/re-initialized>(  853): type=1400 audit(0.0:110): avc: denied { getattr } for path="/ztloem/lib64" dev="mmcblk1p15" ino=2054 scontext=u:r:shared_relro:s0:c13,c260,c512,c768 tcontext=u:object_r:unlabeled:s0 tclass=dir permissive=1
12-19 10:34:16.754 D/CompatibilityChangeReporter(  619): Compat change id reported: 135634846; UID 10072; state: DISABLED
12-19 10:34:16.754 D/CompatibilityChangeReporter(  619): Compat change id reported: 177438394; UID 10072; state: DISABLED
12-19 10:34:16.754 E/AppHibernationService(  619): Attempt to call isHibernatingForUser on stopped or nonexistent user 0
12-19 10:34:16.754 D/CompatibilityChangeReporter(  619): Compat change id reported: 135772972; UID 10072; state: DISABLED
12-19 10:34:16.754 D/CompatibilityChangeReporter(  619): Compat change id reported: 135754954; UID 10072; state: ENABLED
12-19 10:34:16.754 D/CompatibilityChangeReporter(  619): Compat change id reported: 143937733; UID 10072; state: ENABLED
12-19 10:34:16.755 W/PackageManager(  619): Loading a package that does not exist for the calling user. package=null, user=0
12-19 10:34:16.757 I/adbd    (  474): jdwp connection from 909
12-19 10:34:16.758 I/OMXClient(  489): IOmx service obtained
12-19 10:34:16.758 I/OMXStore(  493): makeComponentInstance(OMX.google.amrnb.encoder) in android.hardwar process
12-19 10:34:16.759 D/CompatibilityChangeReporter(  619): Compat change id reported: 168419799; UID 1001; state: DISABLED
12-19 10:34:16.760 W/MediaRouter(  619): updatePresentationDisplays called
12-19 10:34:16.760 W/MediaRouter(  619): updatePresentationDisplays called
12-19 10:34:16.761 D/Zygote  (  390): Forked child process 936
12-19 10:34:16.761 D/CompatibilityChangeReporter(  909): Compat change id reported: 171979766; UID 1001; state: ENABLED
12-19 10:34:16.761 I/ActivityManager(  619): Start proc 936:android.ext.services/u0a72 for service {android.ext.services/android.ext.services.autofill.InlineSuggestionRenderServiceImpl}
12-19 10:34:16.763 I/Zygote  (  936): seccomp disabled by setenforce 0
12-19 10:34:16.763 D/CompatibilityChangeReporter(  807): Compat change id reported: 160794467; UID 10063; state: ENABLED
12-19 10:34:16.766 I/adbd    (  474): jdwp connection from 912
12-19 10:34:16.763 I/droid.bluetooth(  790): type=1400 audit(0.0:111): avc: denied { search } for name="/" dev="mmcblk1p15" ino=2 scontext=u:r:bluetooth:s0 tcontext=u:object_r:unlabeled:s0 tclass=dir permissive=1
12-19 10:34:16.767 I/OMXClient(  489): IOmx service obtained
12-19 10:34:16.767 I/OMXStore(  493): makeComponentInstance(OMX.google.amrwb.encoder) in android.hardwar process
12-19 10:34:16.770 V/GraphicsEnvironment(  871): ANGLE Developer option for 'com.android.se' set to: 'default'
12-19 10:34:16.770 V/GraphicsEnvironment(  871): ANGLE GameManagerService for com.android.se: false
12-19 10:34:16.770 V/GraphicsEnvironment(  871): Neither updatable production driver nor prerelease driver is supported.
12-19 10:34:16.771 D/NetworkSecurityConfig(  871): No Network Security Config specified, using platform default
12-19 10:34:16.771 D/NetworkSecurityConfig(  871): No Network Security Config specified, using platform default
12-19 10:34:16.771 D/CompatibilityChangeReporter(  619): Compat change id reported: 168419799; UID 10072; state: DISABLED
12-19 10:34:16.772 D/CompatibilityChangeReporter(  912): Compat change id reported: 171979766; UID 1000; state: ENABLED
12-19 10:34:16.773 I/adbd    (  474): jdwp connection from 936
12-19 10:34:16.773 W/ServiceManager(  619): Permission failure: android.permission.HIGH_SAMPLING_RATE_SENSORS from uid=10063 pid=807
12-19 10:34:16.773 D/CompatibilityChangeReporter(  936): Compat change id reported: 171979766; UID 10072; state: DISABLED
12-19 10:34:16.775 I/DropBoxManagerService(  619): add tag=system_app_strictmode isTagEnabled=true flags=0x2
12-19 10:34:16.775 I/netd    (  389): trafficSwapActiveStatsMap() <41.46ms>
12-19 10:34:16.776 E/AppHibernationService(  619): Attempt to call isHibernatingForUser on stopped or nonexistent user 0
12-19 10:34:16.777 I/netd    (  389): tetherGetStats() -> {[]} <0.64ms>
12-19 10:34:16.777 I/SecureElementService(  871): main onCreate
12-19 10:34:16.778 W/BestClock(  619): java.time.DateTimeException: Missing NTP fix
12-19 10:34:16.778 I/SecureElementService(  871): Check if terminal eSE1 is available.
12-19 10:34:16.778 I/hwservicemanager(  301): getTransport: Cannot find entry android.hardware.secure_element@1.2::ISecureElement/eSE1 in either framework or device VINTF manifest.
12-19 10:34:16.779 D/SecureElement-Terminal-eSE1(  871): SE Hal V1.2 is not supported
12-19 10:34:16.779 I/hwservicemanager(  301): getTransport: Cannot find entry android.hardware.secure_element@1.1::ISecureElement/eSE1 in either framework or device VINTF manifest.
12-19 10:34:16.779 D/SecureElement-Terminal-eSE1(  871): SE Hal V1.1 is not supported
12-19 10:34:16.779 I/hwservicemanager(  301): getTransport: Cannot find entry android.hardware.secure_element@1.0::ISecureElement/eSE1 in either framework or device VINTF manifest.
12-19 10:34:16.779 I/SecureElementService(  871): No HAL implementation for eSE1
12-19 10:34:16.779 I/SecureElementService(  871): Check if terminal SIM1 is available.
12-19 10:34:16.779 I/hwservicemanager(  301): getTransport: Cannot find entry android.hardware.secure_element@1.2::ISecureElement/SIM1 in either framework or device VINTF manifest.
12-19 10:34:16.779 D/SecureElement-Terminal-SIM1(  871): SE Hal V1.2 is not supported
12-19 10:34:16.779 I/hwservicemanager(  301): getTransport: Cannot find entry android.hardware.secure_element@1.1::ISecureElement/SIM1 in either framework or device VINTF manifest.
12-19 10:34:16.779 D/SecureElement-Terminal-SIM1(  871): SE Hal V1.1 is not supported
12-19 10:34:16.779 I/hwservicemanager(  301): getTransport: Cannot find entry android.hardware.secure_element@1.0::ISecureElement/SIM1 in either framework or device VINTF manifest.
12-19 10:34:16.779 I/SecureElementService(  871): No HAL implementation for SIM1
12-19 10:34:16.781 W/BestClock(  619): java.time.DateTimeException: Missing NTP fix
12-19 10:34:16.781 W/BestClock(  619): java.time.DateTimeException: Missing NTP fix
12-19 10:34:16.781 W/BestClock(  619): java.time.DateTimeException: Missing NTP fix
12-19 10:34:16.783 I/DropBoxManagerService(  619): add tag=system_app_strictmode isTagEnabled=true flags=0x2
12-19 10:34:16.801 E/droid.bluetoot(  790): [1219/103416.800840:ERROR:hal_version_manager.h(125)] HalVersionManager No supported HAL version
12-19 10:34:16.801 I/droid.bluetoot(  790): [1219/103416.801287:INFO:btif_config_cache.cc(61)] BtifConfigCache, capacity: 10000
12-19 10:34:16.802 I/netd    (  389): trafficSwapActiveStatsMap() <20.73ms>
12-19 10:34:16.803 I/netd    (  389): tetherGetStats() -> {[]} <0.99ms>
12-19 10:34:16.804 W/BestClock(  619): java.time.DateTimeException: Missing NTP fix
12-19 10:34:16.805 W/BestClock(  619): java.time.DateTimeException: Missing NTP fix
12-19 10:34:16.806 W/BestClock(  619): java.time.DateTimeException: Missing NTP fix
12-19 10:34:16.806 D/PermissionCache(  340): checking android.permission.ACCESS_SURFACE_FLINGER for uid=10063 => granted (361 us)
12-19 10:34:16.806 W/BestClock(  619): java.time.DateTimeException: Missing NTP fix
12-19 10:34:16.821 D/CompatibilityChangeReporter(  619): Compat change id reported: 171306433; UID 1000; state: ENABLED
12-19 10:34:16.824 I/OMXClient(  489): IOmx service obtained
12-19 10:34:16.824 I/OMXStore(  493): makeComponentInstance(OMX.google.flac.encoder) in android.hardwar process
12-19 10:34:16.835 I/netd    (  389): trafficSwapActiveStatsMap() <29.03ms>
12-19 10:34:16.837 I/netd    (  389): tetherGetStats() -> {[]} <0.74ms>
12-19 10:34:16.838 W/BestClock(  619): java.time.DateTimeException: Missing NTP fix
12-19 10:34:16.839 W/BestClock(  619): java.time.DateTimeException: Missing NTP fix
12-19 10:34:16.839 W/BestClock(  619): java.time.DateTimeException: Missing NTP fix
12-19 10:34:16.839 W/BestClock(  619): java.time.DateTimeException: Missing NTP fix
12-19 10:34:16.841 I/BluetoothServiceJni(  790): hal_util_load_bt_library: loaded Bluetooth library successfully
12-19 10:34:16.842 D/BluetoothAdapterService(  790): onCreate()
12-19 10:34:16.845 D/AdapterState(  790): make() - Creating AdapterState
12-19 10:34:16.846 I/AdapterState(  790): OFF : entered 
12-19 10:34:16.846 D/AdapterProperties(  790): Setting state to OFF
12-19 10:34:16.847 D/BluetoothKeystoreService(  790): new BluetoothKeystoreService isCommonCriteriaMode: false
12-19 10:34:16.847 D/BluetoothKeystoreService(  790): start
12-19 10:34:16.847 D/NetworkSecurityConfig(  619): No Network Security Config specified, using platform default
12-19 10:34:16.847 D/NetworkSecurityConfig(  619): No Network Security Config specified, using platform default
12-19 10:34:16.847 I/droid.bluetoot(  790): [1219/103416.847651:INFO:com_android_bluetooth_btservice_BluetoothKeystore.cpp(97)] classInitNative: succeeds
12-19 10:34:16.847 D/BluetoothKeystoreService(  790): setBluetoothKeystoreService(): set to: com.android.bluetooth.btservice.bluetoothkeystore.BluetoothKeystoreService@747883
12-19 10:34:16.848 I/OMXClient(  489): IOmx service obtained
12-19 10:34:16.848 I/OMXStore(  493): makeComponentInstance(OMX.google.h264.decoder) in android.hardwar process
12-19 10:34:16.848 I/PackageWatchdog(  619): Syncing health check requests for packages: {}
12-19 10:34:16.848 I/ExplicitHealthCheckController(  619): Service not ready to get health check supported packages. Binding...
12-19 10:34:16.849 D/BluetoothKeystoreService(  790): loadConfigData
12-19 10:34:16.849 E/AppHibernationService(  619): Attempt to call isHibernatingForUser on stopped or nonexistent user 0
12-19 10:34:16.849 I/ExplicitHealthCheckController(  619): Explicit health check service is bound
12-19 10:34:16.850 D/RkNativeDisplayManager(  619): nativeInit failed to get IRkOutputManager
12-19 10:34:16.854 I/droid.bluetoot(  790): [1219/103416.854279:INFO:com_android_bluetooth_btservice_ActivityAttribution.cpp(96)] classInitNative: succeeds
12-19 10:34:16.854 D/BluetoothKeystoreService(  790): getCompareResult: 0
12-19 10:34:16.855 I/bt_btif (  790): system/bt/btif/src/bluetooth.cc:162 init: init: start restricted = 0 ; common criteria mode = 0, config compare result = 0
12-19 10:34:16.855 I/bt      (  790): bt_common::init_flags: Flags loaded: gd_core=false gd_advertising=false gd_scanning=false gd_security=false gd_acl=false gd_l2cap=false gd_hci=false gd_controller=false gatt_robust_caching=false btaa_hci=false gd_rust=false gd_link_policy=false 
12-19 10:34:16.855 I/bt_osi_allocation_tracker(  790): system/bt/osi/src/allocation_tracker.cc:59 allocation_tracker_init: canary initialized
12-19 10:34:16.855 I/droid.bluetoot(  790): [1219/103416.855901:INFO:message_loop_thread.cc(224)] Run: message loop starting for thread bt_stack_manager_thread
12-19 10:34:16.856 I/bt_stack_manager(  790): system/bt/btif/src/stack_manager.cc:210 event_init_stack: is initializing the stack
12-19 10:34:16.853 I/id.ext.services(  936): type=1400 audit(0.0:112): avc: denied { search } for name="/" dev="mmcblk1p15" ino=2 scontext=u:r:platform_app:s0:c512,c768 tcontext=u:object_r:unlabeled:s0 tclass=dir permissive=1 app=android.ext.services
12-19 10:34:16.853 I/id.ext.services(  936): type=1400 audit(0.0:113): avc: denied { getattr } for path="/ztloem/lib64" dev="mmcblk1p15" ino=2054 scontext=u:r:platform_app:s0:c512,c768 tcontext=u:object_r:unlabeled:s0 tclass=dir permissive=1 app=android.ext.services
12-19 10:34:16.861 W/SystemServiceRegistry(  807): No service published for: fingerprint
12-19 10:34:16.861 W/SystemServiceRegistry(  807): No service published for: face
12-19 10:34:16.863 E/bt_btif_config(  790): system/bt/btif/src/btif_config.cc:352 btif_config_open: Config is missing adapter section
12-19 10:34:16.863 W/bt_btif_config(  790): system/bt/btif/src/btif_config.cc:272 init: init unable to load config file: /data/misc/bluedroid/bt_config.conf; using backup.
12-19 10:34:16.863 E/droid.bluetoot(  790): [1219/103416.863482:ERROR:config.cc(104)] config_new: unable to open file '/data/misc/bluedroid/bt_config.bak': No such file or directory
12-19 10:34:16.863 W/bt_btif_config(  790): system/bt/btif/src/btif_config.cc:281 init: init unable to load backup; attempting to transcode legacy file.
12-19 10:34:16.863 E/bt_btif_config_transcode(  790): system/bt/btif/src/btif_config_transcode.cc:33 btif_config_transcode: btif_config_transcode unable to load XML file '/data/misc/bluedroid/bt_config.xml': 3
12-19 10:34:16.863 E/bt_btif_config(  790): system/bt/btif/src/btif_config.cc:288 init: init unable to transcode legacy file; creating empty config.
12-19 10:34:16.863 W/droid.bluetoot(  790): [1219/103416.863597:WARNING:btif_config.cc(166)] read_or_set_metrics_salt: Failed to read metrics salt from config
12-19 10:34:16.863 I/droid.bluetoot(  790): [1219/103416.863614:INFO:btif_config.cc(177)] read_or_set_metrics_salt: Metrics salt is not invalid, creating new one
12-19 10:34:16.864 I/bt_osi_thread(  790): system/bt/osi/src/thread.cc:209 run_thread: run_thread: thread id 986, thread name alarm_default_ca started
12-19 10:34:16.864 I/bt_osi_thread(  790): system/bt/osi/src/thread.cc:209 run_thread: run_thread: thread id 987, thread name alarm_dispatcher started
12-19 10:34:16.864 I/bt_btif_core(  790): system/bt/btif/src/btif_core.cc:235 btif_init_bluetooth: btif_init_bluetooth entered
12-19 10:34:16.864 I/droid.bluetoot(  790): [1219/103416.864383:INFO:message_loop_thread.cc(224)] Run: message loop starting for thread bt_jni_thread
12-19 10:34:16.864 I/bt_btif_core(  790): system/bt/btif/src/btif_core.cc:239 btif_init_bluetooth: btif_init_bluetooth finished
12-19 10:34:16.864 I/bt_stack_config(  790): system/bt/main/stack_config.cc:51 init: init attempt to load stack conf from /etc/bluetooth/bt_stack.conf
12-19 10:34:16.865 V/GraphicsEnvironment(  936): ANGLE Developer option for 'android.ext.services' set to: 'default'
12-19 10:34:16.866 V/GraphicsEnvironment(  936): ANGLE GameManagerService for android.ext.services: false
12-19 10:34:16.866 V/GraphicsEnvironment(  936): Neither updatable production driver nor prerelease driver is supported.
12-19 10:34:16.866 D/NetworkSecurityConfig(  936): No Network Security Config specified, using platform default
12-19 10:34:16.866 D/NetworkSecurityConfig(  936): No Network Security Config specified, using platform default
12-19 10:34:16.867 I/DropBoxManagerService(  619): add tag=system_app_strictmode isTagEnabled=true flags=0x2
12-19 10:34:16.867 I/DropBoxManagerService(  619): add tag=system_app_strictmode isTagEnabled=true flags=0x2
12-19 10:34:16.868 I/ExplicitHealthCheckServiceImpl(  936): Network stack module not found
12-19 10:34:16.870 E/OMXNodeInstance(  493): getExtensionIndex(0xf3e00470:google.h264.decoder, OMX.google.android.index.configureVideoTunnelMode) ERROR: UnsupportedIndex(0x8000101a)
12-19 10:34:16.870 D/MediaCodecInfo(  489): detail feature-tunneled-playback wasn't present to remove
12-19 10:34:16.870 E/OMXNodeInstance(  493): getExtensionIndex(0xf3e00470:google.h264.decoder, OMX.google.android.index.enableAndroidNativeBuffers) ERROR: UnsupportedIndex(0x8000101a)
12-19 10:34:16.871 I/OMXClient(  489): IOmx service obtained
12-19 10:34:16.871 I/OMXStore(  493): makeComponentInstance(OMX.google.hevc.decoder) in android.hardwar process
12-19 10:34:16.871 D/CompatibilityChangeReporter(  619): Compat change id reported: 157233955; UID 10063; state: ENABLED
12-19 10:34:16.882 I/netd    (  389): trafficSwapActiveStatsMap() <42.69ms>
12-19 10:34:16.884 I/netd    (  389): tetherGetStats() -> {[]} <0.79ms>
12-19 10:34:16.885 W/BestClock(  619): java.time.DateTimeException: Missing NTP fix
12-19 10:34:16.885 W/BestClock(  619): java.time.DateTimeException: Missing NTP fix
12-19 10:34:16.885 W/BestClock(  619): java.time.DateTimeException: Missing NTP fix
12-19 10:34:16.886 W/BestClock(  619): java.time.DateTimeException: Missing NTP fix
12-19 10:34:16.886 D/hw_output(  425): old_state 1 cur_state 1 conn->get_type() 11
12-19 10:34:16.886 D/hw_output(  425): old_state 2 cur_state 2 conn->get_type() 11
12-19 10:34:16.886 W/hwc-drm-connector(  425): UpdateModes Could not get color_format_caps property
12-19 10:34:16.887 W/hwc-drm-connector(  425): UpdateModes Could not get hdmi_output_colorimetry property
12-19 10:34:16.887 W/hwc-drm-connector(  425): UpdateModes Could not get color_depth_caps property
12-19 10:34:16.887 W/hwc-drm-connector(  425): UpdateModes Could not get hdmi_output_format property
12-19 10:34:16.887 D/hw_output(  425): old_state 1 cur_state 1 conn->get_type() 16
12-19 10:34:16.896 E/OMXNodeInstance(  493): getExtensionIndex(0xf3e00470:google.hevc.decoder, OMX.google.android.index.configureVideoTunnelMode) ERROR: UnsupportedIndex(0x8000101a)
12-19 10:34:16.896 D/MediaCodecInfo(  489): detail feature-tunneled-playback wasn't present to remove
12-19 10:34:16.896 E/OMXNodeInstance(  493): getExtensionIndex(0xf3e00470:google.hevc.decoder, OMX.google.android.index.enableAndroidNativeBuffers) ERROR: UnsupportedIndex(0x8000101a)
12-19 10:34:16.897 D/MediaResumeListener(  807): loaded resume components []
12-19 10:34:16.897 I/OMXClient(  489): IOmx service obtained
12-19 10:34:16.897 I/OMXStore(  493): makeComponentInstance(OMX.google.vp8.decoder) in android.hardwar process
12-19 10:34:16.898 D/LocalBluetoothProfileManager(  807): LocalBluetoothProfileManager construction complete
12-19 10:34:16.898 D/LocalBluetoothProfileManager(  807): supportedList is null
12-19 10:34:16.910 I/bt_stack_manager(  790): system/bt/btif/src/stack_manager.cc:233 event_init_stack: finished
12-19 10:34:16.910 I/bt_osi_wakelock(  790): system/bt/osi/src/wakelock.cc:98 wakelock_set_os_callouts: wakelock_set_os_callouts set to non-native
12-19 10:34:16.910 I/bt_btif (  790): system/bt/btif/src/bluetooth.cc:417 get_profile_interface: get_profile_interface: id = socket
12-19 10:34:16.912 I/netd    (  389): trafficSwapActiveStatsMap() <26.10ms>
12-19 10:34:16.912 E/droid.bluetoot(  790): [1219/103416.912474:ERROR:message_loop_thread.cc(102)] DoInThreadDelayed: message loop is null for thread bt_main_thread(-1), from pc:0x700352859c
12-19 10:34:16.912 E/droid.bluetoot(  790): [1219/103416.912519:ERROR:btu_task.cc(94)] do_in_main_thread: failed from pc:0x700352859c
12-19 10:34:16.912 E/droid.bluetoot(  790): [1219/103416.912535:ERROR:message_loop_thread.cc(102)] DoInThreadDelayed: message loop is null for thread bt_main_thread(-1), from pc:0x700352859c
12-19 10:34:16.912 E/droid.bluetoot(  790): [1219/103416.912550:ERROR:btu_task.cc(94)] do_in_main_thread: failed from pc:0x700352859c
12-19 10:34:16.912 E/droid.bluetoot(  790): [1219/103416.912566:ERROR:message_loop_thread.cc(102)] DoInThreadDelayed: message loop is null for thread bt_main_thread(-1), from pc:0x700352859c
12-19 10:34:16.912 E/droid.bluetoot(  790): [1219/103416.912579:ERROR:btu_task.cc(94)] do_in_main_thread: failed from pc:0x700352859c
12-19 10:34:16.913 W/AlarmManager(  807): Unrecognized alarm listener com.android.systemui.keyguard.KeyguardSliceProvider$$ExternalSyntheticLambda0@4d833f4
12-19 10:34:16.913 D/BluetoothKeystoreService(  790): initJni()
12-19 10:34:16.913 I/bt_btif (  790): system/bt/btif/src/bluetooth.cc:417 get_profile_interface: get_profile_interface: id = bluetooth_keystore
12-19 10:34:16.913 I/netd    (  389): tetherGetStats() -> {[]} <0.77ms>
12-19 10:34:16.913 I/bt_btif (  790): system/bt/btif/src/bluetooth.cc:417 get_profile_interface: get_profile_interface: id = sdp
12-19 10:34:16.914 W/BestClock(  619): java.time.DateTimeException: Missing NTP fix
12-19 10:34:16.915 W/BestClock(  619): java.time.DateTimeException: Missing NTP fix
12-19 10:34:16.915 W/BestClock(  619): java.time.DateTimeException: Missing NTP fix
12-19 10:34:16.915 D/BluetoothDatabase(  790): start()
12-19 10:34:16.916 D/BluetoothDatabase(  790): Load Database
12-19 10:34:16.916 I/BluetoothAdapterService(  790): Phone policy enabled
12-19 10:34:16.916 W/BestClock(  619): java.time.DateTimeException: Missing NTP fix
12-19 10:34:16.916 D/BluetoothActiveDeviceManager(  790): start()
12-19 10:34:16.917 V/SystemUIService(  807): SystemUIApplication created.
12-19 10:34:16.917 V/SystemUIBootTiming(  807): DependencyInjection took to complete: 0ms
12-19 10:34:16.918 I/android_os_HwBinder(  807): HwBinder: Starting thread pool for getting: rockchip.hardware.hdmi@1.0::IHdmi/default
12-19 10:34:16.918 D/BluetoothActiveDeviceManager(  790): onAudioDevicesAdded
12-19 10:34:16.918 D/BluetoothActiveDeviceManager(  790): Audio device added: rk3588_s type: 2
12-19 10:34:16.918 D/BluetoothActiveDeviceManager(  790): Audio device added: rk3588_s type: 15
12-19 10:34:16.918 D/BluetoothActiveDeviceManager(  790): Audio device added: rk3588_s type: 9
12-19 10:34:16.918 D/BluetoothActiveDeviceManager(  790): Audio device added: rk3588_s type: 25
12-19 10:34:16.918 D/rockchip.hardware.hdmi@1.0-service(  423): @addAudioListener
12-19 10:34:16.918 D/BluetoothAdapterService(  790): setAdapterService() - trying to set service to com.android.bluetooth.btservice.AdapterService@6d445fc
12-19 10:34:16.919 I/SystemUIService(  807): Found SurfaceFlinger's GPU Priority: 12546
12-19 10:34:16.920 D/BluetoothAdapterService(  790): onBind()
12-19 10:34:16.920 V/SystemUIService(  807): Starting SystemUI services for user 0.
12-19 10:34:16.921 V/SystemUIBootTiming(  807): StartServicescom.android.systemui.util.NotificationChannels took to complete: 0ms
12-19 10:34:16.922 I/FalsingManager(  807): xdpi, ydpi: 320.0, 320.0
12-19 10:34:16.922 I/FalsingManager(  807): width, height: 1920, 1024
12-19 10:34:16.922 W/ndroid.setting(  912): ClassLoaderContext shared library size mismatch. Expected=3, found=1 (PCL[]{PCL[/system/framework/org.apache.http.legacy.jar*3239720430]#PCL[/system_ext/framework/androidx.window.extensions.jar*3811021355]#PCL[/system_ext/framework/androidx.window.sidecar.jar*3784700204]} | PCL[]{PCL[/system/framework/org.apache.http.legacy.jar*3239720430]})
12-19 10:34:16.924 D/NetworkSecurityConfig(  619): No Network Security Config specified, using platform default
12-19 10:34:16.925 I/ServiceWatcher(  619): [fused] connected to {com.android.location.fused/com.android.location.fused.FusedLocationService}
12-19 10:34:16.926 V/GraphicsEnvironment(  909): ANGLE Developer option for 'com.android.phone' set to: 'default'
12-19 10:34:16.926 V/GraphicsEnvironment(  909): ANGLE GameManagerService for com.android.phone: false
12-19 10:34:16.927 V/GraphicsEnvironment(  909): Neither updatable production driver nor prerelease driver is supported.
12-19 10:34:16.927 D/NetworkSecurityConfig(  909): No Network Security Config specified, using platform default
12-19 10:34:16.927 D/NetworkSecurityConfig(  909): No Network Security Config specified, using platform default
12-19 10:34:16.949 I/netd    (  389): trafficSwapActiveStatsMap() <32.38ms>
12-19 10:34:16.950 I/netd    (  389): tetherGetStats() -> {[]} <0.77ms>
12-19 10:34:16.951 W/BestClock(  619): java.time.DateTimeException: Missing NTP fix
12-19 10:34:16.952 W/BestClock(  619): java.time.DateTimeException: Missing NTP fix
12-19 10:34:16.952 W/BestClock(  619): java.time.DateTimeException: Missing NTP fix
12-19 10:34:16.953 W/BestClock(  619): java.time.DateTimeException: Missing NTP fix
12-19 10:34:16.979 I/netd    (  389): trafficSwapActiveStatsMap() <25.58ms>
12-19 10:34:16.980 I/netd    (  389): tetherGetStats() -> {[]} <0.71ms>
12-19 10:34:16.981 W/BestClock(  619): java.time.DateTimeException: Missing NTP fix
12-19 10:34:16.982 W/BestClock(  619): java.time.DateTimeException: Missing NTP fix
12-19 10:34:16.982 W/BestClock(  619): java.time.DateTimeException: Missing NTP fix
12-19 10:34:16.982 W/BestClock(  619): java.time.DateTimeException: Missing NTP fix
12-19 10:34:16.992 D/NavigationModeController(  807): getCurrentUserContext: contextUser=0 currentUser=0
12-19 10:34:16.992 D/NavigationModeController(  807): getCurrentInteractionMode: mode=0 contextUser=0
12-19 10:34:16.993 D/NavigationModeController(  807): updateCurrentInteractionMode: mode=0
12-19 10:34:16.993 D/NavigationModeController(  807):   contextUser=0
12-19 10:34:16.993 D/NavigationModeController(  807):   assetPaths=
12-19 10:34:16.993 D/NavigationModeController(  807):     <empty> and /system/framework/framework-res.apk
12-19 10:34:16.993 D/NavigationModeController(  807):     /product/overlay/RockchipPinnerService.apk
12-19 10:34:16.993 D/NavigationModeController(  807):     /vendor/overlay/framework-res__auto_generated_rro_vendor.apk
12-19 10:34:16.993 D/NavigationModeController(  807):     <empty> and /system_ext/priv-app/SystemUI/SystemUI.apk
12-19 10:34:16.993 D/NavigationModeController(  807):     /data/resource-cache/com.android.systemui-neutral-gWQm.frro
12-19 10:34:16.993 D/NavigationModeController(  807):     /data/resource-cache/com.android.systemui-accent-6E0O.frro
12-19 10:34:16.993 D/NavigationModeController(  807): getCurrentInteractionMode: mode=0 contextUser=0
12-19 10:34:16.994 V/MediaRouter(  807): Selecting route: RouteInfo{ name=平板电脑, description=null, status=null, category=RouteCategory{ name=系统 types=ROUTE_TYPE_LIVE_AUDIO ROUTE_TYPE_LIVE_VIDEO  groupable=false }, supportedTypes=ROUTE_TYPE_LIVE_AUDIO ROUTE_TYPE_LIVE_VIDEO , presentationDisplay=Display id 2: DisplayInfo{"HDMI 屏幕", displayId 2", displayGroupId 0, FLAG_SECURE, FLAG_SUPPORTS_PROTECTED_BUFFERS, FLAG_PRESENTATION, FLAG_TRUSTED, real 1920 x 1080, largest app 1920 x 1920, smallest app 1080 x 1080, appVsyncOff 1000000, presDeadline 16666666, mode 2, defaultMode 2, modes [{id=2, width=1920, height=1080, fps=60.000004, alternativeRefreshRates=[]}], hdrCapabilities HdrCapabilities{mSupportedHdrTypes=[], mMaxLuminance=500.0, mMaxAverageLuminance=500.0, mMinLuminance=0.0}, userDisabledHdrTypes [], minimalPostProcessingSupported false, rotation 0, state ON, uniqueId "local:1", address {port=1}}, DisplayMetrics{density=1.5, width=1920, height=1080, scaledDensity=1.5, xdpi=101.6, ydpi=105.507}, isValid=true }
12-19 10:34:16.995 I/MediaRouter(  807): Skip setBluetoothA2dpOn(): types=8388615, isPlaybackActive()=false, BT route=null
12-19 10:34:16.997 V/SystemUIBootTiming(  807): StartServicescom.android.systemui.keyguard.KeyguardViewMediator took to complete: 76ms
12-19 10:34:16.998 D/NavigationModeController(  807): getCurrentInteractionMode: mode=0 contextUser=0
12-19 10:34:17.000 E/AppHibernationService(  619): Attempt to call isHibernatingForUser on stopped or nonexistent user 0
12-19 10:34:17.000 D/CompatibilityChangeReporter(  619): Compat change id reported: 135634846; UID 10061; state: DISABLED
12-19 10:34:17.000 D/CompatibilityChangeReporter(  619): Compat change id reported: 177438394; UID 10061; state: DISABLED
12-19 10:34:17.000 D/CompatibilityChangeReporter(  619): Compat change id reported: 135772972; UID 10061; state: DISABLED
12-19 10:34:17.000 D/CompatibilityChangeReporter(  619): Compat change id reported: 135754954; UID 10061; state: ENABLED
12-19 10:34:17.000 D/CompatibilityChangeReporter(  619): Compat change id reported: 143937733; UID 10061; state: ENABLED
12-19 10:34:17.000 V/SystemUIBootTiming(  807): StartServicescom.android.systemui.recents.Recents took to complete: 3ms
12-19 10:34:17.001 I/vol.Events(  807): writeEvent collection_started
12-19 10:34:17.004 D/Zygote  (  390): Forked child process 1020
12-19 10:34:17.004 I/ActivityManager(  619): Start proc 1020:com.android.launcher3/u0a61 for service {com.android.launcher3/com.android.quickstep.TouchInteractionService}
12-19 10:34:17.006 I/Zygote  ( 1020): seccomp disabled by setenforce 0
12-19 10:34:17.010 I/adbd    (  474): jdwp connection from 1020
12-19 10:34:17.013 D/CompatibilityChangeReporter(  619): Compat change id reported: 168419799; UID 10061; state: DISABLED
12-19 10:34:17.014 D/CompatibilityChangeReporter( 1020): Compat change id reported: 171979766; UID 10061; state: ENABLED
12-19 10:34:17.015 E/OMXNodeInstance(  493): getExtensionIndex(0xf3e00470:google.vp8.decoder, OMX.google.android.index.configureVideoTunnelMode) ERROR: UnsupportedIndex(0x8000101a)
12-19 10:34:17.015 D/MediaCodecInfo(  489): detail feature-tunneled-playback wasn't present to remove
12-19 10:34:17.015 E/OMXNodeInstance(  493): getExtensionIndex(0xf3e00470:google.vp8.decoder, OMX.google.android.index.enableAndroidNativeBuffers) ERROR: UnsupportedIndex(0x8000101a)
12-19 10:34:17.015 I/OMXClient(  489): IOmx service obtained
12-19 10:34:17.016 I/OMXStore(  493): makeComponentInstance(OMX.google.vp9.decoder) in android.hardwar process
12-19 10:34:17.017 E/OMXNodeInstance(  493): getExtensionIndex(0xf3e00470:google.vp9.decoder, OMX.google.android.index.configureVideoTunnelMode) ERROR: UnsupportedIndex(0x8000101a)
12-19 10:34:17.017 D/MediaCodecInfo(  489): detail feature-tunneled-playback wasn't present to remove
12-19 10:34:17.017 E/OMXNodeInstance(  493): getExtensionIndex(0xf3e00470:google.vp9.decoder, OMX.google.android.index.enableAndroidNativeBuffers) ERROR: UnsupportedIndex(0x8000101a)
12-19 10:34:17.017 I/OMXClient(  489): IOmx service obtained
12-19 10:34:17.017 I/OMXStore(  493): makeComponentInstance(OMX.google.h264.encoder) in android.hardwar process
12-19 10:34:17.029 W/OMXUtils(  489): do not know color format 0x7f000789 = 2130708361
12-19 10:34:17.029 I/OMXClient(  489): IOmx service obtained
12-19 10:34:17.029 I/OMXStore(  493): makeComponentInstance(OMX.google.h263.encoder) in android.hardwar process
12-19 10:34:17.032 I/netd    (  389): trafficSwapActiveStatsMap() <49.27ms>
12-19 10:34:17.034 I/netd    (  389): tetherGetStats() -> {[]} <0.90ms>
12-19 10:34:17.034 I/vol.Events(  807): writeEvent level_changed STREAM_VOICE_CALL 5
12-19 10:34:17.034 V/GraphicsEnvironment(  912): ANGLE Developer option for 'com.android.settings' set to: 'default'
12-19 10:34:17.034 V/GraphicsEnvironment(  912): ANGLE GameManagerService for com.android.settings: false
12-19 10:34:17.034 V/GraphicsEnvironment(  912): Neither updatable production driver nor prerelease driver is supported.
12-19 10:34:17.034 I/vol.Events(  807): writeEvent level_changed STREAM_SYSTEM 7
12-19 10:34:17.034 W/BestClock(  619): java.time.DateTimeException: Missing NTP fix
12-19 10:34:17.035 D/NetworkSecurityConfig(  912): No Network Security Config specified, using platform default
12-19 10:34:17.035 D/NetworkSecurityConfig(  912): No Network Security Config specified, using platform default
12-19 10:34:17.035 W/BestClock(  619): java.time.DateTimeException: Missing NTP fix
12-19 10:34:17.035 W/BestClock(  619): java.time.DateTimeException: Missing NTP fix
12-19 10:34:17.035 W/BestClock(  619): java.time.DateTimeException: Missing NTP fix
12-19 10:34:17.036 I/SoftMPEG4Encoder(  493): Construct SoftMPEG4Encoder
12-19 10:34:17.036 I/vol.Events(  807): writeEvent level_changed STREAM_RING 7
12-19 10:34:17.037 V/SystemUIBootTiming(  807): StartServicescom.android.systemui.volume.VolumeUI took to complete: 37ms
12-19 10:34:17.037 W/OMXUtils(  489): do not know color format 0x7f000789 = 2130708361
12-19 10:34:17.037 E/OMXNodeInstance(  493): getConfig(0xf3e00470:google.h263.encoder, ConfigAndroidIntraRefresh(0x6f60000a)) ERROR: Undefined(0x80001001)
12-19 10:34:17.037 E/OMXNodeInstance(  493): getParameter(0xf3e00470:google.h263.encoder, ParamVideoIntraRefresh(0x6000006)) ERROR: UnsupportedIndex(0x8000101a)
12-19 10:34:17.037 D/MediaCodecInfo(  489): detail feature-frame-parsing wasn't present to remove
12-19 10:34:17.038 I/vol.Events(  807): writeEvent level_changed STREAM_MUSIC 15
12-19 10:34:17.038 I/vol.Events(  807): writeEvent level_changed STREAM_ALARM 7
12-19 10:34:17.039 I/OMXClient(  489): IOmx service obtained
12-19 10:34:17.039 D/CarrierProvider(  909): onCreate
12-19 10:34:17.039 I/vol.Events(  807): writeEvent level_changed STREAM_BLUETOOTH_SCO 15
12-19 10:34:17.041 D/NetworkSecurityConfig(  619): No Network Security Config specified, using platform default
12-19 10:34:17.041 W/nsconfig(  619): com.android.networkstack.inprocess: New config does not match the previously set config.
12-19 10:34:17.041 I/OMXStore(  493): makeComponentInstance(OMX.google.mpeg4.encoder) in android.hardwar process
12-19 10:34:17.041 I/SoftMPEG4Encoder(  493): Construct SoftMPEG4Encoder
12-19 10:34:17.041 I/vol.Events(  807): writeEvent external_ringer_mode_changed unknown
12-19 10:34:17.041 I/vol.Events(  807): writeEvent zen_mode_config_changed [disallowAlarms=false disallowMedia=false disallowSystem=true disallowRinger=false]
12-19 10:34:17.042 W/OMXUtils(  489): do not know color format 0x7f000789 = 2130708361
12-19 10:34:17.042 E/OMXNodeInstance(  493): getConfig(0xf3e00470:google.mpeg4.encoder, ConfigAndroidIntraRefresh(0x6f60000a)) ERROR: Undefined(0x80001001)
12-19 10:34:17.042 E/OMXNodeInstance(  493): getParameter(0xf3e00470:google.mpeg4.encoder, ParamVideoIntraRefresh(0x6000006)) ERROR: UnsupportedIndex(0x8000101a)
12-19 10:34:17.042 D/MediaCodecInfo(  489): detail feature-frame-parsing wasn't present to remove
12-19 10:34:17.043 I/OMXClient(  489): IOmx service obtained
12-19 10:34:17.043 I/OMXStore(  493): makeComponentInstance(OMX.google.vp8.encoder) in android.hardwar process
12-19 10:34:17.046 D/InterruptionStateProvider(  807): heads up is disabled
12-19 10:34:17.047 D/NavigationModeController(  807): getCurrentInteractionMode: mode=0 contextUser=0
12-19 10:34:17.048 D/DeferredSmsMmsRestoreService(  909): startIfFilesExist: no files to restore
12-19 10:34:17.048 D/DeferredSmsMmsRestoreService(  909): addAllSharedPrefToLocalLog
12-19 10:34:17.065 I/netd    (  389): trafficSwapActiveStatsMap() <29.60ms>
12-19 10:34:17.066 I/netd    (  389): tetherGetStats() -> {[]} <0.76ms>
12-19 10:34:17.067 W/BestClock(  619): java.time.DateTimeException: Missing NTP fix
12-19 10:34:17.068 W/BestClock(  619): java.time.DateTimeException: Missing NTP fix
12-19 10:34:17.068 W/BestClock(  619): java.time.DateTimeException: Missing NTP fix
12-19 10:34:17.068 W/BestClock(  619): java.time.DateTimeException: Missing NTP fix
12-19 10:34:17.072 D/SettingsSliceProvider(  912): init
12-19 10:34:17.073 D/SettingsSliceProvider(  912): onCreateSliceProvider
12-19 10:34:17.073 D/CarrierIdProvider(  909): onCreate
12-19 10:34:17.073 D/CarrierIdDatabaseHelper(  909): CarrierIdDatabaseHelper: 5
12-19 10:34:17.073 W/Looper  (  619): Slow dispatch took 147ms main h=android.app.ActivityThread$H c=null m=114
12-19 10:34:17.075 D/EmbeddingCompat(  912): Embedding extension version not found
12-19 10:34:17.075 D/BluetoothDatabase(  790): compactLastConnectionTime: Compacting metadata after load
12-19 10:34:17.075 D/EmbeddingBackend(  912): No supported embedding extension found
12-19 10:34:17.075 I/BluetoothDatabase(  790): cacheMetadata
12-19 10:34:17.076 D/ActivityEmbeddingUtils(  912): isFlagEnabled = true
12-19 10:34:17.076 D/ActivityEmbeddingUtils(  912): isSplitSupported = false
12-19 10:34:17.076 D/ActivityEmbeddingCtrl(  912): Not support this feature now
12-19 10:34:17.082 W/FallbackHome(  912): zts Settings javasend ztl.update.defaultapp
12-19 10:34:17.082 W/ContextImpl(  912): Calling a method in the system process without a qualified user: android.app.ContextImpl.sendBroadcast:1181 android.content.ContextWrapper.sendBroadcast:479 com.android.settings.FallbackHome.onCreate:173 android.app.Activity.performCreate:8073 android.app.Activity.performCreate:8053 
12-19 10:34:17.083 I/System.out(  912): ztl doAppInstall..:
12-19 10:34:17.085 I/netd    (  389): trafficSwapActiveStatsMap() <16.96ms>
12-19 10:34:17.086 I/netd    (  389): tetherGetStats() -> {[]} <0.72ms>
12-19 10:34:17.087 W/BestClock(  619): java.time.DateTimeException: Missing NTP fix
12-19 10:34:17.088 W/BestClock(  619): java.time.DateTimeException: Missing NTP fix
12-19 10:34:17.088 W/BestClock(  619): java.time.DateTimeException: Missing NTP fix
12-19 10:34:17.088 W/BestClock(  619): java.time.DateTimeException: Missing NTP fix
12-19 10:34:17.092 W/AudioManager(  807): attempt to call registerAudioRecordingCallback() on a previouslyregistered callback
12-19 10:34:17.095 W/OMXUtils(  489): do not know color format 0x7f000789 = 2130708361
12-19 10:34:17.095 E/OMXNodeInstance(  493): getConfig(0xf3e00470:google.vp8.encoder, ConfigAndroidIntraRefresh(0x6f60000a)) ERROR: Undefined(0x80001001)
12-19 10:34:17.095 E/OMXNodeInstance(  493): getParameter(0xf3e00470:google.vp8.encoder, ParamVideoIntraRefresh(0x6000006)) ERROR: UnsupportedIndex(0x8000101a)
12-19 10:34:17.095 D/MediaCodecInfo(  489): detail feature-frame-parsing wasn't present to remove
12-19 10:34:17.097 I/Codec2Client(  489): Available Codec2 services: "default" "software"
12-19 10:34:17.098 D/ConnectivityService(  619): NetReassign [no changes]
12-19 10:34:17.098 D/ConnectivityService(  619): requestNetwork for uid/pid:10063/807 activeRequest: null callbackRequest: 16 [NetworkRequest [ REQUEST id=17, [ Capabilities: INTERNET&NOT_RESTRICTED&TRUSTED&NOT_VCN_MANAGED Uid: 10063 RequestorUid: 10063 RequestorPkg: com.android.systemui] ]] callback flags: 1 priority: 2147483647
12-19 10:34:17.098 D/ConnectivityService(  619): NetReassign [no changes]
12-19 10:34:17.098 V/WifiManager(  807): registerTrafficStateCallback: callback=com.android.systemui.statusbar.connectivity.WifiSignalController$WifiTrafficStateCallback@4d034ef, executor=android.os.HandlerExecutor@370d821
12-19 10:34:17.098 D/Ethernet(  619): got request NetworkRequest [ REQUEST id=17, [ Capabilities: INTERNET&NOT_RESTRICTED&TRUSTED&NOT_VCN_MANAGED Uid: 10063 RequestorUid: 10063 RequestorPkg: com.android.systemui] ]
12-19 10:34:17.098 D/EthernetNetworkFactory(  619): acceptRequest, request: NetworkRequest [ REQUEST id=17, [ Capabilities: INTERNET&NOT_RESTRICTED&TRUSTED&NOT_VCN_MANAGED Uid: 10063 RequestorUid: 10063 RequestorPkg: com.android.systemui] ]
12-19 10:34:17.098 I/EthernetNetworkFactory(  619): networkForRequest, request: NetworkRequest [ REQUEST id=17, [ Capabilities: INTERNET&NOT_RESTRICTED&TRUSTED&NOT_VCN_MANAGED Uid: 10063 RequestorUid: 10063 RequestorPkg: com.android.systemui] ], network: null
12-19 10:34:17.100 V/WifiManager(  807): registerScanResultsCallback: callback=com.android.systemui.statusbar.connectivity.NetworkControllerImpl$5@a579285, executor=androidx.mediarouter.media.MediaRoute2Provider$$ExternalSyntheticLambda0@dcc18da
12-19 10:34:17.100 D/ConnectivityService(  619): requestNetwork for uid/pid:10063/807 activeRequest: null callbackRequest: 18 [NetworkRequest [ REQUEST id=19, [ Capabilities: INTERNET&NOT_RESTRICTED&TRUSTED&NOT_VCN_MANAGED Uid: 10063 RequestorUid: 10063 RequestorPkg: com.android.systemui] ]] callback flags: 1 priority: 2147483647
12-19 10:34:17.100 D/ConnectivityService(  619): NetReassign [no changes]
12-19 10:34:17.100 D/Ethernet(  619): got request NetworkRequest [ REQUEST id=19, [ Capabilities: INTERNET&NOT_RESTRICTED&TRUSTED&NOT_VCN_MANAGED Uid: 10063 RequestorUid: 10063 RequestorPkg: com.android.systemui] ]
12-19 10:34:17.100 D/EthernetNetworkFactory(  619): acceptRequest, request: NetworkRequest [ REQUEST id=19, [ Capabilities: INTERNET&NOT_RESTRICTED&TRUSTED&NOT_VCN_MANAGED Uid: 10063 RequestorUid: 10063 RequestorPkg: com.android.systemui] ]
12-19 10:34:17.100 I/EthernetNetworkFactory(  619): networkForRequest, request: NetworkRequest [ REQUEST id=19, [ Capabilities: INTERNET&NOT_RESTRICTED&TRUSTED&NOT_VCN_MANAGED Uid: 10063 RequestorUid: 10063 RequestorPkg: com.android.systemui] ], network: null
12-19 10:34:17.102 D/ConnectivityService(  619): NetReassign [no changes]
12-19 10:34:17.105 D/CompatibilityChangeReporter(  807): Compat change id reported: 171228096; UID 10063; state: ENABLED
12-19 10:34:17.111 D/CarrierIdProvider(  909): update database from pb file
12-19 10:34:17.112 I/netd    (  389): trafficSwapActiveStatsMap() <23.84ms>
12-19 10:34:17.113 D/ConnectivityService(  619): requestNetwork for uid/pid:1000/619 activeRequest: null callbackRequest: 21 [NetworkRequest [ REQUEST id=22, [ Capabilities: INTERNET&NOT_RESTRICTED&TRUSTED&NOT_VCN_MANAGED Uid: 1000 RequestorUid: 1000 RequestorPkg: com.android.networkstack.inprocess] ]] callback flags: 0 priority: 2147483647
12-19 10:34:17.113 D/ConnectivityService(  619): NetReassign [no changes]
12-19 10:34:17.113 D/Ethernet(  619): got request NetworkRequest [ REQUEST id=22, [ Capabilities: INTERNET&NOT_RESTRICTED&TRUSTED&NOT_VCN_MANAGED Uid: 1000 RequestorUid: 1000 RequestorPkg: com.android.networkstack.inprocess] ]
12-19 10:34:17.113 D/EthernetNetworkFactory(  619): acceptRequest, request: NetworkRequest [ REQUEST id=22, [ Capabilities: INTERNET&NOT_RESTRICTED&TRUSTED&NOT_VCN_MANAGED Uid: 1000 RequestorUid: 1000 RequestorPkg: com.android.networkstack.inprocess] ]
12-19 10:34:17.113 D/ConnectivityService(  619): NetReassign [no changes]
12-19 10:34:17.113 I/EthernetNetworkFactory(  619): networkForRequest, request: NetworkRequest [ REQUEST id=22, [ Capabilities: INTERNET&NOT_RESTRICTED&TRUSTED&NOT_VCN_MANAGED Uid: 1000 RequestorUid: 1000 RequestorPkg: com.android.networkstack.inprocess] ], network: null
12-19 10:34:17.114 I/netd    (  389): registerUnsolicitedEventListener() <0.02ms>
12-19 10:34:17.114 D/ApplicationLoaders(  619): Returning zygote-cached class loader: /system/framework/android.test.base.jar
12-19 10:34:17.114 I/netd    (  389): tetherGetStats() -> {[]} <1.41ms>
12-19 10:34:17.115 W/BestClock(  619): java.time.DateTimeException: Missing NTP fix
12-19 10:34:17.116 W/BestClock(  619): java.time.DateTimeException: Missing NTP fix
12-19 10:34:17.116 W/BestClock(  619): java.time.DateTimeException: Missing NTP fix
12-19 10:34:17.116 D/NavigationModeController(  807): getCurrentInteractionMode: mode=0 contextUser=0
12-19 10:34:17.116 W/BestClock(  619): java.time.DateTimeException: Missing NTP fix
12-19 10:34:17.119 D/NavigationModeController(  807): getCurrentUserContext: contextUser=0 currentUser=0
12-19 10:34:17.122 D/NavigationModeController(  807): getCurrentInteractionMode: mode=0 contextUser=0
12-19 10:34:17.116 I/RenderThread(  912): type=1400 audit(0.0:114): avc: denied { open } for path="/dev/__properties__/u:object_r:vendor_default_prop:s0" dev="tmpfs" ino=280 scontext=u:r:system_app:s0 tcontext=u:object_r:vendor_default_prop:s0 tclass=file permissive=1
12-19 10:34:17.116 I/RenderThread(  912): type=1400 audit(0.0:115): avc: denied { getattr } for path="/dev/__properties__/u:object_r:vendor_default_prop:s0" dev="tmpfs" ino=280 scontext=u:r:system_app:s0 tcontext=u:object_r:vendor_default_prop:s0 tclass=file permissive=1
12-19 10:34:17.116 I/RenderThread(  912): type=1400 audit(0.0:116): avc: denied { map } for path="/dev/__properties__/u:object_r:vendor_default_prop:s0" dev="tmpfs" ino=280 scontext=u:r:system_app:s0 tcontext=u:object_r:vendor_default_prop:s0 tclass=file permissive=1
12-19 10:34:17.125 D/NavigationModeController(  807): getCurrentInteractionMode: mode=0 contextUser=0
12-19 10:34:17.125 I/mali_so (  912): [File] : hardware/arm/maliT760/driver/product/base/src/mali_base_kbase.c; [Line] : 1392; [Func] : base_context_deal_with_version_affairs_rk_ext;
12-19 10:34:17.125 I/mali_so (  912): arm_release_ver of this mali_so is 'g18p0-01eac0', rk_so_ver is '2 '.
12-19 10:34:17.125 I/mali_so (  912): [File] : hardware/arm/maliT760/driver/product/base/src/mali_base_kbase.c; [Line] : 1408; [Func] : base_context_deal_with_version_affairs_rk_ext;
12-19 10:34:17.125 I/mali_so (  912): arm_release_vers are match. to set the full mali_ver 'g18p0-01eac0-2' as value of 'sys.gmali.version'.
12-19 10:34:17.129 D/NetworkSecurityConfig(  619): No Network Security Config specified, using platform default
12-19 10:34:17.129 I/system_server(  619): Waiting for a blocking GC ClassLinker
12-19 10:34:17.134 I/hwservicemanager(  301): getTransport: Cannot find entry android.hardware.configstore@1.0::ISurfaceFlingerConfigs/default in either framework or device VINTF manifest.
12-19 10:34:17.145 I/WebViewLoader-(  850): System.exit called, status: 0
12-19 10:34:17.145 I/AndroidRuntime(  850): VM exiting with result code 0, cleanup skipped.
12-19 10:34:17.147 E/CarrierIdProvider(  909): read carrier list from ota pb failure: java.io.FileNotFoundException: /data/misc/carrierid/carrier_list.pb: open failed: ENOENT (No such file or directory)
12-19 10:34:17.147 D/CarrierIdProvider(  909): latest version: 50331662 need update: false
12-19 10:34:17.149 I/ActivityManager(  619): Process WebViewLoader-armeabi-v7a (pid 850) has died: psvc PER 
12-19 10:34:17.149 I/libprocessgroup(  619): Successfully killed process cgroup uid 1037 pid 850 in 0ms
12-19 10:34:17.150 I/Zygote  (  391): Process 850 exited cleanly (0)
12-19 10:34:17.151 I/TetheringManager(  807): registerTetheringEventCallback:com.android.systemui
12-19 10:34:17.151 I/TetheringManager(  807): registerTetheringEventCallback caller:com.android.systemui
12-19 10:34:17.152 I/C2RKComponentFactory(  413): in version: git-7d45eaab18-kernel update rtl8852be driver build-time: 2025-05-07 17:11:36 running on rk3588_s
12-19 10:34:17.152 I/netd    (  389): trafficSwapActiveStatsMap() <35.83ms>
12-19 10:34:17.152 I/C2RKComponentFactory(  413): DestroyRKCodec2Factory enter
12-19 10:34:17.152 I/C2RKComponentFactory(  413): in version: git-7d45eaab18-kernel update rtl8852be driver build-time: 2025-05-07 17:11:36 running on rk3588_s
12-19 10:34:17.152 E/HWComposer(  340): getSupportedContentTypes: getSupportedContentTypes failed for display 0: Unsupported (8)
12-19 10:34:17.153 I/C2RKComponentFactory(  413): DestroyRKCodec2Factory enter
12-19 10:34:17.153 I/C2RKComponentFactory(  413): in version: git-7d45eaab18-kernel update rtl8852be driver build-time: 2025-05-07 17:11:36 running on rk3588_s
12-19 10:34:17.153 E/HWComposer(  340): getSupportedContentTypes: getSupportedContentTypes failed for display 1: Unsupported (8)
