--------- beginning of kernel
01-01 20:00:00.910 I/        (    0): Booting Linux on physical CPU 0x0000000000 [0x412fd050]
01-01 20:00:00.910 I/        (    0): Linux version 5.10.160+ (zts@ztl-ms-7d75) (Android (7284624, based on r416183b) clang version 12.0.5 (https://android.googlesource.com/toolchain/llvm-project c935d99d7cf2016289302412d708641d52d2f7ee), LLD 12.0.5 (/buildbot/src/android/llvm-toolchain/out/llvm-project/lld c935d99d7cf2016289302412d708641d52d2f7ee)) #604 SMP PREEMPT Fri Dec 19 10:32:41 CST 2025
01-01 20:00:00.924 I/Machine model(    0): Rockchip RK3588 EVB1 LP4 V10 Board ztl-A588
01-01 20:00:00.959 I/earlycon(    0): uart8250 at MMIO32 0x00000000feb50000 (options '')
01-01 20:00:00.964 I/printk  (    0): bootconsole [uart8250] enabled
01-01 20:00:00.972 I/OF      (    0): fdt: Reserved memory: failed to reserve memory for node 'drm-cubic-lut@00000000': base 0x0000000000000000, size 0 MiB
01-01 20:00:00.973 I/Reserved memory(    0): created CMA memory pool at 0x0000000010000000, size 128 MiB
01-01 20:00:00.974 I/OF      (    0): reserved mem: initialized node cma, compatible id shared-dma-pool
01-01 20:00:01.087 I/Zone ranges(    0):  
01-01 20:00:01.087 I/        (    0): DMA32    [mem 0x0000000000200000-0x00000000ffffffff]
01-01 20:00:01.088 I/        (    0): Normal   [mem 0x0000000100000000-0x00000002ffffffff]
01-01 20:00:01.089 I/        (    0): Movable zone start for each node
01-01 20:00:01.089 I/        (    0): Early memory node ranges
01-01 20:00:01.089 I/node   0(    0): [mem 0x0000000000200000-0x00000000083fffff]
01-01 20:00:01.090 I/node   0(    0): [mem 0x0000000009400000-0x00000000efffffff]
01-01 20:00:01.091 I/node   0(    0): [mem 0x0000000100000000-0x00000001ffffffff]
01-01 20:00:01.091 I/node   0(    0): [mem 0x00000002f0000000-0x00000002ffffffff]
01-01 20:00:01.092 I/        (    0): Initmem setup node 0 [mem 0x0000000000200000-0x00000002ffffffff]
01-01 20:00:01.093 D/        (    0): On node 0 totalpages: 2092544
01-01 20:00:01.093 D/DMA32 zone(    0): 15288 pages used for memmap
01-01 20:00:01.093 D/DMA32 zone(    0): 0 pages reserved
01-01 20:00:01.093 D/DMA32 zone(    0): 978432 pages, LIFO batch:63
01-01 20:00:01.093 D/Normal zone(    0): 17408 pages used for memmap
01-01 20:00:01.093 D/Normal zone(    0): 1114112 pages, LIFO batch:63
01-01 20:00:01.135 I/psci    (    0): probing for conduit method from DT.
01-01 20:00:01.136 I/psci    (    0): PSCIv1.1 detected in firmware.
01-01 20:00:01.136 I/psci    (    0): Using standard PSCI v0.2 function IDs
01-01 20:00:01.137 I/psci    (    0): Trusted OS migration not required
01-01 20:00:01.137 I/psci    (    0): SMC Calling Convention v1.2
01-01 20:00:01.138 I/percpu  (    0): Embedded 31 pages/cpu s88856 r8192 d29928 u126976
01-01 20:00:01.139 D/pcpu-alloc(    0): s88856 r8192 d29928 u126976 alloc=31*4096
01-01 20:00:01.139 D/pcpu-alloc(    0): [0] 0 [0] 1 [0] 2 [0] 3 [0] 4 [0] 5 [0] 6 [0] 7
01-01 20:00:01.139 I/        (    0): Detected VIPT I-cache on CPU0
01-01 20:00:01.140 I/CPU features(    0): detected: GIC system register CPU interface
01-01 20:00:01.140 I/CPU features(    0): detected: Virtualization Host Extensions
01-01 20:00:01.141 I/CPU features(    0): detected: ARM errata 1165522, 1319367, or 1530923
01-01 20:00:01.142 I/alternatives(    0): patching kernel code
01-01 20:00:01.144 I/        (    0): Built 1 zonelists, mobility grouping on.  Total pages: 2059848
01-01 20:00:01.145 I/        (    0): Kernel command line: storagemedia=emmc androidboot.storagemedia=emmc androidboot.mode=normal  androidboot.dtb_idx=0 androidboot.dtbo_idx=0  androidboot.verifiedbootstate=orange androidboot.serialno=ddfb66533bbf5513 console=ttyFIQ0 firmware_class.path=/vendor/etc/firmware init=/init rootwait ro loop.max_part=7 androidboot.console=ttyFIQ0 androidboot.wificountrycode=CN androidboot.hardware=rk30board androidboot.boot_devices=fe2e0000.mmc androidboot.selinux=permissive buildvariant=userdebug earlycon=uart8250,mmio32,0xfeb50000 irqchip.gicv3_pseudo_nmi=0
01-01 20:00:01.150 I/        (    0): Dentry cache hash table entries: 1048576 (order: 11, 8388608 bytes, linear)
01-01 20:00:01.151 I/        (    0): Inode-cache hash table entries: 524288 (order: 10, 4194304 bytes, linear)
01-01 20:00:01.152 I/mem auto-init(    0): stack:all(zero), heap alloc:off, heap free:off
01-01 20:00:01.159 I/        (    0): software IO TLB: mapped [mem 0x00000000e7d48000-0x00000000ebd48000] (64MB)
01-01 20:00:01.214 I/Memory  (    0): 7971304K/8370176K available (19262K kernel code, 4174K rwdata, 11316K rodata, 1344K init, 933K bss, 267800K reserved, 131072K cma-reserved)
01-01 20:00:01.215 I/SLUB    (    0): HWalign=64, Order=0-3, MinObjects=0, CPUs=8, Nodes=1
01-01 20:00:01.216 I/rcu     (    0): Preemptible hierarchical RCU implementation.
01-01 20:00:01.217 I/rcu     (    0): RCU event tracing is enabled.
01-01 20:00:01.217 I/        (    0): Trampoline variant of Tasks RCU enabled.
01-01 20:00:01.218 I/        (    0): Tracing variant of Tasks RCU enabled.
01-01 20:00:01.218 I/rcu     (    0): RCU calculated value of scheduler-enlistment delay is 30 jiffies.
01-01 20:00:01.222 I/NR_IRQS (    0): 64, nr_irqs: 64, preallocated irqs: 0
01-01 20:00:01.226 I/GICv3   (    0): GIC: Using split EOI/Deactivate mode
01-01 20:00:01.226 I/GICv3   (    0): 480 SPIs implemented
01-01 20:00:01.227 I/GICv3   (    0): 0 Extended SPIs implemented
01-01 20:00:01.227 I/GICv3   (    0): Distributor has no Range Selector support
01-01 20:00:01.228 I/GICv3   (    0): 16 PPIs implemented
01-01 20:00:01.228 I/GICv3   (    0): CPU0: found redistributor 0 region 0:0x00000000fe680000
01-01 20:00:01.229 I/        (    0): ITS [mem 0xfe640000-0xfe65ffff]
01-01 20:00:01.230 I/ITS@0x00000000fe640000(    0): allocated 8192 Devices @1000f0000 (indirect, esz 8, psz 64K, shr 0)
01-01 20:00:01.231 I/ITS@0x00000000fe640000(    0): allocated 32768 Interrupt Collections @100100000 (flat, esz 2, psz 64K, shr 0)
01-01 20:00:01.232 I/ITS     (    0): using cache flushing for cmd queue
01-01 20:00:01.232 I/        (    0): ITS [mem 0xfe660000-0xfe67ffff]
01-01 20:00:01.233 I/ITS@0x00000000fe660000(    0): allocated 8192 Devices @100120000 (indirect, esz 8, psz 64K, shr 0)
01-01 20:00:01.234 I/ITS@0x00000000fe660000(    0): allocated 32768 Interrupt Collections @100130000 (flat, esz 2, psz 64K, shr 0)
01-01 20:00:01.235 I/ITS     (    0): using cache flushing for cmd queue
01-01 20:00:01.235 I/GICv3   (    0): using LPI property table @0x0000000100140000
01-01 20:00:01.236 I/GIC     (    0): using cache flushing for LPI property table
01-01 20:00:01.237 I/GICv3   (    0): CPU0: using allocated LPI pending table @0x0000000100150000
01-01 20:00:01.237 I/kfence  (    0): initialized - using 524288 bytes for 63 objects at 0x(____ptrval____)-0x(____ptrval____)
01-01 20:00:01.365 I/arch_timer(    0): cp15 timer(s) running at 24.00MHz (phys).
01-01 20:00:01.366 I/clocksource(    0): arch_sys_counter: mask: 0xffffffffffffff max_cycles: 0x588fe9dc0, max_idle_ns: 440795202592 ns
01-01 20:00:01.367 I/sched_clock(    0): 56 bits at 24MHz, resolution 41ns, wraps every 4398046511097ns
01-01 20:00:01.369 I/        (    0): Calibrating delay loop (skipped), value calculated using timer frequency.. 48.00 BogoMIPS (lpj=80000)
01-01 20:00:01.370 I/pid_max (    0): default: 32768 minimum: 301
01-01 20:00:01.370 I/LSM     (    0): Security Framework initializing
01-01 20:00:01.371 I/SELinux (    0): Initializing.
01-01 20:00:01.371 I/        (    0): Mount-cache hash table entries: 16384 (order: 5, 131072 bytes, linear)
01-01 20:00:01.372 I/        (    0): Mountpoint-cache hash table entries: 16384 (order: 5, 131072 bytes, linear)
01-01 20:00:01.374 I/rcu     (    1): Hierarchical SRCU implementation.
01-01 20:00:01.375 I/Platform MSI(    1): msi-controller@fe640000 domain created
01-01 20:00:01.376 I/Platform MSI(    1): msi-controller@fe660000 domain created
01-01 20:00:01.377 I/PCI/MSI (    1): /interrupt-controller@fe600000/msi-controller@fe640000 domain created
01-01 20:00:01.378 I/PCI/MSI (    1): /interrupt-controller@fe600000/msi-controller@fe660000 domain created
01-01 20:00:01.379 I/smp     (    1): Bringing up secondary CPUs ...
01-01 20:00:01.381 I/        (    0): Detected VIPT I-cache on CPU1
01-01 20:00:01.381 I/GICv3   (    0): CPU1: found redistributor 100 region 0:0x00000000fe6a0000
01-01 20:00:01.381 I/GICv3   (    0): CPU1: using allocated LPI pending table @0x0000000100160000
01-01 20:00:01.381 I/CPU1    (    0): Booted secondary processor 0x0000000100 [0x412fd050]
01-01 20:00:01.382 I/        (    0): Detected VIPT I-cache on CPU2
01-01 20:00:01.382 I/GICv3   (    0): CPU2: found redistributor 200 region 0:0x00000000fe6c0000
01-01 20:00:01.382 I/GICv3   (    0): CPU2: using allocated LPI pending table @0x0000000100170000
01-01 20:00:01.382 I/CPU2    (    0): Booted secondary processor 0x0000000200 [0x412fd050]
01-01 20:00:01.383 I/        (    0): Detected VIPT I-cache on CPU3
01-01 20:00:01.383 I/GICv3   (    0): CPU3: found redistributor 300 region 0:0x00000000fe6e0000
01-01 20:00:01.383 I/GICv3   (    0): CPU3: using allocated LPI pending table @0x0000000100180000
01-01 20:00:01.383 I/CPU3    (    0): Booted secondary processor 0x0000000300 [0x412fd050]
01-01 20:00:01.384 I/CPU features(    0): detected: Spectre-v4
01-01 20:00:01.384 I/CPU features(    0): detected: Spectre-BHB
01-01 20:00:01.384 I/        (    0): Detected PIPT I-cache on CPU4
01-01 20:00:01.384 I/GICv3   (    0): CPU4: found redistributor 400 region 0:0x00000000fe700000
01-01 20:00:01.384 I/GICv3   (    0): CPU4: using allocated LPI pending table @0x0000000100190000
01-01 20:00:01.384 I/CPU4    (    0): Booted secondary processor 0x0000000400 [0x414fd0b0]
01-01 20:00:01.386 I/        (    0): Detected PIPT I-cache on CPU5
01-01 20:00:01.386 I/GICv3   (    0): CPU5: found redistributor 500 region 0:0x00000000fe720000
01-01 20:00:01.386 I/GICv3   (    0): CPU5: using allocated LPI pending table @0x00000001001a0000
01-01 20:00:01.386 I/CPU5    (    0): Booted secondary processor 0x0000000500 [0x414fd0b0]
01-01 20:00:01.387 I/        (    0): Detected PIPT I-cache on CPU6
01-01 20:00:01.387 I/GICv3   (    0): CPU6: found redistributor 600 region 0:0x00000000fe740000
01-01 20:00:01.387 I/GICv3   (    0): CPU6: using allocated LPI pending table @0x00000001001b0000
01-01 20:00:01.387 I/CPU6    (    0): Booted secondary processor 0x0000000600 [0x414fd0b0]
01-01 20:00:01.388 I/        (    0): Detected PIPT I-cache on CPU7
01-01 20:00:01.388 I/GICv3   (    0): CPU7: found redistributor 700 region 0:0x00000000fe760000
01-01 20:00:01.388 I/GICv3   (    0): CPU7: using allocated LPI pending table @0x00000001001c0000
01-01 20:00:01.388 I/CPU7    (    0): Booted secondary processor 0x0000000700 [0x414fd0b0]
01-01 20:00:01.388 I/smp     (    1): Brought up 1 node, 8 CPUs
01-01 20:00:01.407 I/SMP     (    1): Total of 8 processors activated.
01-01 20:00:01.407 I/CPU features(    1): detected: Privileged Access Never
01-01 20:00:01.408 I/CPU features(    1): detected: LSE atomic instructions
01-01 20:00:01.408 I/CPU features(    1): detected: User Access Override
01-01 20:00:01.409 I/CPU features(    1): detected: 32-bit EL0 Support
01-01 20:00:01.409 I/CPU features(    1): detected: Common not Private translations
01-01 20:00:01.410 I/CPU features(    1): detected: RAS Extension Support
01-01 20:00:01.411 I/CPU features(    1): detected: Data cache clean to the PoU not required for I/D coherence
01-01 20:00:01.411 I/CPU features(    1): detected: CRC32 instructions
01-01 20:00:01.412 I/CPU features(    1): detected: Speculative Store Bypassing Safe (SSBS)
01-01 20:00:01.413 I/CPU features(    1): detected: RCpc load-acquire (LDAPR)
01-01 20:00:01.444 I/        (    1): CPU: All CPU(s) started at EL2
01-01 20:00:01.446 I/devtmpfs(    1): initialized
01-01 20:00:01.458 I/        (    1): Registered cp15_barrier emulation handler
01-01 20:00:01.458 I/        (    7): Trying to unpack rootfs image as initramfs...
01-01 20:00:01.459 I/        (    1): Registered setend emulation handler
01-01 20:00:01.459 W/        (    1): KASLR disabled due to lack of seed
01-01 20:00:01.459 I/clocksource(    1): jiffies: mask: 0xffffffff max_cycles: 0xffffffff, max_idle_ns: 6370867519511994 ns
01-01 20:00:01.461 I/        (    1): futex hash table entries: 2048 (order: 5, 131072 bytes, linear)
01-01 20:00:01.463 I/pinctrl core(    1): initialized pinctrl subsystem
01-01 20:00:01.464 I/NET     (    1): Registered protocol family 16
01-01 20:00:01.465 I/DMA     (    1): preallocated 1024 KiB GFP_KERNEL pool for atomic allocations
01-01 20:00:01.466 I/DMA     (    1): preallocated 1024 KiB GFP_KERNEL|GFP_DMA32 pool for atomic allocations
01-01 20:00:01.466 I/audit   (    1): initializing netlink subsys (disabled)
01-01 20:00:01.467 I/        (    1): Registered FIQ tty driver
01-01 20:00:01.468 I/thermal_sys(    1): Registered thermal governor 'fair_share'
01-01 20:00:01.468 I/thermal_sys(    1): Registered thermal governor 'step_wise'
01-01 20:00:01.469 I/thermal_sys(    1): Registered thermal governor 'user_space'
01-01 20:00:01.469 I/thermal_sys(    1): Registered thermal governor 'power_allocator'
01-01 20:00:01.470 W/thermal_zone1(    1): power_allocator: sustainable_power will be estimated
01-01 20:00:01.472 W/thermal_zone2(    1): power_allocator: sustainable_power will be estimated
01-01 20:00:01.472 W/thermal_zone3(    1): power_allocator: sustainable_power will be estimated
01-01 20:00:01.473 W/thermal_zone4(    1): power_allocator: sustainable_power will be estimated
01-01 20:00:01.474 W/thermal_zone5(    1): power_allocator: sustainable_power will be estimated
01-01 20:00:01.475 W/thermal_zone6(    1): power_allocator: sustainable_power will be estimated
01-01 20:00:01.476 I/cpuidle (    1): using governor menu
01-01 20:00:01.476 I/hw-breakpoint(    1): found 6 breakpoint and 4 watchpoint registers.
01-01 20:00:01.477 I/        (    1): ASID allocator initialised with 65536 entries
01-01 20:00:01.479 I/ramoops (    1): boot-log-0	0x8000@0x0000000000110000
01-01 20:00:01.479 I/ramoops (    1): dmesg-0	0x14000@0x0000000000118000
01-01 20:00:01.480 I/ramoops (    1): dmesg-1	0x14000@0x000000000012c000
01-01 20:00:01.480 I/ramoops (    1): console	0x80000@0x0000000000140000
01-01 20:00:01.481 I/ramoops (    1): pmsg	0x30000@0x00000000001c0000
01-01 20:00:01.482 I/printk  (    1): console [ramoops-1] enabled
01-01 20:00:01.482 I/pstore  (    1): Registered ramoops as persistent store backend
01-01 20:00:01.483 I/ramoops (    1): using 0xe0000@0x110000, ecc: 0
01-01 20:00:01.498 I/        (    7): Freeing initrd memory: 1316K
01-01 20:00:01.525 I/rockchip-gpio fd8a0000.gpio(    1): probed /pinctrl/gpio@fd8a0000
01-01 20:00:01.526 I/rockchip-gpio fec20000.gpio(    1): probed /pinctrl/gpio@fec20000
01-01 20:00:01.527 I/rockchip-gpio fec30000.gpio(    1): probed /pinctrl/gpio@fec30000
01-01 20:00:01.527 I/rockchip-gpio fec40000.gpio(    1): probed /pinctrl/gpio@fec40000
01-01 20:00:01.528 I/rockchip-gpio fec50000.gpio(    1): probed /pinctrl/gpio@fec50000
01-01 20:00:01.529 I/rockchip-pinctrl pinctrl(    1): probed pinctrl
01-01 20:00:01.541 E/fiq_debugger.0(    1): IRQ fiq not found
01-01 20:00:01.542 E/fiq_debugger.0(    1): IRQ wakeup not found
01-01 20:00:01.542 E/fiq_debugger_probe(    1): could not install nmi irq handler
01-01 20:00:01.543 I/printk  (    1): console [ttyFIQ0] enabled
01-01 20:00:01.544 I/printk  (    1): bootconsole [uart8250] disabled
01-01 20:00:01.544 I/        (    1): Registered fiq debugger ttyFIQ0
01-01 20:00:01.545 I/vcc5v0_sys(    1): supplied by vcc12v_dcin
01-01 20:00:01.545 I/vcc5v0_usbdcin(    1): supplied by vcc12v_dcin
01-01 20:00:01.545 I/vcc5v0_usb(    1): supplied by vcc5v0_usbdcin
01-01 20:00:01.545 I/vcc_1v1_nldo_s3(    1): supplied by vcc5v0_sys
01-01 20:00:01.545 I/vcc5v0_host(    1): supplied by vcc5v0_usb
01-01 20:00:01.545 I/vcc5v0_otg(    1): supplied by vcc5v0_sys
01-01 20:00:01.546 I/iommu   (    1): Default domain type: Translated
01-01 20:00:01.548 I/        (    1): SCSI subsystem initialized
01-01 20:00:01.548 D/        (    1): libata version 3.00 loaded.
01-01 20:00:01.548 I/usbcore (    1): registered new interface driver usbfs
01-01 20:00:01.548 I/usbcore (    1): registered new interface driver hub
01-01 20:00:01.548 I/usbcore (    1): registered new device driver usb
01-01 20:00:01.548 I/mc      (    1): Linux media interface: v0.10
01-01 20:00:01.548 I/videodev(    1): Linux video capture interface: v2.00
01-01 20:00:01.548 I/pps_core(    1): LinuxPPS API ver. 1 registered
01-01 20:00:01.548 I/pps_core(    1): Software ver. 5.3.6 - Copyright 2005-2007 Rodolfo Giometti <giometti@linux.it>
01-01 20:00:01.548 I/        (    1): PTP clock support registered
01-01 20:00:01.549 I/arm-scmi firmware(    1): scmi: SCMI Notifications - Core Enabled.
01-01 20:00:01.549 I/arm-scmi firmware(    1): scmi: SCMI Protocol v2.0 'rockchip:' Firmware version 0x0
01-01 20:00:01.549 W/        (    1): upandata_widgets_probe
01-01 20:00:01.550 W/zts gtp_used(    1): 0
01-01 20:00:01.550 W/zts lcd_bl_max_freq(    1): 0
01-01 20:00:01.550 W/zts lcd_bl_delay(    1): 0
01-01 20:00:01.550 W/zts sys_speaker_gain(    1): 0
01-01 20:00:01.550 W/zts sys_mic_gain(    1): 0
01-01 20:00:01.550 W/zts sys_codec_output(    1): 0
01-01 20:00:01.550 W/zts primary_lcd(    1): 0
01-01 20:00:01.550 W/zts extend_lcd(    1): 0
01-01 20:00:01.550 W/zts hardwardvs(    1): 1000
01-01 20:00:01.550 W/zts hdmi_mode(    1): 0
01-01 20:00:01.550 W/zts disp_fb_width(    1): 0
01-01 20:00:01.550 W/zts disp_fb_height(    1): 0
01-01 20:00:01.550 W/zts sys_cfg_delay(    1): 1
01-01 20:00:01.550 W/        (    1): Can not read property fun_gpios
01-01 20:00:01.550 I/        (    1): Advanced Linux Sound Architecture Driver Initialized.
01-01 20:00:01.550 I/Bluetooth(    1): Core ver 2.22
01-01 20:00:01.550 I/NET     (    1): Registered protocol family 31
01-01 20:00:01.550 I/Bluetooth(    1): HCI device and connection manager initialized
01-01 20:00:01.550 I/Bluetooth(    1): HCI socket layer initialized
01-01 20:00:01.550 I/Bluetooth(    1): L2CAP socket layer initialized
01-01 20:00:01.550 I/Bluetooth(    1): SCO socket layer initialized
01-01 20:00:01.551 I/rockchip-cpuinfo cpuinfo(    1): SoC		: 35881000
01-01 20:00:01.551 I/rockchip-cpuinfo cpuinfo(    1): Serial		: ddfb66533bbf5513
01-01 20:00:01.551 I/clocksource(    1): Switched to clocksource arch_sys_counter
01-01 20:00:01.580 I/VFS     (    1): Disk quotas dquot_6.6.0
01-01 20:00:01.580 I/VFS     (    1): Dquot-cache hash table entries: 512 (order 0, 4096 bytes)
01-01 20:00:01.581 I/NET     (    1): Registered protocol family 2
01-01 20:00:01.581 I/        (    1): IP idents hash table entries: 131072 (order: 8, 1048576 bytes, linear)
01-01 20:00:01.583 I/        (    1): tcp_listen_portaddr_hash hash table entries: 4096 (order: 4, 65536 bytes, linear)
01-01 20:00:01.583 I/        (    1): TCP established hash table entries: 65536 (order: 7, 524288 bytes, linear)
01-01 20:00:01.583 I/        (    1): TCP bind hash table entries: 65536 (order: 8, 1048576 bytes, linear)
01-01 20:00:01.584 I/TCP     (    1): Hash tables configured (established 65536 bind 65536)
01-01 20:00:01.584 I/        (    1): UDP hash table entries: 4096 (order: 5, 131072 bytes, linear)
01-01 20:00:01.584 I/        (    1): UDP-Lite hash table entries: 4096 (order: 5, 131072 bytes, linear)
01-01 20:00:01.584 I/NET     (    1): Registered protocol family 1
01-01 20:00:01.584 I/PCI     (    1): CLS 0 bytes, default 64
01-01 20:00:01.585 W/rockchip-thermal fec00000.tsadc(    1): Missing rockchip,grf property
01-01 20:00:01.585 I/rockchip-thermal fec00000.tsadc(    1): tsadc is probed successfully!
01-01 20:00:01.586 I/hw perfevents(    1): enabled with armv8_pmuv3 PMU driver, 7 counters available
01-01 20:00:01.588 I/        (    1): Initialise system trusted keyrings
01-01 20:00:01.588 I/workingset(    1): timestamp_bits=46 max_order=21 bucket_order=0
01-01 20:00:01.589 I/utf8_selftest(    1): All 154 tests passed
01-01 20:00:01.589 I/fuse    (    1): init (API version 7.32)
01-01 20:00:01.608 I/        (    1): Key type asymmetric registered
01-01 20:00:01.608 I/        (    1): Asymmetric key parser 'x509' registered
01-01 20:00:01.608 I/        (    1): Block layer SCSI generic (bsg) driver version 0.4 loaded (major 242)
01-01 20:00:01.608 I/        (    1): io scheduler mq-deadline registered
01-01 20:00:01.608 I/        (    1): io scheduler kyber registered
01-01 20:00:01.608 I/        (    1): io scheduler bfq registered
01-01 20:00:01.608 I/rockchip-csi2-dphy-hw fedc0000.csi2-dphy0-hw(    1): csi2 dphy hw probe successfully!
01-01 20:00:01.608 I/rockchip-csi2-dphy-hw fedc8000.csi2-dphy1-hw(    1): csi2 dphy hw probe successfully!
01-01 20:00:01.616 I/rockchip-hdptx-phy-hdmi fed60000.hdmiphy(    1): hdptx phy init success
01-01 20:00:01.617 I/rockchip-hdptx-phy-hdmi fed70000.hdmiphy(    1): hdptx phy init success
01-01 20:00:01.619 I/rk-pcie fe180000.pcie(  144): invalid prsnt-gpios property in node
01-01 20:00:01.619 I/rk-pcie fe180000.pcie(  144): no vpcie3v3 regulator found
01-01 20:00:01.619 I/rk-pcie fe170000.pcie(  145): invalid prsnt-gpios property in node
01-01 20:00:01.619 I/rk-pcie fe170000.pcie(  145): no vpcie3v3 regulator found
01-01 20:00:01.619 W/        (    1): 0.steve zts get enable gpio,add bl delay 0s
01-01 20:00:01.619 W/pwm-backlight backlight(    1): supply power not found, using dummy regulator
01-01 20:00:01.619 E/rk-pcie fe170000.pcie(  145): IRQ msi not found
01-01 20:00:01.619 E/rk-pcie fe180000.pcie(  144): IRQ msi not found
01-01 20:00:01.619 I/rk-pcie fe180000.pcie(  144): use outband MSI support
01-01 20:00:01.619 E/rk-pcie fe180000.pcie(  144): Missing *config* reg space
01-01 20:00:01.619 I/rk-pcie fe180000.pcie(  144): host bridge /pcie@fe180000 ranges:
01-01 20:00:01.619 I/rk-pcie fe170000.pcie(  145): use outband MSI support
01-01 20:00:01.619 E/rk-pcie fe170000.pcie(  145): Missing *config* reg space
01-01 20:00:01.619 I/rk-pcie fe180000.pcie(  144): err 0x00f3000000..0x00f30fffff -> 0x00f3000000
01-01 20:00:01.619 I/rk-pcie fe170000.pcie(  145): host bridge /pcie@fe170000 ranges:
01-01 20:00:01.619 I/rk-pcie fe180000.pcie(  144): IO 0x00f3100000..0x00f31fffff -> 0x00f3100000
01-01 20:00:01.619 I/rk-pcie fe170000.pcie(  145): err 0x00f2000000..0x00f20fffff -> 0x00f2000000
01-01 20:00:01.619 I/rk-pcie fe170000.pcie(  145): IO 0x00f2100000..0x00f21fffff -> 0x00f2100000
01-01 20:00:01.619 I/rk-pcie fe180000.pcie(  144): MEM 0x00f3200000..0x00f3ffffff -> 0x00f3200000
01-01 20:00:01.619 I/rk-pcie fe170000.pcie(  145): MEM 0x00f2200000..0x00f2ffffff -> 0x00f2200000
01-01 20:00:01.619 I/rk-pcie fe180000.pcie(  144): MEM 0x09c0000000..0x09ffffffff -> 0x09c0000000
01-01 20:00:01.619 I/rk-pcie fe170000.pcie(  145): MEM 0x0980000000..0x09bfffffff -> 0x0980000000
01-01 20:00:01.619 E/rk-pcie fe180000.pcie(  144): Missing *config* reg space
01-01 20:00:01.619 I/iep     (    1): Module initialized.
01-01 20:00:01.619 E/rk-pcie fe170000.pcie(  145): Missing *config* reg space
01-01 20:00:01.619 E/rk-pcie fe180000.pcie(  144): invalid resource
01-01 20:00:01.619 E/rk-pcie fe170000.pcie(  145): invalid resource
01-01 20:00:01.619 I/mpp_service mpp-srv(    1): 31719df03c author: chenxt-zts 2025-02-10 init version
01-01 20:00:01.619 I/mpp_service mpp-srv(    1): probe start
01-01 20:00:01.620 I/mpp_vdpu1 fdb51000.avsd-plus(    1): Adding to iommu group 1
01-01 20:00:01.620 I/mpp_vdpu1 fdb51000.avsd-plus(    1): probe device
01-01 20:00:01.620 I/mpp_vdpu1 fdb51000.avsd-plus(    1): reset_group->rw_sem_on=0
01-01 20:00:01.620 I/mpp_vdpu1 fdb51000.avsd-plus(    1): reset_group->rw_sem_on=0
01-01 20:00:01.620 I/mpp_vdpu1 fdb51000.avsd-plus(    1): probing finish
01-01 20:00:01.621 I/mpp_vdpu2 fdb50400.vdpu(    1): Adding to iommu group 1
01-01 20:00:01.621 I/mpp_vdpu2 fdb50400.vdpu(    1): probe device
01-01 20:00:01.621 I/mpp_vdpu2 fdb50400.vdpu(    1): reset_group->rw_sem_on=0
01-01 20:00:01.621 I/mpp_vdpu2 fdb50400.vdpu(    1): reset_group->rw_sem_on=0
01-01 20:00:01.621 I/mpp_vdpu2 fdb50400.vdpu(    1): probing finish
01-01 20:00:01.621 I/mpp_vepu2 jpege-ccu(    1): probing start
01-01 20:00:01.621 I/mpp_vepu2 jpege-ccu(    1): probing finish
01-01 20:00:01.621 I/mpp_vepu2 fdb50000.vepu(    1): Adding to iommu group 1
01-01 20:00:01.621 I/mpp_vepu2 fdb50000.vepu(    1): probing start
01-01 20:00:01.621 I/mpp_vepu2 fdb50000.vepu(    1): reset_group->rw_sem_on=0
01-01 20:00:01.621 I/mpp_vepu2 fdb50000.vepu(    1): reset_group->rw_sem_on=0
01-01 20:00:01.621 I/mpp_vepu2 fdb50000.vepu(    1): probing finish
01-01 20:00:01.621 I/mpp_vepu2 fdba0000.jpege-core(    1): Adding to iommu group 5
01-01 20:00:01.621 I/mpp_vepu2 fdba0000.jpege-core(    1): probing start
01-01 20:00:01.621 I/mpp_vepu2 fdba0000.jpege-core(    1): attach ccu success
01-01 20:00:01.622 I/mpp_vepu2 fdba0000.jpege-core(    1): probing finish
01-01 20:00:01.622 I/mpp_vepu2 fdba4000.jpege-core(    1): Adding to iommu group 6
01-01 20:00:01.622 I/mpp_vepu2 fdba4000.jpege-core(    1): probing start
01-01 20:00:01.622 I/mpp_vepu2 fdba4000.jpege-core(    1): attach ccu success
01-01 20:00:01.622 I/mpp_vepu2 fdba4000.jpege-core(    1): probing finish
01-01 20:00:01.622 I/mpp_vepu2 fdba8000.jpege-core(    1): Adding to iommu group 7
01-01 20:00:01.622 I/mpp_vepu2 fdba8000.jpege-core(    1): probing start
01-01 20:00:01.622 I/mpp_vepu2 fdba8000.jpege-core(    1): attach ccu success
01-01 20:00:01.622 I/mpp_vepu2 fdba8000.jpege-core(    1): probing finish
01-01 20:00:01.622 I/mpp_vepu2 fdbac000.jpege-core(    1): Adding to iommu group 8
01-01 20:00:01.622 I/mpp_vepu2 fdbac000.jpege-core(    1): probing start
01-01 20:00:01.622 I/mpp_vepu2 fdbac000.jpege-core(    1): attach ccu success
01-01 20:00:01.622 I/mpp_vepu2 fdbac000.jpege-core(    1): probing finish
01-01 20:00:01.622 I/mpp-iep2 fdbb0000.iep(    1): Adding to iommu group 9
01-01 20:00:01.623 I/mpp-iep2 fdbb0000.iep(    1): probe device
01-01 20:00:01.623 E/mpp-iep2 fdbb0000.iep(    1): allocate roi buffer failed
01-01 20:00:01.623 I/mpp-iep2 fdbb0000.iep(    1): probing finish
01-01 20:00:01.623 I/mpp_jpgdec fdb90000.jpegd(    1): Adding to iommu group 4
01-01 20:00:01.623 I/mpp_jpgdec fdb90000.jpegd(    1): probe device
01-01 20:00:01.623 I/mpp_jpgdec fdb90000.jpegd(    1): probing finish
01-01 20:00:01.623 I/mpp_rkvdec2 fdc30000.rkvdec-ccu(    1): rkvdec-ccu, probing start
01-01 20:00:01.623 I/mpp_rkvdec2 fdc30000.rkvdec-ccu(    1): ccu-mode: 1
01-01 20:00:01.623 I/mpp_rkvdec2 fdc30000.rkvdec-ccu(    1): probing finish
01-01 20:00:01.623 I/mpp_rkvdec2 fdc38100.rkvdec-core(    1): Adding to iommu group 12
01-01 20:00:01.624 I/mpp_rkvdec2 fdc38100.rkvdec-core(    1): rkvdec-core, probing start
01-01 20:00:01.624 E/mpp_rkvdec2 fdc38100.rkvdec-core(    1): shared_niu_a is not found!
01-01 20:00:01.624 E/rkvdec2_init(    1): 1022: No niu aclk reset resource define
01-01 20:00:01.624 E/mpp_rkvdec2 fdc38100.rkvdec-core(    1): shared_niu_h is not found!
01-01 20:00:01.624 E/rkvdec2_init(    1): 1025: No niu hclk reset resource define
01-01 20:00:01.624 I/mpp_rkvdec2 fdc38100.rkvdec-core(    1): no regulator, devfreq is disabled
01-01 20:00:01.624 I/mpp_rkvdec2 fdc38100.rkvdec-core(    1): core_mask=00010001
01-01 20:00:01.624 I/mpp_rkvdec2 fdc38100.rkvdec-core(    1): attach ccu as core 0
01-01 20:00:01.624 I/mpp_rkvdec2 fdc38100.rkvdec-core(    1): sram_start 0x00000000ff001000
01-01 20:00:01.624 I/mpp_rkvdec2 fdc38100.rkvdec-core(    1): rcb_iova 0x00000000fff00000
01-01 20:00:01.624 I/mpp_rkvdec2 fdc38100.rkvdec-core(    1): sram_size 491520
01-01 20:00:01.624 I/mpp_rkvdec2 fdc38100.rkvdec-core(    1): rcb_size 1048576
01-01 20:00:01.624 I/mpp_rkvdec2 fdc38100.rkvdec-core(    1): min_width 512
01-01 20:00:01.624 I/mpp_rkvdec2 fdc38100.rkvdec-core(    1): rcb_info_count 20
01-01 20:00:01.624 I/mpp_rkvdec2 fdc38100.rkvdec-core(    1): [136, 24576]
01-01 20:00:01.624 I/mpp_rkvdec2 fdc38100.rkvdec-core(    1): [137, 49152]
01-01 20:00:01.624 I/mpp_rkvdec2 fdc38100.rkvdec-core(    1): [141, 90112]
01-01 20:00:01.624 I/mpp_rkvdec2 fdc38100.rkvdec-core(    1): [140, 49152]
01-01 20:00:01.624 I/mpp_rkvdec2 fdc38100.rkvdec-core(    1): [139, 180224]
01-01 20:00:01.624 I/mpp_rkvdec2 fdc38100.rkvdec-core(    1): [133, 49152]
01-01 20:00:01.624 I/mpp_rkvdec2 fdc38100.rkvdec-core(    1): [134, 8192]
01-01 20:00:01.624 I/mpp_rkvdec2 fdc38100.rkvdec-core(    1): [135, 4352]
01-01 20:00:01.624 I/mpp_rkvdec2 fdc38100.rkvdec-core(    1): [138, 13056]
01-01 20:00:01.624 I/mpp_rkvdec2 fdc38100.rkvdec-core(    1): [142, 291584]
01-01 20:00:01.624 I/mpp_rkvdec2 fdc38100.rkvdec-core(    1): probing finish
01-01 20:00:01.624 I/mpp_rkvdec2 fdc48100.rkvdec-core(    1): Adding to iommu group 13
01-01 20:00:01.624 I/mpp_rkvdec2 fdc48100.rkvdec-core(    1): rkvdec-core, probing start
01-01 20:00:01.624 E/mpp_rkvdec2 fdc48100.rkvdec-core(    1): shared_niu_a is not found!
01-01 20:00:01.624 E/rkvdec2_init(    1): 1022: No niu aclk reset resource define
01-01 20:00:01.624 E/mpp_rkvdec2 fdc48100.rkvdec-core(    1): shared_niu_h is not found!
01-01 20:00:01.624 E/rkvdec2_init(    1): 1025: No niu hclk reset resource define
01-01 20:00:01.624 I/mpp_rkvdec2 fdc48100.rkvdec-core(    1): no regulator, devfreq is disabled
01-01 20:00:01.624 I/mpp_rkvdec2 fdc48100.rkvdec-core(    1): core_mask=00020002
01-01 20:00:01.624 I/mpp_rkvdec2 fdc48100.rkvdec-core(    1): attach ccu as core 1
01-01 20:00:01.625 I/mpp_rkvdec2 fdc48100.rkvdec-core(    1): sram_start 0x00000000ff079000
01-01 20:00:01.625 I/mpp_rkvdec2 fdc48100.rkvdec-core(    1): rcb_iova 0x00000000ffe00000
01-01 20:00:01.625 I/mpp_rkvdec2 fdc48100.rkvdec-core(    1): sram_size 487424
01-01 20:00:01.625 I/mpp_rkvdec2 fdc48100.rkvdec-core(    1): rcb_size 1048576
01-01 20:00:01.625 I/mpp_rkvdec2 fdc48100.rkvdec-core(    1): min_width 512
01-01 20:00:01.625 I/mpp_rkvdec2 fdc48100.rkvdec-core(    1): rcb_info_count 20
01-01 20:00:01.625 I/mpp_rkvdec2 fdc48100.rkvdec-core(    1): [136, 24576]
01-01 20:00:01.625 I/mpp_rkvdec2 fdc48100.rkvdec-core(    1): [137, 49152]
01-01 20:00:01.625 I/mpp_rkvdec2 fdc48100.rkvdec-core(    1): [141, 90112]
01-01 20:00:01.625 I/mpp_rkvdec2 fdc48100.rkvdec-core(    1): [140, 49152]
01-01 20:00:01.625 I/mpp_rkvdec2 fdc48100.rkvdec-core(    1): [139, 180224]
01-01 20:00:01.625 I/mpp_rkvdec2 fdc48100.rkvdec-core(    1): [133, 49152]
01-01 20:00:01.625 I/mpp_rkvdec2 fdc48100.rkvdec-core(    1): [134, 8192]
01-01 20:00:01.625 I/mpp_rkvdec2 fdc48100.rkvdec-core(    1): [135, 4352]
01-01 20:00:01.625 I/mpp_rkvdec2 fdc48100.rkvdec-core(    1): [138, 13056]
01-01 20:00:01.625 I/mpp_rkvdec2 fdc48100.rkvdec-core(    1): [142, 291584]
01-01 20:00:01.625 I/mpp_rkvdec2 fdc48100.rkvdec-core(    1): probing finish
01-01 20:00:01.625 I/mpp_rkvenc2 rkvenc-ccu(    1): probing start
01-01 20:00:01.625 I/mpp_rkvenc2 rkvenc-ccu(    1): probing finish
01-01 20:00:01.625 I/mpp_av1dec(    1): Adding child /av1d@fdc70000
01-01 20:00:01.626 I/mpp_av1dec(    1): register device av1d-master
01-01 20:00:01.626 I/mpp_av1dec av1d-master(    1): av1_iommu_of_xlate,784
01-01 20:00:01.626 I/av1_iommu_probe_device,737, consumer(    1): av1d-master, supplier : fdca0000.iommu
01-01 20:00:01.626 I/mpp_av1dec av1d-master(    1): Adding to iommu group 18
01-01 20:00:01.626 I/mpp_av1dec av1d-master(    1): probing start
01-01 20:00:01.626 I/mpp_av1dec av1d-master(    1): probing finish
01-01 20:00:01.626 I/mpp_service mpp-srv(    1): probe success
01-01 20:00:01.635 I/dma-pl330 fea10000.dma-controller(    1): Loaded driver for PL330 DMAC-241330
01-01 20:00:01.635 I/dma-pl330 fea10000.dma-controller(    1): DBUFF-128x8bytes Num_Chans-8 Num_Peri-32 Num_Events-16
01-01 20:00:01.636 I/dma-pl330 fea30000.dma-controller(    1): Loaded driver for PL330 DMAC-241330
01-01 20:00:01.636 I/dma-pl330 fea30000.dma-controller(    1): DBUFF-128x8bytes Num_Chans-8 Num_Peri-32 Num_Events-16
01-01 20:00:01.637 I/dma-pl330 fed10000.dma-controller(    1): Loaded driver for PL330 DMAC-241330
01-01 20:00:01.637 I/dma-pl330 fed10000.dma-controller(    1): DBUFF-128x8bytes Num_Chans-8 Num_Peri-32 Num_Events-16
01-01 20:00:01.637 I/rockchip-pvtm fda40000.pvtm(    1): pvtm@0 probed
01-01 20:00:01.637 I/rockchip-pvtm fda50000.pvtm(    1): pvtm@1 probed
01-01 20:00:01.637 I/rockchip-pvtm fda60000.pvtm(    1): pvtm@2 probed
01-01 20:00:01.637 I/rockchip-pvtm fdaf0000.pvtm(    1): pvtm@3 probed
01-01 20:00:01.637 I/rockchip-pvtm fdb30000.pvtm(    1): pvtm@4 probed
01-01 20:00:01.637 I/        (    1): rockchip-system-monitor rockchip-system-monitor: system monitor probe
01-01 20:00:01.638 I/Serial  (    1): 8250/16550 driver, 10 ports, IRQ sharing disabled
01-01 20:00:01.638 I/fd890000.serial(    1): ttyS0 at MMIO 0xfd890000 (irq = 28, base_baud = 1500000) is a 16550A
01-01 20:00:01.639 I/feb60000.serial(    1): ttyS3 at MMIO 0xfeb60000 (irq = 110, base_baud = 1500000) is a 16550A
01-01 20:00:01.639 I/feba0000.serial(    1): ttyS7 at MMIO 0xfeba0000 (irq = 111, base_baud = 1500000) is a 16550A
01-01 20:00:01.639 I/febb0000.serial(    1): ttyS8 at MMIO 0xfebb0000 (irq = 112, base_baud = 1500000) is a 16550A
01-01 20:00:01.640 I/random  (  170): crng init done
01-01 20:00:01.640 I/rockchip-vop2 fdd90000.vop(    1): Adding to iommu group 17
01-01 20:00:01.647 I/rockchip-vop2 fdd90000.vop(    1): [drm:vop2_bind] vp0 assign plane mask: 0x5, primary plane phy id: 2
01-01 20:00:01.647 I/rockchip-vop2 fdd90000.vop(    1): [drm:vop2_bind] vp1 assign plane mask: 0xa, primary plane phy id: 3
01-01 20:00:01.647 I/rockchip-vop2 fdd90000.vop(    1): [drm:vop2_bind] vp2 assign plane mask: 0x140, primary plane phy id: 8
01-01 20:00:01.647 I/rockchip-vop2 fdd90000.vop(    1): [drm:vop2_bind] vp3 assign plane mask: 0x280, primary plane phy id: 9
01-01 20:00:01.658 I/rockchip-drm display-subsystem(    1): bound fdd90000.vop (ops vop2_component_ops)
01-01 20:00:01.659 I/dwhdmi-rockchip fde80000.hdmi(    1): registered ddc I2C bus driver
01-01 20:00:01.659 I/rockchip-drm display-subsystem(    1): bound fde80000.hdmi (ops dw_hdmi_rockchip_ops)
01-01 20:00:01.659 I/dwhdmi-rockchip fdea0000.hdmi(    1): registered ddc I2C bus driver
01-01 20:00:01.660 I/rockchip-drm display-subsystem(    1): bound fdea0000.hdmi (ops dw_hdmi_rockchip_ops)
01-01 20:00:01.660 E/dw-mipi-dsi2 fde20000.dsi(    1): [drm:dw_mipi_dsi2_bind] *ERROR* Failed to find panel or bridge: -517
01-01 20:00:01.666 W/        (    1): zts mipi vm pixelclock:148500000,1920,1080
01-01 20:00:01.666 W/        (    1): zts mipi vm pixelclock:148500000,1920,1080
01-01 20:00:01.666 W/ztl g_debug_mipi(    1): 1,lcd num:1
01-01 20:00:01.666 W/        (    1): ztl p_cs5518_timing->h 1920 i_mipi_clk:1000,mipi:440000 lvds_clk:74250 jeida:0
01-01 20:00:01.666 W/        (    1): zts g_gm8775_timing.hactive 1920 1920
01-01 20:00:01.666 W/panel-simple-dsi fde20000.dsi.0(    1): supply power not found, using dummy regulator
01-01 20:00:01.666 W/        (    1): ztl gm8775 chip i2c init...
01-01 20:00:01.666 W/        (    1): ztl nn gm8775 0
01-01 20:00:01.666 W/        (    1): ztl cs5518 chip i2c init...
01-01 20:00:01.666 W/        (    1): ztl  cs5518 0
01-01 20:00:01.671 I/brd     (    1): module loaded
01-01 20:00:01.675 I/loop    (    1): module loaded
01-01 20:00:01.675 I/zram    (    1): Added device: zram0
01-01 20:00:01.676 I/system_heap(    1): orders[0] = 6
01-01 20:00:01.676 I/system_heap(    1): orders[1] = 4
01-01 20:00:01.676 I/system_heap(    1): orders[2] = 0
01-01 20:00:01.676 I/        (    1): SCSI Media Changer driver v0.25
01-01 20:00:01.676 W/ahci fe210000.sata(    1): supply ahci not found, using dummy regulator
01-01 20:00:01.676 W/ahci fe210000.sata(    1): supply phy not found, using dummy regulator
01-01 20:00:01.677 W/ahci fe210000.sata(    1): supply target not found, using dummy regulator
01-01 20:00:01.677 I/ahci fe210000.sata(    1): forcing port_map 0x0 -> 0x1
01-01 20:00:01.677 I/ahci fe210000.sata(    1): AHCI 0001.0300 32 slots 1 ports 6 Gbps 0x1 impl platform mode
01-01 20:00:01.677 I/ahci fe210000.sata(    1): flags: ncq sntf pm led clo only pmp fbs pio slum part ccc apst
01-01 20:00:01.677 I/ahci fe210000.sata(    1): port 0 can do FBS, forcing FBSCP
01-01 20:00:01.677 I/scsi host0(    1): ahci
01-01 20:00:01.677 I/ata1    (    1): SATA max UDMA/133 mmio [mem 0xfe210000-0xfe210fff] port 0x100 irq 95
01-01 20:00:01.678 W/rockchip-spi feb20000.spi(    1): no high_speed pinctrl state
01-01 20:00:01.679 I/rk806 spi2.0(    1): chip id: RK806,ver:0x2, 0x1
01-01 20:00:01.680 I/rk806 spi2.0(    1): ON: 0x40 OFF:0x0
01-01 20:00:01.681 I/vdd_gpu_s0(    1): supplied by vcc5v0_sys
01-01 20:00:01.682 I/vdd_cpu_lit_s0(    1): supplied by vcc5v0_sys
01-01 20:00:01.683 I/vdd_log_s0(    1): supplied by vcc5v0_sys
01-01 20:00:01.683 I/vdd_vdenc_s0(    1): supplied by vcc5v0_sys
01-01 20:00:01.684 I/vdd_ddr_s0(    1): supplied by vcc5v0_sys
01-01 20:00:01.684 I/vdd2_ddr_s3(    1): supplied by vcc5v0_sys
01-01 20:00:01.684 I/vdd_2v0_pldo_s3(    1): supplied by vcc5v0_sys
01-01 20:00:01.685 I/vcc_3v3_s3(    1): supplied by vcc5v0_sys
01-01 20:00:01.685 I/vddq_ddr_s0(    1): supplied by vcc5v0_sys
01-01 20:00:01.686 I/vcc_1v8_s3(    1): supplied by vcc5v0_sys
01-01 20:00:01.686 I/vdd_0v75_s3(    1): supplied by vcc_1v1_nldo_s3
01-01 20:00:01.686 I/vdd_ddr_pll_s0(    1): supplied by vcc_1v1_nldo_s3
01-01 20:00:01.687 I/avdd_0v75_s0(    1): supplied by vcc_1v1_nldo_s3
01-01 20:00:01.687 I/vdd_0v85_s0(    1): supplied by vcc_1v1_nldo_s3
01-01 20:00:01.688 I/vdd_0v75_s0(    1): supplied by vcc_1v1_nldo_s3
01-01 20:00:01.688 I/avcc_1v8_s0(    1): supplied by vdd_2v0_pldo_s3
01-01 20:00:01.689 I/vcc_1v8_s0(    1): supplied by vdd_2v0_pldo_s3
01-01 20:00:01.689 I/avdd_1v2_s0(    1): supplied by vdd_2v0_pldo_s3
01-01 20:00:01.689 I/vcc_3v3_s0(    1): supplied by vcc5v0_sys
01-01 20:00:01.690 I/vccio_sd_s0(    1): supplied by vcc5v0_sys
01-01 20:00:01.690 I/pldo6_s3(    1): supplied by vcc5v0_sys
01-01 20:00:01.690 E/rk806 spi2.0(    1): no sleep-setting state
01-01 20:00:01.690 E/rk806 spi2.0(    1): no reset-setting pinctrl state
01-01 20:00:01.690 E/rk806 spi2.0(    1): no dvs-setting pinctrl state
01-01 20:00:01.692 I/rockchip-spi feb20000.spi(    1): probed, poll=0, rsd=0
01-01 20:00:01.692 I/tun     (    1): Universal TUN/TAP device driver, 1.6
01-01 20:00:01.692 I/        (    1): CAN device driver interface
01-01 20:00:01.694 I/rk_gmac-dwmac fe1b0000.ethernet(    1): IRQ eth_lpi not found
01-01 20:00:01.694 E/rk_gmac-dwmac fe1b0000.ethernet(    1): no regulator found
01-01 20:00:01.694 I/rk_gmac-dwmac fe1b0000.ethernet(    1): clock input or output? (output).
01-01 20:00:01.694 I/rk_gmac-dwmac fe1b0000.ethernet(    1): TX delay(0x43).
01-01 20:00:01.694 E/rk_gmac-dwmac fe1b0000.ethernet(    1): Can not read property: rx_delay.
01-01 20:00:01.694 E/rk_gmac-dwmac fe1b0000.ethernet(    1): set rx_delay to 0xffffffff
01-01 20:00:01.694 I/rk_gmac-dwmac fe1b0000.ethernet(    1): integrated PHY? (no).
01-01 20:00:01.694 E/rk_gmac-dwmac fe1b0000.ethernet(    1): cannot get clock mac_clk_rx
01-01 20:00:01.694 E/rk_gmac-dwmac fe1b0000.ethernet(    1): cannot get clock mac_clk_tx
01-01 20:00:01.694 E/rk_gmac-dwmac fe1b0000.ethernet(    1): cannot get clock clk_mac_speed
01-01 20:00:01.694 I/rk_gmac-dwmac fe1b0000.ethernet(    1): init for RGMII_RXID
01-01 20:00:01.694 I/rk_gmac-dwmac fe1b0000.ethernet(    1): User ID: 0x30, Synopsys ID: 0x51
01-01 20:00:01.694 I/rk_gmac-dwmac fe1b0000.ethernet(    1): DWMAC4/5
01-01 20:00:01.694 I/rk_gmac-dwmac fe1b0000.ethernet(    1): DMA HW capability register supported
01-01 20:00:01.694 I/rk_gmac-dwmac fe1b0000.ethernet(    1): RX Checksum Offload Engine supported
01-01 20:00:01.694 I/rk_gmac-dwmac fe1b0000.ethernet(    1): TX Checksum insertion supported
01-01 20:00:01.694 I/rk_gmac-dwmac fe1b0000.ethernet(    1): Wake-Up On Lan supported
01-01 20:00:01.694 I/rk_gmac-dwmac fe1b0000.ethernet(    1): TSO supported
01-01 20:00:01.694 I/rk_gmac-dwmac fe1b0000.ethernet(    1): Enable RX Mitigation via HW Watchdog Timer
01-01 20:00:01.694 W/        (    1): mac rk_get_eth_addr 2803 id:0
01-01 20:00:01.694 W/        (    1): ztl custom id:0,buf_chipid:3bbf5513ddfb6653 eth_mac 1e:6b:b7:4a:33:62
01-01 20:00:01.694 I/rk_gmac-dwmac fe1b0000.ethernet(    1): device MAC address 1e:6b:b7:4a:33:62
01-01 20:00:01.694 I/rk_gmac-dwmac fe1b0000.ethernet(    1): Enabled Flow TC (entries=2)
01-01 20:00:01.694 I/rk_gmac-dwmac fe1b0000.ethernet(    1): TSO feature enabled
01-01 20:00:01.694 I/rk_gmac-dwmac fe1b0000.ethernet(    1): Using 32 bits DMA width
01-01 20:00:01.821 I/rk-pcie fe170000.pcie(  145): PCIe Linking... LTSSM is 0x3
01-01 20:00:01.821 I/rk-pcie fe180000.pcie(  144): PCIe Linking... LTSSM is 0x3
01-01 20:00:01.825 I/        (    1): PPP generic driver version 2.4.2
01-01 20:00:01.825 I/        (    1): PPP BSD Compression module registered
01-01 20:00:01.825 I/        (    1): PPP Deflate Compression module registered
01-01 20:00:01.825 I/        (    1): PPP MPPE Compression module registered
01-01 20:00:01.825 I/NET     (    1): Registered protocol family 24
01-01 20:00:01.825 I/        (    1): PPTP driver version 0.8.5
01-01 20:00:01.825 I/usbcore (    1): registered new interface driver catc
01-01 20:00:01.825 I/usbcore (    1): registered new interface driver kaweth
01-01 20:00:01.825 I/pegasus (    1): v0.9.3 (2013/04/25), Pegasus/Pegasus II USB Ethernet driver
01-01 20:00:01.825 I/usbcore (    1): registered new interface driver pegasus
01-01 20:00:01.825 I/usbcore (    1): registered new interface driver rtl8150
01-01 20:00:01.825 I/usbcore (    1): registered new interface driver r8152
01-01 20:00:01.825 I/hso     (    1): drivers/net/usb/hso.c: Option Wireless
01-01 20:00:01.826 I/usbcore (    1): registered new interface driver hso
01-01 20:00:01.826 I/usbcore (    1): registered new interface driver asix
01-01 20:00:01.826 I/usbcore (    1): registered new interface driver ax88179_178a
01-01 20:00:01.826 I/usbcore (    1): registered new interface driver cdc_ether
01-01 20:00:01.826 I/usbcore (    1): registered new interface driver cdc_eem
01-01 20:00:01.826 I/usbcore (    1): registered new interface driver dm9601
01-01 20:00:01.826 I/usbcore (    1): registered new interface driver smsc75xx
01-01 20:00:01.826 I/usbcore (    1): registered new interface driver smsc95xx
01-01 20:00:01.826 I/usbcore (    1): registered new interface driver gl620a
01-01 20:00:01.826 I/usbcore (    1): registered new interface driver net1080
01-01 20:00:01.826 I/usbcore (    1): registered new interface driver plusb
01-01 20:00:01.826 I/usbcore (    1): registered new interface driver rndis_host
01-01 20:00:01.826 I/usbcore (    1): registered new interface driver cdc_subset
01-01 20:00:01.826 I/usbcore (    1): registered new interface driver zaurus
01-01 20:00:01.826 I/usbcore (    1): registered new interface driver MOSCHIP usb-ethernet driver
01-01 20:00:01.826 I/usbcore (    1): registered new interface driver int51x1
01-01 20:00:01.826 I/usbcore (    1): registered new interface driver kalmia
01-01 20:00:01.826 I/usbcore (    1): registered new interface driver ipheth
01-01 20:00:01.826 I/usbcore (    1): registered new interface driver sierra_net
01-01 20:00:01.826 I/usbcore (    1): registered new interface driver cx82310_eth
01-01 20:00:01.826 I/usbcore (    1): registered new interface driver cdc_ncm
01-01 20:00:01.833 W/naneng-combphy fee20000.phy(    1): phy type select 4 overwriting type 2
01-01 20:00:01.840 I/ehci_hcd(    1): USB 2.0 'Enhanced' Host Controller (EHCI) Driver
01-01 20:00:01.840 I/ehci-pci(    1): EHCI PCI platform driver
01-01 20:00:01.840 I/ehci-platform(    1): EHCI generic platform driver
01-01 20:00:01.842 I/ehci-platform fc800000.usb(    1): EHCI Host Controller
01-01 20:00:01.842 I/rk-pcie fe170000.pcie(  145): PCIe Linking... LTSSM is 0x3
01-01 20:00:01.842 I/ehci-platform fc800000.usb(    1): new USB bus registered, assigned bus number 1
01-01 20:00:01.842 I/ehci-platform fc800000.usb(    1): irq 20, io mem 0xfc800000
01-01 20:00:01.855 I/ehci-platform fc800000.usb(    1): USB 2.0 started, EHCI 1.00
01-01 20:00:01.855 W/        (    1): usb kobject_name(&udev->dev->kobj)=usb1
01-01 20:00:01.855 I/usb1    (    1): New USB device found, idVendor=1d6b, idProduct=0002, bcdDevice= 5.10
01-01 20:00:01.855 I/usb1    (    1): New USB device strings: Mfr=3, Product=2, SerialNumber=1
01-01 20:00:01.855 I/usb1    (    1): Product: EHCI Host Controller
01-01 20:00:01.855 I/usb1    (    1): Manufacturer: Linux 5.10.160+ ehci_hcd
01-01 20:00:01.855 I/usb1    (    1): SerialNumber: fc800000.usb
01-01 20:00:01.855 I/hub 1-0 (    1): 1.0: USB hub found
01-01 20:00:01.855 I/hub 1-0 (    1): 1.0: 1 port detected
01-01 20:00:01.857 I/ehci-platform fc880000.usb(    1): EHCI Host Controller
01-01 20:00:01.857 I/ehci-platform fc880000.usb(    1): new USB bus registered, assigned bus number 2
01-01 20:00:01.857 I/ehci-platform fc880000.usb(    1): irq 22, io mem 0xfc880000
01-01 20:00:01.863 I/rk-pcie fe170000.pcie(  145): PCIe Linking... LTSSM is 0x3
01-01 20:00:01.868 I/ehci-platform fc880000.usb(    1): USB 2.0 started, EHCI 1.00
01-01 20:00:01.868 W/        (    1): usb kobject_name(&udev->dev->kobj)=usb2
01-01 20:00:01.868 I/usb2    (    1): New USB device found, idVendor=1d6b, idProduct=0002, bcdDevice= 5.10
01-01 20:00:01.868 I/usb2    (    1): New USB device strings: Mfr=3, Product=2, SerialNumber=1
01-01 20:00:01.868 I/usb2    (    1): Product: EHCI Host Controller
01-01 20:00:01.868 I/usb2    (    1): Manufacturer: Linux 5.10.160+ ehci_hcd
01-01 20:00:01.868 I/usb2    (    1): SerialNumber: fc880000.usb
01-01 20:00:01.868 I/hub 2-0 (    1): 1.0: USB hub found
01-01 20:00:01.868 I/hub 2-0 (    1): 1.0: 1 port detected
01-01 20:00:01.868 I/ohci_hcd(    1): USB 1.1 'Open' Host Controller (OHCI) Driver
01-01 20:00:01.868 I/ohci-platform(    1): OHCI generic platform driver
01-01 20:00:01.869 I/ohci-platform fc840000.usb(    1): Generic Platform OHCI controller
01-01 20:00:01.869 I/ohci-platform fc840000.usb(    1): new USB bus registered, assigned bus number 3
01-01 20:00:01.869 I/ohci-platform fc840000.usb(    1): irq 21, io mem 0xfc840000
01-01 20:00:01.884 I/rk-pcie fe170000.pcie(  145): PCIe Linking... LTSSM is 0x3
01-01 20:00:01.898 I/rk-pcie fe180000.pcie(  144): PCIe Link up, LTSSM is 0x30011
01-01 20:00:01.898 I/rk-pcie fe180000.pcie(  144): PCI host bridge to bus 0003:30
01-01 20:00:01.898 I/pci_bus 0003(  144): 30: root bus resource [bus 30-3f]
01-01 20:00:01.898 I/pci_bus 0003(  144): 30: root bus resource [??? 0xf3000000-0xf30fffff flags 0x0]
01-01 20:00:01.898 I/pci_bus 0003(  144): 30: root bus resource [io  0x0000-0xfffff] (bus address [0xf3100000-0xf31fffff])
01-01 20:00:01.898 I/pci_bus 0003(  144): 30: root bus resource [mem 0xf3200000-0xf3ffffff]
01-01 20:00:01.898 I/pci_bus 0003(  144): 30: root bus resource [mem 0x9c0000000-0x9ffffffff pref]
01-01 20:00:01.898 I/pci 0003(  144): 30:00.0: [1d87:3588] type 01 class 0x060400
01-01 20:00:01.898 I/pci 0003(  144): 30:00.0: reg 0x38: [mem 0x00000000-0x0000ffff pref]
01-01 20:00:01.898 I/pci 0003(  144): 30:00.0: supports D1 D2
01-01 20:00:01.898 I/pci 0003(  144): 30:00.0: PME# supported from D0 D1 D3hot
01-01 20:00:01.905 I/rk-pcie fe170000.pcie(  145): PCIe Linking... LTSSM is 0x3
01-01 20:00:01.910 W/pci 0003(  144): 30:00.0: Primary bus is hard wired to 0
01-01 20:00:01.910 I/pci 0003(  144): 30:00.0: bridge configuration invalid ([bus 01-ff]), reconfiguring
01-01 20:00:01.911 I/pci 0003(  144): 31:00.0: [10ec:8168] type 00 class 0x020000
01-01 20:00:01.911 I/pci 0003(  144): 31:00.0: reg 0x10: initial BAR value 0x00000000 invalid
01-01 20:00:01.911 I/pci 0003(  144): 31:00.0: reg 0x10: [io  size 0x0100]
01-01 20:00:01.911 I/pci 0003(  144): 31:00.0: reg 0x18: [mem 0x00000000-0x00000fff 64bit]
01-01 20:00:01.911 I/pci 0003(  144): 31:00.0: reg 0x20: [mem 0x00000000-0x00003fff 64bit]
01-01 20:00:01.911 I/pci 0003(  144): 31:00.0: supports D1 D2
01-01 20:00:01.911 I/pci 0003(  144): 31:00.0: PME# supported from D0 D1 D2 D3hot D3cold
01-01 20:00:01.926 I/rk-pcie fe170000.pcie(  145): PCIe Linking... LTSSM is 0x3
01-01 20:00:01.929 W/        (    1): usb kobject_name(&udev->dev->kobj)=usb3
01-01 20:00:01.929 I/usb3    (    1): New USB device found, idVendor=1d6b, idProduct=0001, bcdDevice= 5.10
01-01 20:00:01.929 I/usb3    (    1): New USB device strings: Mfr=3, Product=2, SerialNumber=1
01-01 20:00:01.929 I/usb3    (    1): Product: Generic Platform OHCI controller
01-01 20:00:01.929 I/usb3    (    1): Manufacturer: Linux 5.10.160+ ohci_hcd
01-01 20:00:01.929 I/usb3    (    1): SerialNumber: fc840000.usb
01-01 20:00:01.931 I/hub 3-0 (    1): 1.0: USB hub found
01-01 20:00:01.931 I/hub 3-0 (    1): 1.0: 1 port detected
01-01 20:00:01.933 I/pci_bus 0003(  144): 31: busn_res: [bus 31-3f] end is updated to 31
01-01 20:00:01.933 I/pci 0003(  144): 30:00.0: BAR 8: assigned [mem 0xf3200000-0xf32fffff]
01-01 20:00:01.933 I/pci 0003(  144): 30:00.0: BAR 6: assigned [mem 0xf3300000-0xf330ffff pref]
01-01 20:00:01.933 I/pci 0003(  144): 30:00.0: BAR 7: assigned [io  0x1000-0x1fff]
01-01 20:00:01.933 I/ohci-platform fc8c0000.usb(    1): Generic Platform OHCI controller
01-01 20:00:01.933 I/pci 0003(  144): 31:00.0: BAR 4: assigned [mem 0xf3200000-0xf3203fff 64bit]
01-01 20:00:01.933 I/ohci-platform fc8c0000.usb(    1): new USB bus registered, assigned bus number 4
01-01 20:00:01.933 I/pci 0003(  144): 31:00.0: BAR 2: assigned [mem 0xf3204000-0xf3204fff 64bit]
01-01 20:00:01.933 I/ohci-platform fc8c0000.usb(    1): irq 23, io mem 0xfc8c0000
01-01 20:00:01.933 I/pci 0003(  144): 31:00.0: BAR 0: assigned [io  0x1000-0x10ff]
01-01 20:00:01.933 I/pci 0003(  144): 30:00.0: PCI bridge to [bus 31]
01-01 20:00:01.933 I/pci 0003(  144): 30:00.0:   bridge window [io  0x1000-0x1fff]
