12-23 10:02:25.193 D/resolv  (  389): doQuery: rcode=0, ancount=1
12-23 10:02:25.193 I/ResolverController(  389): No valid NAT64 prefix (100, <unspecified>/0)
12-23 10:02:25.204 D/SyncTime( 1511): 获取时间成功耗时：9毫秒 获取的网络时间戳：1766455345207 时间日期：2025-12-23 10:02:25----ntp.tencent.com/106.55.184.199
12-23 10:02:25.204 D/resolv  (  389): GetAddrInfoHandler::run: {100 786532 100 983140 1000 0}
12-23 10:02:25.204 D/resolv  (  389): resolv_getaddrinfo: explore_fqdn(): ai_family=0 ai_socktype=1 ai_protocol=6
12-23 10:02:25.205 D/resolv  (  389): doQuery: (1, 1)
12-23 10:02:25.205 D/resolv  (  389): res_nmkquery: (QUERY, IN, A)
12-23 10:02:25.205 D/resolv  (  389): res_nsend
12-23 10:02:25.205 I/resolv  (  389): resolv_cache_lookup: lookup
12-23 10:02:25.206 I/resolv  (  389): resolv_cache_lookup: FOUND IN CACHE entry=0xb4000076cd8c6630
12-23 10:02:25.206 D/resolv  (  389): doQuery: rcode=0, ancount=3
12-23 10:02:25.206 I/ResolverController(  389): No valid NAT64 prefix (100, <unspecified>/0)
12-23 10:02:25.218 W/Settings( 1511): Setting auto_time has moved from android.provider.Settings.System to android.provider.Settings.Global, returning read-only value.
12-23 10:02:25.218 I/System.out( 1511): system auto time view:1
12-23 10:02:25.320 W/System  ( 1511): A resource failed to call close. 
12-23 10:02:25.320 W/System  ( 1511): A resource failed to call close. 
12-23 10:02:25.320 W/System  ( 1511): A resource failed to call close. 
12-23 10:02:25.321 W/System  ( 1511): A resource failed to call close. 
12-23 10:02:25.321 W/System  ( 1511): A resource failed to call close. 
12-23 10:02:25.559 I/ActivityManager(  619): Waited long enough for: ServiceRecord{8a88d6c u0 android.rockchip.update.service/.RKUpdateService}
12-23 10:02:27.086 D/SyncTime( 1511): 获取异常耗时：5秒----time.facebook.com/148.163.48.215
12-23 10:02:27.086 D/SyncTime( 1511): 5033---syncNetwork
12-23 10:02:28.331 D/modules.primary.audio_hal(  399): do_out_standby,out = 0xebc42950,device = 0x2, standby = 0
12-23 10:02:28.343 D/alsa_route(  399): route_set_controls() set route 24
12-23 10:02:28.346 E/alsa_route(  399): set_controls() Can not get ctl : aw87xxx_profile_switch_0
12-23 10:02:28.346 D/modules.primary.audio_hal(  399): close device
01-01 20:00:30.826 E/usb 7-1-port1(   15): disabled by hub (EMI?), re-enabling...
01-01 20:00:30.827 I/usb 7-1.1(   15): USB disconnect, device number 3
12-23 10:02:28.390 I/EventHub(  619): Removing device =Logitech USB Optical Mouse=usb-xhci-hcd.usb@fc400000.4-1.1/input0 due to epoll hang-up event.
12-23 10:02:28.390 I/EventHub(  619): Removed device: path=/dev/input/event8 name==Logitech USB Optical Mouse=usb-xhci-hcd.usb@fc400000.4-1.1/input0 id=1 fd=165 classes=CURSOR | LIGHT | EXTERNAL
12-23 10:02:28.433 I/InputReader(  619): Device removed: id=10, eventHubId=1, name='=Logitech USB Optical Mouse=usb-xhci-hcd.usb@fc400000.4-1.1/input0', descriptor='cd559953a0cb58d3be43be7d99046d3b73fd6db3', sources=0x00002002
12-23 10:02:28.434 I/EventHub(  619): Removing device '/dev/input/event8' due to inotify event
12-23 10:02:28.435 W/ViewRootImpl[QuickstepLauncher]( 1020): Cancelling event (window is stopped):MotionEvent { action=ACTION_CANCEL, actionButton=0, id[0]=0, x[0]=561.6526, y[0]=957.3846, toolType[0]=TOOL_TYPE_MOUSE, buttonState=0, classification=NONE, metaState=0, flags=0x0, edgeFlags=0x0, pointerCount=1, historySize=0, eventTime=29501, downTime=19326, deviceId=10, source=0x2002, displayId=0, eventId=1131145906 }
12-23 10:02:28.435 W/ViewRootImpl[Settings](  912): Cancelling event (window is stopped):MotionEvent { action=ACTION_CANCEL, actionButton=0, id[0]=0, x[0]=183.97353, y[0]=320.15796, toolType[0]=TOOL_TYPE_MOUSE, buttonState=0, classification=NONE, metaState=0, flags=0x0, edgeFlags=0x0, pointerCount=1, historySize=0, eventTime=29501, downTime=20798, deviceId=10, source=0x2002, displayId=0, eventId=1909870693 }
12-23 10:02:28.435 W/ViewRootImpl[QuickstepLauncher]( 1020): Cancelling event (window is stopped):MotionEvent { action=ACTION_CANCEL, actionButton=0, id[0]=0, x[0]=561.6526, y[0]=957.3846, toolType[0]=TOOL_TYPE_MOUSE, buttonState=0, classification=NONE, metaState=0, flags=0x0, edgeFlags=0x0, pointerCount=1, historySize=0, eventTime=29501, downTime=19326, deviceId=10, source=0x2002, displayId=0, eventId=1131145906 }
12-23 10:02:28.435 W/ViewRootImpl[QuickstepLauncher]( 1020): Cancelling event (window is stopped):MotionEvent { action=ACTION_CANCEL, actionButton=0, id[0]=0, x[0]=561.6526, y[0]=957.3846, toolType[0]=TOOL_TYPE_MOUSE, buttonState=0, classification=NONE, metaState=0, flags=0x0, edgeFlags=0x0, pointerCount=1, historySize=0, eventTime=29501, downTime=19326, deviceId=10, source=0x2002, displayId=0, eventId=1131145906 }
12-23 10:02:28.436 W/ViewRootImpl[QuickstepLauncher]( 1020): Cancelling event (window is stopped):MotionEvent { action=ACTION_CANCEL, actionButton=0, id[0]=0, x[0]=561.6526, y[0]=957.3846, toolType[0]=TOOL_TYPE_MOUSE, buttonState=0, classification=NONE, metaState=0, flags=0x0, edgeFlags=0x0, pointerCount=1, historySize=0, eventTime=29501, downTime=19326, deviceId=10, source=0x2002, displayId=0, eventId=1131145906 }
12-23 10:02:28.436 W/ViewRootImpl[Settings](  912): Cancelling event (window is stopped):MotionEvent { action=ACTION_CANCEL, actionButton=0, id[0]=0, x[0]=183.97353, y[0]=320.15796, toolType[0]=TOOL_TYPE_MOUSE, buttonState=0, classification=NONE, metaState=0, flags=0x0, edgeFlags=0x0, pointerCount=1, historySize=0, eventTime=29501, downTime=20798, deviceId=10, source=0x2002, displayId=0, eventId=1909870693 }
12-23 10:02:28.436 W/ViewRootImpl[Settings](  912): Cancelling event (window is stopped):MotionEvent { action=ACTION_CANCEL, actionButton=0, id[0]=0, x[0]=183.97353, y[0]=320.15796, toolType[0]=TOOL_TYPE_MOUSE, buttonState=0, classification=NONE, metaState=0, flags=0x0, edgeFlags=0x0, pointerCount=1, historySize=0, eventTime=29501, downTime=20798, deviceId=10, source=0x2002, displayId=0, eventId=1909870693 }
12-23 10:02:28.437 W/ViewRootImpl[Settings](  912): Cancelling event (window is stopped):MotionEvent { action=ACTION_CANCEL, actionButton=0, id[0]=0, x[0]=183.97353, y[0]=320.15796, toolType[0]=TOOL_TYPE_MOUSE, buttonState=0, classification=NONE, metaState=0, flags=0x0, edgeFlags=0x0, pointerCount=1, historySize=0, eventTime=29501, downTime=20798, deviceId=10, source=0x2002, displayId=0, eventId=1909870693 }
12-23 10:02:28.520 D/UsbHostManager(  619): Removed device at /dev/bus/usb/007/003 was already gone
01-01 20:00:31.165 I/usb 7-1.1(   15): new low-speed USB device number 4 using xhci-hcd
01-01 20:00:31.259 W/        (   15): usb kobject_name(&udev->dev->kobj)=7-1.1
01-01 20:00:31.260 I/usb 7-1.1(   15): New USB device found, idVendor=046d, idProduct=c077, bcdDevice=72.00
01-01 20:00:31.260 I/usb 7-1.1(   15): New USB device strings: Mfr=1, Product=2, SerialNumber=0
01-01 20:00:31.260 I/usb 7-1.1(   15): Product: USB Optical Mouse
01-01 20:00:31.260 I/usb 7-1.1(   15): Manufacturer: Logitech
01-01 20:00:31.315 W/        (   15): zts test input name Logitech USB Optical Mouse;usb-xhci-hcd.usb@fc400000.4-1.1/input0;
01-01 20:00:31.315 W/        (   15): 1.zts test input name =Logitech USB Optical Mouse=usb-xhci-hcd.usb@fc400000.4-1.1/input0;usb-xhci-hcd.usb@fc400000.4-1.1/input0;usb-xhci-hcd.usb@fc400000.4-1.1/input0
01-01 20:00:31.316 I/input   (   15): =Logitech USB Optical Mouse=usb-xhci-hcd.usb@fc400000.4-1.1/input0 as /devices/platform/usbdrd3_1/fc400000.usb/xhci-hcd.usb@fc400000.4/usb7/7-1/7-1.1/7-1.1:1.0/0003:046D:C077.0002/input/input9
01-01 20:00:31.322 I/hid-generic 0003(   15): 046D:C077.0002: input,hidraw0: USB HID v1.11 Mouse [=Logitech USB Optical Mouse=usb-xhci-hcd.usb@fc400000.4-1.1/input0] on usb-xhci-hcd.usb@fc400000.4-1.1/input0
12-23 10:02:28.887 I/InputReader(  619): type=1400 audit(0.0:261): avc: denied { read } for name="leds" dev="sysfs" ino=20633 scontext=u:r:system_server:s0 tcontext=u:object_r:sysfs:s0 tclass=dir permissive=1
12-23 10:02:28.887 I/InputReader(  619): type=1400 audit(0.0:262): avc: denied { open } for path="/sys/devices/platform/leds" dev="sysfs" ino=20633 scontext=u:r:system_server:s0 tcontext=u:object_r:sysfs:s0 tclass=dir permissive=1
01-01 20:00:31.328 W/        (  716): zts EVIOCGBUSID(0)
12-23 10:02:28.890 W/EventHub(  619):   busId:7, 046d:c077  /devices/platform/usbdrd3_1/fc400000.usb/xhci-hcd.usb@fc400000.4/usb7/7-1/7-1.1
12-23 10:02:28.890 D/EventHub(  619): No input device configuration file found for device '=Logitech USB Optical Mouse=usb-xhci-hcd.usb@fc400000.4-1.1/input0'.
12-23 10:02:28.891 D/EventHub(  619): configureLightsLocked rawLightId 1 name uevent
12-23 10:02:28.891 D/EventHub(  619): configureLightsLocked rawLightId 2 name of_node
12-23 10:02:28.891 D/EventHub(  619): configureLightsLocked rawLightId 3 name power
12-23 10:02:28.891 D/EventHub(  619): configureLightsLocked rawLightId 4 name leds
12-23 10:02:28.892 D/EventHub(  619): configureLightsLocked rawLightId 5 name driver
12-23 10:02:28.892 D/EventHub(  619): configureLightsLocked rawLightId 6 name driver_override
12-23 10:02:28.892 D/EventHub(  619): configureLightsLocked rawLightId 7 name subsystem
12-23 10:02:28.892 D/EventHub(  619): configureLightsLocked rawLightId 8 name modalias
12-23 10:02:28.892 W/EventHub(  619): zts isExternalDeviceLocked true now
12-23 10:02:28.892 I/EventHub(  619): usingClockIoctl=true
12-23 10:02:28.892 I/EventHub(  619): New device: id=10, fd=165, path='/dev/input/event8', name='=Logitech USB Optical Mouse=usb-xhci-hcd.usb@fc400000.4-1.1/input0', classes=CURSOR | LIGHT | EXTERNAL, configuration='', keyLayout='', keyCharacterMap='', builtinKeyboard=false, 
12-23 10:02:28.893 I/InputReader(  619): Device added: id=11, eventHubId=10, name='=Logitech USB Optical Mouse=usb-xhci-hcd.usb@fc400000.4-1.1/input0', descriptor='cd559953a0cb58d3be43be7d99046d3b73fd6db3',sources=0x00002002
12-23 10:02:29.404 D/WindowManager(  619): interceptKeyTq keycode=4 interactive=true keyguardActive=false policyFlags=22000001
12-23 10:02:29.406 D/WindowManager(  619): interceptKeyTi keyCode=4 down=true repeatCount=0 keyguardOn=false canceled=false
12-23 10:02:29.404 I/putmethod.latin( 1258): type=1400 audit(0.0:263): avc: denied { search } for name="/" dev="mmcblk1p15" ino=2 scontext=u:r:untrusted_app:s0:c58,c256,c512,c768 tcontext=u:object_r:unlabeled:s0 tclass=dir permissive=1 app=com.android.inputmethod.latin
12-23 10:02:29.508 D/WindowManager(  619): interceptKeyTq keycode=4 interactive=true keyguardActive=false policyFlags=22000000
12-23 10:02:29.509 D/AutofillManagerService(  619): onBackKeyPressed()
12-23 10:02:29.510 D/WindowManager(  619): interceptKeyTi keyCode=4 down=false repeatCount=0 keyguardOn=false canceled=false
12-23 10:02:29.531 I/android.hardware.graphics.allocator@4.0-service(  407): alloc_format: FMT:0x1,MOD:0
12-23 10:02:29.531 I/android.hardware.graphics.allocator@4.0-service(  407): mali_gralloc_adjust_dimensions: alloc_format=FMT:0x1,MOD:0 usage=0xb33 alloc_width=1920, alloc_height=1080
12-23 10:02:29.532 D/android.hardware.graphics.allocator@4.0-service(  407): got new private_handle_t instance for buffer 'screenshot'. share_fd : 10, share_attr_fd : 11, width : 1920, height : 1080, req_format : 0x1, producer_usage : 0xb33, consumer_usage : 0xb33, , stride : 1920, alloc_format : 1, size : 8294400, layer_count : 1
12-23 10:02:29.532 D/android.hardware.graphics.allocator@4.0-service(  407): plane_info[0]: offset : 0, byte_stride : 7680, alloc_width : 1920, alloc_height : 1080
12-23 10:02:29.532 D/android.hardware.graphics.allocator@4.0-service(  407): plane_info[1]: offset : 0, byte_stride : 0, alloc_width : 0, alloc_height : 0
12-23 10:02:29.572 I/System.out(  912): zts updatePreferenceData  top_level_exit:false
12-23 10:02:29.573 D/BatteryInfo(  912): time for getStats: 0ms
12-23 10:02:29.574 D/BatteryInfo(  912): time for regular BatteryInfo: 1ms
12-23 10:02:29.574 D/BatteryInfo(  912): time for getBatteryInfo: 0ms
12-23 10:02:29.576 D/DashboardFragment(  912): Cannot find preference with key top_level_battery in Controller TopLevelBatteryPreferenceController
12-23 10:02:29.581 D/BatteryTipLoader(  912): BatteryInfoLoader post query: 0ms
12-23 10:02:29.582 D/BatteryInfo(  912): time for getBatteryInfo: 1ms
12-23 10:02:29.582 D/BatteryTipLoader(  912): BatteryInfoLoader.loadInBackground: 1ms
12-23 10:02:29.588 I/android.hardware.graphics.allocator@4.0-service(  407): alloc_format: FMT:0x1,MOD:0x10000
12-23 10:02:29.588 I/android.hardware.graphics.allocator@4.0-service(  407): mali_gralloc_adjust_dimensions: alloc_format=FMT:0x1,MOD:0x10000 usage=0xb00 alloc_width=1920, alloc_height=1088
12-23 10:02:29.589 D/android.hardware.graphics.allocator@4.0-service(  407): got new private_handle_t instance for buffer 'ViewRootImpl[Settings]#3(BLAST Consumer)3'. share_fd : 10, share_attr_fd : 11, width : 1920, height : 1080, req_format : 0x1, producer_usage : 0xb00, consumer_usage : 0xb00, , stride : 0, alloc_format : 1, size : 8486912, layer_count : 1
12-23 10:02:29.589 D/android.hardware.graphics.allocator@4.0-service(  407): plane_info[0]: offset : 0, byte_stride : 7680, alloc_width : 1920, alloc_height : 1088
12-23 10:02:29.589 D/android.hardware.graphics.allocator@4.0-service(  407): plane_info[1]: offset : 0, byte_stride : 0, alloc_width : 0, alloc_height : 0
12-23 10:02:29.589 I/android.hardware.graphics.allocator@4.0-service(  407): alloc_format: FMT:0x1,MOD:0x10000
12-23 10:02:29.589 I/android.hardware.graphics.allocator@4.0-service(  407): mali_gralloc_adjust_dimensions: alloc_format=FMT:0x1,MOD:0x10000 usage=0xb00 alloc_width=1920, alloc_height=1088
12-23 10:02:29.590 D/android.hardware.graphics.allocator@4.0-service(  407): got new private_handle_t instance for buffer 'ViewRootImpl[Settings]#3(BLAST Consumer)3'. share_fd : 10, share_attr_fd : 11, width : 1920, height : 1080, req_format : 0x1, producer_usage : 0xb00, consumer_usage : 0xb00, , stride : 0, alloc_format : 1, size : 8486912, layer_count : 1
12-23 10:02:29.590 D/android.hardware.graphics.allocator@4.0-service(  407): plane_info[0]: offset : 0, byte_stride : 7680, alloc_width : 1920, alloc_height : 1088
12-23 10:02:29.590 D/android.hardware.graphics.allocator@4.0-service(  407): plane_info[1]: offset : 0, byte_stride : 0, alloc_width : 0, alloc_height : 0
12-23 10:02:29.590 I/android.hardware.graphics.allocator@4.0-service(  407): alloc_format: FMT:0x1,MOD:0x10000
12-23 10:02:29.590 I/android.hardware.graphics.allocator@4.0-service(  407): mali_gralloc_adjust_dimensions: alloc_format=FMT:0x1,MOD:0x10000 usage=0xb00 alloc_width=1920, alloc_height=1088
12-23 10:02:29.591 D/android.hardware.graphics.allocator@4.0-service(  407): got new private_handle_t instance for buffer 'ViewRootImpl[Settings]#3(BLAST Consumer)3'. share_fd : 10, share_attr_fd : 11, width : 1920, height : 1080, req_format : 0x1, producer_usage : 0xb00, consumer_usage : 0xb00, , stride : 0, alloc_format : 1, size : 8486912, layer_count : 1
12-23 10:02:29.591 D/android.hardware.graphics.allocator@4.0-service(  407): plane_info[0]: offset : 0, byte_stride : 7680, alloc_width : 1920, alloc_height : 1088
12-23 10:02:29.591 D/android.hardware.graphics.allocator@4.0-service(  407): plane_info[1]: offset : 0, byte_stride : 0, alloc_width : 0, alloc_height : 0
12-23 10:02:29.601 D/BatteryInfo(  912): time for callback: 0ms
12-23 10:02:29.607 D/BatteryTipLoader(  912): BatteryInfoLoader post query: 0ms
12-23 10:02:29.608 D/BatteryInfo(  912): time for getBatteryInfo: 1ms
12-23 10:02:29.608 D/BatteryTipLoader(  912): BatteryInfoLoader.loadInBackground: 1ms
12-23 10:02:29.618 I/android.hardware.graphics.allocator@4.0-service(  407): alloc_format: FMT:0x1,MOD:0
12-23 10:02:29.618 I/android.hardware.graphics.allocator@4.0-service(  407): mali_gralloc_adjust_dimensions: alloc_format=FMT:0x1,MOD:0 usage=0x100000020000830 alloc_width=960, alloc_height=544
12-23 10:02:29.619 D/android.hardware.graphics.allocator@4.0-service(  407): got new private_handle_t instance for buffer 'SolidColor'. share_fd : 10, share_attr_fd : 11, width : 960, height : 544, req_format : 0x1, producer_usage : 0x100000020000830, consumer_usage : 0x100000020000830, , stride : 960, alloc_format : 1, size : 2088960, layer_count : 1
12-23 10:02:29.619 D/android.hardware.graphics.allocator@4.0-service(  407): plane_info[0]: offset : 0, byte_stride : 3840, alloc_width : 960, alloc_height : 544
12-23 10:02:29.619 D/android.hardware.graphics.allocator@4.0-service(  407): plane_info[1]: offset : 0, byte_stride : 0, alloc_width : 0, alloc_height : 0
12-23 10:02:29.634 V/WindowManager(  619): getPackagePerformanceMode -- ComponentInfo{com.android.settings/com.android.settings.homepage.SettingsHomepageActivity} -- com.android.settings -- mode=0
12-23 10:02:29.635 E/CompositionEngine(  340): [com.ztl.helper/com.ztl.helper.MainActivity#0] Invalid device requested composition type change: DEVICE (2) --> DEVICE (2)
12-23 10:02:29.638 E/CompositionEngine(  340): [com.ztl.helper/com.ztl.helper.MainActivity#0] Invalid device requested composition type change: DEVICE (2) --> DEVICE (2)
12-23 10:02:29.669 E/CompositionEngine(  340): [com.ztl.helper/com.ztl.helper.MainActivity#0] Invalid device requested composition type change: DEVICE (2) --> DEVICE (2)
12-23 10:02:29.673 E/CompositionEngine(  340): [com.ztl.helper/com.ztl.helper.MainActivity#0] Invalid device requested composition type change: DEVICE (2) --> DEVICE (2)
12-23 10:02:29.719 E/CompositionEngine(  340): [com.ztl.helper/com.ztl.helper.MainActivity#0] Invalid device requested composition type change: DEVICE (2) --> DEVICE (2)
12-23 10:02:29.722 E/CompositionEngine(  340): [com.ztl.helper/com.ztl.helper.MainActivity#0] Invalid device requested composition type change: DEVICE (2) --> DEVICE (2)
12-23 10:02:29.738 E/CompositionEngine(  340): [com.android.settings/com.android.settings.Settings#0] Invalid device requested composition type change: DEVICE (2) --> DEVICE (2)
12-23 10:02:29.744 E/CompositionEngine(  340): [com.android.settings/com.android.settings.Settings#0] Invalid device requested composition type change: DEVICE (2) --> DEVICE (2)
12-23 10:02:29.850 V/WindowManager(  619): getPackagePerformanceMode -- ComponentInfo{com.android.settings/com.android.settings.homepage.SettingsHomepageActivity} -- com.android.settings -- mode=0
12-23 10:02:29.851 V/WindowManager(  619): getPackagePerformanceMode -- ComponentInfo{com.android.settings/com.android.settings.homepage.SettingsHomepageActivity} -- com.android.settings -- mode=0
12-23 10:02:29.851 V/WindowManager(  619): getPackagePerformanceMode -- ComponentInfo{com.android.settings/com.android.settings.homepage.SettingsHomepageActivity} -- com.android.settings -- mode=0
12-23 10:02:29.853 E/CompositionEngine(  340): [StatusBar#0] Invalid device requested composition type change: DEVICE (2) --> DEVICE (2)
12-23 10:02:29.853 E/CompositionEngine(  340): [NavigationBar0#0] Invalid device requested composition type change: DEVICE (2) --> DEVICE (2)
12-23 10:02:29.854 E/CompositionEngine(  340): [bbq-wrapper#0] Invalid device requested composition type change: CURSOR (4) --> CURSOR (4)
12-23 10:02:29.856 V/WindowManager(  619): getPackagePerformanceMode -- ComponentInfo{com.android.settings/com.android.settings.homepage.SettingsHomepageActivity} -- com.android.settings -- mode=0
12-23 10:02:29.856 E/CompositionEngine(  340): [StatusBar#0] Invalid device requested composition type change: DEVICE (2) --> DEVICE (2)
12-23 10:02:29.856 E/CompositionEngine(  340): [NavigationBar0#0] Invalid device requested composition type change: DEVICE (2) --> DEVICE (2)
12-23 10:02:29.856 E/CompositionEngine(  340): [bbq-wrapper#0] Invalid device requested composition type change: CURSOR (4) --> CURSOR (4)
12-23 10:02:29.857 V/WindowManager(  619): getPackagePerformanceMode -- ComponentInfo{com.android.settings/com.android.settings.homepage.SettingsHomepageActivity} -- com.android.settings -- mode=0
12-23 10:02:29.878 I/updateNetTime( 1511): Thread is exit
12-23 10:02:29.881 W/InputManager-JNI(  619): Input channel object 'da86e20 com.ztl.helper/com.ztl.helper.MainActivity (client)' was disposed without first being removed with the input manager!
12-23 10:02:29.889 W/ActivityTaskManager(  619): Can't find TaskDisplayArea to determine support for multi window. Task id=12 attached=false
12-23 10:02:29.889 W/ActivityTaskManager(  619): Can't find TaskDisplayArea to determine support for multi window. Task id=12 attached=false
12-23 10:02:29.901 I/sh      ( 2043): type=1400 audit(0.0:264): avc: denied { execute_no_trans } for path="/vendor/bin/toybox_vendor" dev="dm-2" ino=231 scontext=u:r:rild:s0 tcontext=u:object_r:vendor_toolbox_exec:s0 tclass=file permissive=1
12-23 10:02:30.076 D/WindowManager(  619): interceptKeyTq keycode=4 interactive=true keyguardActive=false policyFlags=22000001
12-23 10:02:30.077 D/WindowManager(  619): interceptKeyTi keyCode=4 down=true repeatCount=0 keyguardOn=false canceled=false
12-23 10:02:30.180 D/WindowManager(  619): interceptKeyTq keycode=4 interactive=true keyguardActive=false policyFlags=22000000
12-23 10:02:30.180 D/AutofillManagerService(  619): onBackKeyPressed()
12-23 10:02:30.181 D/WindowManager(  619): interceptKeyTi keyCode=4 down=false repeatCount=0 keyguardOn=false canceled=false
12-23 10:02:30.204 I/ActivityTaskManager(  619): moveTaskToBack: Task{25a1786 #11 type=standard A=1000:com.android.settings.root U=0 visible=true visibleRequested=true mode=fullscreen translucent=false sz=1}
12-23 10:02:30.212 D/SyncTime( 1511): 获取异常耗时：5秒----ntp.ntsc.ac.cn/1.82.219.234
12-23 10:02:30.212 D/SyncTime( 1511): 5008----isShow
12-23 10:02:30.213 D/resolv  (  389): GetAddrInfoHandler::run: {100 786532 100 983140 1000 0}
12-23 10:02:30.213 D/resolv  (  389): resolv_getaddrinfo: explore_fqdn(): ai_family=0 ai_socktype=1 ai_protocol=6
12-23 10:02:30.214 D/resolv  (  389): doQuery: (1, 1)
12-23 10:02:30.215 D/resolv  (  389): res_nmkquery: (QUERY, IN, A)
12-23 10:02:30.215 D/resolv  (  389): res_nsend
12-23 10:02:30.215 I/resolv  (  389): resolv_cache_lookup: lookup
12-23 10:02:30.215 I/resolv  (  389): resolv_cache_lookup: FOUND IN CACHE entry=0xb4000076ad8c2f00
12-23 10:02:30.215 D/resolv  (  389): doQuery: rcode=0, ancount=1
12-23 10:02:30.215 I/ResolverController(  389): No valid NAT64 prefix (100, <unspecified>/0)
12-23 10:02:30.220 I/System.out( 1020): Launcher3 start   false
12-23 10:02:30.220 I/System.out( 1020):  Launcher3 start 3
12-23 10:02:30.220 I/System.out( 1020): Launcher3 start 2  false
12-23 10:02:30.242 I/android.hardware.graphics.allocator@4.0-service(  407): alloc_format: FMT:0x1,MOD:0x10000
12-23 10:02:30.242 I/android.hardware.graphics.allocator@4.0-service(  407): mali_gralloc_adjust_dimensions: alloc_format=FMT:0x1,MOD:0x10000 usage=0xb00 alloc_width=1920, alloc_height=1088
12-23 10:02:30.244 D/android.hardware.graphics.allocator@4.0-service(  407): got new private_handle_t instance for buffer 'ViewRootImpl[QuickstepLauncher]#1(BLAST Consumer)1'. share_fd : 10, share_attr_fd : 11, width : 1920, height : 1080, req_format : 0x1, producer_usage : 0xb00, consumer_usage : 0xb00, , stride : 0, alloc_format : 1, size : 8486912, layer_count : 1
12-23 10:02:30.244 D/android.hardware.graphics.allocator@4.0-service(  407): plane_info[0]: offset : 0, byte_stride : 7680, alloc_width : 1920, alloc_height : 1088
12-23 10:02:30.244 D/android.hardware.graphics.allocator@4.0-service(  407): plane_info[1]: offset : 0, byte_stride : 0, alloc_width : 0, alloc_height : 0
12-23 10:02:30.244 I/android.hardware.graphics.allocator@4.0-service(  407): alloc_format: FMT:0x1,MOD:0x10000
12-23 10:02:30.245 I/android.hardware.graphics.allocator@4.0-service(  407): mali_gralloc_adjust_dimensions: alloc_format=FMT:0x1,MOD:0x10000 usage=0xb00 alloc_width=1920, alloc_height=1088
12-23 10:02:30.246 D/android.hardware.graphics.allocator@4.0-service(  407): got new private_handle_t instance for buffer 'ViewRootImpl[QuickstepLauncher]#1(BLAST Consumer)1'. share_fd : 10, share_attr_fd : 11, width : 1920, height : 1080, req_format : 0x1, producer_usage : 0xb00, consumer_usage : 0xb00, , stride : 0, alloc_format : 1, size : 8486912, layer_count : 1
12-23 10:02:30.246 D/android.hardware.graphics.allocator@4.0-service(  407): plane_info[0]: offset : 0, byte_stride : 7680, alloc_width : 1920, alloc_height : 1088
12-23 10:02:30.246 D/android.hardware.graphics.allocator@4.0-service(  407): plane_info[1]: offset : 0, byte_stride : 0, alloc_width : 0, alloc_height : 0
12-23 10:02:30.247 I/android.hardware.graphics.allocator@4.0-service(  407): alloc_format: FMT:0x1,MOD:0x10000
12-23 10:02:30.247 I/android.hardware.graphics.allocator@4.0-service(  407): mali_gralloc_adjust_dimensions: alloc_format=FMT:0x1,MOD:0x10000 usage=0xb00 alloc_width=1920, alloc_height=1088
12-23 10:02:30.248 D/android.hardware.graphics.allocator@4.0-service(  407): got new private_handle_t instance for buffer 'ViewRootImpl[QuickstepLauncher]#1(BLAST Consumer)1'. share_fd : 10, share_attr_fd : 11, width : 1920, height : 1080, req_format : 0x1, producer_usage : 0xb00, consumer_usage : 0xb00, , stride : 0, alloc_format : 1, size : 8486912, layer_count : 1
12-23 10:02:30.249 D/android.hardware.graphics.allocator@4.0-service(  407): plane_info[0]: offset : 0, byte_stride : 7680, alloc_width : 1920, alloc_height : 1088
12-23 10:02:30.249 D/android.hardware.graphics.allocator@4.0-service(  407): plane_info[1]: offset : 0, byte_stride : 0, alloc_width : 0, alloc_height : 0
12-23 10:02:30.253 I/android.hardware.graphics.allocator@4.0-service(  407): alloc_format: FMT:0x1,MOD:0
12-23 10:02:30.253 I/android.hardware.graphics.allocator@4.0-service(  407): mali_gralloc_adjust_dimensions: alloc_format=FMT:0x1,MOD:0 usage=0xb33 alloc_width=1920, alloc_height=1080
12-23 10:02:30.253 D/android.hardware.graphics.allocator@4.0-service(  407): got new private_handle_t instance for buffer 'screenshot'. share_fd : 10, share_attr_fd : 11, width : 1920, height : 1080, req_format : 0x1, producer_usage : 0xb33, consumer_usage : 0xb33, , stride : 1920, alloc_format : 1, size : 8294400, layer_count : 1
12-23 10:02:30.253 D/android.hardware.graphics.allocator@4.0-service(  407): plane_info[0]: offset : 0, byte_stride : 7680, alloc_width : 1920, alloc_height : 1080
12-23 10:02:30.253 D/android.hardware.graphics.allocator@4.0-service(  407): plane_info[1]: offset : 0, byte_stride : 0, alloc_width : 0, alloc_height : 0
12-23 10:02:30.261 V/WindowManager(  619): getPackagePerformanceMode -- ComponentInfo{com.android.launcher3/com.android.launcher3.uioverrides.QuickstepLauncher} -- com.android.launcher3 -- mode=0
12-23 10:02:30.265 D/SyncTime( 1511): 获取时间成功耗时：49毫秒 获取的网络时间戳：1766455350255 时间日期：2025-12-23 10:02:30----ntp.aliyun.com/203.107.6.88
12-23 10:02:30.266 D/b/223498680( 1020): BaseRecentsViewStateController setStateWithAnimation state=Normal, config.skipOverview=true
12-23 10:02:30.268 D/resolv  (  389): GetAddrInfoHandler::run: {100 786532 100 983140 1000 0}
12-23 10:02:30.268 D/resolv  (  389): resolv_getaddrinfo: explore_fqdn(): ai_family=0 ai_socktype=1 ai_protocol=6
12-23 10:02:30.269 D/resolv  (  389): doQuery: (1, 1)
12-23 10:02:30.269 D/resolv  (  389): res_nmkquery: (QUERY, IN, A)
12-23 10:02:30.269 D/resolv  (  389): res_nsend
12-23 10:02:30.269 I/resolv  (  389): resolv_cache_lookup: lookup
12-23 10:02:30.269 I/resolv  (  389): resolv_cache_lookup: FOUND IN CACHE entry=0xb4000076cd8c7430
12-23 10:02:30.269 D/resolv  (  389): doQuery: rcode=0, ancount=4
12-23 10:02:30.270 I/ResolverController(  389): No valid NAT64 prefix (100, <unspecified>/0)
12-23 10:02:30.324 W/InputDispatcher(  619): Untrusted touch due to occlusion by com.android.settings/1000 (obscuring opacity = 1.00, maximum allowed = 0.80)
12-23 10:02:30.324 D/InputDispatcher(  619): Stack of obscuring windows during untrusted touch (868, 380):
12-23 10:02:30.324 D/InputDispatcher(  619):     * type=FIRST_APPLICATION_WINDOW, package=com.android.settings/1000, id=153, mode=USE_OPACITY, alpha=1.00, frame=[0,0][1920,1080], touchableRegion=<empty>, window={com.android.settings/com.android.settings.Settings#0}, flags={NOT_TOUCH_MODAL}, inputFeatures={NO_INPUT_CHANNEL}, hasToken=false, applicationInfo.name=ActivityRecord{5449308 u0 com.android.settings/.Settings t11}, applicationInfo.token=0xb4000070d13d24d0
12-23 10:02:30.324 D/InputDispatcher(  619):     * [TOUCHED] type=FIRST_APPLICATION_WINDOW, package=com.android.launcher3/10061, id=160, mode=USE_OPACITY, alpha=1.00, frame=[0,0][1920,1080], touchableRegion=[0,0][1920,1080], window={233983d com.android.launcher3/com.android.launcher3.uioverrides.QuickstepLauncher}, flags={NOT_TOUCH_MODAL | LAYOUT_IN_SCREEN | LAYOUT_INSET_DECOR | SHOW_WALLPAPER | SPLIT_TOUCH | HARDWARE_ACCELERATED | DRAWS_SYSTEM_BAR_BACKGROUNDS}, inputFeatures={0x0}, hasToken=true, applicationInfo.name=ActivityRecord{c0c1acd u0 com.android.launcher3/.uioverrides.QuickstepLauncher t10}, applicationInfo.token=0xb4000070d13d1b10
12-23 10:02:30.324 W/InputDispatcher(  619): Dropping untrusted touch event due to com.android.settings/1000
12-23 10:02:30.324 I/InputDispatcher(  619): Dropping event because there is no touchable window or gesture monitor at (868, 380) in display 0.
12-23 10:02:30.324 I/InputManager(  619): Suppressing untrusted touch toast for com.android.settings
12-23 10:02:30.332 W/InputDispatcher(  619): Untrusted touch due to occlusion by com.android.settings/1000 (obscuring opacity = 1.00, maximum allowed = 0.80)
12-23 10:02:30.332 D/InputDispatcher(  619): Stack of obscuring windows during untrusted touch (868, 408):
12-23 10:02:30.332 D/InputDispatcher(  619):     * type=FIRST_APPLICATION_WINDOW, package=com.android.settings/1000, id=153, mode=USE_OPACITY, alpha=1.00, frame=[0,0][1920,1080], touchableRegion=<empty>, window={com.android.settings/com.android.settings.Settings#0}, flags={NOT_TOUCH_MODAL}, inputFeatures={NO_INPUT_CHANNEL}, hasToken=false, applicationInfo.name=ActivityRecord{5449308 u0 com.android.settings/.Settings t11}, applicationInfo.token=0xb4000070d13d24d0
12-23 10:02:30.332 D/InputDispatcher(  619):     * [TOUCHED] type=FIRST_APPLICATION_WINDOW, package=com.android.launcher3/10061, id=160, mode=USE_OPACITY, alpha=1.00, frame=[0,0][1920,1080], touchableRegion=[0,0][1920,1080], window={233983d com.android.launcher3/com.android.launcher3.uioverrides.QuickstepLauncher}, flags={NOT_TOUCH_MODAL | LAYOUT_IN_SCREEN | LAYOUT_INSET_DECOR | SHOW_WALLPAPER | SPLIT_TOUCH | HARDWARE_ACCELERATED | DRAWS_SYSTEM_BAR_BACKGROUNDS}, inputFeatures={0x0}, hasToken=true, applicationInfo.name=ActivityRecord{c0c1acd u0 com.android.launcher3/.uioverrides.QuickstepLauncher t10}, applicationInfo.token=0xb4000070d13d1b10
12-23 10:02:30.332 W/InputDispatcher(  619): Dropping untrusted touch event due to com.android.settings/1000
12-23 10:02:30.332 I/InputDispatcher(  619): Dropping event because there is no touchable window or gesture monitor at (868, 408) in display 0.
12-23 10:02:30.332 I/InputManager(  619): Suppressing untrusted touch toast for com.android.settings
12-23 10:02:30.340 W/InputDispatcher(  619): Untrusted touch due to occlusion by com.android.settings/1000 (obscuring opacity = 1.00, maximum allowed = 0.80)
12-23 10:02:30.340 D/InputDispatcher(  619): Stack of obscuring windows during untrusted touch (868, 429):
12-23 10:02:30.340 D/InputDispatcher(  619):     * type=FIRST_APPLICATION_WINDOW, package=com.android.settings/1000, id=153, mode=USE_OPACITY, alpha=1.00, frame=[0,0][1920,1080], touchableRegion=<empty>, window={com.android.settings/com.android.settings.Settings#0}, flags={NOT_TOUCH_MODAL}, inputFeatures={NO_INPUT_CHANNEL}, hasToken=false, applicationInfo.name=ActivityRecord{5449308 u0 com.android.settings/.Settings t11}, applicationInfo.token=0xb4000070d13d24d0
12-23 10:02:30.340 D/InputDispatcher(  619):     * [TOUCHED] type=FIRST_APPLICATION_WINDOW, package=com.android.launcher3/10061, id=160, mode=USE_OPACITY, alpha=1.00, frame=[0,0][1920,1080], touchableRegion=[0,0][1920,1080], window={233983d com.android.launcher3/com.android.launcher3.uioverrides.QuickstepLauncher}, flags={NOT_TOUCH_MODAL | LAYOUT_IN_SCREEN | LAYOUT_INSET_DECOR | SHOW_WALLPAPER | SPLIT_TOUCH | HARDWARE_ACCELERATED | DRAWS_SYSTEM_BAR_BACKGROUNDS}, inputFeatures={0x0}, hasToken=true, applicationInfo.name=ActivityRecord{c0c1acd u0 com.android.launcher3/.uioverrides.QuickstepLauncher t10}, applicationInfo.token=0xb4000070d13d1b10
12-23 10:02:30.340 W/InputDispatcher(  619): Dropping untrusted touch event due to com.android.settings/1000
12-23 10:02:30.340 I/InputDispatcher(  619): Dropping event because there is no touchable window or gesture monitor at (868, 429) in display 0.
12-23 10:02:30.340 I/InputManager(  619): Suppressing untrusted touch toast for com.android.settings
12-23 10:02:30.348 W/InputDispatcher(  619): Untrusted touch due to occlusion by com.android.settings/1000 (obscuring opacity = 1.00, maximum allowed = 0.80)
12-23 10:02:30.348 D/InputDispatcher(  619): Stack of obscuring windows during untrusted touch (868, 446):
12-23 10:02:30.348 D/InputDispatcher(  619):     * type=FIRST_APPLICATION_WINDOW, package=com.android.settings/1000, id=153, mode=USE_OPACITY, alpha=1.00, frame=[0,0][1920,1080], touchableRegion=<empty>, window={com.android.settings/com.android.settings.Settings#0}, flags={NOT_TOUCH_MODAL}, inputFeatures={NO_INPUT_CHANNEL}, hasToken=false, applicationInfo.name=ActivityRecord{5449308 u0 com.android.settings/.Settings t11}, applicationInfo.token=0xb4000070d13d24d0
12-23 10:02:30.348 D/InputDispatcher(  619):     * [TOUCHED] type=FIRST_APPLICATION_WINDOW, package=com.android.launcher3/10061, id=160, mode=USE_OPACITY, alpha=1.00, frame=[0,0][1920,1080], touchableRegion=[0,0][1920,1080], window={233983d com.android.launcher3/com.android.launcher3.uioverrides.QuickstepLauncher}, flags={NOT_TOUCH_MODAL | LAYOUT_IN_SCREEN | LAYOUT_INSET_DECOR | SHOW_WALLPAPER | SPLIT_TOUCH | HARDWARE_ACCELERATED | DRAWS_SYSTEM_BAR_BACKGROUNDS}, inputFeatures={0x0}, hasToken=true, applicationInfo.name=ActivityRecord{c0c1acd u0 com.android.launcher3/.uioverrides.QuickstepLauncher t10}, applicationInfo.token=0xb4000070d13d1b10
12-23 10:02:30.348 W/InputDispatcher(  619): Dropping untrusted touch event due to com.android.settings/1000
12-23 10:02:30.348 I/InputDispatcher(  619): Dropping event because there is no touchable window or gesture monitor at (868, 446) in display 0.
12-23 10:02:30.348 I/InputManager(  619): Suppressing untrusted touch toast for com.android.settings
12-23 10:02:30.353 E/CompositionEngine(  340): [com.android.settings/com.android.settings.Settings#0] Invalid device requested composition type change: CLIENT (1) --> CLIENT (1)
12-23 10:02:30.353 I/android.hardware.graphics.allocator@4.0-service(  407): alloc_format: FMT:0x1,MOD:0
12-23 10:02:30.353 I/android.hardware.graphics.allocator@4.0-service(  407): mali_gralloc_adjust_dimensions: alloc_format=FMT:0x1,MOD:0 usage=0x20001a00 alloc_width=1920, alloc_height=1080
12-23 10:02:30.355 D/android.hardware.graphics.allocator@4.0-service(  407): got new private_handle_t instance for buffer 'FramebufferSurface'. share_fd : 10, share_attr_fd : 11, width : 1920, height : 1080, req_format : 0x1, producer_usage : 0x20001a00, consumer_usage : 0x20001a00, , stride : 0, alloc_format : 1, size : 8294400, layer_count : 1
12-23 10:02:30.355 D/android.hardware.graphics.allocator@4.0-service(  407): plane_info[0]: offset : 0, byte_stride : 7680, alloc_width : 1920, alloc_height : 1080
12-23 10:02:30.355 D/android.hardware.graphics.allocator@4.0-service(  407): plane_info[1]: offset : 0, byte_stride : 0, alloc_width : 0, alloc_height : 0
12-23 10:02:30.356 W/InputDispatcher(  619): Untrusted touch due to occlusion by com.android.settings/1000 (obscuring opacity = 1.00, maximum allowed = 0.80)
12-23 10:02:30.356 D/InputDispatcher(  619): Stack of obscuring windows during untrusted touch (868, 459):
12-23 10:02:30.356 D/InputDispatcher(  619):     * type=FIRST_APPLICATION_WINDOW, package=com.android.settings/1000, id=153, mode=USE_OPACITY, alpha=1.00, frame=[16,18][1904,1080], touchableRegion=<empty>, window={com.android.settings/com.android.settings.Settings#0}, flags={NOT_TOUCH_MODAL}, inputFeatures={NO_INPUT_CHANNEL}, hasToken=false, applicationInfo.name=ActivityRecord{5449308 u0 com.android.settings/.Settings t11}, applicationInfo.token=0xb4000070d13d24d0
12-23 10:02:30.356 D/InputDispatcher(  619):     * [TOUCHED] type=FIRST_APPLICATION_WINDOW, package=com.android.launcher3/10061, id=160, mode=USE_OPACITY, alpha=1.00, frame=[0,0][1920,1080], touchableRegion=[0,0][1920,1080], window={233983d com.android.launcher3/com.android.launcher3.uioverrides.QuickstepLauncher}, flags={NOT_TOUCH_MODAL | LAYOUT_IN_SCREEN | LAYOUT_INSET_DECOR | SHOW_WALLPAPER | SPLIT_TOUCH | HARDWARE_ACCELERATED | DRAWS_SYSTEM_BAR_BACKGROUNDS}, inputFeatures={0x0}, hasToken=true, applicationInfo.name=ActivityRecord{c0c1acd u0 com.android.launcher3/.uioverrides.QuickstepLauncher t10}, applicationInfo.token=0xb4000070d13d1b10
12-23 10:02:30.356 W/InputDispatcher(  619): Dropping untrusted touch event due to com.android.settings/1000
12-23 10:02:30.356 I/InputDispatcher(  619): Dropping event because there is no touchable window or gesture monitor at (868, 459) in display 0.
12-23 10:02:30.356 I/InputManager(  619): Suppressing untrusted touch toast for com.android.settings
12-23 10:02:30.364 E/CompositionEngine(  340): [com.android.settings/com.android.settings.Settings#0] Invalid device requested composition type change: CLIENT (1) --> CLIENT (1)
12-23 10:02:30.364 W/InputDispatcher(  619): Untrusted touch due to occlusion by com.android.settings/1000 (obscuring opacity = 1.00, maximum allowed = 0.80)
12-23 10:02:30.364 D/InputDispatcher(  619): Stack of obscuring windows during untrusted touch (868, 473):
12-23 10:02:30.364 D/InputDispatcher(  619):     * type=FIRST_APPLICATION_WINDOW, package=com.android.settings/1000, id=153, mode=USE_OPACITY, alpha=1.00, frame=[16,18][1904,1080], touchableRegion=<empty>, window={com.android.settings/com.android.settings.Settings#0}, flags={NOT_TOUCH_MODAL}, inputFeatures={NO_INPUT_CHANNEL}, hasToken=false, applicationInfo.name=ActivityRecord{5449308 u0 com.android.settings/.Settings t11}, applicationInfo.token=0xb4000070d13d24d0
12-23 10:02:30.364 D/InputDispatcher(  619):     * [TOUCHED] type=FIRST_APPLICATION_WINDOW, package=com.android.launcher3/10061, id=160, mode=USE_OPACITY, alpha=1.00, frame=[0,0][1920,1080], touchableRegion=[0,0][1920,1080], window={233983d com.android.launcher3/com.android.launcher3.uioverrides.QuickstepLauncher}, flags={NOT_TOUCH_MODAL | LAYOUT_IN_SCREEN | LAYOUT_INSET_DECOR | SHOW_WALLPAPER | SPLIT_TOUCH | HARDWARE_ACCELERATED | DRAWS_SYSTEM_BAR_BACKGROUNDS}, inputFeatures={0x0}, hasToken=true, applicationInfo.name=ActivityRecord{c0c1acd u0 com.android.launcher3/.uioverrides.QuickstepLauncher t10}, applicationInfo.token=0xb4000070d13d1b10
12-23 10:02:30.364 W/InputDispatcher(  619): Dropping untrusted touch event due to com.android.settings/1000
12-23 10:02:30.364 I/android.hardware.graphics.allocator@4.0-service(  407): alloc_format: FMT:0x1,MOD:0
12-23 10:02:30.364 I/InputDispatcher(  619): Dropping event because there is no touchable window or gesture monitor at (868, 473) in display 0.
12-23 10:02:30.364 I/android.hardware.graphics.allocator@4.0-service(  407): mali_gralloc_adjust_dimensions: alloc_format=FMT:0x1,MOD:0 usage=0x20001a00 alloc_width=1920, alloc_height=1080
12-23 10:02:30.364 I/InputManager(  619): Suppressing untrusted touch toast for com.android.settings
12-23 10:02:30.366 D/android.hardware.graphics.allocator@4.0-service(  407): got new private_handle_t instance for buffer 'FramebufferSurface'. share_fd : 10, share_attr_fd : 11, width : 1920, height : 1080, req_format : 0x1, producer_usage : 0x20001a00, consumer_usage : 0x20001a00, , stride : 0, alloc_format : 1, size : 8294400, layer_count : 1
12-23 10:02:30.366 D/android.hardware.graphics.allocator@4.0-service(  407): plane_info[0]: offset : 0, byte_stride : 7680, alloc_width : 1920, alloc_height : 1080
12-23 10:02:30.366 D/android.hardware.graphics.allocator@4.0-service(  407): plane_info[1]: offset : 0, byte_stride : 0, alloc_width : 0, alloc_height : 0
12-23 10:02:30.372 W/InputDispatcher(  619): Untrusted touch due to occlusion by com.android.settings/1000 (obscuring opacity = 1.00, maximum allowed = 0.80)
12-23 10:02:30.372 D/InputDispatcher(  619): Stack of obscuring windows during untrusted touch (868, 486):
12-23 10:02:30.372 D/InputDispatcher(  619):     * type=FIRST_APPLICATION_WINDOW, package=com.android.settings/1000, id=153, mode=USE_OPACITY, alpha=1.00, frame=[16,18][1904,1080], touchableRegion=<empty>, window={com.android.settings/com.android.settings.Settings#0}, flags={NOT_TOUCH_MODAL}, inputFeatures={NO_INPUT_CHANNEL}, hasToken=false, applicationInfo.name=ActivityRecord{5449308 u0 com.android.settings/.Settings t11}, applicationInfo.token=0xb4000070d13d24d0
12-23 10:02:30.372 D/InputDispatcher(  619):     * [TOUCHED] type=FIRST_APPLICATION_WINDOW, package=com.android.launcher3/10061, id=160, mode=USE_OPACITY, alpha=1.00, frame=[0,0][1920,1080], touchableRegion=[0,0][1920,1080], window={233983d com.android.launcher3/com.android.launcher3.uioverrides.QuickstepLauncher}, flags={NOT_TOUCH_MODAL | LAYOUT_IN_SCREEN | LAYOUT_INSET_DECOR | SHOW_WALLPAPER | SPLIT_TOUCH | HARDWARE_ACCELERATED | DRAWS_SYSTEM_BAR_BACKGROUNDS}, inputFeatures={0x0}, hasToken=true, applicationInfo.name=ActivityRecord{c0c1acd u0 com.android.launcher3/.uioverrides.QuickstepLauncher t10}, applicationInfo.token=0xb4000070d13d1b10
12-23 10:02:30.372 W/InputDispatcher(  619): Dropping untrusted touch event due to com.android.settings/1000
12-23 10:02:30.372 I/InputDispatcher(  619): Dropping event because there is no touchable window or gesture monitor at (868, 486) in display 0.
12-23 10:02:30.372 I/InputManager(  619): Suppressing untrusted touch toast for com.android.settings
12-23 10:02:30.378 I/android.hardware.graphics.allocator@4.0-service(  407): alloc_format: FMT:0x1,MOD:0
12-23 10:02:30.378 I/android.hardware.graphics.allocator@4.0-service(  407): mali_gralloc_adjust_dimensions: alloc_format=FMT:0x1,MOD:0 usage=0x20001a00 alloc_width=1920, alloc_height=1080
12-23 10:02:30.380 W/InputDispatcher(  619): Untrusted touch due to occlusion by com.android.settings/1000 (obscuring opacity = 1.00, maximum allowed = 0.80)
12-23 10:02:30.380 D/InputDispatcher(  619): Stack of obscuring windows during untrusted touch (868, 497):
12-23 10:02:30.380 D/InputDispatcher(  619):     * type=FIRST_APPLICATION_WINDOW, package=com.android.settings/1000, id=153, mode=USE_OPACITY, alpha=1.00, frame=[62,76][1839,1078], touchableRegion=<empty>, window={com.android.settings/com.android.settings.Settings#0}, flags={NOT_TOUCH_MODAL}, inputFeatures={NO_INPUT_CHANNEL}, hasToken=false, applicationInfo.name=ActivityRecord{5449308 u0 com.android.settings/.Settings t11}, applicationInfo.token=0xb4000070d13d24d0
12-23 10:02:30.380 D/InputDispatcher(  619):     * [TOUCHED] type=FIRST_APPLICATION_WINDOW, package=com.android.launcher3/10061, id=160, mode=USE_OPACITY, alpha=1.00, frame=[0,0][1920,1080], touchableRegion=[0,0][1920,1080], window={233983d com.android.launcher3/com.android.launcher3.uioverrides.QuickstepLauncher}, flags={NOT_TOUCH_MODAL | LAYOUT_IN_SCREEN | LAYOUT_INSET_DECOR | SHOW_WALLPAPER | SPLIT_TOUCH | HARDWARE_ACCELERATED | DRAWS_SYSTEM_BAR_BACKGROUNDS}, inputFeatures={0x0}, hasToken=true, applicationInfo.name=ActivityRecord{c0c1acd u0 com.android.launcher3/.uioverrides.QuickstepLauncher t10}, applicationInfo.token=0xb4000070d13d1b10
12-23 10:02:30.380 W/InputDispatcher(  619): Dropping untrusted touch event due to com.android.settings/1000
12-23 10:02:30.380 I/InputDispatcher(  619): Dropping event because there is no touchable window or gesture monitor at (868, 497) in display 0.
12-23 10:02:30.380 I/InputManager(  619): Suppressing untrusted touch toast for com.android.settings
12-23 10:02:30.380 D/android.hardware.graphics.allocator@4.0-service(  407): got new private_handle_t instance for buffer 'FramebufferSurface'. share_fd : 10, share_attr_fd : 11, width : 1920, height : 1080, req_format : 0x1, producer_usage : 0x20001a00, consumer_usage : 0x20001a00, , stride : 0, alloc_format : 1, size : 8294400, layer_count : 1
12-23 10:02:30.380 D/android.hardware.graphics.allocator@4.0-service(  407): plane_info[0]: offset : 0, byte_stride : 7680, alloc_width : 1920, alloc_height : 1080
12-23 10:02:30.380 D/android.hardware.graphics.allocator@4.0-service(  407): plane_info[1]: offset : 0, byte_stride : 0, alloc_width : 0, alloc_height : 0
12-23 10:02:30.387 I/android.hardware.graphics.allocator@4.0-service(  407): alloc_format: FMT:0x1,MOD:0
12-23 10:02:30.388 I/android.hardware.graphics.allocator@4.0-service(  407): mali_gralloc_adjust_dimensions: alloc_format=FMT:0x1,MOD:0 usage=0x20001a00 alloc_width=1920, alloc_height=1080
12-23 10:02:30.388 W/InputDispatcher(  619): Untrusted touch due to occlusion by com.android.settings/1000 (obscuring opacity = 1.00, maximum allowed = 0.80)
12-23 10:02:30.388 D/InputDispatcher(  619): Stack of obscuring windows during untrusted touch (868, 504):
12-23 10:02:30.388 D/InputDispatcher(  619):     * type=FIRST_APPLICATION_WINDOW, package=com.android.settings/1000, id=153, mode=USE_OPACITY, alpha=1.00, frame=[62,76][1839,1078], touchableRegion=<empty>, window={com.android.settings/com.android.settings.Settings#0}, flags={NOT_TOUCH_MODAL}, inputFeatures={NO_INPUT_CHANNEL}, hasToken=false, applicationInfo.name=ActivityRecord{5449308 u0 com.android.settings/.Settings t11}, applicationInfo.token=0xb4000070d13d24d0
12-23 10:02:30.388 D/InputDispatcher(  619):     * [TOUCHED] type=FIRST_APPLICATION_WINDOW, package=com.android.launcher3/10061, id=160, mode=USE_OPACITY, alpha=1.00, frame=[0,0][1920,1080], touchableRegion=[0,0][1920,1080], window={233983d com.android.launcher3/com.android.launcher3.uioverrides.QuickstepLauncher}, flags={NOT_TOUCH_MODAL | LAYOUT_IN_SCREEN | LAYOUT_INSET_DECOR | SHOW_WALLPAPER | SPLIT_TOUCH | HARDWARE_ACCELERATED | DRAWS_SYSTEM_BAR_BACKGROUNDS}, inputFeatures={0x0}, hasToken=true, applicationInfo.name=ActivityRecord{c0c1acd u0 com.android.launcher3/.uioverrides.QuickstepLauncher t10}, applicationInfo.token=0xb4000070d13d1b10
12-23 10:02:30.388 W/InputDispatcher(  619): Dropping untrusted touch event due to com.android.settings/1000
12-23 10:02:30.388 I/InputDispatcher(  619): Dropping event because there is no touchable window or gesture monitor at (868, 504) in display 0.
12-23 10:02:30.388 I/InputManager(  619): Suppressing untrusted touch toast for com.android.settings
12-23 10:02:30.390 D/android.hardware.graphics.allocator@4.0-service(  407): got new private_handle_t instance for buffer 'FramebufferSurface'. share_fd : 10, share_attr_fd : 11, width : 1920, height : 1080, req_format : 0x1, producer_usage : 0x20001a00, consumer_usage : 0x20001a00, , stride : 0, alloc_format : 1, size : 8294400, layer_count : 1
12-23 10:02:30.390 D/android.hardware.graphics.allocator@4.0-service(  407): plane_info[0]: offset : 0, byte_stride : 7680, alloc_width : 1920, alloc_height : 1080
12-23 10:02:30.390 D/android.hardware.graphics.allocator@4.0-service(  407): plane_info[1]: offset : 0, byte_stride : 0, alloc_width : 0, alloc_height : 0
12-23 10:02:30.396 W/InputDispatcher(  619): Untrusted touch due to occlusion by com.android.settings/1000 (obscuring opacity = 1.00, maximum allowed = 0.80)
12-23 10:02:30.396 D/InputDispatcher(  619): Stack of obscuring windows during untrusted touch (868, 509):
12-23 10:02:30.396 D/InputDispatcher(  619):     * type=FIRST_APPLICATION_WINDOW, package=com.android.settings/1000, id=153, mode=USE_OPACITY, alpha=1.00, frame=[62,76][1839,1078], touchableRegion=<empty>, window={com.android.settings/com.android.settings.Settings#0}, flags={NOT_TOUCH_MODAL}, inputFeatures={NO_INPUT_CHANNEL}, hasToken=false, applicationInfo.name=ActivityRecord{5449308 u0 com.android.settings/.Settings t11}, applicationInfo.token=0xb4000070d13d24d0
12-23 10:02:30.396 D/InputDispatcher(  619):     * [TOUCHED] type=FIRST_APPLICATION_WINDOW, package=com.android.launcher3/10061, id=160, mode=USE_OPACITY, alpha=1.00, frame=[0,0][1920,1080], touchableRegion=[0,0][1920,1080], window={233983d com.android.launcher3/com.android.launcher3.uioverrides.QuickstepLauncher}, flags={NOT_TOUCH_MODAL | LAYOUT_IN_SCREEN | LAYOUT_INSET_DECOR | SHOW_WALLPAPER | SPLIT_TOUCH | HARDWARE_ACCELERATED | DRAWS_SYSTEM_BAR_BACKGROUNDS}, inputFeatures={0x0}, hasToken=true, applicationInfo.name=ActivityRecord{c0c1acd u0 com.android.launcher3/.uioverrides.QuickstepLauncher t10}, applicationInfo.token=0xb4000070d13d1b10
12-23 10:02:30.396 W/InputDispatcher(  619): Dropping untrusted touch event due to com.android.settings/1000
12-23 10:02:30.396 I/InputDispatcher(  619): Dropping event because there is no touchable window or gesture monitor at (868, 509) in display 0.
12-23 10:02:30.396 I/InputManager(  619): Suppressing untrusted touch toast for com.android.settings
12-23 10:02:30.402 I/android.hardware.graphics.allocator@4.0-service(  407): alloc_format: FMT:0x1,MOD:0
12-23 10:02:30.402 I/android.hardware.graphics.allocator@4.0-service(  407): mali_gralloc_adjust_dimensions: alloc_format=FMT:0x1,MOD:0 usage=0x20001a00 alloc_width=1920, alloc_height=1080
12-23 10:02:30.404 W/InputDispatcher(  619): Untrusted touch due to occlusion by com.android.settings/1000 (obscuring opacity = 0.96, maximum allowed = 0.80)
12-23 10:02:30.404 D/InputDispatcher(  619): Stack of obscuring windows during untrusted touch (868, 513):
