01-01 20:00:05.109 I/hwc-drm-plane(  411): Could not get BACKGROUND property
01-01 20:00:05.110 E/hwc-drm-plane(  411): Could not get ZPOS property, try to get zpos property
01-01 20:00:05.110 E/hwc-drm-plane(  411): Could not get AREA_ID property
01-01 20:00:06.659 I/android_work(  211): sent uevent USB_STATE=CONFIGURED
01-01 20:00:06.661 W/        (    0): [    C0] [dhd] dhd_rx_frame: net device is NOT registered. drop event packet
01-01 20:00:05.111 I/hwc-drm-plane(  411): Could not get DCI_DATA property
01-01 20:00:05.111 I/hwc-drm-plane(  411): Could not get BACKGROUND property
01-01 20:00:05.112 E/hwc-drm-plane(  411): Could not get ZPOS property, try to get zpos property
01-01 20:00:05.112 E/hwc-drm-plane(  411): Could not get AREA_ID property
01-01 20:00:05.114 I/hwc-drm-plane(  411): Could not get DCI_DATA property
01-01 20:00:05.114 I/hwc-drm-plane(  411): Could not get BACKGROUND property
01-01 20:00:06.662 W/[dhd] dhd_conf_set_country(  420): Country code: CN (CN/0)
01-01 20:00:05.115 E/hwc-drm-plane(  411): Could not get ZPOS property, try to get zpos property
01-01 20:00:05.115 E/hwc-drm-plane(  411): Could not get AREA_ID property
01-01 20:00:05.116 I/hwc-drm-plane(  411): Could not get DCI_DATA property
01-01 20:00:05.116 I/hwc-drm-plane(  411): Could not get BACKGROUND property
01-01 20:00:05.117 E/hwc-drm-plane(  411): Could not get ZPOS property, try to get zpos property
01-01 20:00:05.117 E/hwc-drm-plane(  411): Could not get AREA_ID property
01-01 20:00:06.666 W/[dhd] dhd_conf_wbtext(  420): conf_wbtext=0 fw_wbtext=1, wnm_bsstrans_resp(wbtext_policy)=0
01-01 20:00:05.119 I/hwc-drm-plane(  411): Could not get DCI_DATA property
01-01 20:00:05.119 I/hwc-drm-plane(  411): Could not get BACKGROUND property
01-01 20:00:05.120 E/hwc-drm-plane(  411): Could not get ZPOS property, try to get zpos property
01-01 20:00:05.120 E/hwc-drm-plane(  411): Could not get AREA_ID property
01-01 20:00:06.670 W/[dhd] dhd_conf_roam_dump(  420): roam_off 1
01-01 20:00:05.121 I/hwc-drm-plane(  411): Could not get DCI_DATA property
01-01 20:00:05.121 I/hwc-drm-plane(  411): Could not get BACKGROUND property
01-01 20:00:05.122 E/hwc-drm-plane(  411): Could not get ZPOS property, try to get zpos property
01-01 20:00:05.122 E/hwc-drm-plane(  411): Could not get AREA_ID property
01-01 20:00:05.124 I/hwc-drm-plane(  411): Could not get DCI_DATA property
01-01 20:00:05.124 I/hwc-drm-plane(  411): Could not get BACKGROUND property
01-01 20:00:06.674 W/        (  420): [dhd] Dongle Host Driver, version 101.10.591.109.54 (20250513-1)(dd914bb)
01-01 20:00:06.674 W/        (  420): drivers/net/wireless/rockchip_wlan/rkwifi/bcmdhd compiled on Dec 19 2025 at 10:32:19
01-01 20:00:05.125 E/hwc-drm-plane(  411): Could not get ZPOS property, try to get zpos property
01-01 20:00:05.125 E/hwc-drm-plane(  411): Could not get AREA_ID property
01-01 20:00:05.126 I/hwc-drm-plane(  411): Could not get DCI_DATA property
01-01 20:00:05.126 I/hwc-drm-plane(  411): Could not get BACKGROUND property
01-01 20:00:05.127 E/hwc-drm-plane(  411): Could not get ZPOS property, try to get zpos property
01-01 20:00:05.127 E/hwc-drm-plane(  411): Could not get AREA_ID property
01-01 20:00:06.677 W/        (  420): [dhd] [wlan0] wl_ext_init_mchan_mode : MCC
01-01 20:00:06.677 W/        (  420): [dhd] Register interface [wlan0]  MAC: 40:d9:5a:99:83:fa
01-01 20:00:06.677 W/[dhd] dhd_tcpack_suppress_set(  420): TCP ACK Suppress mode 3 -> mode 0
01-01 20:00:06.677 W/[dhd] dhd_tcpack_suppress_set(  420): TCPACK_INFO_MAXNUM=40, TCPDATA_INFO_MAXNUM=40
01-01 20:00:06.677 W/        (  420): [dhd] [wlan0] wl_android_wifi_off : g_wifi_on=1 force_off=1
01-01 20:00:06.677 W/[dhd] dhd_bus_devreset(  420): == Power OFF ==
01-01 20:00:06.677 W/[dhd] dhdpcie_advertise_bus_cleanup(  420): DB7 Not sent!!!
01-01 20:00:06.677 W/[dhd] dhd_bus_stop(  420): making DHD_BUS_DOWN
01-01 20:00:06.677 W/[dhd] dhd_dpc_kill(  420): tasklet disabled
01-01 20:00:05.129 I/hwc-drm-plane(  411): Could not get DCI_DATA property
01-01 20:00:05.129 I/hwc-drm-plane(  411): Could not get BACKGROUND property
01-01 20:00:05.130 E/hwc-drm-plane(  411): Could not get ZPOS property, try to get zpos property
01-01 20:00:05.130 E/hwc-drm-plane(  411): Could not get AREA_ID property
01-01 20:00:06.679 W/[dhd] dhd_bus_devreset(  420): making DHD_BUS_DOWN
01-01 20:00:06.679 W/[dhd] dhd_bus_devreset(  420): WLAN OFF Done
01-01 20:00:06.679 W/        (  420): [dhd] wifi_platform_set_power = 0, delay: 10 msec
01-01 20:00:06.679 W/        (  420): [dhd] ======== PULL WL_REG_ON(-1) LOW! ========
01-01 20:00:06.679 I/[WLAN_RFKILL](  420): rockchip_wifi_power: 0
01-01 20:00:06.679 I/[WLAN_RFKILL](  420): rockchip_wifi_power: toggle = false
01-01 20:00:05.131 I/hwc-drm-plane(  411): Could not get DCI_DATA property
01-01 20:00:06.679 W/        (  420): wifi power off
01-01 20:00:05.131 I/hwc-drm-plane(  411): Could not get BACKGROUND property
01-01 20:00:05.130 I/android.hardwar(  411): type=1400 audit(0.0:67): avc: denied { read } for name="u:object_r:default_prop:s0" dev="tmpfs" ino=126 scontext=u:r:hal_graphics_composer_default:s0 tcontext=u:object_r:default_prop:s0 tclass=file permissive=1
01-01 20:00:05.130 I/android.hardwar(  411): type=1400 audit(0.0:68): avc: denied { open } for path="/dev/__properties__/u:object_r:default_prop:s0" dev="tmpfs" ino=126 scontext=u:r:hal_graphics_composer_default:s0 tcontext=u:object_r:default_prop:s0 tclass=file permissive=1
01-01 20:00:05.132 I/hwc-resource-manager(  411): Init,line=97 Create DrmDisplayCompositor crtc=70
01-01 20:00:05.132 I/hwc-resource-manager(  411): Init,line=97 Create DrmDisplayCompositor crtc=92
01-01 20:00:05.132 I/hwc-resource-manager(  411): Init,line=97 Create DrmDisplayCompositor crtc=114
01-01 20:00:05.132 I/hwc-resource-manager(  411): Init,line=97 Create DrmDisplayCompositor crtc=136
01-01 20:00:05.130 I/android.hardwar(  411): type=1400 audit(0.0:69): avc: denied { getattr } for path="/dev/__properties__/u:object_r:default_prop:s0" dev="tmpfs" ino=126 scontext=u:r:hal_graphics_composer_default:s0 tcontext=u:object_r:default_prop:s0 tclass=file permissive=1
01-01 20:00:05.130 I/android.hardwar(  411): type=1400 audit(0.0:70): avc: denied { map } for path="/dev/__properties__/u:object_r:default_prop:s0" dev="tmpfs" ino=126 scontext=u:r:hal_graphics_composer_default:s0 tcontext=u:object_r:default_prop:s0 tclass=file permissive=1
01-01 20:00:05.132 I/hwc-drm-connector(  411): GetBestDisplayMode,line=595, display=0 persist.vendor.resolution.DSI-0=Unkonw
01-01 20:00:05.132 I/hwc-drm-connector(  411): GetBestDisplayMode,line=603, display=0 persist.vendor.resolution.main=Unkonw
01-01 20:00:05.132 I/hwc-drm-connector(  411): GetBestDisplayMode,line=654, can't find suitable Resolution Property, try to use Baseparameter.
01-01 20:00:05.136 I/hwc-drm-baseparameter(  411): UpdateConnectorBaseInfo,line=109, Update success! type=0x10, id=0
01-01 20:00:05.136 I/hwc-drm-baseparameter(  411): DrmBaseparameter: Connector-Type=DSI, Connector-Id=0
01-01 20:00:05.136 I/hwc-drm-baseparameter(  411):  ScreenInfo:
01-01 20:00:05.136 I/hwc-drm-baseparameter(  411):      Type=0x0 Id=0 resolution=0x0p0-0-0-0-0-0-0-0-0(clk)
01-01 20:00:05.136 I/hwc-drm-baseparameter(  411):      Framebuffer Size=0x0@60
01-01 20:00:05.136 I/hwc-drm-baseparameter(  411):      Output-format=0 output-depth=0 feature=0
01-01 20:00:05.136 I/hwc-drm-baseparameter(  411):      BCSH: Brightness=50 Contrast=50 Saturation=50 Hue=50
01-01 20:00:05.136 I/hwc-drm-baseparameter(  411):      GAMMA: Size=0
01-01 20:00:05.136 I/hwc-drm-baseparameter(  411):      3DLUT: Size=0
01-01 20:00:05.136 I/hwc-drm-connector(  411): GetBestDisplayMode,line=713, Find best mode-id=31 : 1920x1080p60.000000
01-01 20:00:05.136 I/hwc-drm-device(  411): FindAvailableCrtcByFirst,line=1939 Find display-id=0 with conn[459] crtc=136 success!
01-01 20:00:05.136 I/hwc-drm-device(  411): BindConnectorAndCrtc,line=2171 Display-id=0 kernel-mode not equal to current-mode,must to disable all plane.
01-01 20:00:05.136 I/hwc-mode(  411): dump,line=170 Id=31 w=1920,h=1080,fps=60,hsync_start=2008,hsync_end=2052,htotal=2200,vsync_start=1084,vsync_end=1089,vtotal=1125,flags=a
01-01 20:00:05.136 I/hwc-mode(  411): dump,line=170 Id=0 w=0,h=0,fps=0,hsync_start=0,hsync_end=0,htotal=0,vsync_start=0,vsync_end=0,vtotal=0,flags=0
01-01 20:00:05.137 I/r_submix(  399): adev_open(name=audio_hw_if)
01-01 20:00:05.137 I/r_submix(  399): adev_init_check()
01-01 20:00:05.137 I/AudioFlinger(  428): loadHwModule() Loaded r_submix audio interface, handle 66
01-01 20:00:05.137 D/r_submix(  399): adev_open_input_stream(addr=0)
01-01 20:00:05.137 D/r_submix(  399): submix_audio_device_create_pipe_l(addr=0, idx=9)
01-01 20:00:05.137 D/r_submix(  399):   now using address 0 for route 9
01-01 20:00:05.138 I/AudioFlinger(  428): AudioFlinger's thread 0xb4000077435b8c60 tid=579 ready to run
01-01 20:00:05.138 I/r_submix(  399): in_standby()
01-01 20:00:05.138 W/AudioFlinger(  428): no wake lock to update, system not ready yet
01-01 20:00:05.138 I/r_submix(  399): in_standby()
01-01 20:00:06.686 I/rockchip-vop2 fdd90000.vop(  411): [drm:vop2_crtc_atomic_enable] Update mode to 1920x1080p60, type: 16(if:20) for vp3 dclk: 148500000
01-01 20:00:06.686 I/rockchip-vop2 fdd90000.vop(  411): [drm:vop2_crtc_atomic_enable] dclk_out3 div: 2 dclk_core3 div: 2
01-01 20:00:06.686 I/rockchip-vop2 fdd90000.vop(  411): [drm:vop2_crtc_atomic_enable] set dclk_vop3 to 148500000, get 148500000
01-01 20:00:05.138 W/AudioFlinger(  428): no wake lock to update, system not ready yet
01-01 20:00:05.138 D/r_submix(  399): adev_close_input_stream()
01-01 20:00:05.138 D/r_submix(  399): submix_audio_device_release_pipe_l(idx=9) addr=0
01-01 20:00:05.138 D/r_submix(  399): submix_audio_device_destroy_pipe_l(): pipe destroyed
01-01 20:00:05.139 I/audioserver(  428): Waiting for activity service
01-01 20:00:06.725 W/        (  411): zts panel_simple_prepare 699 0
01-01 20:00:06.725 W/        (  411): ztl panel_simple_xfer_dsi_cmd_seq g_debug_mipi:1,lcd num:1
01-01 20:00:06.725 W/        (  411): ztsmipi i2c will init it
01-01 20:00:05.196 I/mediaserver(  489): ServiceManager: 0xf5600b10
01-01 20:00:05.196 W/BatteryNotifier(  489): batterystats service unavailable!
01-01 20:00:05.197 W/BatteryNotifier(  489): batterystats service unavailable!
01-01 20:00:06.745 W/        (  411): steve bl get enable gpio,other backlight no delay backlight
01-01 20:00:06.745 I/dw-mipi-dsi2 fde20000.dsi(  411): [drm:dw_mipi_dsi2_encoder_enable] final DSI-Link bandwidth: 1000000 x 4 Kbps
01-01 20:00:05.199 D/AndroidRuntime(  391): >>>>>> START com.android.internal.os.ZygoteInit uid 0 <<<<<<
01-01 20:00:05.203 I/hwc-drm-device(  411): BindConnectorAndCrtc,line=2267 DrmModeSet: display-id=0 conn-id=459 DSI-1 bind crtc-id=136 mode-id=31 mode=1920x1080p60.000000 success.
01-01 20:00:05.203 I/hwc-drm-two(  411): assignPlaneByPlaneMask,line=139 display-id=1 crtc-id=70 mask=0x1 ,plane_mask=0xf03
01-01 20:00:05.203 E/hwc-drm-two(  411): assignPlaneByPlaneMask,line=111 display=2 conn state() is disconnect.
01-01 20:00:05.203 I/hwc-drm-two(  411): assignPlaneByPlaneMask,line=139 display-id=0 crtc-id=136 mask=0x8 ,plane_mask=0xf000c0
01-01 20:00:05.203 I/hwc-drm-two(  411): assignPlaneByPlaneMask,line=151 name=Cluster0-win0 cur_crtcs_mask=0x1 possible-display=1
01-01 20:00:05.203 I/hwc-drm-two(  411): assignPlaneByPlaneMask,line=151 name=Cluster0-win1 cur_crtcs_mask=0x1 possible-display=1
01-01 20:00:05.203 I/hwc-drm-two(  411): assignPlaneByPlaneMask,line=151 name=Cluster1-win0 cur_crtcs_mask=0x0 possible-display=-1
01-01 20:00:05.203 I/hwc-drm-two(  411): assignPlaneByPlaneMask,line=151 name=Cluster1-win1 cur_crtcs_mask=0x0 possible-display=-1
01-01 20:00:05.203 I/hwc-drm-two(  411): assignPlaneByPlaneMask,line=151 name=Cluster2-win0 cur_crtcs_mask=0x0 possible-display=-1
01-01 20:00:05.203 I/hwc-drm-two(  411): assignPlaneByPlaneMask,line=151 name=Cluster2-win1 cur_crtcs_mask=0x0 possible-display=-1
01-01 20:00:05.203 I/hwc-drm-two(  411): assignPlaneByPlaneMask,line=151 name=Cluster3-win0 cur_crtcs_mask=0x8 possible-display=0
01-01 20:00:05.203 I/hwc-drm-two(  411): assignPlaneByPlaneMask,line=151 name=Cluster3-win1 cur_crtcs_mask=0x8 possible-display=0
01-01 20:00:05.203 I/hwc-drm-two(  411): assignPlaneByPlaneMask,line=151 name=Esmart0-win0 cur_crtcs_mask=0x1 possible-display=1
01-01 20:00:05.203 I/hwc-drm-two(  411): assignPlaneByPlaneMask,line=151 name=Esmart1-win0 cur_crtcs_mask=0x0 possible-display=-1
01-01 20:00:05.204 I/hwc-drm-two(  411): assignPlaneByPlaneMask,line=151 name=Esmart2-win0 cur_crtcs_mask=0x0 possible-display=-1
01-01 20:00:05.204 I/hwc-drm-two(  411): assignPlaneByPlaneMask,line=151 name=Esmart3-win0 cur_crtcs_mask=0x8 possible-display=0
01-01 20:00:05.204 E/hwc-drm-device(  411): UpdateDisplayGamma,line=1477 DSI crtc-id=136 CreatePropertyBlob  fail.
01-01 20:00:05.204 E/hwc-drm-two(  411): Init,line=602 Failed to UpdateDisplayGamma for display=0 -22
01-01 20:00:05.204 I/hwc-drm-device(  411): UpdateDisplay3DLut,line=1507 DSI crtc-id=136 not support cubic lut.
01-01 20:00:05.204 W/hwc-drm-connector(  411): Could not get hdr output metadata property
01-01 20:00:05.204 W/hwc-drm-connector(  411): Could not get hdr panel metadata property
01-01 20:00:05.204 W/hwc-drm-connector(  411): Could not get Colorspace property, try to get hdmi_output_colorimetry property.
01-01 20:00:05.204 W/hwc-drm-connector(  411): Could not get hdmi_output_colorimetry property.
01-01 20:00:05.204 W/hwc-drm-connector(  411): Could not get color_format property, try to get hdmi_output_format property.
01-01 20:00:05.204 W/hwc-drm-connector(  411): Could not get hdmi_output_format property.
01-01 20:00:05.204 W/hwc-drm-connector(  411): Could not get color_depth property, try to get hdmi_output_depth
01-01 20:00:05.204 W/hwc-drm-connector(  411): Could not get hdmi_output_depth property
01-01 20:00:05.204 W/hwc-drm-connector(  411): Could not get color_format_caps property
01-01 20:00:05.204 W/hwc-drm-connector(  411): Could not get color_depth_caps property
01-01 20:00:05.205 I/hwc-drm-compositor-worker(  411): Routine,line=56 DrmCompositorWorker set SCHED_FIFO success!
01-01 20:00:05.205 E/hwc-sideband(  411): InitLibHandle,line=121 cat not open /vendor/lib64/librkvt.so
01-01 20:00:05.205 E/hwc-sideband(  411): Init,line=101 init fail, disable VideoProducer function.
01-01 20:00:05.205 I/hwc-drm-compositor(  411): Init,line=169 DrmVideoProducer Init fail.
01-01 20:00:05.205 I/hwc-drm-connector(  411): GetFramebufferInfo,line=1190, display=0 persist.vendor.framebuffer.DSI-0=Unkonw
01-01 20:00:05.205 I/hwc-drm-connector(  411): GetFramebufferInfo,line=1201, display=0 persist.vendor.framebuffer.main=Unkonw
01-01 20:00:05.205 I/hwc-drm-connector(  411): GetFramebufferInfo,line=1210,baseparameter_ display=0 0x0
01-01 20:00:05.203 I/android.hardwar(  411): type=1400 audit(0.0:71): avc: denied { read } for name="upan_data" dev="sysfs" ino=25015 scontext=u:r:hal_graphics_composer_default:s0 tcontext=u:object_r:sysfs:s0 tclass=file permissive=1
01-01 20:00:05.205 I/hwc-drm-connector(  411): GetFramebufferInfo,line=1219, display=0 0x0
01-01 20:00:05.203 I/android.hardwar(  411): type=1400 audit(0.0:72): avc: denied { open } for path="/sys/upan_data_test/upan_data" dev="sysfs" ino=25015 scontext=u:r:hal_graphics_composer_default:s0 tcontext=u:object_r:sysfs:s0 tclass=file permissive=1
01-01 20:00:05.205 I/hwc-drm-connector(  411): GetBestDisplayMode,line=595, display=1 persist.vendor.resolution.HDMI-A-0=Unkonw
01-01 20:00:05.205 I/hwc-drm-connector(  411): GetBestDisplayMode,line=603, display=1 persist.vendor.resolution.aux=Unkonw
01-01 20:00:05.205 I/hwc-drm-connector(  411): GetBestDisplayMode,line=654, can't find suitable Resolution Property, try to use Baseparameter.
01-01 20:00:05.205 I/hwc-drm-connector(  411): ztl_read_hdmi_mode_from_user,line=511,  use ztl hdmi Baseparameter 11. 0,-1,0,0,1000,0,0,0,0,ffffffff,ffffffff,0,0,-1,-1,-1
01-01 20:00:06.785 I/[WLAN_RFKILL](  420): wifi shut off power [GPIO20-0]
01-01 20:00:05.241 I/hwc-drm-baseparameter(  411): UpdateConnectorBaseInfo,line=109, Update success! type=0xb, id=0
01-01 20:00:05.241 I/hwc-drm-baseparameter(  411): DrmBaseparameter: Connector-Type=HDMI-A, Connector-Id=0
01-01 20:00:05.241 I/hwc-drm-baseparameter(  411):  ScreenInfo:
01-01 20:00:05.241 I/hwc-drm-baseparameter(  411):      Type=0xb Id=0 resolution=1920x1080p60-2008-2052-2200-1084-1089-1125-5-148500(clk)
01-01 20:00:05.241 I/hwc-drm-baseparameter(  411):      Framebuffer Size=0x0@60
01-01 20:00:05.241 I/hwc-drm-baseparameter(  411):      Output-format=0 output-depth=0 feature=0
01-01 20:00:05.241 I/hwc-drm-baseparameter(  411):      BCSH: Brightness=50 Contrast=50 Saturation=50 Hue=50
01-01 20:00:05.241 I/hwc-drm-baseparameter(  411):      GAMMA: Size=0
01-01 20:00:05.241 I/hwc-drm-baseparameter(  411):      3DLUT: Size=0
01-01 20:00:05.241 I/hwc-drm-connector(  411): GetBestDisplayMode,line=702, Find best mode-id=4 : 1920x1080p60.000000
01-01 20:00:05.241 I/hwc-drm-device(  411): FindAvailableCrtcByFirst,line=1939 Find display-id=1 with conn[431] crtc=70 success!
01-01 20:00:06.791 I/dwhdmi-rockchip fde80000.hdmi(  411): use tmds mode
01-01 20:00:05.247 E/android.hardware.wifi@1.0-service(  420): Kernel version is 5.10: Success
01-01 20:00:05.247 E/android.hardware.wifi@1.0-service(  420): Kernel version is 5.10: Success
01-01 20:00:05.247 E/android.hardware.wifi@1.0-service(  420): Kernel version is 5.10: Success
01-01 20:00:05.247 E/android.hardware.wifi@1.0-service(  420): Wifi driver is ready for now...: Success
01-01 20:00:06.796 W/        (  420): [dhd] wifi_platform_set_power = 0, sleep done: 10 msec
01-01 20:00:06.796 W/        (  420): [dhd] [wlan0] wl_android_wifi_off : out
01-01 20:00:06.796 W/        (  420): [dhd] Register interface [wlan1]  MAC: 42:d9:5a:99:83:fa
01-01 20:00:06.796 W/[dhd] wl_android_post_init(  420): 0
01-01 20:00:06.796 W/[dhd] dhdpcie_pci_probe(  420): mutex is released.
01-01 20:00:06.796 W/[dhd] _dhd_module_init(  420): Exit err=0
01-01 20:00:05.250 I/HidlServiceManagement(  420): Registered android.hardware.wifi@1.5::IWifi/default
01-01 20:00:05.250 I/HidlServiceManagement(  420): Removing namespace from process name android.hardware.wifi@1.0-service to wifi@1.0-service.
01-01 20:00:05.255 I/hwc-drm-device(  411): BindConnectorAndCrtc,line=2267 DrmModeSet: display-id=1 conn-id=431 HDMI-A-1 bind crtc-id=70 mode-id=4 mode=1920x1080p60.000000 success.
01-01 20:00:05.256 I/hwc-drm-two(  411): assignPlaneByPlaneMask,line=139 display-id=1 crtc-id=70 mask=0x1 ,plane_mask=0xf03
01-01 20:00:05.256 E/hwc-drm-two(  411): assignPlaneByPlaneMask,line=111 display=2 conn state() is disconnect.
01-01 20:00:05.256 I/hwc-drm-two(  411): assignPlaneByPlaneMask,line=139 display-id=0 crtc-id=136 mask=0x8 ,plane_mask=0xf000c0
01-01 20:00:05.256 I/hwc-drm-two(  411): assignPlaneByPlaneMask,line=151 name=Cluster0-win0 cur_crtcs_mask=0x1 possible-display=1
01-01 20:00:05.256 I/hwc-drm-two(  411): assignPlaneByPlaneMask,line=151 name=Cluster0-win1 cur_crtcs_mask=0x1 possible-display=1
01-01 20:00:05.256 I/hwc-drm-two(  411): assignPlaneByPlaneMask,line=151 name=Cluster1-win0 cur_crtcs_mask=0x0 possible-display=-1
01-01 20:00:05.256 I/hwc-drm-two(  411): assignPlaneByPlaneMask,line=151 name=Cluster1-win1 cur_crtcs_mask=0x0 possible-display=-1
01-01 20:00:05.256 I/hwc-drm-two(  411): assignPlaneByPlaneMask,line=151 name=Cluster2-win0 cur_crtcs_mask=0x0 possible-display=-1
01-01 20:00:05.256 I/hwc-drm-two(  411): assignPlaneByPlaneMask,line=151 name=Cluster2-win1 cur_crtcs_mask=0x0 possible-display=-1
01-01 20:00:05.256 I/hwc-drm-two(  411): assignPlaneByPlaneMask,line=151 name=Cluster3-win0 cur_crtcs_mask=0x8 possible-display=0
01-01 20:00:05.256 I/hwc-drm-two(  411): assignPlaneByPlaneMask,line=151 name=Cluster3-win1 cur_crtcs_mask=0x8 possible-display=0
01-01 20:00:05.256 I/hwc-drm-two(  411): assignPlaneByPlaneMask,line=151 name=Esmart0-win0 cur_crtcs_mask=0x1 possible-display=1
01-01 20:00:05.256 I/hwc-drm-two(  411): assignPlaneByPlaneMask,line=151 name=Esmart1-win0 cur_crtcs_mask=0x0 possible-display=-1
01-01 20:00:05.256 I/hwc-drm-two(  411): assignPlaneByPlaneMask,line=151 name=Esmart2-win0 cur_crtcs_mask=0x0 possible-display=-1
01-01 20:00:05.256 I/hwc-drm-two(  411): assignPlaneByPlaneMask,line=151 name=Esmart3-win0 cur_crtcs_mask=0x8 possible-display=0
01-01 20:00:05.256 E/hwc-drm-device(  411): UpdateDisplayGamma,line=1477 HDMI-A crtc-id=70 CreatePropertyBlob  fail.
01-01 20:00:05.256 E/hwc-drm-two(  411): Init,line=602 Failed to UpdateDisplayGamma for display=1 -22
01-01 20:00:05.256 E/hwc-drm-device(  411): UpdateDisplay3DLut,line=1526 HDMI-A crtc-id=70 CreatePropertyBlob  fail.
01-01 20:00:05.256 E/hwc-drm-two(  411): Init,line=607 Failed to UpdateDisplay3DLut for display=1 -22
01-01 20:00:05.275 I/AndroidRuntime(  391): Using default boot image
01-01 20:00:05.275 I/AndroidRuntime(  391): Leaving lock profiling enabled
01-01 20:00:05.277 I/zygote  (  391): option[0]=-Xzygote
01-01 20:00:05.277 I/zygote  (  391): option[1]=-Xdeny-art-apex-data-files
01-01 20:00:05.277 I/zygote  (  391): option[2]=exit
01-01 20:00:05.277 I/zygote  (  391): option[3]=vfprintf
01-01 20:00:05.277 I/zygote  (  391): option[4]=sensitiveThread
01-01 20:00:05.277 I/zygote  (  391): option[5]=-verbose:gc
01-01 20:00:05.277 I/zygote  (  391): option[6]=-XX:PerfettoHprof=true
01-01 20:00:05.277 I/zygote  (  391): option[7]=-XX:PerfettoJavaHeapStackProf=true
01-01 20:00:05.277 I/zygote  (  391): option[8]=-Xms16m
01-01 20:00:05.277 I/zygote  (  391): option[9]=-Xmx512m
01-01 20:00:05.277 I/zygote  (  391): option[10]=-XX:HeapGrowthLimit=192m
01-01 20:00:05.277 I/zygote  (  391): option[11]=-XX:HeapMinFree=512k
01-01 20:00:05.277 I/zygote  (  391): option[12]=-XX:HeapMaxFree=8m
01-01 20:00:05.277 I/zygote  (  391): option[13]=-XX:HeapTargetUtilization=0.75
01-01 20:00:05.277 I/zygote  (  391): option[14]=-Xusejit:true
01-01 20:00:05.277 I/zygote  (  391): option[15]=-Xjitsaveprofilinginfo
01-01 20:00:05.277 I/zygote  (  391): option[16]=-XMadviseWillNeedVdexFileSize:104857600
01-01 20:00:05.277 I/zygote  (  391): option[17]=-XMadviseWillNeedOdexFileSize:104857600
01-01 20:00:05.277 I/zygote  (  391): option[18]=-XMadviseWillNeedArtFileSize:4294967295
01-01 20:00:05.277 I/zygote  (  391): option[19]=-XjdwpOptions:suspend=n,server=y
01-01 20:00:05.277 I/zygote  (  391): option[20]=-XjdwpProvider:default
01-01 20:00:05.277 I/zygote  (  391): option[21]=-Xopaque-jni-ids:swapable
01-01 20:00:05.277 I/zygote  (  391): option[22]=-Xlockprofthreshold:500
01-01 20:00:05.277 I/zygote  (  391): option[23]=-Xcompiler-option
01-01 20:00:05.277 I/zygote  (  391): option[24]=-j8
01-01 20:00:05.277 I/zygote  (  391): option[25]=-Xcompiler-option
01-01 20:00:05.277 I/zygote  (  391): option[26]=--instruction-set-variant=cortex-a76
01-01 20:00:05.277 I/zygote  (  391): option[27]=-Xcompiler-option
01-01 20:00:05.277 I/zygote  (  391): option[28]=--instruction-set-features=default
01-01 20:00:05.277 I/zygote  (  391): option[29]=-Xcompiler-option
01-01 20:00:05.277 I/zygote  (  391): option[30]=--generate-mini-debug-info
01-01 20:00:05.277 I/zygote  (  391): option[31]=-Ximage-compiler-option
01-01 20:00:05.277 I/zygote  (  391): option[32]=--runtime-arg
01-01 20:00:05.277 I/zygote  (  391): option[33]=-Ximage-compiler-option
01-01 20:00:05.277 I/zygote  (  391): option[34]=-Xms64m
01-01 20:00:05.277 I/zygote  (  391): option[35]=-Ximage-compiler-option
01-01 20:00:05.277 I/zygote  (  391): option[36]=--runtime-arg
01-01 20:00:05.277 I/zygote  (  391): option[37]=-Ximage-compiler-option
01-01 20:00:05.277 I/zygote  (  391): option[38]=-Xmx64m
01-01 20:00:05.277 I/zygote  (  391): option[39]=-Ximage-compiler-option
01-01 20:00:05.277 I/zygote  (  391): option[40]=--dirty-image-objects=/system/etc/dirty-image-objects
01-01 20:00:05.277 I/zygote  (  391): option[41]=-Ximage-compiler-option
01-01 20:00:05.277 I/zygote  (  391): option[42]=--instruction-set-variant=cortex-a76
01-01 20:00:05.277 I/zygote  (  391): option[43]=-Ximage-compiler-option
01-01 20:00:05.277 I/zygote  (  391): option[44]=--instruction-set-features=default
01-01 20:00:05.277 I/zygote  (  391): option[45]=-Ximage-compiler-option
01-01 20:00:05.277 I/zygote  (  391): option[46]=--generate-mini-debug-info
01-01 20:00:05.277 I/zygote  (  391): option[47]=-Duser.locale=zh-CN
01-01 20:00:05.277 I/zygote  (  391): option[48]=--cpu-abilist=armeabi-v7a,armeabi
01-01 20:00:05.277 I/zygote  (  391): option[49]=-Xcore-platform-api-policy:just-warn
01-01 20:00:05.277 I/zygote  (  391): option[50]=-Xfingerprint:rockchip/rk3588_s:12/SQ3A.220705.003.A1/eng.20251219.103329:userdebug/release-keys
01-01 20:00:05.279 W/zygote  (  391): ART APEX data files are untrusted.
01-01 20:00:05.279 I/zygote  (  391): Core platform API reporting enabled, enforcing=false
01-01 20:00:06.917 W/        (  411): hdmi edid_hdmi_dc_modes 0 0,color_formats:7
01-01 20:00:06.917 W/        (  411): hdmi_mode used in drmhwc2,we skip here
01-01 20:00:05.368 I/hwc-drm-compositor-worker(  411): Routine,line=56 DrmCompositorWorker set SCHED_FIFO success!
01-01 20:00:05.368 E/hwc-sideband(  411): InitLibHandle,line=121 cat not open /vendor/lib64/librkvt.so
01-01 20:00:05.368 E/hwc-sideband(  411): Init,line=101 init fail, disable VideoProducer function.
01-01 20:00:05.368 I/hwc-drm-compositor(  411): Init,line=169 DrmVideoProducer Init fail.
01-01 20:00:05.368 I/hwc-drm-connector(  411): GetFramebufferInfo,line=1190, display=1 persist.vendor.framebuffer.HDMI-A-0=Unkonw
01-01 20:00:05.368 I/hwc-drm-connector(  411): GetFramebufferInfo,line=1201, display=1 persist.vendor.framebuffer.aux=Unkonw
01-01 20:00:05.369 I/hwc-drm-connector(  411): GetFramebufferInfo,line=1210,baseparameter_ display=1 0x0
01-01 20:00:05.369 I/hwc-drm-connector(  411): GetFramebufferInfo,line=1219, display=1 0x0
01-01 20:00:05.369 I/hwc-drm-two(  411): Connector 445 type=HDMI-A, type_id=2, state is DRM_MODE_DISCONNECTED, skip init.
01-01 20:00:05.370 I/HidlServiceManagement(  411): Registered android.hardware.graphics.composer@2.1::IComposer/default
01-01 20:00:05.370 I/HidlServiceManagement(  411): Removing namespace from process name android.hardware.graphics.composer@2.1-service to composer@2.1-service.
01-01 20:00:05.371 I/hw-BpHwBinder(  301): onLastStrongRef automatically unlinking death recipients
01-01 20:00:05.402 I/SurfaceFlinger(  340): onComposerHalHotplug(0, connected)
01-01 20:00:05.402 I/HWComposer(  340): Switching to legacy multi-display mode
01-01 20:00:05.402 W/HWComposer(  340): Ignoring identification data for display 0
01-01 20:00:05.402 I/hwc-drm-connector(  411): GetFramebufferInfo,line=1190, display=0 persist.vendor.framebuffer.DSI-0=Unkonw
01-01 20:00:05.402 I/hwc-drm-connector(  411): GetFramebufferInfo,line=1201, display=0 persist.vendor.framebuffer.main=Unkonw
01-01 20:00:05.402 I/hwc-drm-connector(  411): GetFramebufferInfo,line=1210,baseparameter_ display=0 0x0
01-01 20:00:05.402 I/hwc-drm-connector(  411): GetFramebufferInfo,line=1219, display=0 0x0
01-01 20:00:05.402 I/hwc-drm-connector(  411): GetFramebufferInfo,line=1190, display=0 persist.vendor.framebuffer.DSI-0=Unkonw
01-01 20:00:05.402 I/hwc-drm-connector(  411): GetFramebufferInfo,line=1201, display=0 persist.vendor.framebuffer.main=Unkonw
01-01 20:00:05.402 I/hwc-drm-connector(  411): GetFramebufferInfo,line=1210,baseparameter_ display=0 0x0
01-01 20:00:05.402 I/hwc-drm-connector(  411): GetFramebufferInfo,line=1219, display=0 0x0
01-01 20:00:05.402 E/HWComposer(  340): getAttribute: getDisplayAttribute failed for display 0: BadConfig (1)
01-01 20:00:05.402 E/HWComposer(  340): getDisplayConnectionType: getDisplayConnectionType failed for display 0: Unsupported (8)
01-01 20:00:05.412 I/android.hardware.graphics.allocator@4.0-service(  407): alloc_format: FMT:0x1,MOD:0x10000
01-01 20:00:05.412 I/android.hardware.graphics.allocator@4.0-service(  407): mali_gralloc_adjust_dimensions: alloc_format=FMT:0x1,MOD:0x10000 usage=0x1b00 alloc_width=1920, alloc_height=1088
01-01 20:00:05.412 I/DMABUFHEAPS(  407): Using DMA-BUF heap named: system-uncached
01-01 20:00:05.413 D/android.hardware.graphics.allocator@4.0-service(  407): got new private_handle_t instance for buffer 'FramebufferSurface'. share_fd : 8, share_attr_fd : 9, width : 1920, height : 1080, req_format : 0x1, producer_usage : 0x1b00, consumer_usage : 0x1b00, , stride : 0, alloc_format : 1, size : 8486912, layer_count : 1
01-01 20:00:05.413 D/android.hardware.graphics.allocator@4.0-service(  407): plane_info[0]: offset : 0, byte_stride : 7680, alloc_width : 1920, alloc_height : 1088
01-01 20:00:05.413 D/android.hardware.graphics.allocator@4.0-service(  407): plane_info[1]: offset : 0, byte_stride : 0, alloc_width : 0, alloc_height : 0
01-01 20:00:05.414 I/android.hardware.graphics.allocator@4.0-service(  407): alloc_format: FMT:0x1,MOD:0x10000
01-01 20:00:05.414 I/android.hardware.graphics.allocator@4.0-service(  407): mali_gralloc_adjust_dimensions: alloc_format=FMT:0x1,MOD:0x10000 usage=0x1b00 alloc_width=1920, alloc_height=1088
01-01 20:00:05.415 D/android.hardware.graphics.allocator@4.0-service(  407): got new private_handle_t instance for buffer 'FramebufferSurface'. share_fd : 12, share_attr_fd : 13, width : 1920, height : 1080, req_format : 0x1, producer_usage : 0x1b00, consumer_usage : 0x1b00, , stride : 0, alloc_format : 1, size : 8486912, layer_count : 1
01-01 20:00:05.415 D/android.hardware.graphics.allocator@4.0-service(  407): plane_info[0]: offset : 0, byte_stride : 7680, alloc_width : 1920, alloc_height : 1088
01-01 20:00:05.415 D/android.hardware.graphics.allocator@4.0-service(  407): plane_info[1]: offset : 0, byte_stride : 0, alloc_width : 0, alloc_height : 0
01-01 20:00:05.415 I/android.hardware.graphics.allocator@4.0-service(  407): alloc_format: FMT:0x1,MOD:0x10000
01-01 20:00:05.415 I/android.hardware.graphics.allocator@4.0-service(  407): mali_gralloc_adjust_dimensions: alloc_format=FMT:0x1,MOD:0x10000 usage=0x1b00 alloc_width=1920, alloc_height=1088
01-01 20:00:05.416 D/android.hardware.graphics.allocator@4.0-service(  407): got new private_handle_t instance for buffer 'FramebufferSurface'. share_fd : 8, share_attr_fd : 9, width : 1920, height : 1080, req_format : 0x1, producer_usage : 0x1b00, consumer_usage : 0x1b00, , stride : 0, alloc_format : 1, size : 8486912, layer_count : 1
01-01 20:00:05.416 D/android.hardware.graphics.allocator@4.0-service(  407): plane_info[0]: offset : 0, byte_stride : 7680, alloc_width : 1920, alloc_height : 1088
01-01 20:00:05.416 D/android.hardware.graphics.allocator@4.0-service(  407): plane_info[1]: offset : 0, byte_stride : 0, alloc_width : 0, alloc_height : 0
01-01 20:00:05.417 W/EventThread(  340): Ignoring VSYNC request while display is disconnected
01-01 20:00:05.417 W/EventThread(  340): Ignoring VSYNC request while display is disconnected
01-01 20:00:05.417 W/EventThread(  340): Ignoring VSYNC request while display is disconnected
01-01 20:00:05.417 W/EventThread(  340): Ignoring VSYNC request while display is disconnected
01-01 20:00:05.417 W/EventThread(  340): Ignoring VSYNC request while display is disconnected
01-01 20:00:05.417 I/SurfaceFlinger(  340): Dispatching display hotplug event displayId=0, connected=1
01-01 20:00:05.417 W/EventThread(  340): Ignoring VSYNC request while display is disconnected
01-01 20:00:05.417 I/hwc-drm-two(  411): HWC2 Init: SF register connector 431 type=HDMI-A, type_id=1 
01-01 20:00:05.417 I/SurfaceFlinger(  340): onComposerHalHotplug(1, connected)
01-01 20:00:05.417 W/HWComposer(  340): Ignoring identification data for display 1
01-01 20:00:05.417 I/hwc-drm-connector(  411): GetFramebufferInfo,line=1190, display=1 persist.vendor.framebuffer.HDMI-A-0=Unkonw
01-01 20:00:05.417 I/hwc-drm-connector(  411): GetFramebufferInfo,line=1201, display=1 persist.vendor.framebuffer.aux=Unkonw
01-01 20:00:05.417 I/hwc-drm-connector(  411): GetFramebufferInfo,line=1210,baseparameter_ display=1 0x0
01-01 20:00:05.417 I/hwc-drm-connector(  411): GetFramebufferInfo,line=1219, display=1 0x0
01-01 20:00:05.417 I/hwc-drm-connector(  411): GetFramebufferInfo,line=1190, display=1 persist.vendor.framebuffer.HDMI-A-0=Unkonw
01-01 20:00:05.417 I/hwc-drm-connector(  411): GetFramebufferInfo,line=1201, display=1 persist.vendor.framebuffer.aux=Unkonw
01-01 20:00:05.417 I/hwc-drm-connector(  411): GetFramebufferInfo,line=1210,baseparameter_ display=1 0x0
01-01 20:00:05.417 I/hwc-drm-connector(  411): GetFramebufferInfo,line=1219, display=1 0x0
01-01 20:00:05.418 E/HWComposer(  340): getAttribute: getDisplayAttribute failed for display 1: BadConfig (1)
01-01 20:00:05.418 E/HWComposer(  340): getDisplayConnectionType: getDisplayConnectionType failed for display 1: Unsupported (8)
01-01 20:00:05.418 I/android.hardware.graphics.allocator@4.0-service(  407): alloc_format: FMT:0x1,MOD:0x10000
01-01 20:00:05.418 I/android.hardware.graphics.allocator@4.0-service(  407): mali_gralloc_adjust_dimensions: alloc_format=FMT:0x1,MOD:0x10000 usage=0x1b00 alloc_width=1920, alloc_height=1088
01-01 20:00:05.419 D/android.hardware.graphics.allocator@4.0-service(  407): got new private_handle_t instance for buffer 'FramebufferSurface'. share_fd : 8, share_attr_fd : 9, width : 1920, height : 1080, req_format : 0x1, producer_usage : 0x1b00, consumer_usage : 0x1b00, , stride : 0, alloc_format : 1, size : 8486912, layer_count : 1
01-01 20:00:05.419 D/android.hardware.graphics.allocator@4.0-service(  407): plane_info[0]: offset : 0, byte_stride : 7680, alloc_width : 1920, alloc_height : 1088
01-01 20:00:05.419 D/android.hardware.graphics.allocator@4.0-service(  407): plane_info[1]: offset : 0, byte_stride : 0, alloc_width : 0, alloc_height : 0
01-01 20:00:05.419 I/android.hardware.graphics.allocator@4.0-service(  407): alloc_format: FMT:0x1,MOD:0x10000
01-01 20:00:05.419 I/android.hardware.graphics.allocator@4.0-service(  407): mali_gralloc_adjust_dimensions: alloc_format=FMT:0x1,MOD:0x10000 usage=0x1b00 alloc_width=1920, alloc_height=1088
01-01 20:00:05.421 D/android.hardware.graphics.allocator@4.0-service(  407): got new private_handle_t instance for buffer 'FramebufferSurface'. share_fd : 12, share_attr_fd : 13, width : 1920, height : 1080, req_format : 0x1, producer_usage : 0x1b00, consumer_usage : 0x1b00, , stride : 0, alloc_format : 1, size : 8486912, layer_count : 1
01-01 20:00:05.421 D/android.hardware.graphics.allocator@4.0-service(  407): plane_info[0]: offset : 0, byte_stride : 7680, alloc_width : 1920, alloc_height : 1088
01-01 20:00:05.421 D/android.hardware.graphics.allocator@4.0-service(  407): plane_info[1]: offset : 0, byte_stride : 0, alloc_width : 0, alloc_height : 0
01-01 20:00:05.421 I/android.hardware.graphics.allocator@4.0-service(  407): alloc_format: FMT:0x1,MOD:0x10000
01-01 20:00:05.421 I/android.hardware.graphics.allocator@4.0-service(  407): mali_gralloc_adjust_dimensions: alloc_format=FMT:0x1,MOD:0x10000 usage=0x1b00 alloc_width=1920, alloc_height=1088
01-01 20:00:05.422 D/android.hardware.graphics.allocator@4.0-service(  407): got new private_handle_t instance for buffer 'FramebufferSurface'. share_fd : 16, share_attr_fd : 17, width : 1920, height : 1080, req_format : 0x1, producer_usage : 0x1b00, consumer_usage : 0x1b00, , stride : 0, alloc_format : 1, size : 8486912, layer_count : 1
01-01 20:00:05.422 D/zygote64(  390): Time zone APEX ICU file found: /apex/com.android.tzdata/etc/icu/icu_tzdata.dat
01-01 20:00:05.422 D/android.hardware.graphics.allocator@4.0-service(  407): plane_info[0]: offset : 0, byte_stride : 7680, alloc_width : 1920, alloc_height : 1088
01-01 20:00:05.422 D/android.hardware.graphics.allocator@4.0-service(  407): plane_info[1]: offset : 0, byte_stride : 0, alloc_width : 0, alloc_height : 0
01-01 20:00:05.422 I/SurfaceFlinger(  340): Dispatching display hotplug event displayId=1, connected=1
01-01 20:00:05.423 D/zygote64(  390): I18n APEX ICU file found: /apex/com.android.i18n/etc/icu/icudt68l.dat
01-01 20:00:05.451 W/ServiceManager(  341): Waited one second for SurfaceFlinger (is service started? are binder threads started and available?)
01-01 20:00:05.451 I/servicemanager(  300): Since 'SurfaceFlinger' could not be found, trying to start it as a lazy AIDL service
01-01 20:00:05.452 W/libc    (  300): Unable to set property "ctl.interface_start" to "aidl/SurfaceFlinger": error code: 0x20
01-01 20:00:05.452 I/servicemanager(  300): Tried to start aidl service SurfaceFlinger as a lazy service, but was unable to. Usually this happens when a service is not installed, but if the service is intended to be used as a lazy service, then it may be configured incorrectly.
01-01 20:00:05.459 I/zygote64(  390): Using memfd for future sealing
01-01 20:00:05.523 W/ServiceManager(  490): Waited one second for package_native (is service started? are binder threads started and available?)
01-01 20:00:05.523 I/servicemanager(  300): Since 'package_native' could not be found, trying to start it as a lazy AIDL service
01-01 20:00:05.523 W/SurfaceFlinger(  340): Failed to set thread name on dispatch thread
01-01 20:00:05.523 W/libc    (  300): Unable to set property "ctl.interface_start" to "aidl/package_native": error code: 0x20
01-01 20:00:05.523 I/servicemanager(  300): Tried to start aidl service package_native as a lazy service, but was unable to. Usually this happens when a service is not installed, but if the service is intended to be used as a lazy service, then it may be configured incorrectly.
01-01 20:00:05.523 I/BpBinder(  300): onLastStrongRef automatically unlinking death recipients: <uncached descriptor>
01-01 20:00:05.524 D/BootAnimation(  341): BootAnimationStartTiming start time: 5702ms
01-01 20:00:05.524 D/BootAnimation(  341): BootAnimationPreloadTiming start time: 5702ms
01-01 20:00:05.524 I/HidlServiceManagement(  340): Registered android.frameworks.displayservice@1.0::IDisplayService/default
01-01 20:00:05.524 D/SurfaceFlinger(  340): Setting power mode 2 on display 0
01-01 20:00:05.525 I/hwc-drm-connector(  411): GetBestDisplayMode,line=595, display=0 persist.vendor.resolution.DSI-0=Unkonw
01-01 20:00:05.525 I/hwc-drm-connector(  411): GetBestDisplayMode,line=603, display=0 persist.vendor.resolution.main=Unkonw
01-01 20:00:05.525 I/hwc-drm-connector(  411): GetBestDisplayMode,line=654, can't find suitable Resolution Property, try to use Baseparameter.
01-01 20:00:05.525 I/hwc-drm-connector(  411): GetBestDisplayMode,line=713, Find best mode-id=31 : 1920x1080p60.000000
01-01 20:00:05.526 I/android.hardware.graphics.allocator@4.0-service(  407): alloc_format: FMT:0x1,MOD:0
01-01 20:00:05.526 I/android.hardware.graphics.allocator@4.0-service(  407): mali_gralloc_adjust_dimensions: alloc_format=FMT:0x1,MOD:0 usage=0x300 alloc_width=128, alloc_height=128
01-01 20:00:05.526 D/android.hardware.graphics.allocator@4.0-service(  407): got new private_handle_t instance for buffer 'primeShaderCache_dst'. share_fd : 8, share_attr_fd : 9, width : 128, height : 128, req_format : 0x1, producer_usage : 0x300, consumer_usage : 0x300, , stride : 0, alloc_format : 1, size : 65536, layer_count : 1
01-01 20:00:05.526 D/android.hardware.graphics.allocator@4.0-service(  407): plane_info[0]: offset : 0, byte_stride : 512, alloc_width : 128, alloc_height : 128
01-01 20:00:05.526 D/android.hardware.graphics.allocator@4.0-service(  407): plane_info[1]: offset : 0, byte_stride : 0, alloc_width : 0, alloc_height : 0
01-01 20:00:05.530 D/BootAnimation(  341): BootAnimationPreloadStopTiming start time: 5708ms
01-01 20:00:05.531 E/HWComposer(  340): getSupportedContentTypes: getSupportedContentTypes failed for display 0: Unsupported (8)
01-01 20:00:05.532 I/android.hardware.graphics.allocator@4.0-service(  407): alloc_format: FMT:0x1,MOD:0
01-01 20:00:05.532 I/android.hardware.graphics.allocator@4.0-service(  407): mali_gralloc_adjust_dimensions: alloc_format=FMT:0x1,MOD:0 usage=0x300 alloc_width=128, alloc_height=128
01-01 20:00:05.532 D/android.hardware.graphics.allocator@4.0-service(  407): got new private_handle_t instance for buffer 'drawImageLayer_src'. share_fd : 8, share_attr_fd : 9, width : 128, height : 128, req_format : 0x1, producer_usage : 0x300, consumer_usage : 0x300, , stride : 0, alloc_format : 1, size : 65536, layer_count : 1
01-01 20:00:05.532 D/android.hardware.graphics.allocator@4.0-service(  407): plane_info[0]: offset : 0, byte_stride : 512, alloc_width : 128, alloc_height : 128
01-01 20:00:05.532 D/android.hardware.graphics.allocator@4.0-service(  407): plane_info[1]: offset : 0, byte_stride : 0, alloc_width : 0, alloc_height : 0
01-01 20:00:05.536 I/hwc-drm-device(  411): DoPowerOnNormal,line=2615 DrmModeSet: display-id=0 conn-id=459 DSI-1 bind crtc-id=136 mode-id=31 mode=1920x1080p60.000000 PowerOn success!
01-01 20:00:05.537 I/hwc-drm-two(  411): assignPlaneByPlaneMask,line=139 display-id=1 crtc-id=70 mask=0x1 ,plane_mask=0xf03
01-01 20:00:05.537 E/hwc-drm-two(  411): assignPlaneByPlaneMask,line=111 display=2 conn state() is disconnect.
01-01 20:00:05.537 I/hwc-drm-two(  411): assignPlaneByPlaneMask,line=139 display-id=0 crtc-id=136 mask=0x8 ,plane_mask=0xf000c0
01-01 20:00:05.537 I/hwc-drm-two(  411): assignPlaneByPlaneMask,line=151 name=Cluster0-win0 cur_crtcs_mask=0x1 possible-display=1
01-01 20:00:05.537 I/hwc-drm-two(  411): assignPlaneByPlaneMask,line=151 name=Cluster0-win1 cur_crtcs_mask=0x1 possible-display=1
01-01 20:00:05.537 I/hwc-drm-two(  411): assignPlaneByPlaneMask,line=151 name=Cluster1-win0 cur_crtcs_mask=0x0 possible-display=-1
01-01 20:00:05.537 I/hwc-drm-two(  411): assignPlaneByPlaneMask,line=151 name=Cluster1-win1 cur_crtcs_mask=0x0 possible-display=-1
01-01 20:00:05.537 I/hwc-drm-two(  411): assignPlaneByPlaneMask,line=151 name=Cluster2-win0 cur_crtcs_mask=0x0 possible-display=-1
01-01 20:00:05.537 I/hwc-drm-two(  411): assignPlaneByPlaneMask,line=151 name=Cluster2-win1 cur_crtcs_mask=0x0 possible-display=-1
01-01 20:00:05.537 I/hwc-drm-two(  411): assignPlaneByPlaneMask,line=151 name=Cluster3-win0 cur_crtcs_mask=0x8 possible-display=0
01-01 20:00:05.537 I/hwc-drm-two(  411): assignPlaneByPlaneMask,line=151 name=Cluster3-win1 cur_crtcs_mask=0x8 possible-display=0
01-01 20:00:05.537 I/hwc-drm-two(  411): assignPlaneByPlaneMask,line=151 name=Esmart0-win0 cur_crtcs_mask=0x1 possible-display=1
01-01 20:00:05.537 I/hwc-drm-two(  411): assignPlaneByPlaneMask,line=151 name=Esmart1-win0 cur_crtcs_mask=0x0 possible-display=-1
01-01 20:00:05.537 I/hwc-drm-two(  411): assignPlaneByPlaneMask,line=151 name=Esmart2-win0 cur_crtcs_mask=0x0 possible-display=-1
01-01 20:00:05.537 I/hwc-drm-two(  411): assignPlaneByPlaneMask,line=151 name=Esmart3-win0 cur_crtcs_mask=0x8 possible-display=0
01-01 20:00:05.537 D/SurfaceFlinger(  340): Finished setting power mode 2 on display 0
01-01 20:00:05.545 D/Zygote  (  390): begin preload
01-01 20:00:05.545 I/Zygote  (  390): Calling ZygoteHooks.beginPreload()
01-01 20:00:05.556 I/adbd    (  474): UsbFfs: already offline
01-01 20:00:05.556 I/adbd    (  474): authentication not required
01-01 20:00:05.564 D/zygote  (  391): Time zone APEX ICU file found: /apex/com.android.tzdata/etc/icu/icu_tzdata.dat
01-01 20:00:05.564 D/zygote  (  391): I18n APEX ICU file found: /apex/com.android.i18n/etc/icu/icudt68l.dat
01-01 20:00:05.632 I/zygote  (  391): Using memfd for future sealing
01-01 20:00:05.657 I/zygote  (  391): Explicit concurrent copying GC freed 949(103KB) AllocSpace objects, 0(0B) LOS objects, 91% free, 139KB/1675KB, paused 30us,7us total 3.203ms
01-01 20:00:05.659 I/zygote  (  391): Explicit concurrent copying GC freed 59(43KB) AllocSpace objects, 0(0B) LOS objects, 91% free, 145KB/1681KB, paused 11us,5us total 2.597ms
01-01 20:00:05.659 V/Zygote32Timing(  391): PostZygoteInitGC took to complete: 6ms
01-01 20:00:05.659 V/Zygote32Timing(  391): ZygoteInit took to complete: 11ms
01-01 20:00:05.661 I/Zygote  (  391): Accepting command socket connections
01-01 20:00:05.665 I/zygote64(  390): Verified 2763 classes from mainline modules in 171.756ms
01-01 20:00:05.666 V/Zygote64Timing(  390): BeginPreload took to complete: 120ms
01-01 20:00:05.666 I/Zygote  (  390): Preloading classes...
01-01 20:00:05.696 I/Typeface(  390): Preloading /system/fonts/Roboto-Regular.ttf
01-01 20:00:05.696 I/Typeface(  390): Preloading /system/fonts/RobotoStatic-Regular.ttf
01-01 20:00:05.709 I/android.hardware.graphics.allocator@4.0-service(  407): alloc_format: FMT:0x1,MOD:0
01-01 20:00:05.709 I/android.hardware.graphics.allocator@4.0-service(  407): mali_gralloc_adjust_dimensions: alloc_format=FMT:0x1,MOD:0 usage=0x100 alloc_width=128, alloc_height=128
01-01 20:00:05.709 D/android.hardware.graphics.allocator@4.0-service(  407): got new private_handle_t instance for buffer 'primeShaderCache_external'. share_fd : 8, share_attr_fd : 9, width : 128, height : 128, req_format : 0x1, producer_usage : 0x100, consumer_usage : 0x100, , stride : 0, alloc_format : 1, size : 65536, layer_count : 1
01-01 20:00:05.709 D/android.hardware.graphics.allocator@4.0-service(  407): plane_info[0]: offset : 0, byte_stride : 512, alloc_width : 128, alloc_height : 128
01-01 20:00:05.709 D/android.hardware.graphics.allocator@4.0-service(  407): plane_info[1]: offset : 0, byte_stride : 0, alloc_width : 0, alloc_height : 0
01-01 20:00:05.709 I/android.hardware.graphics.allocator@4.0-service(  407): alloc_format: FMT:0x16,MOD:0
01-01 20:00:05.710 I/android.hardware.graphics.allocator@4.0-service(  407): mali_gralloc_adjust_dimensions: alloc_format=FMT:0x16,MOD:0 usage=0x100 alloc_width=128, alloc_height=128
01-01 20:00:05.710 D/android.hardware.graphics.allocator@4.0-service(  407): got new private_handle_t instance for buffer 'primeShaderCache_external_f16'. share_fd : 8, share_attr_fd : 9, width : 128, height : 128, req_format : 0x16, producer_usage : 0x100, consumer_usage : 0x100, , stride : 0, alloc_format : 22, size : 131072, layer_count : 1
01-01 20:00:05.710 D/android.hardware.graphics.allocator@4.0-service(  407): plane_info[0]: offset : 0, byte_stride : 1024, alloc_width : 128, alloc_height : 128
01-01 20:00:05.710 D/android.hardware.graphics.allocator@4.0-service(  407): plane_info[1]: offset : 0, byte_stride : 0, alloc_width : 0, alloc_height : 0
01-01 20:00:05.722 E/ActivityRecognitionHardware(  390): activity_recognition HAL is deprecated. class_init is effectively a no-op
01-01 20:00:05.848 I/zygote  (  391): Verified 2763 classes from mainline modules in 212.572ms
01-01 20:00:05.923 D/MtpDeviceJNI(  390): register_android_mtp_MtpDevice
01-01 20:00:05.940 I/zygote64(  390): Thread[1,tid=390,Native,Thread*=0xb4000071f134d7b0,peer=0x13980000,"main"] recursive attempt to load library "librtp_jni.so"
01-01 20:00:05.985 W/Zygote  (  390): Class not found for preloading: android.view.SurfaceView$2
01-01 20:00:06.201 I/Zygote  (  390): ...preloaded 13903 classes in 534ms.
01-01 20:00:06.201 V/Zygote64Timing(  390): PreloadClasses took to complete: 535ms
01-01 20:00:06.204 D/ApplicationLoaders(  390): Created zygote-cached class loader: /system/framework/android.hidl.base-V1.0-java.jar
01-01 20:00:06.206 D/ApplicationLoaders(  390): Created zygote-cached class loader: /system/framework/android.hidl.manager-V1.0-java.jar
01-01 20:00:06.208 D/ApplicationLoaders(  390): Created zygote-cached class loader: /system/framework/android.test.base.jar
01-01 20:00:06.208 V/Zygote64Timing(  390): CacheNonBootClasspathClassLoaders took to complete: 7ms
01-01 20:00:06.208 I/Zygote  (  390): Preloading resources...
01-01 20:00:06.222 W/Resources(  390): Preloaded drawable resource #0x1080285 (android:drawable/dialog_background_material) that varies with configuration!!
01-01 20:00:06.228 I/Zygote  (  390): ...preloaded 64 resources in 20ms.
01-01 20:00:06.229 I/Zygote  (  390): ...preloaded 41 resources in 2ms.
01-01 20:00:06.229 V/Zygote64Timing(  390): PreloadResources took to complete: 22ms
01-01 20:00:06.240 D/libEGL  (  390): loaded /vendor/lib64/egl/libGLES_mali.so
01-01 20:00:06.255 I/Zygote  (  390): Preloading shared libraries...
01-01 20:00:06.258 I/Zygote  (  390): Called ZygoteHooks.endPreload()
01-01 20:00:06.258 I/Zygote  (  390): Installed AndroidKeyStoreProvider in 0ms.
01-01 20:00:06.261 I/Zygote  (  390): Warmed up JCA providers in 2ms.
01-01 20:00:06.261 D/Zygote  (  390): end preload
01-01 20:00:06.261 V/Zygote64Timing(  390): ZygotePreload took to complete: 715ms
01-01 20:00:06.287 I/zygote64(  390): Explicit concurrent copying GC freed 19224(1045KB) AllocSpace objects, 1(28KB) LOS objects, 49% free, 9106KB/17MB, paused 16us,5us total 26.703ms
01-01 20:00:06.313 I/zygote64(  390): Explicit concurrent copying GC freed 2119(116KB) AllocSpace objects, 0(0B) LOS objects, 49% free, 9021KB/17MB, paused 10us,5us total 24.684ms
01-01 20:00:06.313 V/Zygote64Timing(  390): PostZygoteInitGC took to complete: 52ms
01-01 20:00:06.313 V/Zygote64Timing(  390): ZygoteInit took to complete: 775ms
01-01 20:00:06.370 D/Zygote  (  390): Forked child process 619
01-01 20:00:06.370 I/Zygote  (  390): System server process 619 has been created
01-01 20:00:06.370 I/Zygote  (  390): Accepting command socket connections
01-01 20:00:06.416 I/sh      (  625): type=1400 audit(0.0:73): avc: denied { write } for name="lsusb.txt" dev="mmcblk1p16" ino=2031618 scontext=u:r:rild:s0 tcontext=u:object_r:system_data_file:s0 tclass=file permissive=1
01-01 20:00:06.416 I/sh      (  625): type=1400 audit(0.0:74): avc: denied { open } for path="/data/camera/lsusb.txt" dev="mmcblk1p16" ino=2031618 scontext=u:r:rild:s0 tcontext=u:object_r:system_data_file:s0 tclass=file permissive=1
01-01 20:00:06.416 I/sh      (  626): type=1400 audit(0.0:75): avc: denied { execute_no_trans } for path="/vendor/bin/toybox_vendor" dev="dm-2" ino=231 scontext=u:r:rild:s0 tcontext=u:object_r:vendor_toolbox_exec:s0 tclass=file permissive=1
