12-19 10:34:17.928 V/ActivityManagerTiming(  619): OnBootPhase_1000_com.android.server.textservices.TextServicesManagerService$Lifecycle took to complete: 0ms
12-19 10:34:17.928 D/ActivityManagerTiming(  619): OnBootPhase_1000_com.android.server.textclassifier.TextClassificationManagerService$Lifecycle
12-19 10:34:17.929 V/ActivityManagerTiming(  619): OnBootPhase_1000_com.android.server.textclassifier.TextClassificationManagerService$Lifecycle took to complete: 0ms
12-19 10:34:17.929 D/ActivityManagerTiming(  619): OnBootPhase_1000_com.android.server.NetworkScoreService$Lifecycle
12-19 10:34:17.929 V/ActivityManagerTiming(  619): OnBootPhase_1000_com.android.server.NetworkScoreService$Lifecycle took to complete: 0ms
12-19 10:34:17.929 D/ActivityManagerTiming(  619): OnBootPhase_1000_com.android.server.wifi.WifiService
12-19 10:34:17.929 V/ActivityManagerTiming(  619): OnBootPhase_1000_com.android.server.wifi.WifiService took to complete: 0ms
12-19 10:34:17.929 D/ActivityManagerTiming(  619): OnBootPhase_1000_com.android.server.wifi.scanner.WifiScanningService
12-19 10:34:17.929 V/ActivityManagerTiming(  619): OnBootPhase_1000_com.android.server.wifi.scanner.WifiScanningService took to complete: 0ms
12-19 10:34:17.929 D/ActivityManagerTiming(  619): OnBootPhase_1000_com.android.server.wifi.p2p.WifiP2pService
12-19 10:34:17.929 V/ActivityManagerTiming(  619): OnBootPhase_1000_com.android.server.wifi.p2p.WifiP2pService took to complete: 0ms
12-19 10:34:17.929 D/ActivityManagerTiming(  619): OnBootPhase_1000_com.android.server.ethernet.EthernetService
12-19 10:34:17.929 V/ActivityManagerTiming(  619): OnBootPhase_1000_com.android.server.ethernet.EthernetService took to complete: 0ms
12-19 10:34:17.929 D/ActivityManagerTiming(  619): OnBootPhase_1000_com.android.server.ConnectivityServiceInitializer
12-19 10:34:17.929 V/ActivityManagerTiming(  619): OnBootPhase_1000_com.android.server.ConnectivityServiceInitializer took to complete: 0ms
12-19 10:34:17.929 D/ActivityManagerTiming(  619): OnBootPhase_1000_com.android.server.notification.NotificationManagerService
12-19 10:34:17.929 V/ActivityManagerTiming(  619): OnBootPhase_1000_com.android.server.notification.NotificationManagerService took to complete: 0ms
12-19 10:34:17.929 D/ActivityManagerTiming(  619): OnBootPhase_1000_com.android.server.storage.DeviceStorageMonitorService
12-19 10:34:17.929 V/ActivityManagerTiming(  619): OnBootPhase_1000_com.android.server.storage.DeviceStorageMonitorService took to complete: 0ms
12-19 10:34:17.929 D/ActivityManagerTiming(  619): OnBootPhase_1000_com.android.server.location.LocationManagerService$Lifecycle
12-19 10:34:17.929 V/ActivityManagerTiming(  619): OnBootPhase_1000_com.android.server.location.LocationManagerService$Lifecycle took to complete: 0ms
12-19 10:34:17.929 D/ActivityManagerTiming(  619): OnBootPhase_1000_com.android.server.timedetector.TimeDetectorService$Lifecycle
12-19 10:34:17.929 V/ActivityManagerTiming(  619): OnBootPhase_1000_com.android.server.timedetector.TimeDetectorService$Lifecycle took to complete: 0ms
12-19 10:34:17.929 D/ActivityManagerTiming(  619): OnBootPhase_1000_com.android.server.timezonedetector.TimeZoneDetectorService$Lifecycle
12-19 10:34:17.929 V/ActivityManagerTiming(  619): OnBootPhase_1000_com.android.server.timezonedetector.TimeZoneDetectorService$Lifecycle took to complete: 0ms
12-19 10:34:17.929 D/ActivityManagerTiming(  619): OnBootPhase_1000_com.android.server.timezonedetector.location.LocationTimeZoneManagerService$Lifecycle
12-19 10:34:17.929 V/ActivityManagerTiming(  619): OnBootPhase_1000_com.android.server.timezonedetector.location.LocationTimeZoneManagerService$Lifecycle took to complete: 0ms
12-19 10:34:17.929 D/ActivityManagerTiming(  619): OnBootPhase_1000_com.android.server.search.SearchManagerService$Lifecycle
12-19 10:34:17.929 V/ActivityManagerTiming(  619): OnBootPhase_1000_com.android.server.search.SearchManagerService$Lifecycle took to complete: 0ms
12-19 10:34:17.929 D/ActivityManagerTiming(  619): OnBootPhase_1000_com.android.server.wallpaper.WallpaperManagerService$Lifecycle
12-19 10:34:17.929 V/ActivityManagerTiming(  619): OnBootPhase_1000_com.android.server.wallpaper.WallpaperManagerService$Lifecycle took to complete: 0ms
12-19 10:34:17.929 D/ActivityManagerTiming(  619): OnBootPhase_1000_com.android.server.audio.AudioService$Lifecycle
12-19 10:34:17.929 V/ActivityManagerTiming(  619): OnBootPhase_1000_com.android.server.audio.AudioService$Lifecycle took to complete: 0ms
12-19 10:34:17.929 D/ActivityManagerTiming(  619): OnBootPhase_1000_com.android.server.soundtrigger_middleware.SoundTriggerMiddlewareService$Lifecycle
12-19 10:34:17.929 V/ActivityManagerTiming(  619): OnBootPhase_1000_com.android.server.soundtrigger_middleware.SoundTriggerMiddlewareService$Lifecycle took to complete: 0ms
12-19 10:34:17.929 D/ActivityManagerTiming(  619): OnBootPhase_1000_com.android.server.DockObserver
12-19 10:34:17.929 V/ActivityManagerTiming(  619): OnBootPhase_1000_com.android.server.DockObserver took to complete: 0ms
12-19 10:34:17.929 D/ActivityManagerTiming(  619): OnBootPhase_1000_com.android.server.adb.AdbService$Lifecycle
12-19 10:34:17.929 V/ActivityManagerTiming(  619): OnBootPhase_1000_com.android.server.adb.AdbService$Lifecycle took to complete: 0ms
12-19 10:34:17.929 D/ActivityManagerTiming(  619): OnBootPhase_1000_com.android.server.usb.UsbService$Lifecycle
12-19 10:34:17.929 V/ActivityManagerTiming(  619): OnBootPhase_1000_com.android.server.usb.UsbService$Lifecycle took to complete: 0ms
12-19 10:34:17.929 D/ActivityManagerTiming(  619): OnBootPhase_1000_com.android.server.twilight.TwilightService
12-19 10:34:17.929 D/StorageManagerService(  619): Thinking about init, mBootCompleted=true, mDaemonConnected=true
12-19 10:34:17.929 D/StorageManagerService(  619): Setting up emulation state, initlocked=false
12-19 10:34:17.929 D/WifiService(  619): Handle boot completed
12-19 10:34:17.929 D/vold    (  307): fscrypt_unlock_user_key 0 serial=0
12-19 10:34:17.929 D/StorageManagerService(  619): Thinking about reset, mBootCompleted=true, mDaemonConnected=true
12-19 10:34:17.930 I/StorageSessionController(  619): Started resetting external storage service...
12-19 10:34:17.930 I/StorageSessionController(  619): Finished resetting external storage service
12-19 10:34:17.930 I/StorageManagerService(  619): Resetting vold...
12-19 10:34:17.930 I/StorageManagerService(  619): Reset vold
12-19 10:34:17.930 I/adbd    (  474): adbd_auth: received a new framework connection
12-19 10:34:17.931 I/Tethering(  619): USB bcast connected:true configured:true rndis:false ncm:false
12-19 10:34:17.931 I/adbd    (  474): adbd_auth: received new framework fd 21 (current = -1)
12-19 10:34:17.931 I/WifiScoreCard(  619): Installing MemoryStore
12-19 10:34:17.931 I/WifiHealthMonitor(  619): Installing MemoryStore
12-19 10:34:17.932 I/vold    (  307): onUserAdded: 0
12-19 10:34:17.932 V/ActivityManagerTiming(  619): OnBootPhase_1000_com.android.server.twilight.TwilightService took to complete: 3ms
12-19 10:34:17.932 D/ActivityManagerTiming(  619): OnBootPhase_1000_com.android.server.display.color.ColorDisplayService
12-19 10:34:17.932 V/ActivityManagerTiming(  619): OnBootPhase_1000_com.android.server.display.color.ColorDisplayService took to complete: 0ms
12-19 10:34:17.932 D/ActivityManagerTiming(  619): OnBootPhase_1000_com.android.server.job.JobSchedulerService
12-19 10:34:17.932 V/ActivityManagerTiming(  619): OnBootPhase_1000_com.android.server.job.JobSchedulerService took to complete: 0ms
12-19 10:34:17.932 D/ActivityManagerTiming(  619): OnBootPhase_1000_com.android.server.soundtrigger.SoundTriggerService
12-19 10:34:17.932 D/SoundTriggerService(  619): onBootPhase: 1000 : false
12-19 10:34:17.932 V/ActivityManagerTiming(  619): OnBootPhase_1000_com.android.server.soundtrigger.SoundTriggerService took to complete: 0ms
12-19 10:34:17.932 D/ActivityManagerTiming(  619): OnBootPhase_1000_com.android.server.trust.TrustManagerService
12-19 10:34:17.932 V/ActivityManagerTiming(  619): OnBootPhase_1000_com.android.server.trust.TrustManagerService took to complete: 0ms
12-19 10:34:17.932 D/ActivityManagerTiming(  619): OnBootPhase_1000_com.android.server.backup.BackupManagerService$Lifecycle
12-19 10:34:17.932 V/ActivityManagerTiming(  619): OnBootPhase_1000_com.android.server.backup.BackupManagerService$Lifecycle took to complete: 0ms
12-19 10:34:17.932 D/ActivityManagerTiming(  619): OnBootPhase_1000_com.android.server.appwidget.AppWidgetService
12-19 10:34:17.932 V/ActivityManagerTiming(  619): OnBootPhase_1000_com.android.server.appwidget.AppWidgetService took to complete: 0ms
12-19 10:34:17.932 D/ActivityManagerTiming(  619): OnBootPhase_1000_com.android.server.voiceinteraction.VoiceInteractionManagerService
12-19 10:34:17.932 V/ActivityManagerTiming(  619): OnBootPhase_1000_com.android.server.voiceinteraction.VoiceInteractionManagerService took to complete: 0ms
12-19 10:34:17.932 D/ActivityManagerTiming(  619): OnBootPhase_1000_com.android.server.apphibernation.AppHibernationService
12-19 10:34:17.932 V/ActivityManagerTiming(  619): OnBootPhase_1000_com.android.server.apphibernation.AppHibernationService took to complete: 0ms
12-19 10:34:17.932 D/ActivityManagerTiming(  619): OnBootPhase_1000_com.android.server.GestureLauncherService
12-19 10:34:17.932 V/ActivityManagerTiming(  619): OnBootPhase_1000_com.android.server.GestureLauncherService took to complete: 0ms
12-19 10:34:17.932 D/ActivityManagerTiming(  619): OnBootPhase_1000_com.android.server.SensorNotificationService
12-19 10:34:17.933 I/HibernationStateDiskStore(  619): No hibernation file on disk for file /data/system/hibernation/states
12-19 10:34:17.933 D/CompatibilityChangeReporter(  619): Compat change id reported: 168936375; UID 1000; state: ENABLED
12-19 10:34:17.933 D/CompatibilityChangeReporter(  619): Compat change id reported: 168936375; UID 1000; state: DISABLED
12-19 10:34:17.934 D/WifiNetworkFactory(  619): Registering NetworkFactory
12-19 10:34:17.934 D/CompatibilityChangeReporter(  619): Compat change id reported: 73144566; UID 1000; state: ENABLED
12-19 10:34:17.934 D/CompatibilityChangeReporter(  619): Compat change id reported: 73144566; UID 1000; state: DISABLED
12-19 10:34:17.934 D/ConnectivityService(  619): Got NetworkProvider Messenger for WifiNetworkFactory
12-19 10:34:17.934 D/UntrustedWifiNetworkFactory(  619): Registering NetworkFactory
01-01 20:00:12.494 I/init    (    1): processing action (sys.boot_completed=1) from (/system/etc/init/hw/init.rc:1204)
12-19 10:34:17.935 V/ActivityManagerTiming(  619): OnBootPhase_1000_com.android.server.SensorNotificationService took to complete: 3ms
12-19 10:34:17.935 D/ActivityManagerTiming(  619): OnBootPhase_1000_com.android.server.emergency.EmergencyAffordanceService
12-19 10:34:17.935 V/ActivityManagerTiming(  619): OnBootPhase_1000_com.android.server.emergency.EmergencyAffordanceService took to complete: 0ms
01-01 20:00:12.494 I/init    (    1): starting service 'exec 16 (/bin/rm -rf /data/per_boot)'...
12-19 10:34:17.935 D/ActivityManagerTiming(  619): OnBootPhase_1000_com.android.server.blob.BlobStoreManagerService
12-19 10:34:17.935 V/ActivityManagerTiming(  619): OnBootPhase_1000_com.android.server.blob.BlobStoreManagerService took to complete: 0ms
12-19 10:34:17.935 D/ActivityManagerTiming(  619): OnBootPhase_1000_com.android.server.dreams.DreamManagerService
12-19 10:34:17.935 V/ActivityManagerTiming(  619): OnBootPhase_1000_com.android.server.dreams.DreamManagerService took to complete: 0ms
12-19 10:34:17.935 D/ActivityManagerTiming(  619): OnBootPhase_1000_com.android.server.print.PrintManagerService
12-19 10:34:17.935 V/ActivityManagerTiming(  619): OnBootPhase_1000_com.android.server.print.PrintManagerService took to complete: 0ms
12-19 10:34:17.935 D/ActivityManagerTiming(  619): OnBootPhase_1000_com.android.server.companion.CompanionDeviceManagerService
12-19 10:34:17.935 V/ActivityManagerTiming(  619): OnBootPhase_1000_com.android.server.companion.CompanionDeviceManagerService took to complete: 0ms
12-19 10:34:17.935 D/ActivityManagerTiming(  619): OnBootPhase_1000_com.android.server.restrictions.RestrictionsManagerService
12-19 10:34:17.935 V/ActivityManagerTiming(  619): OnBootPhase_1000_com.android.server.restrictions.RestrictionsManagerService took to complete: 0ms
12-19 10:34:17.935 D/ActivityManagerTiming(  619): OnBootPhase_1000_com.android.server.media.MediaSessionService
12-19 10:34:17.935 D/OemPaidWifiNetworkFactory(  619): Registering NetworkFactory
12-19 10:34:17.935 D/ConnectivityService(  619): Got NetworkProvider Messenger for UntrustedWifiNetworkFactory
12-19 10:34:17.935 E/DisplayDeviceConfig(  619): requesting nits when no mapping exists.
12-19 10:34:17.935 D/ConnectivityService(  619): Got NetworkProvider Messenger for OemPaidWifiNetworkFactory
12-19 10:34:17.935 E/DisplayDeviceConfig(  619): requesting nits when no mapping exists.
12-19 10:34:17.935 I/servicemanager(  300): Found android.hardware.power.IPower/default in device VINTF manifest.
12-19 10:34:17.936 I/DropBoxManagerService(  619): add tag=system_server_wtf isTagEnabled=true flags=0x2
12-19 10:34:17.936 I/PowerAdvisor(  340): Loaded AIDL Power HAL service
12-19 10:34:17.936 I/DropBoxManagerService(  619): add tag=system_server_wtf isTagEnabled=true flags=0x2
12-19 10:34:17.937 E/ApConfigUtil(  619): Malformed channel value detected: java.lang.NumberFormatException: For input string: ""
12-19 10:34:17.938 V/ActivityManagerTiming(  619): OnBootPhase_1000_com.android.server.media.MediaSessionService took to complete: 3ms
12-19 10:34:17.938 D/ActivityManagerTiming(  619): OnBootPhase_1000_com.android.server.tv.TvInputManagerService
12-19 10:34:17.938 V/ActivityManagerTiming(  619): OnBootPhase_1000_com.android.server.tv.TvInputManagerService took to complete: 0ms
12-19 10:34:17.938 D/ActivityManagerTiming(  619): OnBootPhase_1000_com.android.server.media.MediaResourceMonitorService
12-19 10:34:17.938 V/ActivityManagerTiming(  619): OnBootPhase_1000_com.android.server.media.MediaResourceMonitorService took to complete: 0ms
12-19 10:34:17.938 D/ActivityManagerTiming(  619): OnBootPhase_1000_com.android.server.biometrics.BiometricService
12-19 10:34:17.938 V/ActivityManagerTiming(  619): OnBootPhase_1000_com.android.server.biometrics.BiometricService took to complete: 0ms
12-19 10:34:17.938 D/ActivityManagerTiming(  619): OnBootPhase_1000_com.android.server.biometrics.AuthService
12-19 10:34:17.938 V/ActivityManagerTiming(  619): OnBootPhase_1000_com.android.server.biometrics.AuthService took to complete: 0ms
12-19 10:34:17.938 D/ActivityManagerTiming(  619): OnBootPhase_1000_com.android.server.pm.ShortcutService$Lifecycle
12-19 10:34:17.938 V/ActivityManagerTiming(  619): OnBootPhase_1000_com.android.server.pm.ShortcutService$Lifecycle took to complete: 0ms
12-19 10:34:17.938 D/ActivityManagerTiming(  619): OnBootPhase_1000_com.android.server.pm.LauncherAppsService
12-19 10:34:17.938 V/ActivityManagerTiming(  619): OnBootPhase_1000_com.android.server.pm.LauncherAppsService took to complete: 0ms
12-19 10:34:17.938 D/ActivityManagerTiming(  619): OnBootPhase_1000_com.android.server.pm.CrossProfileAppsService
12-19 10:34:17.938 V/ActivityManagerTiming(  619): OnBootPhase_1000_com.android.server.pm.CrossProfileAppsService took to complete: 0ms
12-19 10:34:17.938 D/ActivityManagerTiming(  619): OnBootPhase_1000_com.android.server.people.PeopleService
12-19 10:34:17.938 V/ActivityManagerTiming(  619): OnBootPhase_1000_com.android.server.people.PeopleService took to complete: 0ms
12-19 10:34:17.938 D/ActivityManagerTiming(  619): OnBootPhase_1000_com.android.server.media.metrics.MediaMetricsManagerService
12-19 10:34:17.938 V/ActivityManagerTiming(  619): OnBootPhase_1000_com.android.server.media.metrics.MediaMetricsManagerService took to complete: 0ms
12-19 10:34:17.938 D/ActivityManagerTiming(  619): OnBootPhase_1000_com.android.server.media.projection.MediaProjectionManagerService
12-19 10:34:17.938 V/ActivityManagerTiming(  619): OnBootPhase_1000_com.android.server.media.projection.MediaProjectionManagerService took to complete: 0ms
12-19 10:34:17.938 D/ActivityManagerTiming(  619): OnBootPhase_1000_com.android.server.slice.SliceManagerService$Lifecycle
12-19 10:34:17.938 V/ActivityManagerTiming(  619): OnBootPhase_1000_com.android.server.slice.SliceManagerService$Lifecycle took to complete: 0ms
12-19 10:34:17.938 D/ActivityManagerTiming(  619): OnBootPhase_1000_com.android.server.stats.StatsCompanion$Lifecycle
12-19 10:34:17.938 V/ActivityManagerTiming(  619): OnBootPhase_1000_com.android.server.stats.StatsCompanion$Lifecycle took to complete: 0ms
12-19 10:34:17.938 D/ActivityManagerTiming(  619): OnBootPhase_1000_com.android.server.scheduling.RebootReadinessManagerService$Lifecycle
12-19 10:34:17.938 V/ActivityManagerTiming(  619): OnBootPhase_1000_com.android.server.scheduling.RebootReadinessManagerService$Lifecycle took to complete: 0ms
12-19 10:34:17.938 D/ActivityManagerTiming(  619): OnBootPhase_1000_com.android.server.stats.pull.StatsPullAtomService
12-19 10:34:17.938 V/ActivityManagerTiming(  619): OnBootPhase_1000_com.android.server.stats.pull.StatsPullAtomService took to complete: 0ms
12-19 10:34:17.938 D/ActivityManagerTiming(  619): OnBootPhase_1000_com.android.server.incident.IncidentCompanionService
12-19 10:34:17.938 V/ActivityManagerTiming(  619): OnBootPhase_1000_com.android.server.incident.IncidentCompanionService took to complete: 0ms
12-19 10:34:17.938 D/ActivityManagerTiming(  619): OnBootPhase_1000_com.android.server.MmsServiceBroker
12-19 10:34:17.938 V/ActivityManagerTiming(  619): OnBootPhase_1000_com.android.server.MmsServiceBroker took to complete: 0ms
12-19 10:34:17.938 D/ActivityManagerTiming(  619): OnBootPhase_1000_com.android.server.autofill.AutofillManagerService
12-19 10:34:17.938 V/ActivityManagerTiming(  619): OnBootPhase_1000_com.android.server.autofill.AutofillManagerService took to complete: 0ms
12-19 10:34:17.938 D/ActivityManagerTiming(  619): OnBootPhase_1000_com.android.server.clipboard.ClipboardService
12-19 10:34:17.938 V/ActivityManagerTiming(  619): OnBootPhase_1000_com.android.server.clipboard.ClipboardService took to complete: 0ms
12-19 10:34:17.938 D/ActivityManagerTiming(  619): OnBootPhase_1000_com.android.server.appbinding.AppBindingService$Lifecycle
12-19 10:34:17.938 V/ActivityManagerTiming(  619): OnBootPhase_1000_com.android.server.appbinding.AppBindingService$Lifecycle took to complete: 0ms
12-19 10:34:17.938 D/ActivityManagerTiming(  619): OnBootPhase_1000_com.android.server.tracing.TracingServiceProxy
12-19 10:34:17.938 V/ActivityManagerTiming(  619): OnBootPhase_1000_com.android.server.tracing.TracingServiceProxy took to complete: 0ms
12-19 10:34:17.938 D/ActivityManagerTiming(  619): OnBootPhase_1000_com.android.server.policy.PermissionPolicyService
12-19 10:34:17.938 V/ActivityManagerTiming(  619): OnBootPhase_1000_com.android.server.policy.PermissionPolicyService took to complete: 0ms
12-19 10:34:17.938 D/ActivityManagerTiming(  619): OnBootPhase_1000_com.android.server.pm.StagingManager$Lifecycle
12-19 10:34:17.938 V/ActivityManagerTiming(  619): OnBootPhase_1000_com.android.server.pm.StagingManager$Lifecycle took to complete: 0ms
12-19 10:34:17.938 D/ActivityManagerTiming(  619): OnBootPhase_1000_com.android.server.app.GameManagerService$Lifecycle
12-19 10:34:17.938 D/GameManagerService(  619): onBootCompleted
12-19 10:34:17.938 V/ActivityManagerTiming(  619): OnBootPhase_1000_com.android.server.app.GameManagerService$Lifecycle took to complete: 0ms
12-19 10:34:17.938 D/ActivityManagerTiming(  619): OnBootPhase_1000_com.android.server.appsearch.AppSearchManagerService
12-19 10:34:17.939 D/AppSearchStatsCollector(  619): atoms registered
12-19 10:34:17.939 V/ActivityManagerTiming(  619): OnBootPhase_1000_com.android.server.appsearch.AppSearchManagerService took to complete: 1ms
12-19 10:34:17.939 D/ActivityManagerTiming(  619): OnBootPhase_1000_com.android.server.media.MediaCommunicationService
12-19 10:34:17.939 V/ActivityManagerTiming(  619): OnBootPhase_1000_com.android.server.media.MediaCommunicationService took to complete: 0ms
12-19 10:34:17.939 D/ActivityManagerTiming(  619): OnBootPhase_1000_com.android.server.compat.overrides.AppCompatOverridesService$Lifecycle
12-19 10:34:17.939 V/ActivityManagerTiming(  619): OnBootPhase_1000_com.android.server.compat.overrides.AppCompatOverridesService$Lifecycle took to complete: 0ms
12-19 10:34:17.939 V/ActivityManagerTiming(  619): OnBootPhase_1000 took to complete: 13ms
12-19 10:34:17.939 V/ActivityManagerTiming(  619): TotalBootTime took to complete: 4348ms
12-19 10:34:17.939 D/SystemServerInitThreadPool(  619): Shutdown requested
12-19 10:34:17.939 D/SystemServerTiming(  619): WaitInitThreadPoolShutdown
12-19 10:34:17.939 E/AppHibernationService(  619): Attempt to call isHibernatingForUser on stopped or nonexistent user 0
12-19 10:34:17.939 D/CompatibilityChangeReporter(  619): Compat change id reported: 135634846; UID 10058; state: DISABLED
12-19 10:34:17.939 D/CompatibilityChangeReporter(  619): Compat change id reported: 177438394; UID 10058; state: DISABLED
12-19 10:34:17.939 D/CompatibilityChangeReporter(  619): Compat change id reported: 135772972; UID 10058; state: DISABLED
12-19 10:34:17.939 D/CompatibilityChangeReporter(  619): Compat change id reported: 135754954; UID 10058; state: ENABLED
12-19 10:34:17.940 D/CompatibilityChangeReporter(  619): Compat change id reported: 143937733; UID 10058; state: ENABLED
12-19 10:34:17.940 D/SystemServerInitThreadPool(  619): Shutdown successful
12-19 10:34:17.940 V/SystemServerTiming(  619): WaitInitThreadPoolShutdown took to complete: 1ms
12-19 10:34:17.941 I/ActivityManager(  619): User 0 state changed from BOOTING to RUNNING_LOCKED
12-19 10:34:17.941 W/ActivityManager(  619): UserLifecycleEvent 4 received without an active userJourneySession.
12-19 10:34:17.941 D/WifiNetworkFactory(  619): got request NetworkRequest [ REQUEST id=17, [ Capabilities: INTERNET&NOT_RESTRICTED&TRUSTED&NOT_VCN_MANAGED Uid: 10063 RequestorUid: 10063 RequestorPkg: com.android.systemui] ]
12-19 10:34:17.941 D/WifiNetworkFactory(  619): got request NetworkRequest [ REQUEST id=19, [ Capabilities: INTERNET&NOT_RESTRICTED&TRUSTED&NOT_VCN_MANAGED Uid: 10063 RequestorUid: 10063 RequestorPkg: com.android.systemui] ]
12-19 10:34:17.941 D/WifiNetworkFactory(  619): got request NetworkRequest [ REQUEST id=1, [ Capabilities: INTERNET&NOT_RESTRICTED&TRUSTED&NOT_VPN&NOT_VCN_MANAGED RequestorUid: 1000 RequestorPkg: android] ]
12-19 10:34:17.941 D/WifiNetworkFactory(  619): got request NetworkRequest [ REQUEST id=14, [ Capabilities: INTERNET&NOT_RESTRICTED&TRUSTED&NOT_VCN_MANAGED Uid: 1000 RequestorUid: 1000 RequestorPkg: android] ]
12-19 10:34:17.941 D/WifiNetworkFactory(  619): got request NetworkRequest [ REQUEST id=22, [ Capabilities: INTERNET&NOT_RESTRICTED&TRUSTED&NOT_VCN_MANAGED Uid: 1000 RequestorUid: 1000 RequestorPkg: com.android.networkstack.inprocess] ]
12-19 10:34:17.942 D/WifiNetworkFactory(  619): got request NetworkRequest [ REQUEST id=7, [ Capabilities: INTERNET&NOT_RESTRICTED&TRUSTED&NOT_VCN_MANAGED Uid: 1000 RequestorUid: 1000 RequestorPkg: android] ]
12-19 10:34:17.942 D/UntrustedWifiNetworkFactory(  619): got request NetworkRequest [ REQUEST id=17, [ Capabilities: INTERNET&NOT_RESTRICTED&TRUSTED&NOT_VCN_MANAGED Uid: 10063 RequestorUid: 10063 RequestorPkg: com.android.systemui] ]
12-19 10:34:17.942 D/UntrustedWifiNetworkFactory(  619): got request NetworkRequest [ REQUEST id=19, [ Capabilities: INTERNET&NOT_RESTRICTED&TRUSTED&NOT_VCN_MANAGED Uid: 10063 RequestorUid: 10063 RequestorPkg: com.android.systemui] ]
12-19 10:34:17.942 D/UntrustedWifiNetworkFactory(  619): got request NetworkRequest [ REQUEST id=1, [ Capabilities: INTERNET&NOT_RESTRICTED&TRUSTED&NOT_VPN&NOT_VCN_MANAGED RequestorUid: 1000 RequestorPkg: android] ]
12-19 10:34:17.942 D/UntrustedWifiNetworkFactory(  619): got request NetworkRequest [ REQUEST id=14, [ Capabilities: INTERNET&NOT_RESTRICTED&TRUSTED&NOT_VCN_MANAGED Uid: 1000 RequestorUid: 1000 RequestorPkg: android] ]
12-19 10:34:17.942 D/StorageManagerService(  619): unlockUserKey: 0 isFileEncryptedNativeOrEmulated: false hasToken: false hasSecret: false
12-19 10:34:17.942 D/UntrustedWifiNetworkFactory(  619): got request NetworkRequest [ REQUEST id=22, [ Capabilities: INTERNET&NOT_RESTRICTED&TRUSTED&NOT_VCN_MANAGED Uid: 1000 RequestorUid: 1000 RequestorPkg: com.android.networkstack.inprocess] ]
12-19 10:34:17.942 D/UntrustedWifiNetworkFactory(  619): got request NetworkRequest [ REQUEST id=7, [ Capabilities: INTERNET&NOT_RESTRICTED&TRUSTED&NOT_VCN_MANAGED Uid: 1000 RequestorUid: 1000 RequestorPkg: android] ]
12-19 10:34:17.942 D/OemPaidWifiNetworkFactory(  619): got request NetworkRequest [ REQUEST id=17, [ Capabilities: INTERNET&NOT_RESTRICTED&TRUSTED&NOT_VCN_MANAGED Uid: 10063 RequestorUid: 10063 RequestorPkg: com.android.systemui] ]
12-19 10:34:17.942 D/OemPaidWifiNetworkFactory(  619): got request NetworkRequest [ REQUEST id=19, [ Capabilities: INTERNET&NOT_RESTRICTED&TRUSTED&NOT_VCN_MANAGED Uid: 10063 RequestorUid: 10063 RequestorPkg: com.android.systemui] ]
12-19 10:34:17.942 D/OemPaidWifiNetworkFactory(  619): got request NetworkRequest [ REQUEST id=1, [ Capabilities: INTERNET&NOT_RESTRICTED&TRUSTED&NOT_VPN&NOT_VCN_MANAGED RequestorUid: 1000 RequestorPkg: android] ]
12-19 10:34:17.942 D/OemPaidWifiNetworkFactory(  619): got request NetworkRequest [ REQUEST id=14, [ Capabilities: INTERNET&NOT_RESTRICTED&TRUSTED&NOT_VCN_MANAGED Uid: 1000 RequestorUid: 1000 RequestorPkg: android] ]
12-19 10:34:17.942 D/OemPaidWifiNetworkFactory(  619): got request NetworkRequest [ REQUEST id=22, [ Capabilities: INTERNET&NOT_RESTRICTED&TRUSTED&NOT_VCN_MANAGED Uid: 1000 RequestorUid: 1000 RequestorPkg: com.android.networkstack.inprocess] ]
12-19 10:34:17.942 D/OemPaidWifiNetworkFactory(  619): got request NetworkRequest [ REQUEST id=7, [ Capabilities: INTERNET&NOT_RESTRICTED&TRUSTED&NOT_VCN_MANAGED Uid: 1000 RequestorUid: 1000 RequestorPkg: android] ]
12-19 10:34:17.943 W/ActivityManager(  619): UserLifecycleEvent 5 received without an active userJourneySession.
12-19 10:34:17.943 D/ActivityManager(  619): Started unlocking user 0
12-19 10:34:17.943 D/ActivityManager(  619): Unlocking user 0 progress 0
12-19 10:34:17.943 D/ActivityManager(  619): Unlocking user 0 progress 5
12-19 10:34:17.943 D/vold    (  307): fscrypt_prepare_user_storage for volume null, user 0, serial 0, flags 2
12-19 10:34:17.943 D/vold    (  307): Preparing: /data/system_ce/0
12-19 10:34:17.944 D/vold    (  307): Preparing: /data/misc_ce/0
12-19 10:34:17.944 D/vold    (  307): Preparing: /data/vendor_ce/0
12-19 10:34:17.944 V/ActivityManagerTiming(  619): FinishBooting took to complete: 19ms
12-19 10:34:17.944 D/vold    (  307): Preparing: /data/media/0
12-19 10:34:17.944 D/vold    (  307): Preparing: /data/data
12-19 10:34:17.944 D/vold    (  307): Starting restorecon of /data/system_ce/0
12-19 10:34:17.944 I/system_server(  619): Using smaps_rollup for pss collection
12-19 10:34:17.944 D/Zygote  (  390): Forked child process 1258
12-19 10:34:17.945 I/ActivityManager(  619): Start proc 1258:com.android.inputmethod.latin/u0a58 for service {com.android.inputmethod.latin/com.android.inputmethod.latin.LatinIME}
12-19 10:34:17.945 I/DropBoxManagerService(  619): add tag=system_server_strictmode isTagEnabled=true flags=0x2
01-01 20:00:12.497 I/init    (    1): SVC_EXEC service 'exec 16 (/bin/rm -rf /data/per_boot)' pid 1257 (uid 1000 gid 1000+0 context default) started; waiting...
12-19 10:34:17.945 D/ColorDisplayService(  619): setUp: currentUser=0
12-19 10:34:17.947 D/vold    (  307): Finished restorecon of /data/system_ce/0
12-19 10:34:17.947 D/vold    (  307): Starting restorecon of /data/vendor_ce/0
01-01 20:00:12.499 I/selinux ( 1259): SELinux: Skipping restorecon on directory(/data/system_ce/0)
12-19 10:34:17.949 I/Zygote  ( 1258): seccomp disabled by setenforce 0
12-19 10:34:17.949 D/vold    (  307): Finished restorecon of /data/vendor_ce/0
12-19 10:34:17.949 D/vold    (  307): Starting restorecon of /data/misc_ce/0
12-19 10:34:17.951 D/vold    (  307): Finished restorecon of /data/misc_ce/0
12-19 10:34:17.951 D/vold    (  307): /system/bin/vold_prepare_subdirs
12-19 10:34:17.951 D/vold    (  307):     prepare
12-19 10:34:17.951 D/vold    (  307):     
12-19 10:34:17.951 D/vold    (  307):     0
12-19 10:34:17.951 D/vold    (  307):     2
01-01 20:00:12.504 W/ztlcfg_att_store2 buf(  274): 654987,count:6
12-19 10:34:17.952 E/DisplayDeviceConfig(  619): requesting nits when no mapping exists.
12-19 10:34:17.952 E/DisplayDeviceConfig(  619): requesting nits when no mapping exists.
12-19 10:34:17.953 I/DropBoxManagerService(  619): add tag=system_server_wtf isTagEnabled=true flags=0x2
12-19 10:34:17.953 I/DropBoxManagerService(  619): add tag=system_server_wtf isTagEnabled=true flags=0x2
12-19 10:34:17.955 I/adbd    (  474): jdwp connection from 1258
12-19 10:34:17.957 D/CompatibilityChangeReporter(  619): Compat change id reported: 168419799; UID 10058; state: DISABLED
12-19 10:34:17.953 I/init    (  274): type=1400 audit(0.0:150): avc: denied { create } for name="vehicle" scontext=u:r:vendor_init:s0 tcontext=u:object_r:device:s0 tclass=file permissive=1
12-19 10:34:17.953 I/init    (  274): type=1400 audit(0.0:151): avc: denied { write } for path="/dev/vehicle" dev="tmpfs" ino=636 scontext=u:r:vendor_init:s0 tcontext=u:object_r:device:s0 tclass=file permissive=1
12-19 10:34:17.959 D/CompatibilityChangeReporter( 1258): Compat change id reported: 171979766; UID 10058; state: DISABLED
12-19 10:34:17.960 D/vold_prepare_subdirs( 1268): Setting up mode 771 uid 1000 gid 1000 context u:object_r:system_data_file:s0:c512,c768 on path: /data/data
12-19 10:34:17.960 D/vold_prepare_subdirs( 1268): Setting up mode 700 uid 0 gid 0 context u:object_r:vold_data_file:s0 on path: /data/misc_ce/0/vold
12-19 10:34:17.961 D/vold_prepare_subdirs( 1268): Setting up mode 700 uid 0 gid 0 context u:object_r:storaged_data_file:s0 on path: /data/misc_ce/0/storaged
12-19 10:34:17.961 D/vold_prepare_subdirs( 1268): Setting up mode 700 uid 0 gid 0 context u:object_r:rollback_data_file:s0 on path: /data/misc_ce/0/rollback
12-19 10:34:17.961 D/vold_prepare_subdirs( 1268): Setting up mode 700 uid 0 gid 0 context u:object_r:apex_rollback_data_file:s0 on path: /data/misc_ce/0/apexrollback
12-19 10:34:17.961 D/vold_prepare_subdirs( 1268): Setting up mode 711 uid 0 gid 0 context u:object_r:apex_module_data_file:s0 on path: /data/misc_ce/0/apexdata
12-19 10:34:17.961 D/vold_prepare_subdirs( 1268): Setting up mode 771 uid 0 gid 1000 context u:object_r:apex_wifi_data_file:s0 on path: /data/misc_ce/0/apexdata/com.android.wifi
12-19 10:34:17.962 D/vold_prepare_subdirs( 1268): Setting up mode 771 uid 0 gid 1000 context u:object_r:apex_module_data_file:s0 on path: /data/misc_ce/0/apexdata/com.android.vndk.v32
12-19 10:34:17.962 D/vold_prepare_subdirs( 1268): Setting up mode 771 uid 0 gid 1000 context u:object_r:apex_module_data_file:s0 on path: /data/misc_ce/0/apexdata/com.android.tzdata
12-19 10:34:17.962 D/vold_prepare_subdirs( 1268): Setting up mode 771 uid 0 gid 1000 context u:object_r:apex_module_data_file:s0 on path: /data/misc_ce/0/apexdata/com.android.tethering
12-19 10:34:17.962 D/vold_prepare_subdirs( 1268): Setting up mode 771 uid 0 gid 1000 context u:object_r:apex_module_data_file:s0 on path: /data/misc_ce/0/apexdata/com.android.sdkext
12-19 10:34:17.962 D/vold_prepare_subdirs( 1268): Setting up mode 771 uid 0 gid 1000 context u:object_r:apex_module_data_file:s0 on path: /data/misc_ce/0/apexdata/com.android.scheduling
12-19 10:34:17.962 I/hwc-drm-two(  411): HandleEvent,line=5888 hwc_hotplug : receive drm hotplug event but no state change. check by slow mode.
12-19 10:34:17.962 D/vold_prepare_subdirs( 1268): Setting up mode 771 uid 0 gid 1000 context u:object_r:apex_module_data_file:s0 on path: /data/misc_ce/0/apexdata/com.android.runtime
12-19 10:34:17.962 D/vold_prepare_subdirs( 1268): Setting up mode 771 uid 0 gid 1000 context u:object_r:apex_module_data_file:s0 on path: /data/misc_ce/0/apexdata/com.android.resolv
12-19 10:34:17.962 D/vold_prepare_subdirs( 1268): Setting up mode 771 uid 0 gid 1000 context u:object_r:apex_permission_data_file:s0 on path: /data/misc_ce/0/apexdata/com.android.permission
12-19 10:34:17.962 D/vold_prepare_subdirs( 1268): Setting up mode 771 uid 0 gid 1000 context u:object_r:apex_module_data_file:s0 on path: /data/misc_ce/0/apexdata/com.android.os.statsd
12-19 10:34:17.962 D/vold_prepare_subdirs( 1268): Setting up mode 771 uid 0 gid 1000 context u:object_r:apex_module_data_file:s0 on path: /data/misc_ce/0/apexdata/com.android.neuralnetworks
12-19 10:34:17.963 D/vold_prepare_subdirs( 1268): Setting up mode 771 uid 0 gid 1000 context u:object_r:apex_module_data_file:s0 on path: /data/misc_ce/0/apexdata/com.android.mediaprovider
12-19 10:34:17.963 D/vold_prepare_subdirs( 1268): Setting up mode 771 uid 0 gid 1000 context u:object_r:apex_module_data_file:s0 on path: /data/misc_ce/0/apexdata/com.android.media.swcodec
12-19 10:34:17.963 D/vold_prepare_subdirs( 1268): Setting up mode 771 uid 0 gid 1000 context u:object_r:apex_module_data_file:s0 on path: /data/misc_ce/0/apexdata/com.android.media
12-19 10:34:17.963 D/vold_prepare_subdirs( 1268): Setting up mode 771 uid 0 gid 1000 context u:object_r:apex_module_data_file:s0 on path: /data/misc_ce/0/apexdata/com.android.ipsec
12-19 10:34:17.963 D/vold_prepare_subdirs( 1268): Setting up mode 771 uid 0 gid 1000 context u:object_r:apex_module_data_file:s0 on path: /data/misc_ce/0/apexdata/com.android.i18n
12-19 10:34:17.963 D/vold_prepare_subdirs( 1268): Setting up mode 771 uid 0 gid 1000 context u:object_r:apex_module_data_file:s0 on path: /data/misc_ce/0/apexdata/com.android.extservices
12-19 10:34:17.963 D/vold_prepare_subdirs( 1268): Setting up mode 771 uid 0 gid 1000 context u:object_r:apex_module_data_file:s0 on path: /data/misc_ce/0/apexdata/com.android.conscrypt
12-19 10:34:17.963 D/vold_prepare_subdirs( 1268): Setting up mode 771 uid 0 gid 1000 context u:object_r:apex_module_data_file:s0 on path: /data/misc_ce/0/apexdata/com.android.art
12-19 10:34:17.963 D/vold_prepare_subdirs( 1268): Setting up mode 771 uid 0 gid 1000 context u:object_r:apex_appsearch_data_file:s0 on path: /data/misc_ce/0/apexdata/com.android.appsearch
12-19 10:34:17.963 D/vold_prepare_subdirs( 1268): Setting up mode 771 uid 0 gid 1000 context u:object_r:apex_module_data_file:s0 on path: /data/misc_ce/0/apexdata/com.android.adbd
12-19 10:34:17.963 D/vold_prepare_subdirs( 1268): Setting up mode 700 uid 1000 gid 1000 context u:object_r:backup_data_file:s0 on path: /data/system_ce/0/backup
12-19 10:34:17.964 D/vold_prepare_subdirs( 1268): Setting up mode 700 uid 1000 gid 1000 context u:object_r:backup_data_file:s0 on path: /data/system_ce/0/backup_stage
12-19 10:34:17.964 D/vold_prepare_subdirs( 1268): Setting up mode 700 uid 1000 gid 1000 context u:object_r:face_vendor_data_file:s0 on path: /data/vendor_ce/0/facedata
12-19 10:34:17.964 V/UserDataPreparer(  619): Found /data/user/0 with serial number 0
12-19 10:34:17.965 V/UserDataPreparer(  619): Found /data/system_ce/0 with serial number 0
12-19 10:34:17.960 I/putmethod.latin( 1258): type=1400 audit(0.0:152): avc: denied { search } for name="/" dev="mmcblk1p15" ino=2 scontext=u:r:untrusted_app:s0:c58,c256,c512,c768 tcontext=u:object_r:unlabeled:s0 tclass=dir permissive=1 app=com.android.inputmethod.latin
12-19 10:34:17.960 I/putmethod.latin( 1258): type=1400 audit(0.0:153): avc: denied { getattr } for path="/ztloem/lib64" dev="mmcblk1p15" ino=2054 scontext=u:r:untrusted_app:s0:c58,c256,c512,c768 tcontext=u:object_r:unlabeled:s0 tclass=dir permissive=1 app=com.android.inputmethod.latin
12-19 10:34:17.965 D/UserDataPreparer(  619): Setting property: sys.user.0.ce_available=true
12-19 10:34:17.965 D/nativeloader( 1258): classloader namespace configured for unbundled product apk. library_path=/product/app/LatinIME/lib/arm64:/product/app/LatinIME/LatinIME.apk!/lib/arm64-v8a:/ztloem/lib64/:/product/lib64:/system/product/lib64
12-19 10:34:17.965 V/PackageManager(  619): reconcileAppsData for null u0 0x2 migrateAppData=false
12-19 10:34:17.968 E/DisplayDeviceConfig(  619): requesting nits when no mapping exists.
12-19 10:34:17.968 E/DisplayDeviceConfig(  619): requesting nits when no mapping exists.
12-19 10:34:17.969 I/DropBoxManagerService(  619): add tag=system_server_wtf isTagEnabled=true flags=0x2
12-19 10:34:17.974 I/bootstat( 1283): Service started: /system/bin/bootstat --record_boot_complete --record_boot_reason --record_time_since_factory_reset -l 
12-19 10:34:17.974 E/bootstat( 1283): Failed to read /data/misc/bootstat/post_decrypt_time_elapsed: No such file or directory
12-19 10:34:17.974 E/bootstat( 1283): Failed to parse boot time record: /data/misc/bootstat/post_decrypt_time_elapsed
12-19 10:34:17.974 V/GraphicsEnvironment( 1258): ANGLE Developer option for 'com.android.inputmethod.latin' set to: 'default'
12-19 10:34:17.975 V/GraphicsEnvironment( 1258): ANGLE GameManagerService for com.android.inputmethod.latin: false
12-19 10:34:17.975 V/GraphicsEnvironment( 1258): Neither updatable production driver nor prerelease driver is supported.
12-19 10:34:17.975 D/NetworkSecurityConfig( 1258): No Network Security Config specified, using platform default
12-19 10:34:17.976 D/NetworkSecurityConfig( 1258): No Network Security Config specified, using platform default
12-19 10:34:17.985 E/DisplayDeviceConfig(  619): requesting nits when no mapping exists.
12-19 10:34:17.985 E/DisplayDeviceConfig(  619): requesting nits when no mapping exists.
12-19 10:34:17.988 W/bootstat( 1283): LogBootEvents, atomInfo not defined for events:last_boot_time_utc,build_date,boot_reason,ro.boottime.init.cold_boot_wait,time_since_last_boot,system_boot_reason
12-19 10:34:17.997 I/LatinIME( 1258): Hardware accelerated drawing: true
12-19 10:34:17.999 D/WindowTokenClient( 1258): Configuration not dispatch to IME because configuration is up to date. Current config={1.0 ?mcc?mnc [zh_CN] ldltr sw1080dp w1920dp h1000dp 160dpi xlrg long land -touch -keyb/v/h dpad/v winConfig={ mBounds=Rect(0, 0 - 1920, 1080) mAppBounds=Rect(0, 0 - 1920, 1024) mMaxBounds=Rect(0, 0 - 1920, 1080) mWindowingMode=fullscreen mDisplayWindowingMode=fullscreen mActivityType=undefined mAlwaysOnTop=undefined mRotation=ROTATION_0} as.2 s.10 fontWeightAdjustment=0}, reported config={1.0 ?mcc?mnc [zh_CN] ldltr sw1080dp w1920dp h1000dp 160dpi xlrg long land -touch -keyb/v/h dpad/v winConfig={ mBounds=Rect(0, 0 - 1920, 1080) mAppBounds=Rect(0, 0 - 1920, 1024) mMaxBounds=Rect(0, 0 - 1920, 1080) mWindowingMode=fullscreen mDisplayWindowingMode=fullscreen mActivityType=undefined mAlwaysOnTop=undefined mRotation=ROTATION_0} as.2 s.10 fontWeightAdjustment=0}, updated config={1.0 ?mcc?mnc [zh_CN] ldltr sw1080dp w1920dp h1000dp 160dpi xlrg long land -touch -keyb/v/h dpad/v winConfig={ mBounds=Rect(0, 0 - 1920, 1080) mAppBounds=Rect(0, 0 - 1920, 1024) mMaxBounds=Rect(0, 0 - 1920, 1080) mWindowingMode=fullscreen mDisplayWindowingMode=fullscreen mActivityType=undefined mAlwaysOnTop=undefined mRotation=ROTATION_0} as.2 s.10 fontWeightAdjustment=0}
12-19 10:34:18.000 V/PackageManager(  619): reconcileAppsData finished 108 packages
12-19 10:34:18.000 I/ActivityManager(  619): User 0 state changed from RUNNING_LOCKED to RUNNING_UNLOCKING
12-19 10:34:18.001 D/ActivityManager(  619): Unlocking user 0 progress 20
12-19 10:34:18.001 D/SystemServerTimingAsync(  619): ssm.UnlockingUser-0
12-19 10:34:18.001 I/SystemServiceManager(  619): Calling onUnlockingUser 0
12-19 10:34:18.001 D/SystemServerTimingAsync(  619): ssm.onUnlockingUser-0_com.android.server.security.FileIntegrityService
12-19 10:34:18.001 V/SystemServerTimingAsync(  619): ssm.onUnlockingUser-0_com.android.server.security.FileIntegrityService took to complete: 0ms
12-19 10:34:18.001 D/SystemServerTimingAsync(  619): ssm.onUnlockingUser-0_com.android.server.pm.Installer
12-19 10:34:18.001 V/SystemServerTimingAsync(  619): ssm.onUnlockingUser-0_com.android.server.pm.Installer took to complete: 0ms
12-19 10:34:18.001 D/SystemServerTimingAsync(  619): ssm.onUnlockingUser-0_com.android.server.os.DeviceIdentifiersPolicyService
12-19 10:34:18.001 V/SystemServerTimingAsync(  619): ssm.onUnlockingUser-0_com.android.server.os.DeviceIdentifiersPolicyService took to complete: 0ms
12-19 10:34:18.001 D/SystemServerTimingAsync(  619): ssm.onUnlockingUser-0_com.android.server.uri.UriGrantsManagerService$Lifecycle
12-19 10:34:18.001 V/SystemServerTimingAsync(  619): ssm.onUnlockingUser-0_com.android.server.uri.UriGrantsManagerService$Lifecycle took to complete: 0ms
12-19 10:34:18.001 D/SystemServerTimingAsync(  619): ssm.onUnlockingUser-0_com.android.server.powerstats.PowerStatsService
12-19 10:34:18.001 V/SystemServerTimingAsync(  619): ssm.onUnlockingUser-0_com.android.server.powerstats.PowerStatsService took to complete: 0ms
12-19 10:34:18.001 D/SystemServerTimingAsync(  619): ssm.onUnlockingUser-0_com.android.server.wm.ActivityTaskManagerService$Lifecycle
12-19 10:34:18.001 V/SystemServerTimingAsync(  619): ssm.onUnlockingUser-0_com.android.server.wm.ActivityTaskManagerService$Lifecycle took to complete: 0ms
12-19 10:34:18.001 D/SystemServerTimingAsync(  619): ssm.onUnlockingUser-0_com.android.server.am.ActivityManagerService$Lifecycle
12-19 10:34:18.001 V/SystemServerTimingAsync(  619): ssm.onUnlockingUser-0_com.android.server.am.ActivityManagerService$Lifecycle took to complete: 0ms
12-19 10:34:18.001 D/SystemServerTimingAsync(  619): ssm.onUnlockingUser-0_com.android.server.pm.DataLoaderManagerService
12-19 10:34:18.001 V/SystemServerTimingAsync(  619): ssm.onUnlockingUser-0_com.android.server.pm.DataLoaderManagerService took to complete: 0ms
12-19 10:34:18.001 D/SystemServerTimingAsync(  619): ssm.onUnlockingUser-0_com.android.server.power.PowerManagerService
12-19 10:34:18.001 V/SystemServerTimingAsync(  619): ssm.onUnlockingUser-0_com.android.server.power.PowerManagerService took to complete: 0ms
12-19 10:34:18.001 D/SystemServerTimingAsync(  619): ssm.onUnlockingUser-0_com.android.server.power.ThermalManagerService
12-19 10:34:18.001 V/SystemServerTimingAsync(  619): ssm.onUnlockingUser-0_com.android.server.power.ThermalManagerService took to complete: 0ms
12-19 10:34:18.001 D/SystemServerTimingAsync(  619): ssm.onUnlockingUser-0_com.android.server.power.hint.HintManagerService
12-19 10:34:18.001 V/SystemServerTimingAsync(  619): ssm.onUnlockingUser-0_com.android.server.power.hint.HintManagerService took to complete: 0ms
12-19 10:34:18.001 D/SystemServerTimingAsync(  619): ssm.onUnlockingUser-0_com.android.server.recoverysystem.RecoverySystemService$Lifecycle
12-19 10:34:18.001 V/SystemServerTimingAsync(  619): ssm.onUnlockingUser-0_com.android.server.recoverysystem.RecoverySystemService$Lifecycle took to complete: 0ms
12-19 10:34:18.001 D/SystemServerTimingAsync(  619): ssm.onUnlockingUser-0_com.android.server.lights.LightsService
12-19 10:34:18.001 V/SystemServerTimingAsync(  619): ssm.onUnlockingUser-0_com.android.server.lights.LightsService took to complete: 0ms
12-19 10:34:18.001 D/SystemServerTimingAsync(  619): ssm.onUnlockingUser-0_com.android.server.display.DisplayManagerService
12-19 10:34:18.001 V/SystemServerTimingAsync(  619): ssm.onUnlockingUser-0_com.android.server.display.DisplayManagerService took to complete: 0ms
12-19 10:34:18.001 D/SystemServerTimingAsync(  619): ssm.onUnlockingUser-0_com.android.server.pm.verify.domain.DomainVerificationService
12-19 10:34:18.001 V/SystemServerTimingAsync(  619): ssm.onUnlockingUser-0_com.android.server.pm.verify.domain.DomainVerificationService took to complete: 0ms
12-19 10:34:18.001 D/SystemServerTimingAsync(  619): ssm.onUnlockingUser-0_com.android.server.pm.PackageInstallerService$Lifecycle
12-19 10:34:18.001 V/SystemServerTimingAsync(  619): ssm.onUnlockingUser-0_com.android.server.pm.PackageInstallerService$Lifecycle took to complete: 0ms
12-19 10:34:18.001 D/SystemServerTimingAsync(  619): ssm.onUnlockingUser-0_com.android.server.pm.UserManagerService$LifeCycle
12-19 10:34:18.001 V/SystemServerTimingAsync(  619): ssm.onUnlockingUser-0_com.android.server.pm.UserManagerService$LifeCycle took to complete: 0ms
12-19 10:34:18.001 D/SystemServerTimingAsync(  619): ssm.onUnlockingUser-0_com.android.server.om.OverlayManagerService
12-19 10:34:18.001 V/SystemServerTimingAsync(  619): ssm.onUnlockingUser-0_com.android.server.om.OverlayManagerService took to complete: 0ms
12-19 10:34:18.001 D/SystemServerTimingAsync(  619): ssm.onUnlockingUser-0_com.android.server.SensorPrivacyService
12-19 10:34:18.001 V/SystemServerTimingAsync(  619): ssm.onUnlockingUser-0_com.android.server.SensorPrivacyService took to complete: 0ms
12-19 10:34:18.001 D/SystemServerTimingAsync(  619): ssm.onUnlockingUser-0_com.android.server.sensors.SensorService
12-19 10:34:18.001 V/SystemServerTimingAsync(  619): ssm.onUnlockingUser-0_com.android.server.sensors.SensorService took to complete: 0ms
12-19 10:34:18.001 D/SystemServerTimingAsync(  619): ssm.onUnlockingUser-0_com.android.server.SystemConfigService
12-19 10:34:18.001 V/SystemServerTimingAsync(  619): ssm.onUnlockingUser-0_com.android.server.SystemConfigService took to complete: 0ms
12-19 10:34:18.001 D/SystemServerTimingAsync(  619): ssm.onUnlockingUser-0_com.android.server.BatteryService
12-19 10:34:18.001 V/SystemServerTimingAsync(  619): ssm.onUnlockingUser-0_com.android.server.BatteryService took to complete: 0ms
12-19 10:34:18.001 D/SystemServerTimingAsync(  619): ssm.onUnlockingUser-0_com.android.server.usage.UsageStatsService
12-19 10:34:18.001 V/SystemServerTimingAsync(  619): ssm.onUnlockingUser-0_com.android.server.usage.UsageStatsService took to complete: 0ms
12-19 10:34:18.001 D/SystemServerTimingAsync(  619): ssm.onUnlockingUser-0_com.android.server.webkit.WebViewUpdateService
12-19 10:34:18.001 V/SystemServerTimingAsync(  619): ssm.onUnlockingUser-0_com.android.server.webkit.WebViewUpdateService took to complete: 0ms
12-19 10:34:18.001 D/SystemServerTimingAsync(  619): ssm.onUnlockingUser-0_com.android.server.CachedDeviceStateService
12-19 10:34:18.001 V/SystemServerTimingAsync(  619): ssm.onUnlockingUser-0_com.android.server.CachedDeviceStateService took to complete: 0ms
12-19 10:34:18.001 D/SystemServerTimingAsync(  619): ssm.onUnlockingUser-0_com.android.server.BinderCallsStatsService$LifeCycle
12-19 10:34:18.001 V/SystemServerTimingAsync(  619): ssm.onUnlockingUser-0_com.android.server.BinderCallsStatsService$LifeCycle took to complete: 1ms
12-19 10:34:18.001 D/SystemServerTimingAsync(  619): ssm.onUnlockingUser-0_com.android.server.LooperStatsService$Lifecycle
12-19 10:34:18.001 V/SystemServerTimingAsync(  619): ssm.onUnlockingUser-0_com.android.server.LooperStatsService$Lifecycle took to complete: 0ms
12-19 10:34:18.002 D/SystemServerTimingAsync(  619): ssm.onUnlockingUser-0_com.android.server.rollback.RollbackManagerService
12-19 10:34:18.002 V/SystemServerTimingAsync(  619): ssm.onUnlockingUser-0_com.android.server.rollback.RollbackManagerService took to complete: 0ms
12-19 10:34:18.002 D/SystemServerTimingAsync(  619): ssm.onUnlockingUser-0_com.android.server.os.NativeTombstoneManagerService
12-19 10:34:18.002 V/SystemServerTimingAsync(  619): ssm.onUnlockingUser-0_com.android.server.os.NativeTombstoneManagerService took to complete: 0ms
12-19 10:34:18.002 D/SystemServerTimingAsync(  619): ssm.onUnlockingUser-0_com.android.server.os.BugreportManagerService
12-19 10:34:18.002 V/SystemServerTimingAsync(  619): ssm.onUnlockingUser-0_com.android.server.os.BugreportManagerService took to complete: 0ms
12-19 10:34:18.002 D/SystemServerTimingAsync(  619): ssm.onUnlockingUser-0_com.android.server.gpu.GpuService
12-19 10:34:18.002 V/SystemServerTimingAsync(  619): ssm.onUnlockingUser-0_com.android.server.gpu.GpuService took to complete: 0ms
12-19 10:34:18.002 D/SystemServerTimingAsync(  619): ssm.onUnlockingUser-0_com.android.server.security.KeyChainSystemService
12-19 10:34:18.002 V/SystemServerTimingAsync(  619): ssm.onUnlockingUser-0_com.android.server.security.KeyChainSystemService took to complete: 0ms
12-19 10:34:18.002 D/SystemServerTimingAsync(  619): ssm.onUnlockingUser-0_com.android.server.telecom.TelecomLoaderService
12-19 10:34:18.002 V/SystemServerTimingAsync(  619): ssm.onUnlockingUser-0_com.android.server.telecom.TelecomLoaderService took to complete: 0ms
12-19 10:34:18.002 D/SystemServerTimingAsync(  619): ssm.onUnlockingUser-0_com.android.server.accounts.AccountManagerService$Lifecycle
12-19 10:34:18.002 V/SystemServerTimingAsync(  619): ssm.onUnlockingUser-0_com.android.server.accounts.AccountManagerService$Lifecycle took to complete: 0ms
12-19 10:34:18.002 D/SystemServerTimingAsync(  619): ssm.onUnlockingUser-0_com.android.server.content.ContentService$Lifecycle
12-19 10:34:18.003 V/SystemServerTimingAsync(  619): ssm.onUnlockingUser-0_com.android.server.content.ContentService$Lifecycle took to complete: 0ms
12-19 10:34:18.003 D/SystemServerTimingAsync(  619): ssm.onUnlockingUser-0_com.android.server.DropBoxManagerService
12-19 10:34:18.003 V/SystemServerTimingAsync(  619): ssm.onUnlockingUser-0_com.android.server.DropBoxManagerService took to complete: 0ms
12-19 10:34:18.003 D/SystemServerTimingAsync(  619): ssm.onUnlockingUser-0_com.android.role.RoleService
12-19 10:34:18.003 V/SystemServerTimingAsync(  619): ssm.onUnlockingUser-0_com.android.role.RoleService took to complete: 0ms
12-19 10:34:18.003 D/SystemServerTimingAsync(  619): ssm.onUnlockingUser-0_com.android.server.vibrator.VibratorManagerService$Lifecycle
12-19 10:34:18.003 V/SystemServerTimingAsync(  619): ssm.onUnlockingUser-0_com.android.server.vibrator.VibratorManagerService$Lifecycle took to complete: 0ms
