12-23 10:02:33.284 I/hwc-drm-two(  411): operator(),line=1664 Delete Background Skip Layer, id=21, z_order=0
12-23 10:02:33.288 D/AAudioStream( 2061): setState(s#1) from 3 to 4
12-23 10:02:33.299 I/hwc-drm-two(  411): operator(),line=1664 Delete Background Skip Layer, id=21, z_order=0
12-23 10:02:33.301 I/hwc-drm-two(  411): operator(),line=1664 Delete Background Skip Layer, id=21, z_order=0
12-23 10:02:33.305 W/FrameTracker(  807): Missed SF frame:2
12-23 10:02:33.305 W/FrameTracker(  807): Missed App frame:200
12-23 10:02:33.305 W/FrameTracker(  807): Missed App frame:200
12-23 10:02:33.305 V/PerfettoTrigger(  807): Not triggering com.android.telemetry.interaction-jank-monitor-39 - not enough time since last trigger
12-23 10:02:33.316 I/hwc-drm-two(  411): operator(),line=1664 Delete Background Skip Layer, id=21, z_order=0
12-23 10:02:33.318 I/hwc-drm-two(  411): operator(),line=1664 Delete Background Skip Layer, id=21, z_order=0
12-23 10:02:33.333 I/hwc-drm-two(  411): operator(),line=1664 Delete Background Skip Layer, id=21, z_order=0
12-23 10:02:33.335 I/hwc-drm-two(  411): operator(),line=1664 Delete Background Skip Layer, id=21, z_order=0
12-23 10:02:33.350 I/hwc-drm-two(  411): operator(),line=1664 Delete Background Skip Layer, id=21, z_order=0
12-23 10:02:33.352 I/hwc-drm-two(  411): operator(),line=1664 Delete Background Skip Layer, id=21, z_order=0
12-23 10:02:33.368 I/hwc-drm-two(  411): operator(),line=1664 Delete Background Skip Layer, id=21, z_order=0
12-23 10:02:33.368 E/CompositionEngine(  340): [bbq-wrapper#0] Invalid device requested composition type change: CURSOR (4) --> CURSOR (4)
12-23 10:02:33.368 I/hwc-drm-two(  411): operator(),line=1664 Delete Background Skip Layer, id=21, z_order=0
12-23 10:02:33.368 E/CompositionEngine(  340): [bbq-wrapper#0] Invalid device requested composition type change: CURSOR (4) --> CURSOR (4)
12-23 10:02:33.400 I/hwc-drm-two(  411): operator(),line=1664 Delete Background Skip Layer, id=21, z_order=0
12-23 10:02:33.400 I/hwc-drm-two(  411): operator(),line=1664 Delete Background Skip Layer, id=21, z_order=0
12-23 10:02:33.416 I/hwc-drm-two(  411): operator(),line=1664 Delete Background Skip Layer, id=21, z_order=0
12-23 10:02:33.417 I/hwc-drm-two(  411): operator(),line=1664 Delete Background Skip Layer, id=21, z_order=0
12-23 10:02:33.433 I/hwc-drm-two(  411): operator(),line=1664 Delete Background Skip Layer, id=21, z_order=0
12-23 10:02:33.433 I/hwc-drm-two(  411): operator(),line=1664 Delete Background Skip Layer, id=21, z_order=0
12-23 10:02:33.450 I/hwc-drm-two(  411): operator(),line=1664 Delete Background Skip Layer, id=21, z_order=0
12-23 10:02:33.450 I/hwc-drm-two(  411): operator(),line=1664 Delete Background Skip Layer, id=21, z_order=0
12-23 10:02:33.466 I/hwc-drm-two(  411): operator(),line=1664 Delete Background Skip Layer, id=21, z_order=0
12-23 10:02:33.467 I/hwc-drm-two(  411): operator(),line=1664 Delete Background Skip Layer, id=21, z_order=0
12-23 10:02:33.483 I/hwc-drm-two(  411): operator(),line=1664 Delete Background Skip Layer, id=21, z_order=0
12-23 10:02:33.483 I/hwc-drm-two(  411): operator(),line=1664 Delete Background Skip Layer, id=21, z_order=0
12-23 10:02:33.499 I/hwc-drm-two(  411): operator(),line=1664 Delete Background Skip Layer, id=21, z_order=0
12-23 10:02:33.499 I/hwc-drm-two(  411): operator(),line=1664 Delete Background Skip Layer, id=21, z_order=0
12-23 10:02:33.501 W/ServiceManager(  619): Permission failure: android.permission.HIGH_SAMPLING_RATE_SENSORS from uid=10075 pid=2061
12-23 10:02:33.501 W/ServiceManager(  619): Permission failure: android.permission.HIGH_SAMPLING_RATE_SENSORS from uid=10075 pid=2061
12-23 10:02:33.502 W/ServiceManager(  619): Permission failure: android.permission.HIGH_SAMPLING_RATE_SENSORS from uid=10075 pid=2061
12-23 10:02:33.503 I/SensorsHal(  416): set batch: handle = 0, period_ns = 200000000ns, timeout = 0ns
12-23 10:02:33.503 D/SensorsHal(  416): Couldn't open /dev/mma8452_daemon (No such file or directory)
12-23 10:02:33.503 I/SensorsHal(  416): MmaSensor update delay: 200ms
12-23 10:02:33.503 E/SensorsHal(  416): fail to perform GSENSOR_IOCTL_APP_SET_RATE, result = -1, error is 'Bad file descriptor'
12-23 10:02:33.503 E/SensorService(  619): sensor batch failed 0xb4000070a1444e40 0x00000000 200000000 0 err=Operation not permitted
12-23 10:02:33.517 I/hwc-drm-two(  411): operator(),line=1664 Delete Background Skip Layer, id=21, z_order=0
12-23 10:02:33.518 I/hwc-drm-two(  411): operator(),line=1664 Delete Background Skip Layer, id=21, z_order=0
12-23 10:02:33.533 I/hwc-drm-two(  411): operator(),line=1664 Delete Background Skip Layer, id=21, z_order=0
12-23 10:02:33.533 I/hwc-drm-two(  411): operator(),line=1664 Delete Background Skip Layer, id=21, z_order=0
12-23 10:02:33.549 I/hwc-drm-two(  411): operator(),line=1664 Delete Background Skip Layer, id=21, z_order=0
12-23 10:02:33.550 I/hwc-drm-two(  411): operator(),line=1664 Delete Background Skip Layer, id=21, z_order=0
12-23 10:02:33.566 I/hwc-drm-two(  411): operator(),line=1664 Delete Background Skip Layer, id=21, z_order=0
12-23 10:02:33.566 I/hwc-drm-two(  411): operator(),line=1664 Delete Background Skip Layer, id=21, z_order=0
12-23 10:02:33.583 I/hwc-drm-two(  411): operator(),line=1664 Delete Background Skip Layer, id=21, z_order=0
12-23 10:02:33.583 I/hwc-drm-two(  411): operator(),line=1664 Delete Background Skip Layer, id=21, z_order=0
12-23 10:02:33.599 I/hwc-drm-two(  411): operator(),line=1664 Delete Background Skip Layer, id=21, z_order=0
12-23 10:02:33.600 I/hwc-drm-two(  411): operator(),line=1664 Delete Background Skip Layer, id=21, z_order=0
12-23 10:02:33.616 I/hwc-drm-two(  411): operator(),line=1664 Delete Background Skip Layer, id=21, z_order=0
12-23 10:02:33.616 I/hwc-drm-two(  411): operator(),line=1664 Delete Background Skip Layer, id=21, z_order=0
12-23 10:02:33.633 I/hwc-drm-two(  411): operator(),line=1664 Delete Background Skip Layer, id=21, z_order=0
12-23 10:02:33.633 I/hwc-drm-two(  411): operator(),line=1664 Delete Background Skip Layer, id=21, z_order=0
12-23 10:02:33.649 I/hwc-drm-two(  411): operator(),line=1664 Delete Background Skip Layer, id=21, z_order=0
12-23 10:02:33.649 I/hwc-drm-two(  411): operator(),line=1664 Delete Background Skip Layer, id=21, z_order=0
12-23 10:02:33.666 I/hwc-drm-two(  411): operator(),line=1664 Delete Background Skip Layer, id=21, z_order=0
12-23 10:02:33.666 I/hwc-drm-two(  411): operator(),line=1664 Delete Background Skip Layer, id=21, z_order=0
12-23 10:02:33.682 I/hwc-drm-two(  411): operator(),line=1664 Delete Background Skip Layer, id=21, z_order=0
12-23 10:02:33.683 I/hwc-drm-two(  411): operator(),line=1664 Delete Background Skip Layer, id=21, z_order=0
12-23 10:02:33.699 I/hwc-drm-two(  411): operator(),line=1664 Delete Background Skip Layer, id=21, z_order=0
12-23 10:02:33.699 I/hwc-drm-two(  411): operator(),line=1664 Delete Background Skip Layer, id=21, z_order=0
12-23 10:02:33.716 I/hwc-drm-two(  411): operator(),line=1664 Delete Background Skip Layer, id=21, z_order=0
12-23 10:02:33.716 I/hwc-drm-two(  411): operator(),line=1664 Delete Background Skip Layer, id=21, z_order=0
12-23 10:02:33.732 I/hwc-drm-two(  411): operator(),line=1664 Delete Background Skip Layer, id=21, z_order=0
12-23 10:02:33.733 I/hwc-drm-two(  411): operator(),line=1664 Delete Background Skip Layer, id=21, z_order=0
12-23 10:02:33.749 I/hwc-drm-two(  411): operator(),line=1664 Delete Background Skip Layer, id=21, z_order=0
12-23 10:02:33.749 I/hwc-drm-two(  411): operator(),line=1664 Delete Background Skip Layer, id=21, z_order=0
12-23 10:02:33.766 I/hwc-drm-two(  411): operator(),line=1664 Delete Background Skip Layer, id=21, z_order=0
12-23 10:02:33.766 I/hwc-drm-two(  411): operator(),line=1664 Delete Background Skip Layer, id=21, z_order=0
12-23 10:02:33.782 I/hwc-drm-two(  411): operator(),line=1664 Delete Background Skip Layer, id=21, z_order=0
12-23 10:02:33.783 I/hwc-drm-two(  411): operator(),line=1664 Delete Background Skip Layer, id=21, z_order=0
12-23 10:02:33.799 I/hwc-drm-two(  411): operator(),line=1664 Delete Background Skip Layer, id=21, z_order=0
12-23 10:02:33.799 I/hwc-drm-two(  411): operator(),line=1664 Delete Background Skip Layer, id=21, z_order=0
12-23 10:02:33.816 I/hwc-drm-two(  411): operator(),line=1664 Delete Background Skip Layer, id=21, z_order=0
12-23 10:02:33.816 I/hwc-drm-two(  411): operator(),line=1664 Delete Background Skip Layer, id=21, z_order=0
12-23 10:02:33.832 I/hwc-drm-two(  411): operator(),line=1664 Delete Background Skip Layer, id=21, z_order=0
12-23 10:02:33.833 I/hwc-drm-two(  411): operator(),line=1664 Delete Background Skip Layer, id=21, z_order=0
12-23 10:02:33.849 I/hwc-drm-two(  411): operator(),line=1664 Delete Background Skip Layer, id=21, z_order=0
12-23 10:02:33.849 I/hwc-drm-two(  411): operator(),line=1664 Delete Background Skip Layer, id=21, z_order=0
12-23 10:02:33.866 I/hwc-drm-two(  411): operator(),line=1664 Delete Background Skip Layer, id=21, z_order=0
12-23 10:02:33.866 I/hwc-drm-two(  411): operator(),line=1664 Delete Background Skip Layer, id=21, z_order=0
12-23 10:02:33.875 I/com.msq.androi( 2061): alloc_format: FMT:0x4,MOD:0x10000
12-23 10:02:33.875 I/com.msq.androi( 2061): mali_gralloc_adjust_dimensions: alloc_format=FMT:0x4,MOD:0x10000 usage=0xb00 alloc_width=16, alloc_height=16
12-23 10:02:33.875 I/com.msq.androi( 2061): alloc_format: FMT:0x16,MOD:0
12-23 10:02:33.875 I/com.msq.androi( 2061): mali_gralloc_adjust_dimensions: alloc_format=FMT:0x16,MOD:0 usage=0xb00 alloc_width=1, alloc_height=1
12-23 10:02:33.875 I/com.msq.androi( 2061): alloc_format: FMT:0x2b,MOD:0x10000
12-23 10:02:33.875 I/com.msq.androi( 2061): mali_gralloc_adjust_dimensions: alloc_format=FMT:0x2b,MOD:0x10000 usage=0xb00 alloc_width=16, alloc_height=16
12-23 10:02:33.875 I/com.msq.androi( 2061): alloc_format: FMT:0x4,MOD:0x10000
12-23 10:02:33.875 I/com.msq.androi( 2061): mali_gralloc_adjust_dimensions: alloc_format=FMT:0x4,MOD:0x10000 usage=0xb00 alloc_width=16, alloc_height=16
12-23 10:02:33.875 I/com.msq.androi( 2061): alloc_format: FMT:0x16,MOD:0
12-23 10:02:33.875 I/com.msq.androi( 2061): mali_gralloc_adjust_dimensions: alloc_format=FMT:0x16,MOD:0 usage=0xb00 alloc_width=1, alloc_height=1
12-23 10:02:33.875 I/com.msq.androi( 2061): alloc_format: FMT:0x2b,MOD:0x10000
12-23 10:02:33.875 I/com.msq.androi( 2061): mali_gralloc_adjust_dimensions: alloc_format=FMT:0x2b,MOD:0x10000 usage=0xb00 alloc_width=16, alloc_height=16
12-23 10:02:33.875 I/android.hardware.graphics.allocator@4.0-service(  407): alloc_format: FMT:0x1,MOD:0x10000
12-23 10:02:33.875 I/android.hardware.graphics.allocator@4.0-service(  407): mali_gralloc_adjust_dimensions: alloc_format=FMT:0x1,MOD:0x10000 usage=0xb00 alloc_width=1920, alloc_height=1088
12-23 10:02:33.876 D/android.hardware.graphics.allocator@4.0-service(  407): got new private_handle_t instance for buffer 'SurfaceView[com.msq.android/com.unity3d.player.UnityPlayerActivity]#1(BLAST Consumer)1'. share_fd : 10, share_attr_fd : 11, width : 1920, height : 1080, req_format : 0x1, producer_usage : 0xb00, consumer_usage : 0xb00, , stride : 0, alloc_format : 1, size : 8486912, layer_count : 1
12-23 10:02:33.876 D/android.hardware.graphics.allocator@4.0-service(  407): plane_info[0]: offset : 0, byte_stride : 7680, alloc_width : 1920, alloc_height : 1088
12-23 10:02:33.876 D/android.hardware.graphics.allocator@4.0-service(  407): plane_info[1]: offset : 0, byte_stride : 0, alloc_width : 0, alloc_height : 0
12-23 10:02:33.876 I/android.hardware.graphics.allocator@4.0-service(  407): alloc_format: FMT:0x1,MOD:0x10000
12-23 10:02:33.876 I/android.hardware.graphics.allocator@4.0-service(  407): mali_gralloc_adjust_dimensions: alloc_format=FMT:0x1,MOD:0x10000 usage=0xb00 alloc_width=1920, alloc_height=1088
12-23 10:02:33.877 D/android.hardware.graphics.allocator@4.0-service(  407): got new private_handle_t instance for buffer 'SurfaceView[com.msq.android/com.unity3d.player.UnityPlayerActivity]#1(BLAST Consumer)1'. share_fd : 10, share_attr_fd : 11, width : 1920, height : 1080, req_format : 0x1, producer_usage : 0xb00, consumer_usage : 0xb00, , stride : 0, alloc_format : 1, size : 8486912, layer_count : 1
12-23 10:02:33.877 D/android.hardware.graphics.allocator@4.0-service(  407): plane_info[0]: offset : 0, byte_stride : 7680, alloc_width : 1920, alloc_height : 1088
12-23 10:02:33.877 D/android.hardware.graphics.allocator@4.0-service(  407): plane_info[1]: offset : 0, byte_stride : 0, alloc_width : 0, alloc_height : 0
12-23 10:02:33.877 I/android.hardware.graphics.allocator@4.0-service(  407): alloc_format: FMT:0x1,MOD:0x10000
12-23 10:02:33.877 I/android.hardware.graphics.allocator@4.0-service(  407): mali_gralloc_adjust_dimensions: alloc_format=FMT:0x1,MOD:0x10000 usage=0xb00 alloc_width=1920, alloc_height=1088
12-23 10:02:33.877 D/android.hardware.graphics.allocator@4.0-service(  407): got new private_handle_t instance for buffer 'SurfaceView[com.msq.android/com.unity3d.player.UnityPlayerActivity]#1(BLAST Consumer)1'. share_fd : 10, share_attr_fd : 11, width : 1920, height : 1080, req_format : 0x1, producer_usage : 0xb00, consumer_usage : 0xb00, , stride : 0, alloc_format : 1, size : 8486912, layer_count : 1
12-23 10:02:33.877 D/android.hardware.graphics.allocator@4.0-service(  407): plane_info[0]: offset : 0, byte_stride : 7680, alloc_width : 1920, alloc_height : 1088
12-23 10:02:33.877 D/android.hardware.graphics.allocator@4.0-service(  407): plane_info[1]: offset : 0, byte_stride : 0, alloc_width : 0, alloc_height : 0
12-23 10:02:33.879 V/SwappyVk( 2061): SwappyVk initialized for VkDevice 0xb400007261397ba0 using VK_GOOGLE_display_timing on Android
12-23 10:02:33.879 I/SwappyVk( 2061): Returning refresh duration of 16666666 nsec (approx 60.000002 Hz)
12-23 10:02:33.882 D/AAudio  ( 2061): AAudioStream_requestStop(s#1) called
12-23 10:02:33.882 D/AAudioStream( 2061): setState(s#1) from 4 to 9
12-23 10:02:33.882 D/AudioTrack( 2061): stop(15): called with 32640 frames delivered
12-23 10:02:33.882 D/AAudioStream( 2061): setState(s#1) from 9 to 10
12-23 10:02:33.882 D/AAudio  ( 2061): AAudioStream_close(s#1) called ---------------
12-23 10:02:33.882 D/AAudioStream( 2061): setState(s#1) from 10 to 11
12-23 10:02:33.883 D/AAudioStream( 2061): setState(s#1) from 11 to 12
12-23 10:02:33.883 D/AAudioStream( 2061): ~AudioStream(s#1) mPlayerBase strongCount = 2
12-23 10:02:33.883 D/AAudio  ( 2061): AAudioStream_close(s#1) returned 0 ---------
12-23 10:02:33.883 I/hwc-drm-two(  411): operator(),line=1664 Delete Background Skip Layer, id=21, z_order=0
12-23 10:02:33.883 I/hwc-drm-two(  411): operator(),line=1664 Delete Background Skip Layer, id=21, z_order=0
12-23 10:02:33.884 I/AAudio  ( 2061): AAudioStreamBuilder_openStream() called ----------------------------------------
12-23 10:02:33.884 I/AudioStreamBuilder( 2061): rate   =  48000, channels  = 2, channelMask = 0x80000003, format   = 5, sharing = SH, dir = OUTPUT
12-23 10:02:33.884 I/AudioStreamBuilder( 2061): device =      0, sessionId = -1, perfMode = 12, callback: ON with frames = 0
12-23 10:02:33.884 I/AudioStreamBuilder( 2061): usage  =      0, contentType = 0, inputPreset = 0, allowedCapturePolicy = 0
12-23 10:02:33.884 I/AudioStreamBuilder( 2061): privacy sensitive = false
12-23 10:02:33.884 I/AudioStreamBuilder( 2061): opPackageName = (null)
12-23 10:02:33.884 I/AudioStreamBuilder( 2061): attributionTag = (null)
12-23 10:02:33.884 D/com.msq.androi( 2061): PlayerBase::PlayerBase()
12-23 10:02:33.885 D/AudioStreamTrack( 2061): open(), request notificationFrames = -8, frameCount = 0
12-23 10:02:33.885 D/RKMultiAudio( 2061): multiaudio_A 34 sessionid:0
12-23 10:02:33.885 D/AudioTrack( 2061): flags: 0x104
12-23 10:02:33.885 W/AudioFlinger(  428): createTrack_l(): mismatch between requested flags (00000104) and output flags (00000006)
12-23 10:02:33.885 D/AudioFlinger(  428): Client defaulted notificationFrames to 480 for frameCount 3840
12-23 10:02:33.886 D/AF::TrackHandle(  428): OpPlayAudio: track:59 usage:1 not muted
12-23 10:02:33.887 I/AudioTrack( 2061): createTrack_l(15): AUDIO_OUTPUT_FLAG_FAST successful; frameCount 0 -> 3840
12-23 10:02:33.887 D/RKMultiAudio( 2061): multiaudio_B 64
12-23 10:02:33.887 D/AAudioStream( 2061): setState(s#2) from 0 to 2
12-23 10:02:33.887 D/AudioStreamTrack( 2061): open() flags changed from 0x00000104 to 0x00000004
12-23 10:02:33.887 I/AAudio  ( 2061): AAudioStreamBuilder_openStream() returns 0 = AAUDIO_OK for s#2 ----------------
12-23 10:02:33.887 D/AAudio  ( 2061): AAudioStream_requestStart(s#2) called --------------
12-23 10:02:33.887 D/AAudioStream( 2061): setState(s#2) from 2 to 3
12-23 10:02:33.888 D/AAudio  ( 2061): AAudioStream_requestStart(s#2) returned 0 ---------
12-23 10:02:33.888 D/MediaRouter( 2061): onRestoreRoute() : route=RouteInfo{ name=耳机, description=null, status=null, category=RouteCategory{ name=系统 types=ROUTE_TYPE_LIVE_AUDIO ROUTE_TYPE_LIVE_VIDEO  groupable=false }, supportedTypes=ROUTE_TYPE_LIVE_AUDIO ROUTE_TYPE_LIVE_VIDEO , presentationDisplay=Display id 2: DisplayInfo{"HDMI 屏幕", displayId 2", displayGroupId 0, FLAG_SECURE, FLAG_SUPPORTS_PROTECTED_BUFFERS, FLAG_PRESENTATION, FLAG_TRUSTED, real 1920 x 1080, largest app 1920 x 1920, smallest app 1080 x 1080, appVsyncOff 1000000, presDeadline 16666666, mode 2, defaultMode 2, modes [{id=2, width=1920, height=1080, fps=60.000004, alternativeRefreshRates=[]}], hdrCapabilities HdrCapabilities{mSupportedHdrTypes=[], mMaxLuminance=500.0, mMaxAverageLuminance=500.0, mMinLuminance=0.0}, userDisabledHdrTypes [], minimalPostProcessingSupported false, rotation 0, state ON, uniqueId "local:1", address {port=1}}, DisplayMetrics{density=1.5, width=1920, height=1080, scaledDensity=1.5, xdpi=101.6, ydpi=105.507}, isValid=true }
12-23 10:02:33.888 V/MediaRouter( 2061): Selecting route: RouteInfo{ name=耳机, description=null, status=null, category=RouteCategory{ name=系统 types=ROUTE_TYPE_LIVE_AUDIO ROUTE_TYPE_LIVE_VIDEO  groupable=false }, supportedTypes=ROUTE_TYPE_LIVE_AUDIO ROUTE_TYPE_LIVE_VIDEO , presentationDisplay=Display id 2: DisplayInfo{"HDMI 屏幕", displayId 2", displayGroupId 0, FLAG_SECURE, FLAG_SUPPORTS_PROTECTED_BUFFERS, FLAG_PRESENTATION, FLAG_TRUSTED, real 1920 x 1080, largest app 1920 x 1920, smallest app 1080 x 1080, appVsyncOff 1000000, presDeadline 16666666, mode 2, defaultMode 2, modes [{id=2, width=1920, height=1080, fps=60.000004, alternativeRefreshRates=[]}], hdrCapabilities HdrCapabilities{mSupportedHdrTypes=[], mMaxLuminance=500.0, mMaxAverageLuminance=500.0, mMinLuminance=0.0}, userDisabledHdrTypes [], minimalPostProcessingSupported false, rotation 0, state ON, uniqueId "local:1", address {port=1}}, DisplayMetrics{density=1.5, width=1920, height=1080, scaledDensity=1.5, xdpi=101.6, ydpi=105.507}, isValid=true }
12-23 10:02:33.900 D/AudioStreamLegacy( 2061): onAudioDeviceUpdate(deviceId = 2)
12-23 10:02:33.918 D/AAudioStream( 2061): setState(s#2) from 3 to 4
12-23 10:02:33.951 I/sh      ( 2132): type=1400 audit(0.0:277): avc: denied { write } for name="lsusb.txt" dev="mmcblk1p16" ino=2031618 scontext=u:r:rild:s0 tcontext=u:object_r:system_data_file:s0 tclass=file permissive=1
12-23 10:02:33.951 I/sh      ( 2132): type=1400 audit(0.0:278): avc: denied { open } for path="/data/camera/lsusb.txt" dev="mmcblk1p16" ino=2031618 scontext=u:r:rild:s0 tcontext=u:object_r:system_data_file:s0 tclass=file permissive=1
12-23 10:02:33.951 I/sh      ( 2133): type=1400 audit(0.0:279): avc: denied { execute_no_trans } for path="/vendor/bin/toybox_vendor" dev="dm-2" ino=231 scontext=u:r:rild:s0 tcontext=u:object_r:vendor_toolbox_exec:s0 tclass=file permissive=1
12-23 10:02:33.964 I/rild    (  500): type=1400 audit(0.0:280): avc: denied { read } for name="lsusb.txt" dev="mmcblk1p16" ino=2031618 scontext=u:r:rild:s0 tcontext=u:object_r:system_data_file:s0 tclass=file permissive=1
12-23 10:02:33.964 I/rild    (  500): type=1400 audit(0.0:281): avc: denied { getattr } for path="/data/camera/lsusb.txt" dev="mmcblk1p16" ino=2031618 scontext=u:r:rild:s0 tcontext=u:object_r:system_data_file:s0 tclass=file permissive=1
12-23 10:02:33.984 I/android.hardware.graphics.allocator@4.0-service(  407): alloc_format: FMT:0x1,MOD:0x10000
12-23 10:02:33.984 I/android.hardware.graphics.allocator@4.0-service(  407): mali_gralloc_adjust_dimensions: alloc_format=FMT:0x1,MOD:0x10000 usage=0x1a00 alloc_width=1920, alloc_height=1088
12-23 10:02:33.984 D/android.hardware.graphics.allocator@4.0-service(  407): got new private_handle_t instance for buffer 'FramebufferSurface'. share_fd : 10, share_attr_fd : 11, width : 1920, height : 1080, req_format : 0x1, producer_usage : 0x1a00, consumer_usage : 0x1a00, , stride : 0, alloc_format : 1, size : 8486912, layer_count : 1
12-23 10:02:33.984 D/android.hardware.graphics.allocator@4.0-service(  407): plane_info[0]: offset : 0, byte_stride : 7680, alloc_width : 1920, alloc_height : 1088
12-23 10:02:33.984 D/android.hardware.graphics.allocator@4.0-service(  407): plane_info[1]: offset : 0, byte_stride : 0, alloc_width : 0, alloc_height : 0
12-23 10:02:33.987 I/android.hardware.graphics.allocator@4.0-service(  407): alloc_format: FMT:0x1,MOD:0x10000
12-23 10:02:33.987 I/android.hardware.graphics.allocator@4.0-service(  407): mali_gralloc_adjust_dimensions: alloc_format=FMT:0x1,MOD:0x10000 usage=0x1a00 alloc_width=1920, alloc_height=1088
12-23 10:02:33.988 D/android.hardware.graphics.allocator@4.0-service(  407): got new private_handle_t instance for buffer 'FramebufferSurface'. share_fd : 10, share_attr_fd : 11, width : 1920, height : 1080, req_format : 0x1, producer_usage : 0x1a00, consumer_usage : 0x1a00, , stride : 0, alloc_format : 1, size : 8486912, layer_count : 1
12-23 10:02:33.988 D/android.hardware.graphics.allocator@4.0-service(  407): plane_info[0]: offset : 0, byte_stride : 7680, alloc_width : 1920, alloc_height : 1088
12-23 10:02:33.988 D/android.hardware.graphics.allocator@4.0-service(  407): plane_info[1]: offset : 0, byte_stride : 0, alloc_width : 0, alloc_height : 0
12-23 10:02:34.017 I/android.hardware.graphics.allocator@4.0-service(  407): alloc_format: FMT:0x1,MOD:0x10000
12-23 10:02:34.017 I/android.hardware.graphics.allocator@4.0-service(  407): mali_gralloc_adjust_dimensions: alloc_format=FMT:0x1,MOD:0x10000 usage=0x1a00 alloc_width=1920, alloc_height=1088
12-23 10:02:34.018 D/android.hardware.graphics.allocator@4.0-service(  407): got new private_handle_t instance for buffer 'FramebufferSurface'. share_fd : 10, share_attr_fd : 11, width : 1920, height : 1080, req_format : 0x1, producer_usage : 0x1a00, consumer_usage : 0x1a00, , stride : 0, alloc_format : 1, size : 8486912, layer_count : 1
12-23 10:02:34.018 D/android.hardware.graphics.allocator@4.0-service(  407): plane_info[0]: offset : 0, byte_stride : 7680, alloc_width : 1920, alloc_height : 1088
12-23 10:02:34.018 D/android.hardware.graphics.allocator@4.0-service(  407): plane_info[1]: offset : 0, byte_stride : 0, alloc_width : 0, alloc_height : 0
12-23 10:02:34.022 I/android.hardware.graphics.allocator@4.0-service(  407): alloc_format: FMT:0x1,MOD:0x10000
12-23 10:02:34.022 I/android.hardware.graphics.allocator@4.0-service(  407): mali_gralloc_adjust_dimensions: alloc_format=FMT:0x1,MOD:0x10000 usage=0x1a00 alloc_width=1920, alloc_height=1088
12-23 10:02:34.023 D/android.hardware.graphics.allocator@4.0-service(  407): got new private_handle_t instance for buffer 'FramebufferSurface'. share_fd : 10, share_attr_fd : 11, width : 1920, height : 1080, req_format : 0x1, producer_usage : 0x1a00, consumer_usage : 0x1a00, , stride : 0, alloc_format : 1, size : 8486912, layer_count : 1
12-23 10:02:34.023 D/android.hardware.graphics.allocator@4.0-service(  407): plane_info[0]: offset : 0, byte_stride : 7680, alloc_width : 1920, alloc_height : 1088
12-23 10:02:34.023 D/android.hardware.graphics.allocator@4.0-service(  407): plane_info[1]: offset : 0, byte_stride : 0, alloc_width : 0, alloc_height : 0
12-23 10:02:34.031 I/ActivityTaskManager(  619): Fully drawn com.msq.android/com.unity3d.player.UnityPlayerActivity: +1s441ms
12-23 10:02:34.033 I/android.hardware.graphics.allocator@4.0-service(  407): alloc_format: FMT:0x1,MOD:0
12-23 10:02:34.033 I/android.hardware.graphics.allocator@4.0-service(  407): mali_gralloc_adjust_dimensions: alloc_format=FMT:0x1,MOD:0 usage=0x933 alloc_width=1920, alloc_height=1080
12-23 10:02:34.033 D/android.hardware.graphics.allocator@4.0-service(  407): got new private_handle_t instance for buffer 'ViewRootImpl[UnityPlayerActivity]#0(BLAST Consumer)0'. share_fd : 10, share_attr_fd : 11, width : 1920, height : 1080, req_format : 0x1, producer_usage : 0x933, consumer_usage : 0x933, , stride : 1920, alloc_format : 1, size : 8294400, layer_count : 1
12-23 10:02:34.033 D/android.hardware.graphics.allocator@4.0-service(  407): plane_info[0]: offset : 0, byte_stride : 7680, alloc_width : 1920, alloc_height : 1080
12-23 10:02:34.033 D/android.hardware.graphics.allocator@4.0-service(  407): plane_info[1]: offset : 0, byte_stride : 0, alloc_width : 0, alloc_height : 0
12-23 10:02:34.052 E/CompositionEngine(  340): [bbq-wrapper#0] Invalid device requested composition type change: CURSOR (4) --> CURSOR (4)
12-23 10:02:34.054 E/CompositionEngine(  340): [bbq-wrapper#0] Invalid device requested composition type change: CURSOR (4) --> CURSOR (4)
12-23 10:02:34.611 W/System  ( 1511): A resource failed to call close. 
12-23 10:02:34.612 W/System  ( 1511): A resource failed to call close. 
12-23 10:02:35.577 D/SyncTime( 1511): 获取异常耗时：5秒----time.google.com/216.239.35.4
12-23 10:02:35.577 D/SyncTime( 1511): 5045----isShow
12-23 10:02:35.578 D/resolv  (  389): GetAddrInfoHandler::run: {100 786532 100 983140 1000 0}
12-23 10:02:35.578 D/resolv  (  389): resolv_getaddrinfo: explore_fqdn(): ai_family=0 ai_socktype=1 ai_protocol=6
12-23 10:02:35.580 D/resolv  (  389): doQuery: (1, 1)
12-23 10:02:35.580 D/resolv  (  389): res_nmkquery: (QUERY, IN, A)
12-23 10:02:35.580 D/resolv  (  389): res_nsend
12-23 10:02:35.580 I/resolv  (  389): resolv_cache_lookup: lookup
12-23 10:02:35.581 I/resolv  (  389): resolv_cache_lookup: FOUND IN CACHE entry=0xb4000076dd8c3450
12-23 10:02:35.581 D/resolv  (  389): doQuery: rcode=0, ancount=4
12-23 10:02:35.582 I/ResolverController(  389): No valid NAT64 prefix (100, <unspecified>/0)
12-23 10:02:35.594 D/SyncTime( 1511): 获取时间成功耗时：10毫秒 获取的网络时间戳：1766455355597 时间日期：2025-12-23 10:02:35----time.apple.com/17.253.84.125
12-23 10:02:35.596 D/resolv  (  389): GetAddrInfoHandler::run: {100 786532 100 983140 1000 0}
12-23 10:02:35.596 D/resolv  (  389): resolv_getaddrinfo: explore_fqdn(): ai_family=0 ai_socktype=1 ai_protocol=6
12-23 10:02:35.598 D/resolv  (  389): doQuery: (1, 1)
12-23 10:02:35.598 D/resolv  (  389): res_nmkquery: (QUERY, IN, A)
12-23 10:02:35.598 D/resolv  (  389): res_nsend
12-23 10:02:35.598 I/resolv  (  389): resolv_cache_lookup: lookup
12-23 10:02:35.598 I/resolv  (  389): resolv_cache_lookup: FOUND IN CACHE entry=0xb4000076bd8c2a50
12-23 10:02:35.598 D/resolv  (  389): doQuery: rcode=0, ancount=1
12-23 10:02:35.598 I/ResolverController(  389): No valid NAT64 prefix (100, <unspecified>/0)
12-23 10:02:35.621 E/TaskPersister(  619): File error accessing recents directory (directory doesn't exist?).
12-23 10:02:35.656 I/DropBoxManagerService(  619): add tag=system_app_strictmode isTagEnabled=true flags=0x2
12-23 10:02:36.109 I/IL2CPP  ( 2061): Locale zh-CN
12-23 10:02:37.383 I/Tuanjie ( 2061): data/植物馆
12-23 10:02:37.383 I/Tuanjie ( 2061): animal.Router:to(String)
12-23 10:02:37.383 I/Tuanjie ( 2061): UnityEngine.Events.UnityEvent`1:Invoke(T0)
12-23 10:02:37.383 I/Tuanjie ( 2061): UnityEngine.EventSystems.EventTrigger:Execute(EventTriggerType, BaseEventData)
12-23 10:02:37.383 I/Tuanjie ( 2061): UnityEngine.EventSystems.ExecuteEvents:Execute(GameObject, BaseEventData, EventFunction`1)
12-23 10:02:37.383 I/Tuanjie ( 2061): UnityEngine.EventSystems.StandaloneInputModule:ReleaseMouse(PointerEventData, GameObject)
12-23 10:02:37.383 I/Tuanjie ( 2061): UnityEngine.EventSystems.StandaloneInputModule:ProcessMouseEvent(Int32)
12-23 10:02:37.383 I/Tuanjie ( 2061): UnityEngine.EventSystems.StandaloneInputModule:Process()
12-23 10:02:37.383 I/Tuanjie ( 2061): 
12-23 10:02:37.661 D/RKUpdateService( 1535): request remote server error...
12-23 10:02:38.195 D/CompatibilityChangeReporter(  619): Compat change id reported: 168419799; UID 10072; state: DISABLED
12-23 10:02:40.633 D/SyncTime( 1511): 获取异常耗时：5秒----time.facebook.com/148.163.48.215
12-23 10:02:40.633 D/SyncTime( 1511): 5039----isShow
12-23 10:02:40.634 D/SyncTime( 1511): 开始对比时间戳-creat：5039
12-23 10:02:40.635 D/SyncTime( 1511): 设置时间到系统：2025-12-23 10:02:40时间戳：1766455360636 timeOut：5039
12-23 10:02:40.637 D/AlarmManagerService(  619): Setting time of day to sec=1766455360
01-01 20:00:43.079 W/ztl hym8563_rtc_alarm_irq_enable(  196): 163 , enabled 0  clean AF TF
01-01 20:00:43.081 W/        (  196): ztl hym8563_rtc_alarm_irq_enable end(197):ret 0
12-23 10:02:42.665 I/DropBoxManagerService(  619): add tag=system_app_strictmode isTagEnabled=true flags=0x2
12-23 10:02:44.247 I/android.hardware.graphics.allocator@4.0-service(  407): alloc_format: FMT:0x1,MOD:0x10000
12-23 10:02:44.247 I/android.hardware.graphics.allocator@4.0-service(  407): mali_gralloc_adjust_dimensions: alloc_format=FMT:0x1,MOD:0x10000 usage=0x1a00 alloc_width=1920, alloc_height=1088
12-23 10:02:44.248 D/android.hardware.graphics.allocator@4.0-service(  407): got new private_handle_t instance for buffer 'FramebufferSurface'. share_fd : 10, share_attr_fd : 11, width : 1920, height : 1080, req_format : 0x1, producer_usage : 0x1a00, consumer_usage : 0x1a00, , stride : 0, alloc_format : 1, size : 8486912, layer_count : 1
12-23 10:02:44.248 D/android.hardware.graphics.allocator@4.0-service(  407): plane_info[0]: offset : 0, byte_stride : 7680, alloc_width : 1920, alloc_height : 1088
12-23 10:02:44.248 D/android.hardware.graphics.allocator@4.0-service(  407): plane_info[1]: offset : 0, byte_stride : 0, alloc_width : 0, alloc_height : 0
12-23 10:02:44.703 D/RKUpdateService( 1535): request remote server error...
12-23 10:02:44.748 E/CompositionEngine(  340): [SurfaceView[com.msq.android/com.unity3d.player.UnityPlayerActivity](BLAST)#0] Invalid device requested composition type change: DEVICE (2) --> DEVICE (2)
12-23 10:02:44.748 E/CompositionEngine(  340): [bbq-wrapper#0] Invalid device requested composition type change: CURSOR (4) --> CURSOR (4)
12-23 10:02:45.264 W/HwcComposer(  340): command 0x3000000 generated error 3
12-23 10:02:45.264 W/HwcComposer(  340): command 0x3000000 generated error 3
12-23 10:02:50.298 E/CompositionEngine(  340): [SurfaceView[com.msq.android/com.unity3d.player.UnityPlayerActivity](BLAST)#0] Invalid device requested composition type change: DEVICE (2) --> DEVICE (2)
12-23 10:02:51.276 E/ServerInterface( 1712): Server timed out
12-23 10:02:51.276 E/ServerInterface( 1712): java.net.SocketTimeoutException: failed to connect to remoteprovisioning.googleapis.com/142.251.34.202 (port 443) from /192.168.0.73 (port 59618) after 5000ms
12-23 10:02:51.276 E/ServerInterface( 1712): 	at libcore.io.IoBridge.connectErrno(IoBridge.java:236)
12-23 10:02:51.276 E/ServerInterface( 1712): 	at libcore.io.IoBridge.connect(IoBridge.java:180)
12-23 10:02:51.276 E/ServerInterface( 1712): 	at java.net.PlainSocketImpl.socketConnect(PlainSocketImpl.java:142)
12-23 10:02:51.276 E/ServerInterface( 1712): 	at java.net.AbstractPlainSocketImpl.doConnect(AbstractPlainSocketImpl.java:390)
12-23 10:02:51.276 E/ServerInterface( 1712): 	at java.net.AbstractPlainSocketImpl.connectToAddress(AbstractPlainSocketImpl.java:230)
12-23 10:02:51.276 E/ServerInterface( 1712): 	at java.net.AbstractPlainSocketImpl.connect(AbstractPlainSocketImpl.java:212)
12-23 10:02:51.276 E/ServerInterface( 1712): 	at java.net.SocksSocketImpl.connect(SocksSocketImpl.java:436)
12-23 10:02:51.276 E/ServerInterface( 1712): 	at java.net.Socket.connect(Socket.java:621)
12-23 10:02:51.276 E/ServerInterface( 1712): 	at com.android.okhttp.internal.Platform.connectSocket(Platform.java:182)
12-23 10:02:51.276 E/ServerInterface( 1712): 	at com.android.okhttp.internal.io.RealConnection.connectSocket(RealConnection.java:145)
12-23 10:02:51.276 E/ServerInterface( 1712): 	at com.android.okhttp.internal.io.RealConnection.connect(RealConnection.java:116)
12-23 10:02:51.276 E/ServerInterface( 1712): 	at com.android.okhttp.internal.http.StreamAllocation.findConnection(StreamAllocation.java:186)
12-23 10:02:51.276 E/ServerInterface( 1712): 	at com.android.okhttp.internal.http.StreamAllocation.findHealthyConnection(StreamAllocation.java:128)
12-23 10:02:51.276 E/ServerInterface( 1712): 	at com.android.okhttp.internal.http.StreamAllocation.newStream(StreamAllocation.java:97)
12-23 10:02:51.276 E/ServerInterface( 1712): 	at com.android.okhttp.internal.http.HttpEngine.connect(HttpEngine.java:289)
12-23 10:02:51.276 E/ServerInterface( 1712): 	at com.android.okhttp.internal.http.HttpEngine.sendRequest(HttpEngine.java:232)
12-23 10:02:51.276 E/ServerInterface( 1712): 	at com.android.okhttp.internal.huc.HttpURLConnectionImpl.execute(HttpURLConnectionImpl.java:465)
12-23 10:02:51.276 E/ServerInterface( 1712): 	at com.android.okhttp.internal.huc.HttpURLConnectionImpl.connect(HttpURLConnectionImpl.java:131)
12-23 10:02:51.276 E/ServerInterface( 1712): 	at com.android.okhttp.internal.huc.HttpURLConnectionImpl.getOutputStream(HttpURLConnectionImpl.java:262)
12-23 10:02:51.276 E/ServerInterface( 1712): 	at com.android.okhttp.internal.huc.DelegatingHttpsURLConnection.getOutputStream(DelegatingHttpsURLConnection.java:219)
12-23 10:02:51.276 E/ServerInterface( 1712): 	at com.android.okhttp.internal.huc.HttpsURLConnectionImpl.getOutputStream(HttpsURLConnectionImpl.java:30)
12-23 10:02:51.276 E/ServerInterface( 1712): 	at com.android.remoteprovisioner.ServerInterface.fetchGeek(ServerInterface.java:120)
12-23 10:02:51.276 E/ServerInterface( 1712): 	at com.android.remoteprovisioner.PeriodicProvisioner$ProvisionerThread.run(PeriodicProvisioner.java:136)
12-23 10:02:51.276 E/RemoteProvisioningService( 1712): Failed to get a response from the server.
12-23 10:02:52.115 D/CompatibilityChangeReporter(  619): Compat change id reported: 168419799; UID 10018; state: DISABLED
12-23 10:02:52.117 D/EpgDataCleanupService( 1691): Received intent: Intent { act=com.android.providers.tv.intent.CLEAN_UP_EPG_DATA cmp=com.android.providers.tv/.EpgDataCleanupService }
12-23 10:02:52.121 I/ActivityManager(  619): Killing 1365:com.android.keychain/1000 (adj 975): empty #17
12-23 10:02:52.127 I/libprocessgroup(  619): Successfully killed process cgroup uid 1000 pid 1365 in 5ms
12-23 10:02:52.134 I/Zygote  (  390): Process 1365 exited due to signal 9 (Killed)
12-23 10:02:52.135 I/ActivityManager(  619): Killing 1575:com.android.dynsystem/1000 (adj 985): empty #17
12-23 10:02:52.135 I/ActivityManager(  619): Killing 1389:android.process.acore/u0a14 (adj 995): empty #18
12-23 10:02:52.135 I/ActivityManager(  619): Killing 1554:com.android.camera2/u0a48 (adj 995): empty #19
12-23 10:02:52.137 I/libprocessgroup(  619): Successfully killed process cgroup uid 1000 pid 1575 in 0ms
12-23 10:02:52.141 I/netd    (  389): trafficSwapActiveStatsMap() <23.96ms>
12-23 10:02:52.143 I/netd    (  389): tetherGetStats() -> {[]} <0.77ms>
12-23 10:02:52.144 I/netd    (  389): bandwidthSetGlobalAlert(2097152) <0.27ms>
12-23 10:02:52.148 D/CountryDetector(  619): No listener is left
12-23 10:02:52.148 I/Zygote  (  390): Process 1575 exited due to signal 9 (Killed)
12-23 10:02:52.149 I/Zygote  (  390): Process 1554 exited due to signal 9 (Killed)
12-23 10:02:52.150 I/Zygote  (  390): Process 1389 exited due to signal 9 (Killed)
12-23 10:02:52.152 I/libprocessgroup(  619): Successfully killed process cgroup uid 10014 pid 1389 in 0ms
12-23 10:02:52.153 I/libprocessgroup(  619): Successfully killed process cgroup uid 10048 pid 1554 in 0ms
12-23 10:02:52.202 I/Thread-10( 1511): type=1400 audit(0.0:282): avc: denied { read } for name="direction" dev="sysfs" ino=53193 scontext=u:r:system_app:s0 tcontext=u:object_r:sysfs:s0 tclass=file permissive=1
12-23 10:02:52.202 I/Thread-10( 1511): type=1400 audit(0.0:283): avc: denied { open } for path="/sys/devices/platform/pinctrl/fd8a0000.gpio/gpiochip0/gpio/gpio27/direction" dev="sysfs" ino=53193 scontext=u:r:system_app:s0 tcontext=u:object_r:sysfs:s0 tclass=file permissive=1
12-23 10:02:52.202 I/Thread-10( 1511): type=1400 audit(0.0:284): avc: denied { getattr } for path="/sys/devices/platform/pinctrl/fd8a0000.gpio/gpiochip0/gpio/gpio27/direction" dev="sysfs" ino=53193 scontext=u:r:system_app:s0 tcontext=u:object_r:sysfs:s0 tclass=file permissive=1
12-23 10:02:52.202 I/Thread-10( 1511): type=1400 audit(0.0:285): avc: denied { write } for name="value" dev="sysfs" ino=53203 scontext=u:r:system_app:s0 tcontext=u:object_r:sysfs:s0 tclass=file permissive=1
12-23 10:02:52.471 I/System.out( 1511): WatchDog_GPIO set 1 and 0
12-23 10:02:55.331 E/CompositionEngine(  340): [SurfaceView[com.msq.android/com.unity3d.player.UnityPlayerActivity](BLAST)#0] Invalid device requested composition type change: DEVICE (2) --> DEVICE (2)
12-23 10:02:59.515 E/CompositionEngine(  340): [SurfaceView[com.msq.android/com.unity3d.player.UnityPlayerActivity](BLAST)#0] Invalid device requested composition type change: DEVICE (2) --> DEVICE (2)
12-23 10:03:03.048 W/HwcComposer(  340): command 0x3000000 generated error 3
12-23 10:03:03.048 W/HwcComposer(  340): command 0x3000000 generated error 3
12-23 10:03:04.790 W/healthd (  412): battery l=50 v=3 t=2.6 h=2 st=3 c=-1600 fc=100 chg=au
12-23 10:03:08.081 E/CompositionEngine(  340): [SurfaceView[com.msq.android/com.unity3d.player.UnityPlayerActivity](BLAST)#0] Invalid device requested composition type change: DEVICE (2) --> DEVICE (2)
12-23 10:03:08.642 I/PermissionControllerServiceImpl( 1121): Updating user sensitive for user 0
12-23 10:03:13.114 E/CompositionEngine(  340): [SurfaceView[com.msq.android/com.unity3d.player.UnityPlayerActivity](BLAST)#0] Invalid device requested composition type change: DEVICE (2) --> DEVICE (2)
12-23 10:03:18.148 E/CompositionEngine(  340): [SurfaceView[com.msq.android/com.unity3d.player.UnityPlayerActivity](BLAST)#0] Invalid device requested composition type change: DEVICE (2) --> DEVICE (2)
12-23 10:03:23.181 E/CompositionEngine(  340): [SurfaceView[com.msq.android/com.unity3d.player.UnityPlayerActivity](BLAST)#0] Invalid device requested composition type change: DEVICE (2) --> DEVICE (2)
12-23 10:03:28.214 E/CompositionEngine(  340): [SurfaceView[com.msq.android/com.unity3d.player.UnityPlayerActivity](BLAST)#0] Invalid device requested composition type change: DEVICE (2) --> DEVICE (2)
12-23 10:03:33.247 E/CompositionEngine(  340): [SurfaceView[com.msq.android/com.unity3d.player.UnityPlayerActivity](BLAST)#0] Invalid device requested composition type change: DEVICE (2) --> DEVICE (2)
12-23 10:03:38.065 E/CompositionEngine(  340): [SurfaceView[com.msq.android/com.unity3d.player.UnityPlayerActivity](BLAST)#0] Invalid device requested composition type change: DEVICE (2) --> DEVICE (2)
12-23 10:03:53.404 I/System.out( 1511): WatchDog_GPIO set 1 and 0
12-23 10:03:59.385 I/System.out( 1511): isInsert4GModule1111111111111111111111：false
12-23 10:03:59.385 D/ZTLHelperService( 1511): 模块没插，不处理
12-23 10:04:02.917 W/HwcComposer(  340): command 0x3000000 generated error 3
12-23 10:04:02.917 W/HwcComposer(  340): command 0x3000000 generated error 3
12-23 10:04:04.792 W/healthd (  412): battery l=50 v=3 t=2.6 h=2 st=3 c=-1600 fc=100 chg=au
12-23 10:04:04.865 I/usb 7-1.3(  775): new high-speed USB device number 5 using xhci-hcd
12-23 10:04:04.970 W/        (  775): usb kobject_name(&udev->dev->kobj)=7-1.3
12-23 10:04:04.970 I/usb 7-1.3(  775): New USB device found, idVendor=24a9, idProduct=205a, bcdDevice= 2.00
12-23 10:04:04.970 I/usb 7-1.3(  775): New USB device strings: Mfr=2, Product=3, SerialNumber=4
12-23 10:04:04.971 I/usb 7-1.3(  775): Product: USB_0114
12-23 10:04:04.971 I/usb 7-1.3(  775): Manufacturer: ASolid
12-23 10:04:04.971 I/usb 7-1.3(  775): SerialNumber: 32950122
12-23 10:04:04.977 I/usb-storage 7-1.3(  775): 1.0: USB Mass Storage device detected
12-23 10:04:04.981 I/scsi host1(  775): usb-storage 7-1.3:1.0
12-23 10:04:03.435 D/UsbHostManager(  619): USB device attached: vidpid 24a9:205a mfg/product/ver/serial ASolid/USB_0114/2.00/32950122 hasAudio/HID/Storage: false/false/true
12-23 10:04:03.437 D/UsbDeviceDescriptor(  619):   1 configs
12-23 10:04:03.438 D/UsbHostManager(  619): Added device UsbDevice[mName=/dev/bus/usb/007/005,mVendorId=9385,mProductId=8282,mClass=0,mSubclass=0,mProtocol=0,mManufacturerName=ASolid,mProductName=USB_0114,mVersion=2.00,mSerialNumberReader=com.android.server.usb.UsbSerialReader@8737230, mHasAudioPlayback=false, mHasAudioCapture=false, mHasMidi=false, mHasVideoCapture=false, mHasVideoPlayback=false, mConfigurations=[
12-23 10:04:03.438 D/UsbHostManager(  619): UsbConfiguration[mId=1,mName=null,mAttributes=128,mMaxPower=100,mInterfaces=[
12-23 10:04:03.438 D/UsbHostManager(  619): UsbInterface[mId=0,mAlternateSetting=0,mName=null,mClass=8,mSubclass=6,mProtocol=80,mEndpoints=[
12-23 10:04:03.438 D/UsbHostManager(  619): UsbEndpoint[mAddress=129,mAttributes=2,mMaxPacketSize=512,mInterval=0]
12-23 10:04:03.438 D/UsbHostManager(  619): UsbEndpoint[mAddress=2,mAttributes=2,mMaxPacketSize=512,mInterval=0]]]]
12-23 10:04:06.002 I/scsi 1  (    9): 0:0:0: Direct-Access     ASolid   USB                   PQ: 0 ANSI: 4
12-23 10:04:06.003 I/sd 1    (    9): 0:0:0: Attached scsi generic sg0 type 0
12-23 10:04:06.004 I/sd 1    (  192): 0:0:0: [sda] 30720001 512-byte logical blocks: (15.7 GB/14.6 GiB)
12-23 10:04:06.004 I/sd 1    (  192): 0:0:0: [sda] Write Protect is off
12-23 10:04:06.004 D/sd 1    (  192): 0:0:0: [sda] Mode Sense: 23 00 00 00
12-23 10:04:06.004 I/sd 1    (  192): 0:0:0: [sda] Write cache: disabled, read cache: enabled, doesn't support DPO or FUA
12-23 10:04:04.472 I/kdevtmpfs(   52): type=1400 audit(0.0:286): avc: denied { create } for name="sda" scontext=u:r:kernel:s0 tcontext=u:object_r:device:s0 tclass=blk_file permissive=1
12-23 10:04:04.472 I/kdevtmpfs(   52): type=1400 audit(0.0:287): avc: denied { setattr } for name="sda" dev="devtmpfs" ino=242 scontext=u:r:kernel:s0 tcontext=u:object_r:device:s0 tclass=blk_file permissive=1
12-23 10:04:06.031 I/sda     (  192): sda1
12-23 10:04:04.486 D/vold    (  307): /system/bin/sgdisk
12-23 10:04:04.487 D/vold    (  307):     --android-dump
12-23 10:04:04.487 D/vold    (  307):     /dev/block/vold/disk:8,0
12-23 10:04:06.042 I/sd 1    (  192): 0:0:0: [sda] Attached SCSI removable disk
12-23 10:04:04.500 D/vold    (  307): DISK mbr
12-23 10:04:04.500 D/vold    (  307): PART 1 c
12-23 10:04:04.500 W/vold    (  307): readPartitions    is  
12-23 10:04:04.500 I/vold    (  307): type =c
12-23 10:04:04.500 I/vold    (  307): type =c
12-23 10:04:04.501 D/StorageManagerService(  619): -----for all public volume is visible-----
12-23 10:04:04.501 I/StorageManagerService(  619): Mounting volume VolumeInfo{public:8,1}:
12-23 10:04:04.501 I/StorageManagerService(  619):     type=PUBLIC diskId=disk:8,0 partGuid= mountFlags=VISIBLE mountUserId=0 
12-23 10:04:04.501 I/StorageManagerService(  619):     state=UNMOUNTED 
12-23 10:04:04.501 I/StorageManagerService(  619):     fsType=null fsUuid=null fsLabel=null 
12-23 10:04:04.501 I/StorageManagerService(  619):     path=null internalPath=null 
12-23 10:04:04.502 D/vold    (  307): /system/bin/blkid
12-23 10:04:04.502 D/vold    (  307):     -c
12-23 10:04:04.502 D/vold    (  307):     /dev/null
12-23 10:04:04.502 D/vold    (  307):     -s
12-23 10:04:04.502 D/vold    (  307):     TYPE
12-23 10:04:04.502 D/vold    (  307):     -s
12-23 10:04:04.502 D/vold    (  307):     UUID
12-23 10:04:04.502 D/vold    (  307):     -s
12-23 10:04:04.502 D/vold    (  307):     LABEL
12-23 10:04:04.502 D/vold    (  307):     /dev/block/vold/public:8,1
12-23 10:04:04.528 D/vold    (  307): iconv begin inbuf = KINGSTON, inlen = 8, outbuf = KINGSTON   , dlen = 128
12-23 10:04:04.528 D/vold    (  307): iconv end ret = 0, inbuf = , inlen = 0, outbuf =    , dlen = 120
12-23 10:04:04.528 D/vold    (  307): /dev/block/vold/public:8,1: LABEL="KINGSTON   " UUID="6013-8A91" TYPE="vfat" 
12-23 10:04:04.529 W/vold    (  307): public:8,1 update uuid to storagemanger = 6013-8A910: Success
12-23 10:04:04.529 D/vold    (  307): /system/bin/fsck_msdos
12-23 10:04:04.529 D/vold    (  307):     -p
12-23 10:04:04.529 D/vold    (  307):     -f
12-23 10:04:04.529 D/vold    (  307):     -y
12-23 10:04:04.529 D/vold    (  307):     /dev/block/vold/public:8,1
12-23 10:04:04.629 D/vold    (  307): /dev/block/vold/public:8,1: Free space in FSInfo block (479834) not correct (479856)
12-23 10:04:04.630 D/vold    (  307): FIXED
12-23 10:04:04.630 D/vold    (  307): /dev/block/vold/public:8,1: 18 files, 15355392 KiB free (479856 clusters)
12-23 10:04:04.631 I/vold    (  307): Filesystem check completed OK
12-23 10:04:04.632 E/vold    (  307):  ---stableName= 6013-8A910 mRawPath= /mnt/media_rw/6013-8A910
12-23 10:04:06.190 W/FAT-fs (sda1)(  373): Volume was not properly unmounted. Some data may be corrupt. Please run fsck.
12-23 10:04:04.644 I/vold    (  307): Mounting public fuse volume for uid= 0 getInternalPath= /mnt/media_rw/6013-8A910 stableName= 6013-8A910
12-23 10:04:04.646 I/vold    (  307): Bind mounting /mnt/media_rw/6013-8A910 to /mnt/pass_through/0/6013-8A910
12-23 10:04:04.647 I/StorageSessionController(  619): On volume mount VolumeInfo{public:8,1}:
12-23 10:04:04.647 I/StorageSessionController(  619):     type=PUBLIC diskId=disk:8,0 partGuid= mountFlags=VISIBLE mountUserId=0 
12-23 10:04:04.647 I/StorageSessionController(  619):     state=CHECKING 
12-23 10:04:04.647 I/StorageSessionController(  619):     fsType=vfat fsUuid=6013-8A910 fsLabel=KINGSTON    
12-23 10:04:04.647 I/StorageSessionController(  619):     path=/storage/6013-8A910 internalPath=/mnt/media_rw/6013-8A910 
12-23 10:04:04.648 I/StorageSessionController(  619): Creating and starting session with id: public:8,1
12-23 10:04:04.649 I/ExternalStorageServiceImpl( 1330): Starting session for id: public:8,1
12-23 10:04:04.649 V/FuseDaemonThread( 1330): Waiting 1000ms for FUSE start. Count 4
12-23 10:04:04.650 I/FuseDaemonThread( 1330): Starting thread for public:8,1 ...
12-23 10:04:04.650 I/FuseDaemon( 1330): Using FUSE passthrough
12-23 10:04:04.650 I/FuseDaemon( 1330): Starting fuse...
12-23 10:04:05.049 I/sh      ( 2338): type=1400 audit(0.0:288): avc: denied { write } for name="lsusb.txt" dev="mmcblk1p16" ino=2031618 scontext=u:r:rild:s0 tcontext=u:object_r:system_data_file:s0 tclass=file permissive=1
12-23 10:04:05.049 I/sh      ( 2338): type=1400 audit(0.0:289): avc: denied { open } for path="/data/camera/lsusb.txt" dev="mmcblk1p16" ino=2031618 scontext=u:r:rild:s0 tcontext=u:object_r:system_data_file:s0 tclass=file permissive=1
12-23 10:04:05.049 I/sh      ( 2339): type=1400 audit(0.0:290): avc: denied { execute_no_trans } for path="/vendor/bin/toybox_vendor" dev="dm-2" ino=231 scontext=u:r:rild:s0 tcontext=u:object_r:vendor_toolbox_exec:s0 tclass=file permissive=1
12-23 10:04:05.062 I/rild    (  500): type=1400 audit(0.0:291): avc: denied { read } for name="lsusb.txt" dev="mmcblk1p16" ino=2031618 scontext=u:r:rild:s0 tcontext=u:object_r:system_data_file:s0 tclass=file permissive=1
12-23 10:04:06.617 W/audit   (  500): audit_lost=80 audit_rate_limit=5 audit_backlog_limit=64
12-23 10:04:06.617 E/audit   (  500): rate limit exceeded
12-23 10:04:05.651 I/vold    (  307): Configuring read_ahead of /mnt/user/0/6013-8A910 fuse filesystem to 256kb
12-23 10:04:05.651 I/vold    (  307): Writing 256 to /sys/class/bdi/0:83/read_ahead_kb
12-23 10:04:05.651 I/vold    (  307): Configuring max_ratio of /mnt/user/0/6013-8A910 fuse filesystem to 40
12-23 10:04:05.651 I/vold    (  307): Writing 40 to /sys/class/bdi/0:83/max_ratio
12-23 10:04:05.651 D/vold    (  307): Linking /storage/6013-8A910 to /storage/upan_000
12-23 10:04:05.652 I/StorageManagerService(  619): Mounted volume VolumeInfo{public:8,1}:
12-23 10:04:05.652 I/StorageManagerService(  619):     type=PUBLIC diskId=disk:8,0 partGuid= mountFlags=VISIBLE mountUserId=0 
12-23 10:04:05.652 I/StorageManagerService(  619):     state=MOUNTED 
12-23 10:04:05.652 I/StorageManagerService(  619):     fsType=vfat fsUuid=6013-8A910 fsLabel=KINGSTON    
12-23 10:04:05.652 I/StorageManagerService(  619):     path=/storage/6013-8A910 internalPath=/mnt/media_rw/6013-8A910 
12-23 10:04:05.653 I/StorageSessionController(  619): Notifying volume state changed for session with id: public:8,1
12-23 10:04:05.655 E/StorageManagerService(  619): Failed to notify volume state changed to the Storage Service
12-23 10:04:05.655 E/StorageManagerService(  619): com.android.server.storage.StorageSessionController$ExternalStorageServiceException: Failed to notify volume state changed for vol : StorageVolume: ASolid U 盘
12-23 10:04:05.655 E/StorageManagerService(  619): 	at com.android.server.storage.StorageUserConnection$ActiveConnection.notifyVolumeStateChanged(StorageUserConnection.java:420)
12-23 10:04:05.655 E/StorageManagerService(  619): 	at com.android.server.storage.StorageUserConnection.notifyVolumeStateChanged(StorageUserConnection.java:131)
12-23 10:04:05.655 E/StorageManagerService(  619): 	at com.android.server.storage.StorageSessionController.notifyVolumeStateChanged(StorageSessionController.java:157)
12-23 10:04:05.655 E/StorageManagerService(  619): 	at com.android.server.StorageManagerService.onVolumeStateChangedAsync(StorageManagerService.java:1728)
12-23 10:04:05.655 E/StorageManagerService(  619): 	at com.android.server.StorageManagerService.access$2600(StorageManagerService.java:204)
