12-19 10:34:16.588 D/SystemServerTiming(  619): retrieveSettings
12-19 10:34:16.589 I/ActivityTaskManager(  619): Config changes=10000000 {1.0 ?mcc?mnc [zh_CN] ldltr sw1080dp w1920dp h1000dp 160dpi xlrg long land -touch -keyb/v/h dpad/v winConfig={ mBounds=Rect(0, 0 - 1920, 1080) mAppBounds=Rect(0, 0 - 1920, 1024) mMaxBounds=Rect(0, 0 - 1920, 1080) mWindowingMode=fullscreen mDisplayWindowingMode=fullscreen mActivityType=undefined mAlwaysOnTop=undefined mRotation=ROTATION_0} s.8 fontWeightAdjustment=0}
12-19 10:34:16.589 I/WindowManager(  619): Override config changes=10000000 {1.0 ?mcc?mnc [zh_CN] ldltr sw1080dp w1920dp h1000dp 160dpi xlrg long land -touch -keyb/v/h dpad/v winConfig={ mBounds=Rect(0, 0 - 1920, 1080) mAppBounds=Rect(0, 0 - 1920, 1024) mMaxBounds=Rect(0, 0 - 1920, 1080) mWindowingMode=fullscreen mDisplayWindowingMode=fullscreen mActivityType=undefined mAlwaysOnTop=undefined mRotation=ROTATION_0} s.8 fontWeightAdjustment=0} for displayId=0
12-19 10:34:16.590 V/SystemServerTiming(  619): retrieveSettings took to complete: 2ms
12-19 10:34:16.590 D/SystemServerTiming(  619): Ugm.onSystemReady
12-19 10:34:16.590 V/SystemServerTiming(  619): Ugm.onSystemReady took to complete: 0ms
12-19 10:34:16.590 D/SystemServerTiming(  619): updateForceBackgroundCheck
12-19 10:34:16.590 V/SystemServerTiming(  619): updateForceBackgroundCheck took to complete: 0ms
12-19 10:34:16.590 I/SystemServer(  619): Making services ready
12-19 10:34:16.590 D/SystemServerTiming(  619): StartActivityManagerReadyPhase
12-19 10:34:16.590 I/SystemServiceManager(  619): Starting phase 550
12-19 10:34:16.590 D/SystemServerTiming(  619): OnBootPhase_550
12-19 10:34:16.590 D/SystemServerTiming(  619): OnBootPhase_550_com.android.server.security.FileIntegrityService
12-19 10:34:16.590 V/SystemServerTiming(  619): OnBootPhase_550_com.android.server.security.FileIntegrityService took to complete: 0ms
12-19 10:34:16.590 D/SystemServerTiming(  619): OnBootPhase_550_com.android.server.pm.Installer
12-19 10:34:16.590 V/SystemServerTiming(  619): OnBootPhase_550_com.android.server.pm.Installer took to complete: 0ms
12-19 10:34:16.590 D/SystemServerTiming(  619): OnBootPhase_550_com.android.server.os.DeviceIdentifiersPolicyService
12-19 10:34:16.590 V/SystemServerTiming(  619): OnBootPhase_550_com.android.server.os.DeviceIdentifiersPolicyService took to complete: 0ms
12-19 10:34:16.590 D/SystemServerTiming(  619): OnBootPhase_550_com.android.server.uri.UriGrantsManagerService$Lifecycle
12-19 10:34:16.590 V/SystemServerTiming(  619): OnBootPhase_550_com.android.server.uri.UriGrantsManagerService$Lifecycle took to complete: 0ms
12-19 10:34:16.590 D/SystemServerTiming(  619): OnBootPhase_550_com.android.server.powerstats.PowerStatsService
12-19 10:34:16.590 V/SystemServerTiming(  619): OnBootPhase_550_com.android.server.powerstats.PowerStatsService took to complete: 0ms
12-19 10:34:16.590 D/SystemServerTiming(  619): OnBootPhase_550_com.android.server.wm.ActivityTaskManagerService$Lifecycle
12-19 10:34:16.590 V/SystemServerTiming(  619): OnBootPhase_550_com.android.server.wm.ActivityTaskManagerService$Lifecycle took to complete: 0ms
12-19 10:34:16.590 D/SystemServerTiming(  619): OnBootPhase_550_com.android.server.am.ActivityManagerService$Lifecycle
12-19 10:34:16.590 V/SystemServerTiming(  619): OnBootPhase_550_com.android.server.am.ActivityManagerService$Lifecycle took to complete: 0ms
12-19 10:34:16.590 D/SystemServerTiming(  619): OnBootPhase_550_com.android.server.pm.DataLoaderManagerService
12-19 10:34:16.590 V/SystemServerTiming(  619): OnBootPhase_550_com.android.server.pm.DataLoaderManagerService took to complete: 0ms
12-19 10:34:16.590 D/SystemServerTiming(  619): OnBootPhase_550_com.android.server.power.PowerManagerService
12-19 10:34:16.590 V/SystemServerTiming(  619): OnBootPhase_550_com.android.server.power.PowerManagerService took to complete: 0ms
12-19 10:34:16.590 D/SystemServerTiming(  619): OnBootPhase_550_com.android.server.power.ThermalManagerService
12-19 10:34:16.591 I/hwservicemanager(  301): getTransport: Cannot find entry android.hardware.thermal@2.0::IThermal/default in either framework or device VINTF manifest.
12-19 10:34:16.591 E/ThermalHalWrapper(  619): Thermal HAL 2.0 service not connected.
12-19 10:34:16.591 I/hwservicemanager(  301): getTransport: Cannot find entry android.hardware.thermal@1.1::IThermal/default in either framework or device VINTF manifest.
12-19 10:34:16.591 E/ThermalHalWrapper(  619): Thermal HAL 1.1 service not connected.
12-19 10:34:16.591 I/hwservicemanager(  301): getTransport: Cannot find entry android.hardware.thermal@1.0::IThermal/default in either framework or device VINTF manifest.
12-19 10:34:16.591 E/ThermalHalWrapper(  619): Thermal HAL 1.0 service not connected.
12-19 10:34:16.591 W/ThermalManagerService(  619): No Thermal HAL service on this device
12-19 10:34:16.591 V/SystemServerTiming(  619): OnBootPhase_550_com.android.server.power.ThermalManagerService took to complete: 1ms
12-19 10:34:16.591 D/SystemServerTiming(  619): OnBootPhase_550_com.android.server.power.hint.HintManagerService
12-19 10:34:16.591 V/SystemServerTiming(  619): OnBootPhase_550_com.android.server.power.hint.HintManagerService took to complete: 0ms
12-19 10:34:16.591 D/SystemServerTiming(  619): OnBootPhase_550_com.android.server.recoverysystem.RecoverySystemService$Lifecycle
12-19 10:34:16.591 V/SystemServerTiming(  619): OnBootPhase_550_com.android.server.recoverysystem.RecoverySystemService$Lifecycle took to complete: 0ms
12-19 10:34:16.591 D/SystemServerTiming(  619): OnBootPhase_550_com.android.server.lights.LightsService
12-19 10:34:16.591 V/SystemServerTiming(  619): OnBootPhase_550_com.android.server.lights.LightsService took to complete: 0ms
12-19 10:34:16.591 D/SystemServerTiming(  619): OnBootPhase_550_com.android.server.display.DisplayManagerService
12-19 10:34:16.591 V/SystemServerTiming(  619): OnBootPhase_550_com.android.server.display.DisplayManagerService took to complete: 0ms
12-19 10:34:16.592 D/SystemServerTiming(  619): OnBootPhase_550_com.android.server.pm.verify.domain.DomainVerificationService
12-19 10:34:16.592 V/SystemServerTiming(  619): OnBootPhase_550_com.android.server.pm.verify.domain.DomainVerificationService took to complete: 0ms
12-19 10:34:16.592 D/SystemServerTiming(  619): OnBootPhase_550_com.android.server.pm.PackageInstallerService$Lifecycle
12-19 10:34:16.592 V/SystemServerTiming(  619): OnBootPhase_550_com.android.server.pm.PackageInstallerService$Lifecycle took to complete: 0ms
12-19 10:34:16.592 D/SystemServerTiming(  619): OnBootPhase_550_com.android.server.pm.UserManagerService$LifeCycle
12-19 10:34:16.592 V/SystemServerTiming(  619): OnBootPhase_550_com.android.server.pm.UserManagerService$LifeCycle took to complete: 0ms
12-19 10:34:16.592 D/SystemServerTiming(  619): OnBootPhase_550_com.android.server.om.OverlayManagerService
12-19 10:34:16.592 V/SystemServerTiming(  619): OnBootPhase_550_com.android.server.om.OverlayManagerService took to complete: 0ms
12-19 10:34:16.592 D/SystemServerTiming(  619): OnBootPhase_550_com.android.server.SensorPrivacyService
12-19 10:34:16.592 V/SystemServerTiming(  619): OnBootPhase_550_com.android.server.SensorPrivacyService took to complete: 0ms
12-19 10:34:16.592 D/SystemServerTiming(  619): OnBootPhase_550_com.android.server.sensors.SensorService
12-19 10:34:16.592 V/SystemServerTiming(  619): OnBootPhase_550_com.android.server.sensors.SensorService took to complete: 0ms
12-19 10:34:16.592 D/SystemServerTiming(  619): OnBootPhase_550_com.android.server.SystemConfigService
12-19 10:34:16.592 V/SystemServerTiming(  619): OnBootPhase_550_com.android.server.SystemConfigService took to complete: 0ms
12-19 10:34:16.592 D/SystemServerTiming(  619): OnBootPhase_550_com.android.server.BatteryService
12-19 10:34:16.592 V/SystemServerTiming(  619): OnBootPhase_550_com.android.server.BatteryService took to complete: 0ms
12-19 10:34:16.592 D/SystemServerTiming(  619): OnBootPhase_550_com.android.server.usage.UsageStatsService
12-19 10:34:16.592 V/SystemServerTiming(  619): OnBootPhase_550_com.android.server.usage.UsageStatsService took to complete: 0ms
12-19 10:34:16.592 D/SystemServerTiming(  619): OnBootPhase_550_com.android.server.webkit.WebViewUpdateService
12-19 10:34:16.592 V/SystemServerTiming(  619): OnBootPhase_550_com.android.server.webkit.WebViewUpdateService took to complete: 0ms
12-19 10:34:16.592 D/SystemServerTiming(  619): OnBootPhase_550_com.android.server.CachedDeviceStateService
12-19 10:34:16.592 V/SystemServerTiming(  619): OnBootPhase_550_com.android.server.CachedDeviceStateService took to complete: 0ms
12-19 10:34:16.592 D/SystemServerTiming(  619): OnBootPhase_550_com.android.server.BinderCallsStatsService$LifeCycle
12-19 10:34:16.592 V/SystemServerTiming(  619): OnBootPhase_550_com.android.server.BinderCallsStatsService$LifeCycle took to complete: 0ms
12-19 10:34:16.592 D/SystemServerTiming(  619): OnBootPhase_550_com.android.server.LooperStatsService$Lifecycle
12-19 10:34:16.592 V/SystemServerTiming(  619): OnBootPhase_550_com.android.server.LooperStatsService$Lifecycle took to complete: 0ms
12-19 10:34:16.592 D/SystemServerTiming(  619): OnBootPhase_550_com.android.server.rollback.RollbackManagerService
12-19 10:34:16.592 V/SystemServerTiming(  619): OnBootPhase_550_com.android.server.rollback.RollbackManagerService took to complete: 0ms
12-19 10:34:16.592 D/SystemServerTiming(  619): OnBootPhase_550_com.android.server.os.NativeTombstoneManagerService
12-19 10:34:16.592 V/SystemServerTiming(  619): OnBootPhase_550_com.android.server.os.NativeTombstoneManagerService took to complete: 0ms
12-19 10:34:16.592 D/SystemServerTiming(  619): OnBootPhase_550_com.android.server.os.BugreportManagerService
12-19 10:34:16.592 V/SystemServerTiming(  619): OnBootPhase_550_com.android.server.os.BugreportManagerService took to complete: 0ms
12-19 10:34:16.592 D/SystemServerTiming(  619): OnBootPhase_550_com.android.server.gpu.GpuService
12-19 10:34:16.592 V/SystemServerTiming(  619): OnBootPhase_550_com.android.server.gpu.GpuService took to complete: 0ms
12-19 10:34:16.592 D/SystemServerTiming(  619): OnBootPhase_550_com.android.server.security.KeyChainSystemService
12-19 10:34:16.592 V/SystemServerTiming(  619): OnBootPhase_550_com.android.server.security.KeyChainSystemService took to complete: 0ms
12-19 10:34:16.592 D/SystemServerTiming(  619): OnBootPhase_550_com.android.server.telecom.TelecomLoaderService
12-19 10:34:16.593 W/ActivityManager(  619): Too early to start/bind service in system_server: Phase=550 ComponentInfo{com.android.server.telecom/com.android.server.telecom.components.TelecomService}
12-19 10:34:16.593 E/AppHibernationService(  619): Attempt to call isHibernatingForUser on stopped or nonexistent user 0
12-19 10:34:16.593 D/CompatibilityChangeReporter(  619): Compat change id reported: 168419799; UID 1000; state: DISABLED
12-19 10:34:16.593 W/ActivityManager(  619): Too early to start/bind service in system_server: Phase=550 ComponentInfo{com.android.server.telecom/com.android.server.telecom.components.TelecomService}
12-19 10:34:16.593 V/SystemServerTiming(  619): OnBootPhase_550_com.android.server.telecom.TelecomLoaderService took to complete: 1ms
12-19 10:34:16.593 D/SystemServerTiming(  619): OnBootPhase_550_com.android.server.accounts.AccountManagerService$Lifecycle
12-19 10:34:16.593 V/SystemServerTiming(  619): OnBootPhase_550_com.android.server.accounts.AccountManagerService$Lifecycle took to complete: 0ms
12-19 10:34:16.593 D/SystemServerTiming(  619): OnBootPhase_550_com.android.server.content.ContentService$Lifecycle
12-19 10:34:16.594 I/SyncManager(  619): No initial accounts
12-19 10:34:16.595 V/SystemServerTiming(  619): OnBootPhase_550_com.android.server.content.ContentService$Lifecycle took to complete: 2ms
12-19 10:34:16.595 D/SystemServerTiming(  619): OnBootPhase_550_com.android.server.DropBoxManagerService
12-19 10:34:16.595 V/SystemServerTiming(  619): OnBootPhase_550_com.android.server.DropBoxManagerService took to complete: 0ms
12-19 10:34:16.595 D/SystemServerTiming(  619): OnBootPhase_550_com.android.role.RoleService
12-19 10:34:16.595 V/SystemServerTiming(  619): OnBootPhase_550_com.android.role.RoleService took to complete: 0ms
12-19 10:34:16.595 D/SystemServerTiming(  619): OnBootPhase_550_com.android.server.vibrator.VibratorManagerService$Lifecycle
12-19 10:34:16.595 V/SystemServerTiming(  619): OnBootPhase_550_com.android.server.vibrator.VibratorManagerService$Lifecycle took to complete: 0ms
12-19 10:34:16.595 D/SystemServerTiming(  619): OnBootPhase_550_com.android.server.alarm.AlarmManagerService
12-19 10:34:16.595 V/SystemServerTiming(  619): OnBootPhase_550_com.android.server.alarm.AlarmManagerService took to complete: 0ms
12-19 10:34:16.595 D/SystemServerTiming(  619): OnBootPhase_550_com.android.server.devicestate.DeviceStateManagerService
12-19 10:34:16.595 V/SystemServerTiming(  619): OnBootPhase_550_com.android.server.devicestate.DeviceStateManagerService took to complete: 0ms
12-19 10:34:16.595 D/SystemServerTiming(  619): OnBootPhase_550_com.android.server.camera.CameraServiceProxy
12-19 10:34:16.595 V/SystemServerTiming(  619): OnBootPhase_550_com.android.server.camera.CameraServiceProxy took to complete: 0ms
12-19 10:34:16.595 D/SystemServerTiming(  619): OnBootPhase_550_com.android.server.BluetoothService
12-19 10:34:16.595 D/BluetoothManagerService(  619): Bluetooth boot completed
12-19 10:34:16.595 D/BluetoothManagerService(  619): Getting adapter name and address
12-19 10:34:16.595 D/BluetoothManagerService(  619): MESSAGE_GET_NAME_AND_ADDRESS
12-19 10:34:16.595 D/BluetoothManagerService(  619): Binding to service to get name and address
12-19 10:34:16.595 D/BluetoothA2dp(  619): Binding service...
12-19 10:34:16.596 E/AppHibernationService(  619): Attempt to call isHibernatingForUser on stopped or nonexistent user 0
12-19 10:34:16.596 D/CompatibilityChangeReporter(  619): Compat change id reported: 135634846; UID 1002; state: DISABLED
12-19 10:34:16.597 I/BluetoothAirplaneModeListener(  619): start
12-19 10:34:16.597 V/SystemServerTiming(  619): OnBootPhase_550_com.android.server.BluetoothService took to complete: 2ms
12-19 10:34:16.597 D/SystemServerTiming(  619): OnBootPhase_550_com.android.server.connectivity.IpConnectivityMetrics
12-19 10:34:16.597 V/SystemServerTiming(  619): OnBootPhase_550_com.android.server.connectivity.IpConnectivityMetrics took to complete: 0ms
12-19 10:34:16.597 D/SystemServerTiming(  619): OnBootPhase_550_com.android.server.net.watchlist.NetworkWatchlistService$Lifecycle
12-19 10:34:16.599 V/SystemServerTiming(  619): OnBootPhase_550_com.android.server.net.watchlist.NetworkWatchlistService$Lifecycle took to complete: 2ms
12-19 10:34:16.599 D/SystemServerTiming(  619): OnBootPhase_550_com.android.server.PinnerService
12-19 10:34:16.599 V/SystemServerTiming(  619): OnBootPhase_550_com.android.server.PinnerService took to complete: 0ms
12-19 10:34:16.599 D/SystemServerTiming(  619): OnBootPhase_550_com.google.android.startop.iorap.IorapForwardingService
12-19 10:34:16.599 V/SystemServerTiming(  619): OnBootPhase_550_com.google.android.startop.iorap.IorapForwardingService took to complete: 0ms
12-19 10:34:16.599 D/SystemServerTiming(  619): OnBootPhase_550_com.android.server.integrity.AppIntegrityManagerService
12-19 10:34:16.599 V/SystemServerTiming(  619): OnBootPhase_550_com.android.server.integrity.AppIntegrityManagerService took to complete: 0ms
12-19 10:34:16.599 D/SystemServerTiming(  619): OnBootPhase_550_com.android.server.inputmethod.InputMethodManagerService$Lifecycle
12-19 10:34:16.600 D/Zygote  (  390): Forked child process 790
12-19 10:34:16.600 I/ActivityManager(  619): Start proc 790:com.android.bluetooth/1002 for service {com.android.bluetooth/com.android.bluetooth.btservice.AdapterService}
12-19 10:34:16.601 I/Zygote  (  790): seccomp disabled by setenforce 0
12-19 10:34:16.602 I/android.hardware.graphics.allocator@4.0-service(  407): alloc_format: FMT:0x2b,MOD:0x10000
12-19 10:34:16.602 I/android.hardware.graphics.allocator@4.0-service(  407): mali_gralloc_adjust_dimensions: alloc_format=FMT:0x2b,MOD:0x10000 usage=0xb00 alloc_width=1920, alloc_height=1088
12-19 10:34:16.603 D/android.hardware.graphics.allocator@4.0-service(  407): got new private_handle_t instance for buffer 'bbq-adapter#0(BLAST Consumer)0'. share_fd : 8, share_attr_fd : 9, width : 1920, height : 1080, req_format : 0x2b, producer_usage : 0xb00, consumer_usage : 0xb00, , stride : 0, alloc_format : 43, size : 8486912, layer_count : 1
12-19 10:34:16.603 D/android.hardware.graphics.allocator@4.0-service(  407): plane_info[0]: offset : 0, byte_stride : 7680, alloc_width : 1920, alloc_height : 1088
12-19 10:34:16.603 D/android.hardware.graphics.allocator@4.0-service(  407): plane_info[1]: offset : 0, byte_stride : 0, alloc_width : 0, alloc_height : 0
12-19 10:34:16.605 I/adbd    (  474): jdwp connection from 790
12-19 10:34:16.607 D/CompatibilityChangeReporter(  619): Compat change id reported: 168419799; UID 1002; state: DISABLED
12-19 10:34:16.611 D/CompatibilityChangeReporter(  790): Compat change id reported: 171979766; UID 1002; state: ENABLED
12-19 10:34:16.620 I/droid.bluetooth(  790): type=1400 audit(0.0:102): avc: denied { search } for name="/" dev="mmcblk1p15" ino=2 scontext=u:r:bluetooth:s0 tcontext=u:object_r:unlabeled:s0 tclass=dir permissive=1
12-19 10:34:16.620 I/droid.bluetooth(  790): type=1400 audit(0.0:103): avc: denied { getattr } for path="/ztloem/lib64" dev="mmcblk1p15" ino=2054 scontext=u:r:bluetooth:s0 tcontext=u:object_r:unlabeled:s0 tclass=dir permissive=1
12-19 10:34:16.625 V/SystemServerTiming(  619): OnBootPhase_550_com.android.server.inputmethod.InputMethodManagerService$Lifecycle took to complete: 26ms
12-19 10:34:16.625 D/SystemServerTiming(  619): OnBootPhase_550_com.android.server.accessibility.AccessibilityManagerService$Lifecycle
12-19 10:34:16.625 V/SystemServerTiming(  619): OnBootPhase_550_com.android.server.accessibility.AccessibilityManagerService$Lifecycle took to complete: 0ms
12-19 10:34:16.625 D/SystemServerTiming(  619): OnBootPhase_550_com.android.server.StorageManagerService$Lifecycle
12-19 10:34:16.625 V/SystemServerTiming(  619): OnBootPhase_550_com.android.server.StorageManagerService$Lifecycle took to complete: 0ms
12-19 10:34:16.625 D/SystemServerTiming(  619): OnBootPhase_550_com.android.server.usage.StorageStatsService$Lifecycle
12-19 10:34:16.625 V/SystemServerTiming(  619): OnBootPhase_550_com.android.server.usage.StorageStatsService$Lifecycle took to complete: 0ms
12-19 10:34:16.625 D/SystemServerTiming(  619): OnBootPhase_550_com.android.server.UiModeManagerService
12-19 10:34:16.625 V/SystemServerTiming(  619): OnBootPhase_550_com.android.server.UiModeManagerService took to complete: 0ms
12-19 10:34:16.625 D/SystemServerTiming(  619): OnBootPhase_550_com.android.server.locksettings.LockSettingsService$Lifecycle
12-19 10:34:16.626 I/RebootEscrowManager(  619): No reboot escrow data found for users, skipping loading escrow data
12-19 10:34:16.626 V/SystemServerTiming(  619): OnBootPhase_550_com.android.server.locksettings.LockSettingsService$Lifecycle took to complete: 1ms
12-19 10:34:16.626 D/SystemServerTiming(  619): OnBootPhase_550_com.android.server.testharness.TestHarnessModeService
12-19 10:34:16.626 V/SystemServerTiming(  619): OnBootPhase_550_com.android.server.testharness.TestHarnessModeService took to complete: 0ms
12-19 10:34:16.626 D/SystemServerTiming(  619): OnBootPhase_550_com.android.server.DeviceIdleController
12-19 10:34:16.626 V/SystemServerTiming(  619): OnBootPhase_550_com.android.server.DeviceIdleController took to complete: 0ms
12-19 10:34:16.626 D/SystemServerTiming(  619): OnBootPhase_550_com.android.server.devicepolicy.DevicePolicyManagerService$Lifecycle
12-19 10:34:16.626 V/SystemServerTiming(  619): OnBootPhase_550_com.android.server.devicepolicy.DevicePolicyManagerService$Lifecycle took to complete: 0ms
12-19 10:34:16.626 D/SystemServerTiming(  619): OnBootPhase_550_com.android.server.texttospeech.TextToSpeechManagerService
12-19 10:34:16.626 V/SystemServerTiming(  619): OnBootPhase_550_com.android.server.texttospeech.TextToSpeechManagerService took to complete: 0ms
12-19 10:34:16.626 D/SystemServerTiming(  619): OnBootPhase_550_com.android.server.speech.SpeechRecognitionManagerService
12-19 10:34:16.626 V/SystemServerTiming(  619): OnBootPhase_550_com.android.server.speech.SpeechRecognitionManagerService took to complete: 0ms
12-19 10:34:16.626 D/SystemServerTiming(  619): OnBootPhase_550_com.android.server.searchui.SearchUiManagerService
12-19 10:34:16.626 V/SystemServerTiming(  619): OnBootPhase_550_com.android.server.searchui.SearchUiManagerService took to complete: 0ms
12-19 10:34:16.626 D/SystemServerTiming(  619): OnBootPhase_550_com.android.server.smartspace.SmartspaceManagerService
12-19 10:34:16.626 V/SystemServerTiming(  619): OnBootPhase_550_com.android.server.smartspace.SmartspaceManagerService took to complete: 0ms
12-19 10:34:16.626 D/SystemServerTiming(  619): OnBootPhase_550_com.android.server.graphics.fonts.FontManagerService$Lifecycle
12-19 10:34:16.626 V/SystemServerTiming(  619): OnBootPhase_550_com.android.server.graphics.fonts.FontManagerService$Lifecycle took to complete: 0ms
12-19 10:34:16.626 D/SystemServerTiming(  619): OnBootPhase_550_com.android.server.textservices.TextServicesManagerService$Lifecycle
12-19 10:34:16.626 V/SystemServerTiming(  619): OnBootPhase_550_com.android.server.textservices.TextServicesManagerService$Lifecycle took to complete: 0ms
12-19 10:34:16.626 D/SystemServerTiming(  619): OnBootPhase_550_com.android.server.textclassifier.TextClassificationManagerService$Lifecycle
12-19 10:34:16.626 V/SystemServerTiming(  619): OnBootPhase_550_com.android.server.textclassifier.TextClassificationManagerService$Lifecycle took to complete: 0ms
12-19 10:34:16.626 D/SystemServerTiming(  619): OnBootPhase_550_com.android.server.NetworkScoreService$Lifecycle
12-19 10:34:16.626 V/SystemServerTiming(  619): OnBootPhase_550_com.android.server.NetworkScoreService$Lifecycle took to complete: 0ms
12-19 10:34:16.626 D/SystemServerTiming(  619): OnBootPhase_550_com.android.server.wifi.WifiService
12-19 10:34:16.626 V/SystemServerTiming(  619): OnBootPhase_550_com.android.server.wifi.WifiService took to complete: 0ms
12-19 10:34:16.626 D/SystemServerTiming(  619): OnBootPhase_550_com.android.server.wifi.scanner.WifiScanningService
12-19 10:34:16.626 V/SystemServerTiming(  619): OnBootPhase_550_com.android.server.wifi.scanner.WifiScanningService took to complete: 0ms
12-19 10:34:16.626 D/SystemServerTiming(  619): OnBootPhase_550_com.android.server.wifi.p2p.WifiP2pService
12-19 10:34:16.626 V/SystemServerTiming(  619): OnBootPhase_550_com.android.server.wifi.p2p.WifiP2pService took to complete: 0ms
12-19 10:34:16.626 D/SystemServerTiming(  619): OnBootPhase_550_com.android.server.ethernet.EthernetService
12-19 10:34:16.626 V/SystemServerTiming(  619): OnBootPhase_550_com.android.server.ethernet.EthernetService took to complete: 0ms
12-19 10:34:16.626 D/SystemServerTiming(  619): OnBootPhase_550_com.android.server.ConnectivityServiceInitializer
12-19 10:34:16.626 V/SystemServerTiming(  619): OnBootPhase_550_com.android.server.ConnectivityServiceInitializer took to complete: 0ms
12-19 10:34:16.626 D/SystemServerTiming(  619): OnBootPhase_550_com.android.server.notification.NotificationManagerService
12-19 10:34:16.626 V/SystemServerTiming(  619): OnBootPhase_550_com.android.server.notification.NotificationManagerService took to complete: 0ms
12-19 10:34:16.626 D/SystemServerTiming(  619): OnBootPhase_550_com.android.server.storage.DeviceStorageMonitorService
12-19 10:34:16.626 V/SystemServerTiming(  619): OnBootPhase_550_com.android.server.storage.DeviceStorageMonitorService took to complete: 0ms
12-19 10:34:16.626 D/SystemServerTiming(  619): OnBootPhase_550_com.android.server.location.LocationManagerService$Lifecycle
12-19 10:34:16.626 V/SystemServerTiming(  619): OnBootPhase_550_com.android.server.location.LocationManagerService$Lifecycle took to complete: 0ms
12-19 10:34:16.626 D/SystemServerTiming(  619): OnBootPhase_550_com.android.server.timedetector.TimeDetectorService$Lifecycle
12-19 10:34:16.626 V/SystemServerTiming(  619): OnBootPhase_550_com.android.server.timedetector.TimeDetectorService$Lifecycle took to complete: 0ms
12-19 10:34:16.626 D/SystemServerTiming(  619): OnBootPhase_550_com.android.server.timezonedetector.TimeZoneDetectorService$Lifecycle
12-19 10:34:16.626 V/SystemServerTiming(  619): OnBootPhase_550_com.android.server.timezonedetector.TimeZoneDetectorService$Lifecycle took to complete: 0ms
12-19 10:34:16.626 D/SystemServerTiming(  619): OnBootPhase_550_com.android.server.timezonedetector.location.LocationTimeZoneManagerService$Lifecycle
12-19 10:34:16.626 V/SystemServerTiming(  619): OnBootPhase_550_com.android.server.timezonedetector.location.LocationTimeZoneManagerService$Lifecycle took to complete: 0ms
12-19 10:34:16.626 D/SystemServerTiming(  619): OnBootPhase_550_com.android.server.search.SearchManagerService$Lifecycle
12-19 10:34:16.626 V/SystemServerTiming(  619): OnBootPhase_550_com.android.server.search.SearchManagerService$Lifecycle took to complete: 0ms
12-19 10:34:16.626 D/SystemServerTiming(  619): OnBootPhase_550_com.android.server.wallpaper.WallpaperManagerService$Lifecycle
12-19 10:34:16.627 I/WallpaperManagerService(  619): No static wallpaper imagery; defaults will be shown
12-19 10:34:16.627 V/WallpaperManagerService(  619): bindWallpaperComponentLocked: componentName=ComponentInfo{com.android.systemui/com.android.systemui.ImageWallpaper}
12-19 10:34:16.627 E/AppHibernationService(  619): Attempt to call isHibernatingForUser on stopped or nonexistent user 0
12-19 10:34:16.628 D/CompatibilityChangeReporter(  619): Compat change id reported: 135634846; UID 10063; state: DISABLED
12-19 10:34:16.628 D/CompatibilityChangeReporter(  619): Compat change id reported: 177438394; UID 10063; state: DISABLED
12-19 10:34:16.628 D/CompatibilityChangeReporter(  619): Compat change id reported: 135772972; UID 10063; state: DISABLED
12-19 10:34:16.628 D/CompatibilityChangeReporter(  619): Compat change id reported: 135754954; UID 10063; state: ENABLED
12-19 10:34:16.628 D/CompatibilityChangeReporter(  619): Compat change id reported: 143937733; UID 10063; state: ENABLED
12-19 10:34:16.630 I/hwc-drm-connector(  411): GetBestDisplayMode,line=595, display=1 persist.vendor.resolution.HDMI-A-0=Unkonw
12-19 10:34:16.630 I/hwc-drm-connector(  411): GetBestDisplayMode,line=603, display=1 persist.vendor.resolution.aux=Unkonw
12-19 10:34:16.630 I/hwc-drm-connector(  411): GetBestDisplayMode,line=654, can't find suitable Resolution Property, try to use Baseparameter.
12-19 10:34:16.630 I/hwc-drm-connector(  411): ztl_read_hdmi_mode_from_user,line=511,  use ztl hdmi Baseparameter 11. 0,-1,0,0,1000,0,0,0,0,ffffffff,ffffffff,0,0,-1,-1,-1
12-19 10:34:16.630 I/hwc-drm-connector(  411): GetBestDisplayMode,line=702, Find best mode-id=4 : 1920x1080p60.000000
12-19 10:34:16.630 E/BitmapFactory(  619): Unable to decode stream: java.io.FileNotFoundException: /data/system/users/0/wallpaper_orig: open failed: ENOENT (No such file or directory)
12-19 10:34:16.630 W/WallpaperManagerService(  619): Invalid wallpaper data
12-19 10:34:16.630 E/WallpaperManagerService(  619): Unable to apply new wallpaper
12-19 10:34:16.631 V/SystemServerTiming(  619): OnBootPhase_550_com.android.server.wallpaper.WallpaperManagerService$Lifecycle took to complete: 5ms
12-19 10:34:16.631 D/SystemServerTiming(  619): OnBootPhase_550_com.android.server.audio.AudioService$Lifecycle
12-19 10:34:16.631 V/SystemServerTiming(  619): OnBootPhase_550_com.android.server.audio.AudioService$Lifecycle took to complete: 0ms
12-19 10:34:16.631 D/SystemServerTiming(  619): OnBootPhase_550_com.android.server.soundtrigger_middleware.SoundTriggerMiddlewareService$Lifecycle
12-19 10:34:16.631 V/SystemServerTiming(  619): OnBootPhase_550_com.android.server.soundtrigger_middleware.SoundTriggerMiddlewareService$Lifecycle took to complete: 0ms
12-19 10:34:16.631 D/SystemServerTiming(  619): OnBootPhase_550_com.android.server.DockObserver
12-19 10:34:16.631 V/SystemServerTiming(  619): OnBootPhase_550_com.android.server.DockObserver took to complete: 0ms
12-19 10:34:16.631 D/SystemServerTiming(  619): OnBootPhase_550_com.android.server.adb.AdbService$Lifecycle
12-19 10:34:16.631 D/Zygote  (  390): Forked child process 807
12-19 10:34:16.631 I/ActivityManager(  619): Start proc 807:com.android.systemui/u0a63 for service {com.android.systemui/com.android.systemui.ImageWallpaper}
12-19 10:34:16.631 D/modules.primary.audio_hal(  399): adev_set_parameters: kvpairs = A2dpSuspended=false
12-19 10:34:16.631 V/SystemServerTiming(  619): OnBootPhase_550_com.android.server.adb.AdbService$Lifecycle took to complete: 0ms
12-19 10:34:16.631 D/modules.primary.audio_hal(  399): adev_set_parameters:bt_wb_speech_enabled = 0, sco reroute=0
12-19 10:34:16.631 D/SystemServerTiming(  619): OnBootPhase_550_com.android.server.usb.UsbService$Lifecycle
12-19 10:34:16.631 V/SystemServerTiming(  619): OnBootPhase_550_com.android.server.usb.UsbService$Lifecycle took to complete: 0ms
12-19 10:34:16.631 D/SystemServerTiming(  619): OnBootPhase_550_com.android.server.twilight.TwilightService
12-19 10:34:16.631 D/SystemServerTimingAsync(  619): InitThreadPoolExec:UsbService$Lifecycle#onBootPhase
12-19 10:34:16.631 D/SystemServerInitThreadPool(  619): Started executing UsbService$Lifecycle#onBootPhase
12-19 10:34:16.631 V/SystemServerTiming(  619): OnBootPhase_550_com.android.server.twilight.TwilightService took to complete: 0ms
12-19 10:34:16.631 D/modules.hdmi.audio_hal(  399): adev_set_parameters: kvpairs = A2dpSuspended=false
12-19 10:34:16.631 D/SystemServerTiming(  619): OnBootPhase_550_com.android.server.display.color.ColorDisplayService
12-19 10:34:16.631 D/modules.hdmi.audio_hal(  399): adev_set_parameters:bt_wb_speech_enabled = 0, sco reroute=0
12-19 10:34:16.631 V/SystemServerTiming(  619): OnBootPhase_550_com.android.server.display.color.ColorDisplayService took to complete: 0ms
12-19 10:34:16.631 D/SystemServerTiming(  619): OnBootPhase_550_com.android.server.job.JobSchedulerService
12-19 10:34:16.631 V/SystemServerTiming(  619): OnBootPhase_550_com.android.server.job.JobSchedulerService took to complete: 0ms
12-19 10:34:16.631 D/SystemServerTiming(  619): OnBootPhase_550_com.android.server.soundtrigger.SoundTriggerService
12-19 10:34:16.631 D/SoundTriggerService(  619): onBootPhase: 550 : false
12-19 10:34:16.631 D/modules.hdmi_1.audio_hal(  399): adev_set_parameters: kvpairs = A2dpSuspended=false
12-19 10:34:16.631 V/SystemServerTiming(  619): OnBootPhase_550_com.android.server.soundtrigger.SoundTriggerService took to complete: 0ms
12-19 10:34:16.631 D/modules.hdmi_1.audio_hal(  399): adev_set_parameters:bt_wb_speech_enabled = 0, sco reroute=0
12-19 10:34:16.631 D/SystemServerTiming(  619): OnBootPhase_550_com.android.server.trust.TrustManagerService
12-19 10:34:16.631 V/SystemServerTiming(  619): OnBootPhase_550_com.android.server.trust.TrustManagerService took to complete: 0ms
12-19 10:34:16.631 D/SystemServerTiming(  619): OnBootPhase_550_com.android.server.backup.BackupManagerService$Lifecycle
12-19 10:34:16.631 V/SystemServerTiming(  619): OnBootPhase_550_com.android.server.backup.BackupManagerService$Lifecycle took to complete: 0ms
12-19 10:34:16.631 D/modules.spdif.audio_hal(  399): adev_set_parameters: kvpairs = A2dpSuspended=false
12-19 10:34:16.631 D/SystemServerTiming(  619): OnBootPhase_550_com.android.server.appwidget.AppWidgetService
12-19 10:34:16.631 D/modules.spdif.audio_hal(  399): adev_set_parameters:bt_wb_speech_enabled = 0, sco reroute=0
12-19 10:34:16.631 V/SystemServerTiming(  619): OnBootPhase_550_com.android.server.appwidget.AppWidgetService took to complete: 0ms
12-19 10:34:16.631 D/SystemServerTiming(  619): OnBootPhase_550_com.android.server.voiceinteraction.VoiceInteractionManagerService
12-19 10:34:16.631 V/SystemServerTiming(  619): OnBootPhase_550_com.android.server.voiceinteraction.VoiceInteractionManagerService took to complete: 0ms
12-19 10:34:16.631 D/SystemServerTiming(  619): OnBootPhase_550_com.android.server.apphibernation.AppHibernationService
12-19 10:34:16.631 V/SystemServerTiming(  619): OnBootPhase_550_com.android.server.apphibernation.AppHibernationService took to complete: 0ms
12-19 10:34:16.631 D/modules.spdif_1.audio_hal(  399): adev_set_parameters: kvpairs = A2dpSuspended=false
12-19 10:34:16.631 D/SystemServerTiming(  619): OnBootPhase_550_com.android.server.GestureLauncherService
12-19 10:34:16.631 D/modules.spdif_1.audio_hal(  399): adev_set_parameters:bt_wb_speech_enabled = 0, sco reroute=0
12-19 10:34:16.631 V/SystemServerTiming(  619): OnBootPhase_550_com.android.server.GestureLauncherService took to complete: 0ms
12-19 10:34:16.631 D/SystemServerTiming(  619): OnBootPhase_550_com.android.server.SensorNotificationService
01-01 20:00:11.181 W/        (  411): hdmi edid_hdmi_dc_modes 0 0,color_formats:7
12-19 10:34:16.631 V/SystemServerTiming(  619): OnBootPhase_550_com.android.server.SensorNotificationService took to complete: 0ms
12-19 10:34:16.631 D/SystemServerTiming(  619): OnBootPhase_550_com.android.server.emergency.EmergencyAffordanceService
12-19 10:34:16.631 V/SystemServerTiming(  619): OnBootPhase_550_com.android.server.emergency.EmergencyAffordanceService took to complete: 0ms
12-19 10:34:16.631 D/SystemServerTiming(  619): OnBootPhase_550_com.android.server.blob.BlobStoreManagerService
12-19 10:34:16.632 D/SystemServerInitThreadPool(  619): Finished executing UsbService$Lifecycle#onBootPhase
12-19 10:34:16.632 V/SystemServerTimingAsync(  619): InitThreadPoolExec:UsbService$Lifecycle#onBootPhase took to complete: 1ms
12-19 10:34:16.632 D/BluetoothManagerService(  619): Trying to bind to profile: 1, while Bluetooth was disabled
12-19 10:34:16.632 V/SystemServerTiming(  619): OnBootPhase_550_com.android.server.blob.BlobStoreManagerService took to complete: 0ms
01-01 20:00:11.181 W/        (  411): hdmi_mode used in drmhwc2,we skip here
01-01 20:00:11.183 I/dwhdmi-rockchip fde80000.hdmi(  411): use tmds mode
12-19 10:34:16.632 D/BluetoothA2dp(  619): Binding service...
12-19 10:34:16.632 D/SystemServerTiming(  619): OnBootPhase_550_com.android.server.dreams.DreamManagerService
12-19 10:34:16.632 V/SystemServerTiming(  619): OnBootPhase_550_com.android.server.dreams.DreamManagerService took to complete: 0ms
12-19 10:34:16.632 D/SystemServerTiming(  619): OnBootPhase_550_com.android.server.print.PrintManagerService
12-19 10:34:16.632 V/SystemServerTiming(  619): OnBootPhase_550_com.android.server.print.PrintManagerService took to complete: 0ms
12-19 10:34:16.632 D/SystemServerTiming(  619): OnBootPhase_550_com.android.server.companion.CompanionDeviceManagerService
12-19 10:34:16.632 V/SystemServerTiming(  619): OnBootPhase_550_com.android.server.companion.CompanionDeviceManagerService took to complete: 0ms
12-19 10:34:16.632 D/SystemServerTiming(  619): OnBootPhase_550_com.android.server.restrictions.RestrictionsManagerService
12-19 10:34:16.632 V/SystemServerTiming(  619): OnBootPhase_550_com.android.server.restrictions.RestrictionsManagerService took to complete: 0ms
12-19 10:34:16.632 D/SystemServerTiming(  619): OnBootPhase_550_com.android.server.media.MediaSessionService
12-19 10:34:16.632 V/SystemServerTiming(  619): OnBootPhase_550_com.android.server.media.MediaSessionService took to complete: 0ms
12-19 10:34:16.632 D/SystemServerTiming(  619): OnBootPhase_550_com.android.server.tv.TvInputManagerService
12-19 10:34:16.632 V/SystemServerTiming(  619): OnBootPhase_550_com.android.server.tv.TvInputManagerService took to complete: 0ms
12-19 10:34:16.632 D/SystemServerTiming(  619): OnBootPhase_550_com.android.server.media.MediaResourceMonitorService
12-19 10:34:16.632 V/SystemServerTiming(  619): OnBootPhase_550_com.android.server.media.MediaResourceMonitorService took to complete: 0ms
12-19 10:34:16.632 D/SystemServerTiming(  619): OnBootPhase_550_com.android.server.biometrics.BiometricService
12-19 10:34:16.632 V/SystemServerTiming(  619): OnBootPhase_550_com.android.server.biometrics.BiometricService took to complete: 0ms
12-19 10:34:16.632 D/SystemServerTiming(  619): OnBootPhase_550_com.android.server.biometrics.AuthService
12-19 10:34:16.632 V/SystemServerTiming(  619): OnBootPhase_550_com.android.server.biometrics.AuthService took to complete: 0ms
12-19 10:34:16.632 D/SystemServerTiming(  619): OnBootPhase_550_com.android.server.pm.ShortcutService$Lifecycle
12-19 10:34:16.632 V/SystemServerTiming(  619): OnBootPhase_550_com.android.server.pm.ShortcutService$Lifecycle took to complete: 0ms
12-19 10:34:16.632 D/SystemServerTiming(  619): OnBootPhase_550_com.android.server.pm.LauncherAppsService
12-19 10:34:16.632 V/SystemServerTiming(  619): OnBootPhase_550_com.android.server.pm.LauncherAppsService took to complete: 0ms
12-19 10:34:16.632 D/SystemServerTiming(  619): OnBootPhase_550_com.android.server.pm.CrossProfileAppsService
12-19 10:34:16.632 V/SystemServerTiming(  619): OnBootPhase_550_com.android.server.pm.CrossProfileAppsService took to complete: 0ms
12-19 10:34:16.632 D/SystemServerTiming(  619): OnBootPhase_550_com.android.server.people.PeopleService
12-19 10:34:16.632 V/SystemServerTiming(  619): OnBootPhase_550_com.android.server.people.PeopleService took to complete: 0ms
12-19 10:34:16.632 D/SystemServerTiming(  619): OnBootPhase_550_com.android.server.media.metrics.MediaMetricsManagerService
12-19 10:34:16.632 V/SystemServerTiming(  619): OnBootPhase_550_com.android.server.media.metrics.MediaMetricsManagerService took to complete: 0ms
12-19 10:34:16.632 D/SystemServerTiming(  619): OnBootPhase_550_com.android.server.media.projection.MediaProjectionManagerService
12-19 10:34:16.632 V/SystemServerTiming(  619): OnBootPhase_550_com.android.server.media.projection.MediaProjectionManagerService took to complete: 0ms
12-19 10:34:16.632 D/SystemServerTiming(  619): OnBootPhase_550_com.android.server.slice.SliceManagerService$Lifecycle
12-19 10:34:16.632 V/SystemServerTiming(  619): OnBootPhase_550_com.android.server.slice.SliceManagerService$Lifecycle took to complete: 0ms
12-19 10:34:16.632 D/SystemServerTiming(  619): OnBootPhase_550_com.android.server.stats.StatsCompanion$Lifecycle
12-19 10:34:16.632 V/SystemServerTiming(  619): OnBootPhase_550_com.android.server.stats.StatsCompanion$Lifecycle took to complete: 0ms
12-19 10:34:16.632 D/SystemServerTiming(  619): OnBootPhase_550_com.android.server.scheduling.RebootReadinessManagerService$Lifecycle
12-19 10:34:16.632 D/modules.primary.audio_hal(  399): adev_set_parameters: kvpairs = BT_SCO=off
12-19 10:34:16.632 V/SystemServerTiming(  619): OnBootPhase_550_com.android.server.scheduling.RebootReadinessManagerService$Lifecycle took to complete: 0ms
12-19 10:34:16.632 D/modules.primary.audio_hal(  399): adev_set_parameters:bt_wb_speech_enabled = 0, sco reroute=0
12-19 10:34:16.632 D/SystemServerTiming(  619): OnBootPhase_550_com.android.server.stats.pull.StatsPullAtomService
12-19 10:34:16.632 V/SystemServerTiming(  619): OnBootPhase_550_com.android.server.stats.pull.StatsPullAtomService took to complete: 0ms
12-19 10:34:16.632 D/SystemServerTiming(  619): OnBootPhase_550_com.android.server.incident.IncidentCompanionService
12-19 10:34:16.632 V/SystemServerTiming(  619): OnBootPhase_550_com.android.server.incident.IncidentCompanionService took to complete: 0ms
12-19 10:34:16.632 D/SystemServerTiming(  619): OnBootPhase_550_com.android.server.MmsServiceBroker
12-19 10:34:16.632 V/SystemServerTiming(  619): OnBootPhase_550_com.android.server.MmsServiceBroker took to complete: 0ms
12-19 10:34:16.632 D/SystemServerTiming(  619): OnBootPhase_550_com.android.server.autofill.AutofillManagerService
12-19 10:34:16.632 D/modules.hdmi.audio_hal(  399): adev_set_parameters: kvpairs = BT_SCO=off
12-19 10:34:16.632 V/SystemServerTiming(  619): OnBootPhase_550_com.android.server.autofill.AutofillManagerService took to complete: 0ms
12-19 10:34:16.632 D/modules.hdmi.audio_hal(  399): adev_set_parameters:bt_wb_speech_enabled = 0, sco reroute=0
12-19 10:34:16.632 D/SystemServerTiming(  619): OnBootPhase_550_com.android.server.clipboard.ClipboardService
12-19 10:34:16.632 V/SystemServerTiming(  619): OnBootPhase_550_com.android.server.clipboard.ClipboardService took to complete: 0ms
12-19 10:34:16.632 D/SystemServerTiming(  619): OnBootPhase_550_com.android.server.appbinding.AppBindingService$Lifecycle
12-19 10:34:16.632 D/modules.hdmi_1.audio_hal(  399): adev_set_parameters: kvpairs = BT_SCO=off
12-19 10:34:16.633 D/modules.hdmi_1.audio_hal(  399): adev_set_parameters:bt_wb_speech_enabled = 0, sco reroute=0
12-19 10:34:16.633 D/modules.spdif.audio_hal(  399): adev_set_parameters: kvpairs = BT_SCO=off
12-19 10:34:16.633 D/modules.spdif.audio_hal(  399): adev_set_parameters:bt_wb_speech_enabled = 0, sco reroute=0
12-19 10:34:16.633 D/modules.spdif_1.audio_hal(  399): adev_set_parameters: kvpairs = BT_SCO=off
12-19 10:34:16.633 D/modules.spdif_1.audio_hal(  399): adev_set_parameters:bt_wb_speech_enabled = 0, sco reroute=0
12-19 10:34:16.633 I/Zygote  (  807): seccomp disabled by setenforce 0
12-19 10:34:16.633 I/AppBindingService(  619): Updating constants with: null
12-19 10:34:16.633 V/SystemServerTiming(  619): OnBootPhase_550_com.android.server.appbinding.AppBindingService$Lifecycle took to complete: 0ms
12-19 10:34:16.633 D/SystemServerTiming(  619): OnBootPhase_550_com.android.server.tracing.TracingServiceProxy
12-19 10:34:16.633 V/SystemServerTiming(  619): OnBootPhase_550_com.android.server.tracing.TracingServiceProxy took to complete: 0ms
12-19 10:34:16.633 D/SystemServerTiming(  619): OnBootPhase_550_com.android.server.policy.PermissionPolicyService
12-19 10:34:16.633 I/AS.AudioDeviceInventory(  619): removePreferredDevicesForStrategySync, strategy: 14
12-19 10:34:16.633 I/AudioFlinger(  428): systemReady
12-19 10:34:16.634 D/AS.AudioService(  619): No vibrator found
12-19 10:34:16.636 I/hwc-drm-device(  411): DoPowerOnNormal,line=2615 DrmModeSet: display-id=1 conn-id=431 HDMI-A-1 bind crtc-id=70 mode-id=4 mode=1920x1080p60.000000 PowerOn success!
12-19 10:34:16.637 I/adbd    (  474): jdwp connection from 807
12-19 10:34:16.637 I/hwc-drm-two(  411): assignPlaneByPlaneMask,line=139 display-id=1 crtc-id=70 mask=0x1 ,plane_mask=0xf03
12-19 10:34:16.637 E/hwc-drm-two(  411): assignPlaneByPlaneMask,line=111 display=2 conn state() is disconnect.
12-19 10:34:16.637 I/hwc-drm-two(  411): assignPlaneByPlaneMask,line=139 display-id=0 crtc-id=136 mask=0x8 ,plane_mask=0xf000c0
12-19 10:34:16.637 I/hwc-drm-two(  411): assignPlaneByPlaneMask,line=151 name=Cluster0-win0 cur_crtcs_mask=0x1 possible-display=1
12-19 10:34:16.637 I/hwc-drm-two(  411): assignPlaneByPlaneMask,line=151 name=Cluster0-win1 cur_crtcs_mask=0x1 possible-display=1
12-19 10:34:16.637 I/hwc-drm-two(  411): assignPlaneByPlaneMask,line=151 name=Cluster1-win0 cur_crtcs_mask=0x0 possible-display=-1
12-19 10:34:16.637 I/hwc-drm-two(  411): assignPlaneByPlaneMask,line=151 name=Cluster1-win1 cur_crtcs_mask=0x0 possible-display=-1
12-19 10:34:16.637 I/hwc-drm-two(  411): assignPlaneByPlaneMask,line=151 name=Cluster2-win0 cur_crtcs_mask=0x0 possible-display=-1
12-19 10:34:16.637 I/hwc-drm-two(  411): assignPlaneByPlaneMask,line=151 name=Cluster2-win1 cur_crtcs_mask=0x0 possible-display=-1
12-19 10:34:16.637 I/hwc-drm-two(  411): assignPlaneByPlaneMask,line=151 name=Cluster3-win0 cur_crtcs_mask=0x8 possible-display=0
12-19 10:34:16.637 I/hwc-drm-two(  411): assignPlaneByPlaneMask,line=151 name=Cluster3-win1 cur_crtcs_mask=0x8 possible-display=0
12-19 10:34:16.637 I/hwc-drm-two(  411): assignPlaneByPlaneMask,line=151 name=Esmart0-win0 cur_crtcs_mask=0x1 possible-display=1
12-19 10:34:16.637 I/hwc-drm-two(  411): assignPlaneByPlaneMask,line=151 name=Esmart1-win0 cur_crtcs_mask=0x0 possible-display=-1
12-19 10:34:16.637 I/hwc-drm-two(  411): assignPlaneByPlaneMask,line=151 name=Esmart2-win0 cur_crtcs_mask=0x0 possible-display=-1
12-19 10:34:16.637 I/hwc-drm-two(  411): assignPlaneByPlaneMask,line=151 name=Esmart3-win0 cur_crtcs_mask=0x8 possible-display=0
12-19 10:34:16.637 D/SurfaceFlinger(  340): Finished setting power mode 2 on display 1
12-19 10:34:16.637 D/SurfaceControl(  619): Excessive delay in setPowerMode()
12-19 10:34:16.637 E/DisplayDeviceConfig(  619): requesting nits when no mapping exists.
12-19 10:34:16.637 E/DisplayDeviceConfig(  619): requesting nits when no mapping exists.
12-19 10:34:16.638 I/DropBoxManagerService(  619): add tag=system_server_wtf isTagEnabled=true flags=0x2
12-19 10:34:16.638 I/DropBoxManagerService(  619): add tag=system_server_wtf isTagEnabled=true flags=0x2
12-19 10:34:16.639 D/CompatibilityChangeReporter(  619): Compat change id reported: 168419799; UID 10063; state: DISABLED
12-19 10:34:16.639 I/hwc-drm-connector(  411): UpdateBCSH,line=880, HDMI-A-0 can't find suitable BCSH Property, try to use Baseparameter.
12-19 10:34:16.639 I/hwc-drm-connector(  411): UpdateBCSH,line=896, HDMI-A-0 BCSH=[50,50,50,50]
12-19 10:34:16.640 I/PackageManager(  619): Permission ownership changed. Updating all permissions.
12-19 10:34:16.640 D/CompatibilityChangeReporter(  807): Compat change id reported: 171979766; UID 10063; state: ENABLED
12-19 10:34:16.643 D/MediaCodecList(  489): Allowing all OMX codecs
12-19 10:34:16.645 I/OMXClient(  489): IOmx service obtained
12-19 10:34:16.645 I/OMXStore(  493): makeComponentInstance(OMX.google.aac.decoder) in android.hardwar process
12-19 10:34:16.646 V/SystemServerTiming(  619): OnBootPhase_550_com.android.server.policy.PermissionPolicyService took to complete: 13ms
12-19 10:34:16.646 D/SystemServerTiming(  619): OnBootPhase_550_com.android.server.pm.StagingManager$Lifecycle
12-19 10:34:16.646 V/SystemServerTiming(  619): OnBootPhase_550_com.android.server.pm.StagingManager$Lifecycle took to complete: 0ms
12-19 10:34:16.646 D/SystemServerTiming(  619): OnBootPhase_550_com.android.server.app.GameManagerService$Lifecycle
12-19 10:34:16.646 V/SystemServerTiming(  619): OnBootPhase_550_com.android.server.app.GameManagerService$Lifecycle took to complete: 0ms
12-19 10:34:16.646 D/SystemServerTiming(  619): OnBootPhase_550_com.android.server.appsearch.AppSearchManagerService
12-19 10:34:16.646 V/SystemServerTiming(  619): OnBootPhase_550_com.android.server.appsearch.AppSearchManagerService took to complete: 0ms
12-19 10:34:16.646 D/SystemServerTiming(  619): OnBootPhase_550_com.android.server.media.MediaCommunicationService
12-19 10:34:16.646 V/SystemServerTiming(  619): OnBootPhase_550_com.android.server.media.MediaCommunicationService took to complete: 0ms
12-19 10:34:16.646 D/SystemServerTiming(  619): OnBootPhase_550_com.android.server.compat.overrides.AppCompatOverridesService$Lifecycle
12-19 10:34:16.646 V/SystemServerTiming(  619): OnBootPhase_550_com.android.server.compat.overrides.AppCompatOverridesService$Lifecycle took to complete: 0ms
12-19 10:34:16.646 V/SystemServerTiming(  619): OnBootPhase_550 took to complete: 56ms
12-19 10:34:16.646 V/SystemServerTiming(  619): StartActivityManagerReadyPhase took to complete: 56ms
12-19 10:34:16.646 D/SystemServerTiming(  619): StartObservingNativeCrashes
12-19 10:34:16.646 V/SystemServerTiming(  619): StartObservingNativeCrashes took to complete: 0ms
12-19 10:34:16.646 D/SystemServerTiming(  619): RegisterAppOpsPolicy
12-19 10:34:16.647 V/SystemServerTiming(  619): RegisterAppOpsPolicy took to complete: 1ms
12-19 10:34:16.647 D/SystemServerTiming(  619): MakeNetworkManagementServiceReady
12-19 10:34:16.647 D/SystemServerTimingAsync(  619): InitThreadPoolExec:WebViewFactoryPreparation
12-19 10:34:16.647 D/SystemServerInitThreadPool(  619): Started executing WebViewFactoryPreparation
12-19 10:34:16.647 I/SystemServer(  619): WebViewFactoryPreparation
12-19 10:34:16.647 D/SystemServerTimingAsync(  619): WebViewFactoryPreparation
12-19 10:34:16.647 W/NetworkManagement(  619): setDataSaverMode(): already false
12-19 10:34:16.647 I/netd    (  389): firewallSetFirewallType(1) <0.00ms>
12-19 10:34:16.647 D/CompatibilityChangeReporter(  619): Compat change id reported: 135634846; UID 1000; state: DISABLED
12-19 10:34:16.647 D/CompatibilityChangeReporter(  619): Compat change id reported: 177438394; UID 1000; state: DISABLED
12-19 10:34:16.647 D/CompatibilityChangeReporter(  619): Compat change id reported: 135772972; UID 1000; state: DISABLED
12-19 10:34:16.647 D/CompatibilityChangeReporter(  619): Compat change id reported: 178038272; UID 1000; state: DISABLED
12-19 10:34:16.647 V/SystemServerTiming(  619): MakeNetworkManagementServiceReady took to complete: 0ms
12-19 10:34:16.647 D/SystemServerTiming(  619): MakeIpSecServiceReady
12-19 10:34:16.648 I/netd    (  389): isAlive() -> {true} <0.00ms>
12-19 10:34:16.648 V/SystemServerTimingAsync(  619): WebViewFactoryPreparation took to complete: 1ms
12-19 10:34:16.648 D/SystemServerInitThreadPool(  619): Finished executing WebViewFactoryPreparation
12-19 10:34:16.648 V/SystemServerTimingAsync(  619): InitThreadPoolExec:WebViewFactoryPreparation took to complete: 1ms
12-19 10:34:16.648 D/IpSecService(  619): IpSecService is ready
12-19 10:34:16.648 V/SystemServerTiming(  619): MakeIpSecServiceReady took to complete: 1ms
12-19 10:34:16.648 D/SystemServerTiming(  619): MakeNetworkStatsServiceReady
12-19 10:34:16.650 W/BatteryExternalStatsWorker(  619): error reading modem stats:ERROR_PHONE_NOT_AVAILABLE
12-19 10:34:16.650 V/GraphicsEnvironment(  790): ANGLE Developer option for 'com.android.bluetooth' set to: 'default'
12-19 10:34:16.651 W/BestClock(  619): java.time.DateTimeException: Missing NTP fix
12-19 10:34:16.651 V/GraphicsEnvironment(  790): ANGLE GameManagerService for com.android.bluetooth: false
